-- Table structure for table `jos_poll_data`
--

CREATE TABLE `jos_poll_data` (
  `id` int(11) NOT NULL auto_increment,
  `pollid` int(11) NOT NULL default '0',
  `text` text NOT NULL,
  `hits` int(11) NOT NULL default '0',
  PRIMARY KEY  (`id`),
  KEY `pollid` (`pollid`,`text`(1))
) ENGINE=MyISAM DEFAULT CHARSET=utf8;

--
-- Dumping data for table `jos_poll_data`
--


--
-- Table structure for table `jos_poll_date`
--

CREATE TABLE `jos_poll_date` (
  `id` bigint(20) NOT NULL auto_increment,
  `date` datetime NOT NULL default '0000-00-00 00:00:00',
  `vote_id` int(11) NOT NULL default '0',
  `poll_id` int(11) NOT NULL default '0',
  PRIMARY KEY  (`id`),
  KEY `poll_id` (`poll_id`)
) ENGINE=MyISAM DEFAULT CHARSET=utf8;

--
-- Dumping data for table `jos_poll_date`
--


--
-- Table structure for table `jos_poll_menu`
--

CREATE TABLE `jos_poll_menu` (
  `pollid` int(11) NOT NULL default '0',
  `menuid` int(11) NOT NULL default '0',
  PRIMARY KEY  (`pollid`,`menuid`)
) ENGINE=MyISAM DEFAULT CHARSET=utf8;

--
-- Dumping data for table `jos_poll_menu`
--


--
-- Table structure for table `jos_polls`
--

CREATE TABLE `jos_polls` (
  `id` int(11) unsigned NOT NULL auto_increment,
  `title` varchar(255) NOT NULL default '',
  `alias` varchar(255) NOT NULL default '',
  `voters` int(9) NOT NULL default '0',
  `checked_out` int(11) NOT NULL default '0',
  `checked_out_time` datetime NOT NULL default '0000-00-00 00:00:00',
  `published` tinyint(1) NOT NULL default '0',
  `access` int(11) NOT NULL default '0',
  `lag` int(11) NOT NULL default '0',
  PRIMARY KEY  (`id`)
) ENGINE=MyISAM DEFAULT CHARSET=utf8;

--
-- Dumping data for table `jos_polls`
--


--
-- Table structure for table `jos_rd_rss`
--

CREATE TABLE `jos_rd_rss` (
  `id` int(11) unsigned NOT NULL auto_increment,
  `catids` text NOT NULL,
  `name` varchar(255) NOT NULL default '',
  `published` tinyint(1) NOT NULL default '0',
  `created` datetime NOT NULL default '0000-00-00 00:00:00',
  `created_by` int(11) unsigned NOT NULL default '0',
  `modified` datetime NOT NULL default '0000-00-00 00:00:00',
  `modified_by` int(11) unsigned NOT NULL default '0',
  `checked_out_time` datetime NOT NULL default '0000-00-00 00:00:00',
  `checked_out` int(11) unsigned NOT NULL default '0',
  `state` tinyint(3) NOT NULL default '0',
  `params` text NOT NULL,
  PRIMARY KEY  (`id`)
) ENGINE=MyISAM AUTO_INCREMENT=2 DEFAULT CHARSET=latin1;

--
-- Dumping data for table `jos_rd_rss`
--

INSERT INTO `jos_rd_rss` VALUES (1,'58','Actus',0,'0000-00-00 00:00:00',0,'2011-03-15 16:51:51',62,'0000-00-00 00:00:00',0,0,'cache=1\ncache_time=3600\ncount=10\ntitle=Powered by Joomla! 1.0\ndescription=Joomla! site syndication\nimage_file=\nimage_alt=Powered by Joomla! 1.0\nlimit_text=1\ntext_length=20\norderby=front');

--
-- Table structure for table `jos_sections`
--

CREATE TABLE `jos_sections` (
  `id` int(11) NOT NULL auto_increment,
  `title` varchar(255) NOT NULL default '',
  `name` varchar(255) NOT NULL default '',
  `alias` varchar(255) NOT NULL default '',
  `image` text NOT NULL,
  `scope` varchar(50) NOT NULL default '',
  `image_position` varchar(30) NOT NULL default '',
  `description` text NOT NULL,
  `published` tinyint(1) NOT NULL default '0',
  `checked_out` int(11) unsigned NOT NULL default '0',
  `checked_out_time` datetime NOT NULL default '0000-00-00 00:00:00',
  `ordering` int(11) NOT NULL default '0',
  `access` tinyint(3) unsigned NOT NULL default '0',
  `count` int(11) NOT NULL default '0',
  `params` text NOT NULL,
  PRIMARY KEY  (`id`),
  KEY `idx_scope` (`scope`)
) ENGINE=MyISAM AUTO_INCREMENT=39 DEFAULT CHARSET=utf8;

--
-- Dumping data for table `jos_sections`
--

INSERT INTO `jos_sections` VALUES (6,'IFEA - Colloques','','ifea-colloques','','content','left','',1,0,'0000-00-00 00:00:00',16,0,4,''),(5,'IFEA - Général','','ifea-general','','content','left','',1,0,'0000-00-00 00:00:00',13,0,5,''),(4,'ARCHEOLOGIE','','archeologie','','content','left','',1,0,'0000-00-00 00:00:00',1,0,22,''),(7,'IFEA - Programmation','','ifea-evements-a-venir','','content','left','',1,0,'0000-00-00 00:00:00',15,0,7,''),(8,'ARCHIVES ACTUALITES - 2010','','archives-actualites-2010','','content','left','',1,0,'0000-00-00 00:00:00',5,0,8,''),(9,'ARCHIVES ACTUALITES - 2011','','archives-actualites-2011','','content','left','',1,0,'0000-00-00 00:00:00',6,0,7,''),(10,'BIBLIOTHEQUE - Général','','bibliotheque','','content','left','',1,0,'0000-00-00 00:00:00',8,0,1,''),(11,'CARTOGRAPHIE','','cartographie','','content','left','',1,0,'0000-00-00 00:00:00',9,0,6,''),(12,'HISTOIRE','','histoire','','content','left','',1,0,'0000-00-00 00:00:00',11,0,14,''),(13,'OBSERVATOIRE DU CAUCASE','','observatoire-du-caucase','','content','left','',1,0,'0000-00-00 00:00:00',18,0,5,''),(14,'OUI','','oui','','content','left','',1,0,'0000-00-00 00:00:00',20,0,8,''),(15,'OVIPOT','','ovipot','','content','left','',1,0,'0000-00-00 00:00:00',23,0,6,''),(16,'CULTURE','','culture','','content','left','',1,0,'0000-00-00 00:00:00',10,0,7,''),(27,'OVIPOT - Actualité de la vie politique turque','','ovipot-actualite-de-la-vie-politique-turque','','content','left','',1,0,'0000-00-00 00:00:00',25,0,3,''),(18,'IFEA - Personnels','','ifea-personnels','','content','left','',1,0,'0000-00-00 00:00:00',14,0,4,''),(19,'IFEA - Publications','','ifea-publications','','content','left','',1,0,'0000-00-00 00:00:00',17,0,3,''),(20,'MULTIMEDIA','','multimedia','','content','left','',1,0,'0000-00-00 00:00:00',24,0,8,''),(21,'BIBLIOTHEQUE - Livres de la semaine','','bibliotheque-livres-de-la-semaine','','content','left','',1,0,'0000-00-00 00:00:00',7,0,2,''),(22,'IFEA - Dans les médias','','ifea-dans-les-medias','','content','left','',1,0,'0000-00-00 00:00:00',12,0,3,''),(32,'ARCHIVES ACTUALITES - 2008','ARCHIVES ACTUALITES - 2008','archives-actualites-2010','','content','left','',1,0,'0000-00-00 00:00:00',3,0,1,''),(25,'OUI - Développement durable','','oui-developpement-durable','','content','left','<p><span style=\"font-size: 10pt; color: #808080; font-family: arial,helvetica,sans-serif;\">L\'un des objectifs prioritaires de l\'<strong>O</strong>bservatoire  <strong>U</strong>rbain d\'<strong>I</strong>stanbul :</span></p>\r\n<p><span style=\"font-size: 10pt; color: #808080; font-family: arial,helvetica,sans-serif;\">le <strong>développement durable</strong></span> <span style=\"font-size: 10pt; color: #999999; font-family: arial,helvetica,sans-serif;\">auquel l\'OUI consacre plusieurs de ses  activités scientifiques.</span></p>',1,0,'0000-00-00 00:00:00',22,0,2,''),(26,'ARCHIVES ACTUALITES - 2009','ARCHIVES ACTUALITES 2009','archives-actualites-2010','','content','left','',1,0,'0000-00-00 00:00:00',4,0,2,''),(28,'OVIPOT - Europe et questions internationales','','ovipot-europe-et-questions-internationales','','content','left','',1,0,'0000-00-00 00:00:00',26,0,4,''),(29,'OVIPOT - Système politique turc','','ovipot-systeme-politique-turc','','content','left','',1,0,'0000-00-00 00:00:00',27,0,3,''),(30,'PUBLICATIONS','','publications','','content','left','',1,0,'0000-00-00 00:00:00',29,0,6,''),(31,'PUBLICATIONS - Collections','','publications-collections','','content','left','',1,0,'0000-00-00 00:00:00',30,0,4,''),(33,'ARCHIVES ACTUALITES - 2007','ARCHIVES ACTUALITES - 2007','archives-actualites-2010','','content','left','',1,0,'0000-00-00 00:00:00',2,0,3,''),(34,'NEWSLETTER','','newsletter','','content','left','',1,0,'0000-00-00 00:00:00',28,0,3,''),(35,'OUI - 2010','','oui-2010','','content','left','',1,0,'0000-00-00 00:00:00',21,0,3,''),(36,'OUI - Documents en ligne ','','oui-documents-en-ligne-','','content','left','',1,0,'0000-00-00 00:00:00',19,0,12,''),(37,'ETHNO/ANTHROPOLOGİE','','ethnoanthropologe','','content','left','',1,0,'0000-00-00 00:00:00',31,0,1,''),(38,'IFEA a 80 ans!','','ifea-a-80-ans','','content','left','',1,0,'0000-00-00 00:00:00',32,0,4,'');

--
-- Table structure for table `jos_session`
--

CREATE TABLE `jos_session` (
  `username` varchar(150) default '',
  `time` varchar(14) default '',
  `session_id` varchar(200) NOT NULL default '0',
  `guest` tinyint(4) default '1',
  `userid` int(11) default '0',
  `usertype` varchar(50) default '',
  `gid` tinyint(3) unsigned NOT NULL default '0',
  `client_id` tinyint(3) unsigned NOT NULL default '0',
  `data` longtext,
  PRIMARY KEY  (`session_id`(64)),
  KEY `whosonline` (`guest`,`usertype`),
  KEY `userid` (`userid`),
  KEY `time` (`time`)
) ENGINE=MyISAM DEFAULT CHARSET=utf8;

--
-- Dumping data for table `jos_session`
--

INSERT INTO `jos_session` VALUES ('','1317576379','407fb9de49c50c0e4acd89c6949dbbed',1,0,'',0,0,'__default|a:10:{s:15:\"session.counter\";i:5;s:19:\"session.timer.start\";i:1317576242;s:18:\"session.timer.last\";i:1317576377;s:17:\"session.timer.now\";i:1317576379;s:24:\"session.client.forwarded\";s:8:\"10.0.0.5\";s:22:\"session.client.browser\";s:117:\"Mozilla/5.0 (Macintosh; Intel Mac OS X 10_7_1) AppleWebKit/535.1 (KHTML, like Gecko) Chrome/14.0.835.186 Safari/535.1\";s:8:\"registry\";O:9:\"JRegistry\":3:{s:17:\"_defaultNameSpace\";s:7:\"session\";s:9:\"_registry\";a:1:{s:7:\"session\";a:1:{s:4:\"data\";O:8:\"stdClass\":0:{}}}s:7:\"_errors\";a:0:{}}s:4:\"user\";O:5:\"JUser\":19:{s:2:\"id\";i:0;s:4:\"name\";N;s:8:\"username\";N;s:5:\"email\";N;s:8:\"password\";N;s:14:\"password_clear\";s:0:\"\";s:8:\"usertype\";N;s:5:\"block\";N;s:9:\"sendEmail\";i:0;s:3:\"gid\";i:0;s:12:\"registerDate\";N;s:13:\"lastvisitDate\";N;s:10:\"activation\";N;s:6:\"params\";N;s:3:\"aid\";i:0;s:5:\"guest\";i:1;s:7:\"_params\";O:10:\"JParameter\":7:{s:4:\"_raw\";s:0:\"\";s:4:\"_xml\";N;s:9:\"_elements\";a:0:{}s:12:\"_elementPath\";a:1:{i:0;s:73:\"/homez.218/ifeaista/www/website_2/libraries/joomla/html/parameter/element\";}s:17:\"_defaultNameSpace\";s:8:\"_default\";s:9:\"_registry\";a:1:{s:8:\"_default\";a:1:{s:4:\"data\";O:8:\"stdClass\":0:{}}}s:7:\"_errors\";a:0:{}}s:9:\"_errorMsg\";N;s:7:\"_errors\";a:0:{}}s:13:\"session.token\";s:32:\"f234e3a5d15954b7413c5b8f7e915287\";s:16:\"com_mailto.links\";a:3:{s:40:\"c1c337848d448dcb20ca672ff4139a2d5d92697e\";O:8:\"stdClass\":2:{s:4:\"link\";s:136:\"http://www.ifea-istanbul.net/website_2/index.php?option=com_content&view=article&id=1195:toplanti&catid=164:archeologie-accueil&Itemid=6\";s:6:\"expiry\";i:1317576377;}s:40:\"1150b85e26094f3ecf64f96f2ac145f7ee2370c0\";O:8:\"stdClass\":2:{s:4:\"link\";s:135:\"http://www.ifea-istanbul.net/website_2/index.php?option=com_content&view=article&id=852:annonces&catid=164:archeologie-accueil&Itemid=6\";s:6:\"expiry\";i:1317576377;}s:40:\"6eded4389ca49e4d10a7a7f19a6d5ba0f7e926f6\";O:8:\"stdClass\":2:{s:4:\"link\";s:161:\"http://www.ifea-istanbul.net/website_2/index.php?option=com_content&view=article&id=845:les-missions-francaises-en-turquie&catid=164:archeologie-accueil&Itemid=6\";s:6:\"expiry\";i:1317576377;}}}'),('','1317576274','a8d02a4efbb5cd6414fbf590682b20dd',1,0,'',0,0,'__default|a:8:{s:15:\"session.counter\";i:1;s:19:\"session.timer.start\";i:1317576274;s:18:\"session.timer.last\";i:1317576274;s:17:\"session.timer.now\";i:1317576274;s:22:\"session.client.browser\";s:74:\"Mozilla/5.0 (Windows NT 6.1; WOW64; rv:7.0.1) Gecko/20100101 Firefox/7.0.1\";s:8:\"registry\";O:9:\"JRegistry\":3:{s:17:\"_defaultNameSpace\";s:7:\"session\";s:9:\"_registry\";a:1:{s:7:\"session\";a:1:{s:4:\"data\";O:8:\"stdClass\":0:{}}}s:7:\"_errors\";a:0:{}}s:4:\"user\";O:5:\"JUser\":19:{s:2:\"id\";i:0;s:4:\"name\";N;s:8:\"username\";N;s:5:\"email\";N;s:8:\"password\";N;s:14:\"password_clear\";s:0:\"\";s:8:\"usertype\";N;s:5:\"block\";N;s:9:\"sendEmail\";i:0;s:3:\"gid\";i:0;s:12:\"registerDate\";N;s:13:\"lastvisitDate\";N;s:10:\"activation\";N;s:6:\"params\";N;s:3:\"aid\";i:0;s:5:\"guest\";i:1;s:7:\"_params\";O:10:\"JParameter\":7:{s:4:\"_raw\";s:0:\"\";s:4:\"_xml\";N;s:9:\"_elements\";a:0:{}s:12:\"_elementPath\";a:1:{i:0;s:73:\"/homez.218/ifeaista/www/website_2/libraries/joomla/html/parameter/element\";}s:17:\"_defaultNameSpace\";s:8:\"_default\";s:9:\"_registry\";a:1:{s:8:\"_default\";a:1:{s:4:\"data\";O:8:\"stdClass\":0:{}}}s:7:\"_errors\";a:0:{}}s:9:\"_errorMsg\";N;s:7:\"_errors\";a:0:{}}s:13:\"session.token\";s:32:\"09f1691b4a54144d9b05d7bdd95f158e\";}'),('','1317576300','f001170eb8ddff7db41dbc06a570637d',1,0,'',0,1,'__default|a:8:{s:15:\"session.counter\";i:1;s:19:\"session.timer.start\";i:1317576296;s:18:\"session.timer.last\";i:1317576296;s:17:\"session.timer.now\";i:1317576296;s:22:\"session.client.browser\";s:74:\"Mozilla/5.0 (Windows NT 6.1; WOW64; rv:7.0.1) Gecko/20100101 Firefox/7.0.1\";s:8:\"registry\";O:9:\"JRegistry\":3:{s:17:\"_defaultNameSpace\";s:7:\"session\";s:9:\"_registry\";a:1:{s:7:\"session\";a:1:{s:4:\"data\";O:8:\"stdClass\":0:{}}}s:7:\"_errors\";a:0:{}}s:4:\"user\";O:5:\"JUser\":19:{s:2:\"id\";i:0;s:4:\"name\";N;s:8:\"username\";N;s:5:\"email\";N;s:8:\"password\";N;s:14:\"password_clear\";s:0:\"\";s:8:\"usertype\";N;s:5:\"block\";N;s:9:\"sendEmail\";i:0;s:3:\"gid\";i:0;s:12:\"registerDate\";N;s:13:\"lastvisitDate\";N;s:10:\"activation\";N;s:6:\"params\";N;s:3:\"aid\";i:0;s:5:\"guest\";i:1;s:7:\"_params\";O:10:\"JParameter\":7:{s:4:\"_raw\";s:0:\"\";s:4:\"_xml\";N;s:9:\"_elements\";a:0:{}s:12:\"_elementPath\";a:1:{i:0;s:73:\"/homez.218/ifeaista/www/website_2/libraries/joomla/html/parameter/element\";}s:17:\"_defaultNameSpace\";s:8:\"_default\";s:9:\"_registry\";a:1:{s:8:\"_default\";a:1:{s:4:\"data\";O:8:\"stdClass\":0:{}}}s:7:\"_errors\";a:0:{}}s:9:\"_errorMsg\";N;s:7:\"_errors\";a:0:{}}s:13:\"session.token\";s:32:\"1f0e02362f863ae3248bda2f4f37a4ca\";}'),('isabellegilles','1317576571','0d0f3107942cc7be820b6e98f9f67bbe',0,600,'Super Administrator',25,1,'__default|a:8:{s:15:\"session.counter\";i:11;s:19:\"session.timer.start\";i:1317576296;s:18:\"session.timer.last\";i:1317576569;s:17:\"session.timer.now\";i:1317576571;s:22:\"session.client.browser\";s:74:\"Mozilla/5.0 (Windows NT 6.1; WOW64; rv:7.0.1) Gecko/20100101 Firefox/7.0.1\";s:8:\"registry\";O:9:\"JRegistry\":3:{s:17:\"_defaultNameSpace\";s:7:\"session\";s:9:\"_registry\";a:3:{s:7:\"session\";a:1:{s:4:\"data\";O:8:\"stdClass\":0:{}}s:11:\"application\";a:1:{s:4:\"data\";O:8:\"stdClass\":1:{s:4:\"lang\";s:0:\"\";}}s:10:\"com_cpanel\";a:1:{s:4:\"data\";O:8:\"stdClass\":1:{s:9:\"mtupgrade\";O:8:\"stdClass\":1:{s:7:\"checked\";b:1;}}}}s:7:\"_errors\";a:0:{}}s:4:\"user\";O:5:\"JUser\":19:{s:2:\"id\";s:3:\"600\";s:4:\"name\";s:15:\"Isabelle Gilles\";s:8:\"username\";s:14:\"isabellegilles\";s:5:\"email\";s:31:\"isabelle.gillesgallet@gmail.com\";s:8:\"password\";s:65:\"db17b9f2b211da0dc72548e298369854:AZuGjmDVOYgEaVMXCrtJodFKZyKnvG89\";s:14:\"password_clear\";s:0:\"\";s:8:\"usertype\";s:19:\"Super Administrator\";s:5:\"block\";s:1:\"0\";s:9:\"sendEmail\";s:1:\"0\";s:3:\"gid\";s:2:\"25\";s:12:\"registerDate\";s:19:\"2010-12-06 08:39:49\";s:13:\"lastvisitDate\";s:19:\"2011-10-02 07:57:54\";s:10:\"activation\";s:0:\"\";s:6:\"params\";s:56:\"admin_language=\nlanguage=\neditor=\nhelpsite=\ntimezone=0\n\n\";s:3:\"aid\";i:2;s:5:\"guest\";i:0;s:7:\"_params\";O:10:\"JParameter\":7:{s:4:\"_raw\";s:0:\"\";s:4:\"_xml\";N;s:9:\"_elements\";a:0:{}s:12:\"_elementPath\";a:1:{i:0;s:73:\"/homez.218/ifeaista/www/website_2/libraries/joomla/html/parameter/element\";}s:17:\"_defaultNameSpace\";s:8:\"_default\";s:9:\"_registry\";a:1:{s:8:\"_default\";a:1:{s:4:\"data\";O:8:\"stdClass\":5:{s:14:\"admin_language\";s:0:\"\";s:8:\"language\";s:0:\"\";s:6:\"editor\";s:0:\"\";s:8:\"helpsite\";s:0:\"\";s:8:\"timezone\";s:1:\"0\";}}}s:7:\"_errors\";a:0:{}}s:9:\"_errorMsg\";N;s:7:\"_errors\";a:0:{}}s:13:\"session.token\";s:32:\"1f0e02362f863ae3248bda2f4f37a4ca\";}'),('','1317576371','b48810d71f3fec3dd5120e7bbe8b41f4',1,0,'',0,0,'__default|a:8:{s:15:\"session.counter\";i:1;s:19:\"session.timer.start\";i:1317576371;s:18:\"session.timer.last\";i:1317576371;s:17:\"session.timer.now\";i:1317576371;s:22:\"session.client.browser\";s:74:\"Mozilla/5.0 (Windows NT 6.1; WOW64; rv:7.0.1) Gecko/20100101 Firefox/7.0.1\";s:8:\"registry\";O:9:\"JRegistry\":3:{s:17:\"_defaultNameSpace\";s:7:\"session\";s:9:\"_registry\";a:1:{s:7:\"session\";a:1:{s:4:\"data\";O:8:\"stdClass\":0:{}}}s:7:\"_errors\";a:0:{}}s:4:\"user\";O:5:\"JUser\":19:{s:2:\"id\";i:0;s:4:\"name\";N;s:8:\"username\";N;s:5:\"email\";N;s:8:\"password\";N;s:14:\"password_clear\";s:0:\"\";s:8:\"usertype\";N;s:5:\"block\";N;s:9:\"sendEmail\";i:0;s:3:\"gid\";i:0;s:12:\"registerDate\";N;s:13:\"lastvisitDate\";N;s:10:\"activation\";N;s:6:\"params\";N;s:3:\"aid\";i:0;s:5:\"guest\";i:1;s:7:\"_params\";O:10:\"JParameter\":7:{s:4:\"_raw\";s:0:\"\";s:4:\"_xml\";N;s:9:\"_elements\";a:0:{}s:12:\"_elementPath\";a:1:{i:0;s:73:\"/homez.218/ifeaista/www/website_2/libraries/joomla/html/parameter/element\";}s:17:\"_defaultNameSpace\";s:8:\"_default\";s:9:\"_registry\";a:1:{s:8:\"_default\";a:1:{s:4:\"data\";O:8:\"stdClass\":0:{}}}s:7:\"_errors\";a:0:{}}s:9:\"_errorMsg\";N;s:7:\"_errors\";a:0:{}}s:13:\"session.token\";s:32:\"fe1d8d9464cd224c9e4f865789f9a801\";}'),('','1317576408','7c298559f894641d46fade2223944e53',1,0,'',0,0,'__default|a:8:{s:15:\"session.counter\";i:1;s:19:\"session.timer.start\";i:1317576408;s:18:\"session.timer.last\";i:1317576408;s:17:\"session.timer.now\";i:1317576408;s:22:\"session.client.browser\";s:124:\"Mozilla/4.0 (compatible; MSIE 6.0; Windows NT 5.2;  SLCC1;  .NET CLR 1.1.4322;  .NET CLR 2.0.50727;  .NET CLR 3.0.04506.648)\";s:8:\"registry\";O:9:\"JRegistry\":3:{s:17:\"_defaultNameSpace\";s:7:\"session\";s:9:\"_registry\";a:1:{s:7:\"session\";a:1:{s:4:\"data\";O:8:\"stdClass\":0:{}}}s:7:\"_errors\";a:0:{}}s:4:\"user\";O:5:\"JUser\":19:{s:2:\"id\";i:0;s:4:\"name\";N;s:8:\"username\";N;s:5:\"email\";N;s:8:\"password\";N;s:14:\"password_clear\";s:0:\"\";s:8:\"usertype\";N;s:5:\"block\";N;s:9:\"sendEmail\";i:0;s:3:\"gid\";i:0;s:12:\"registerDate\";N;s:13:\"lastvisitDate\";N;s:10:\"activation\";N;s:6:\"params\";N;s:3:\"aid\";i:0;s:5:\"guest\";i:1;s:7:\"_params\";O:10:\"JParameter\":7:{s:4:\"_raw\";s:0:\"\";s:4:\"_xml\";N;s:9:\"_elements\";a:0:{}s:12:\"_elementPath\";a:1:{i:0;s:73:\"/homez.218/ifeaista/www/website_2/libraries/joomla/html/parameter/element\";}s:17:\"_defaultNameSpace\";s:8:\"_default\";s:9:\"_registry\";a:1:{s:8:\"_default\";a:1:{s:4:\"data\";O:8:\"stdClass\":0:{}}}s:7:\"_errors\";a:0:{}}s:9:\"_errorMsg\";N;s:7:\"_errors\";a:0:{}}s:16:\"com_mailto.links\";a:1:{s:40:\"9368695497ee6792ed22d8369f0a1aa349e71884\";O:8:\"stdClass\":2:{s:4:\"link\";s:137:\"http://www.ifea-istanbul.net/website_2/index.php?option=com_content&view=article&id=534:xanthos&catid=141:archeologie-missions&Itemid=125\";s:6:\"expiry\";i:1317576409;}}}'),('','1317576422','54eb657cb705198ad0d97c6156b71a76',1,0,'',0,0,'__default|a:8:{s:15:\"session.counter\";i:1;s:19:\"session.timer.start\";i:1317576422;s:18:\"session.timer.last\";i:1317576422;s:17:\"session.timer.now\";i:1317576422;s:22:\"session.client.browser\";s:72:\"Mozilla/5.0 (compatible; Googlebot/2.1; +http://www.google.com/bot.html)\";s:8:\"registry\";O:9:\"JRegistry\":3:{s:17:\"_defaultNameSpace\";s:7:\"session\";s:9:\"_registry\";a:1:{s:7:\"session\";a:1:{s:4:\"data\";O:8:\"stdClass\":0:{}}}s:7:\"_errors\";a:0:{}}s:4:\"user\";O:5:\"JUser\":19:{s:2:\"id\";i:0;s:4:\"name\";N;s:8:\"username\";N;s:5:\"email\";N;s:8:\"password\";N;s:14:\"password_clear\";s:0:\"\";s:8:\"usertype\";N;s:5:\"block\";N;s:9:\"sendEmail\";i:0;s:3:\"gid\";i:0;s:12:\"registerDate\";N;s:13:\"lastvisitDate\";N;s:10:\"activation\";N;s:6:\"params\";N;s:3:\"aid\";i:0;s:5:\"guest\";i:1;s:7:\"_params\";O:10:\"JParameter\":7:{s:4:\"_raw\";s:0:\"\";s:4:\"_xml\";N;s:9:\"_elements\";a:0:{}s:12:\"_elementPath\";a:1:{i:0;s:73:\"/homez.218/ifeaista/www/website_2/libraries/joomla/html/parameter/element\";}s:17:\"_defaultNameSpace\";s:8:\"_default\";s:9:\"_registry\";a:1:{s:8:\"_default\";a:1:{s:4:\"data\";O:8:\"stdClass\":0:{}}}s:7:\"_errors\";a:0:{}}s:9:\"_errorMsg\";N;s:7:\"_errors\";a:0:{}}s:16:\"com_mailto.links\";a:1:{s:40:\"3e7e7de8c45d97f1e609aaffeb229211aa856bef\";O:8:\"stdClass\":2:{s:4:\"link\";s:145:\"http://ifea-istanbul.net/website_2/index.php?option=com_content&view=article&id=932:anne-marie-tillier-251110&catid=27:ifea-actualites&Itemid=157\";s:6:\"expiry\";i:1317576422;}}}'),('','1317576445','37ef0023f0b24e7a4b0a2a10ec485ebe',1,0,'',0,1,'__default|a:9:{s:15:\"session.counter\";i:1;s:19:\"session.timer.start\";i:1317576438;s:18:\"session.timer.last\";i:1317576438;s:17:\"session.timer.now\";i:1317576438;s:24:\"session.client.forwarded\";s:8:\"10.0.0.5\";s:22:\"session.client.browser\";s:117:\"Mozilla/5.0 (Macintosh; Intel Mac OS X 10_7_1) AppleWebKit/535.1 (KHTML, like Gecko) Chrome/14.0.835.186 Safari/535.1\";s:8:\"registry\";O:9:\"JRegistry\":3:{s:17:\"_defaultNameSpace\";s:7:\"session\";s:9:\"_registry\";a:1:{s:7:\"session\";a:1:{s:4:\"data\";O:8:\"stdClass\":0:{}}}s:7:\"_errors\";a:0:{}}s:4:\"user\";O:5:\"JUser\":19:{s:2:\"id\";i:0;s:4:\"name\";N;s:8:\"username\";N;s:5:\"email\";N;s:8:\"password\";N;s:14:\"password_clear\";s:0:\"\";s:8:\"usertype\";N;s:5:\"block\";N;s:9:\"sendEmail\";i:0;s:3:\"gid\";i:0;s:12:\"registerDate\";N;s:13:\"lastvisitDate\";N;s:10:\"activation\";N;s:6:\"params\";N;s:3:\"aid\";i:0;s:5:\"guest\";i:1;s:7:\"_params\";O:10:\"JParameter\":7:{s:4:\"_raw\";s:0:\"\";s:4:\"_xml\";N;s:9:\"_elements\";a:0:{}s:12:\"_elementPath\";a:1:{i:0;s:73:\"/homez.218/ifeaista/www/website_2/libraries/joomla/html/parameter/element\";}s:17:\"_defaultNameSpace\";s:8:\"_default\";s:9:\"_registry\";a:1:{s:8:\"_default\";a:1:{s:4:\"data\";O:8:\"stdClass\":0:{}}}s:7:\"_errors\";a:0:{}}s:9:\"_errorMsg\";N;s:7:\"_errors\";a:0:{}}s:13:\"session.token\";s:32:\"73cbe7b0d03ffa366e8465a6cd88e90d\";}'),('isabellegilles','1317576446','651e1d30f600a6b4b480f6cc4977b1b5',0,600,'Super Administrator',25,1,'__default|a:9:{s:15:\"session.counter\";i:3;s:19:\"session.timer.start\";i:1317576438;s:18:\"session.timer.last\";i:1317576445;s:17:\"session.timer.now\";i:1317576446;s:24:\"session.client.forwarded\";s:8:\"10.0.0.5\";s:22:\"session.client.browser\";s:117:\"Mozilla/5.0 (Macintosh; Intel Mac OS X 10_7_1) AppleWebKit/535.1 (KHTML, like Gecko) Chrome/14.0.835.186 Safari/535.1\";s:8:\"registry\";O:9:\"JRegistry\":3:{s:17:\"_defaultNameSpace\";s:7:\"session\";s:9:\"_registry\";a:3:{s:7:\"session\";a:1:{s:4:\"data\";O:8:\"stdClass\":0:{}}s:11:\"application\";a:1:{s:4:\"data\";O:8:\"stdClass\":1:{s:4:\"lang\";s:0:\"\";}}s:10:\"com_cpanel\";a:1:{s:4:\"data\";O:8:\"stdClass\":1:{s:9:\"mtupgrade\";O:8:\"stdClass\":1:{s:7:\"checked\";b:1;}}}}s:7:\"_errors\";a:0:{}}s:4:\"user\";O:5:\"JUser\":19:{s:2:\"id\";s:3:\"600\";s:4:\"name\";s:15:\"Isabelle Gilles\";s:8:\"username\";s:14:\"isabellegilles\";s:5:\"email\";s:31:\"isabelle.gillesgallet@gmail.com\";s:8:\"password\";s:65:\"db17b9f2b211da0dc72548e298369854:AZuGjmDVOYgEaVMXCrtJodFKZyKnvG89\";s:14:\"password_clear\";s:0:\"\";s:8:\"usertype\";s:19:\"Super Administrator\";s:5:\"block\";s:1:\"0\";s:9:\"sendEmail\";s:1:\"0\";s:3:\"gid\";s:2:\"25\";s:12:\"registerDate\";s:19:\"2010-12-06 08:39:49\";s:13:\"lastvisitDate\";s:19:\"2011-10-02 17:25:01\";s:10:\"activation\";s:0:\"\";s:6:\"params\";s:56:\"admin_language=\nlanguage=\neditor=\nhelpsite=\ntimezone=0\n\n\";s:3:\"aid\";i:2;s:5:\"guest\";i:0;s:7:\"_params\";O:10:\"JParameter\":7:{s:4:\"_raw\";s:0:\"\";s:4:\"_xml\";N;s:9:\"_elements\";a:0:{}s:12:\"_elementPath\";a:1:{i:0;s:73:\"/homez.218/ifeaista/www/website_2/libraries/joomla/html/parameter/element\";}s:17:\"_defaultNameSpace\";s:8:\"_default\";s:9:\"_registry\";a:1:{s:8:\"_default\";a:1:{s:4:\"data\";O:8:\"stdClass\":5:{s:14:\"admin_language\";s:0:\"\";s:8:\"language\";s:0:\"\";s:6:\"editor\";s:0:\"\";s:8:\"helpsite\";s:0:\"\";s:8:\"timezone\";s:1:\"0\";}}}s:7:\"_errors\";a:0:{}}s:9:\"_errorMsg\";N;s:7:\"_errors\";a:0:{}}s:13:\"session.token\";s:32:\"73cbe7b0d03ffa366e8465a6cd88e90d\";}'),('','1317576469','a5e4e65e434834ee0f61897d15aec750',1,0,'',0,0,'__default|a:8:{s:15:\"session.counter\";i:4;s:19:\"session.timer.start\";i:1317576457;s:18:\"session.timer.last\";i:1317576468;s:17:\"session.timer.now\";i:1317576469;s:22:\"session.client.browser\";s:106:\"Mozilla/4.0 (compatible; MSIE 6.0; Windows NT) ::ELNSB50::000061100320025802a00111000000000507000900000000\";s:8:\"registry\";O:9:\"JRegistry\":3:{s:17:\"_defaultNameSpace\";s:7:\"session\";s:9:\"_registry\";a:1:{s:7:\"session\";a:1:{s:4:\"data\";O:8:\"stdClass\":0:{}}}s:7:\"_errors\";a:0:{}}s:4:\"user\";O:5:\"JUser\":19:{s:2:\"id\";i:0;s:4:\"name\";N;s:8:\"username\";N;s:5:\"email\";N;s:8:\"password\";N;s:14:\"password_clear\";s:0:\"\";s:8:\"usertype\";N;s:5:\"block\";N;s:9:\"sendEmail\";i:0;s:3:\"gid\";i:0;s:12:\"registerDate\";N;s:13:\"lastvisitDate\";N;s:10:\"activation\";N;s:6:\"params\";N;s:3:\"aid\";i:0;s:5:\"guest\";i:1;s:7:\"_params\";O:10:\"JParameter\":7:{s:4:\"_raw\";s:0:\"\";s:4:\"_xml\";N;s:9:\"_elements\";a:0:{}s:12:\"_elementPath\";a:1:{i:0;s:73:\"/homez.218/ifeaista/www/website_2/libraries/joomla/html/parameter/element\";}s:17:\"_defaultNameSpace\";s:8:\"_default\";s:9:\"_registry\";a:1:{s:8:\"_default\";a:1:{s:4:\"data\";O:8:\"stdClass\":0:{}}}s:7:\"_errors\";a:0:{}}s:9:\"_errorMsg\";N;s:7:\"_errors\";a:0:{}}s:13:\"session.token\";s:32:\"450afc1e358bfbe5f6b098bff06d06c3\";}'),('','1317576464','16cedfe622b25ee6599c98f092ea61bb',1,0,'',0,1,'__default|a:9:{s:15:\"session.counter\";i:1;s:19:\"session.timer.start\";i:1317576464;s:18:\"session.timer.last\";i:1317576464;s:17:\"session.timer.now\";i:1317576464;s:24:\"session.client.forwarded\";s:8:\"10.0.0.5\";s:22:\"session.client.browser\";s:115:\"Mozilla/5.0 (Macintosh; Intel Mac OS X 10_7_1) AppleWebKit/534.48.3 (KHTML, like Gecko) Version/5.1 Safari/534.48.3\";s:8:\"registry\";O:9:\"JRegistry\":3:{s:17:\"_defaultNameSpace\";s:7:\"session\";s:9:\"_registry\";a:1:{s:7:\"session\";a:1:{s:4:\"data\";O:8:\"stdClass\":0:{}}}s:7:\"_errors\";a:0:{}}s:4:\"user\";O:5:\"JUser\":19:{s:2:\"id\";i:0;s:4:\"name\";N;s:8:\"username\";N;s:5:\"email\";N;s:8:\"password\";N;s:14:\"password_clear\";s:0:\"\";s:8:\"usertype\";N;s:5:\"block\";N;s:9:\"sendEmail\";i:0;s:3:\"gid\";i:0;s:12:\"registerDate\";N;s:13:\"lastvisitDate\";N;s:10:\"activation\";N;s:6:\"params\";N;s:3:\"aid\";i:0;s:5:\"guest\";i:1;s:7:\"_params\";O:10:\"JParameter\":7:{s:4:\"_raw\";s:0:\"\";s:4:\"_xml\";N;s:9:\"_elements\";a:0:{}s:12:\"_elementPath\";a:1:{i:0;s:73:\"/homez.218/ifeaista/www/website_2/libraries/joomla/html/parameter/element\";}s:17:\"_defaultNameSpace\";s:8:\"_default\";s:9:\"_registry\";a:1:{s:8:\"_default\";a:1:{s:4:\"data\";O:8:\"stdClass\":0:{}}}s:7:\"_errors\";a:0:{}}s:9:\"_errorMsg\";N;s:7:\"_errors\";a:0:{}}s:13:\"session.token\";s:32:\"a47b9c7ce437dc821a4a68e9a49dac98\";}'),('','1317576486','5ad24014e6278b5a159f34abd7440fa8',1,0,'',0,1,'__default|a:9:{s:15:\"session.counter\";i:1;s:19:\"session.timer.start\";i:1317576472;s:18:\"session.timer.last\";i:1317576472;s:17:\"session.timer.now\";i:1317576472;s:24:\"session.client.forwarded\";s:8:\"10.0.0.5\";s:22:\"session.client.browser\";s:117:\"Mozilla/5.0 (Macintosh; Intel Mac OS X 10_7_1) AppleWebKit/535.1 (KHTML, like Gecko) Chrome/14.0.835.186 Safari/535.1\";s:8:\"registry\";O:9:\"JRegistry\":3:{s:17:\"_defaultNameSpace\";s:7:\"session\";s:9:\"_registry\";a:1:{s:7:\"session\";a:1:{s:4:\"data\";O:8:\"stdClass\":0:{}}}s:7:\"_errors\";a:0:{}}s:4:\"user\";O:5:\"JUser\":19:{s:2:\"id\";i:0;s:4:\"name\";N;s:8:\"username\";N;s:5:\"email\";N;s:8:\"password\";N;s:14:\"password_clear\";s:0:\"\";s:8:\"usertype\";N;s:5:\"block\";N;s:9:\"sendEmail\";i:0;s:3:\"gid\";i:0;s:12:\"registerDate\";N;s:13:\"lastvisitDate\";N;s:10:\"activation\";N;s:6:\"params\";N;s:3:\"aid\";i:0;s:5:\"guest\";i:1;s:7:\"_params\";O:10:\"JParameter\":7:{s:4:\"_raw\";s:0:\"\";s:4:\"_xml\";N;s:9:\"_elements\";a:0:{}s:12:\"_elementPath\";a:1:{i:0;s:73:\"/homez.218/ifeaista/www/website_2/libraries/joomla/html/parameter/element\";}s:17:\"_defaultNameSpace\";s:8:\"_default\";s:9:\"_registry\";a:1:{s:8:\"_default\";a:1:{s:4:\"data\";O:8:\"stdClass\":0:{}}}s:7:\"_errors\";a:0:{}}s:9:\"_errorMsg\";N;s:7:\"_errors\";a:0:{}}s:13:\"session.token\";s:32:\"da6b83859b37e1a99805c7a22f8f4161\";}'),('isabellegilles','1317576593','9d9d2d9a1ad37b7e3c73c82dece09fe4',0,600,'Super Administrator',25,1,'__default|a:9:{s:15:\"session.counter\";i:10;s:19:\"session.timer.start\";i:1317576472;s:18:\"session.timer.last\";i:1317576592;s:17:\"session.timer.now\";i:1317576593;s:24:\"session.client.forwarded\";s:8:\"10.0.0.5\";s:22:\"session.client.browser\";s:117:\"Mozilla/5.0 (Macintosh; Intel Mac OS X 10_7_1) AppleWebKit/535.1 (KHTML, like Gecko) Chrome/14.0.835.186 Safari/535.1\";s:8:\"registry\";O:9:\"JRegistry\":3:{s:17:\"_defaultNameSpace\";s:7:\"session\";s:9:\"_registry\";a:3:{s:7:\"session\";a:1:{s:4:\"data\";O:8:\"stdClass\":0:{}}s:11:\"application\";a:1:{s:4:\"data\";O:8:\"stdClass\":1:{s:4:\"lang\";s:0:\"\";}}s:10:\"com_cpanel\";a:1:{s:4:\"data\";O:8:\"stdClass\":1:{s:9:\"mtupgrade\";O:8:\"stdClass\":1:{s:7:\"checked\";b:1;}}}}s:7:\"_errors\";a:0:{}}s:4:\"user\";O:5:\"JUser\":19:{s:2:\"id\";s:3:\"600\";s:4:\"name\";s:15:\"Isabelle Gilles\";s:8:\"username\";s:14:\"isabellegilles\";s:5:\"email\";s:31:\"isabelle.gillesgallet@gmail.com\";s:8:\"password\";s:65:\"db17b9f2b211da0dc72548e298369854:AZuGjmDVOYgEaVMXCrtJodFKZyKnvG89\";s:14:\"password_clear\";s:0:\"\";s:8:\"usertype\";s:19:\"Super Administrator\";s:5:\"block\";s:1:\"0\";s:9:\"sendEmail\";s:1:\"0\";s:3:\"gid\";s:2:\"25\";s:12:\"registerDate\";s:19:\"2010-12-06 08:39:49\";s:13:\"lastvisitDate\";s:19:\"2011-10-02 17:27:26\";s:10:\"activation\";s:0:\"\";s:6:\"params\";s:56:\"admin_language=\nlanguage=\neditor=\nhelpsite=\ntimezone=0\n\n\";s:3:\"aid\";i:2;s:5:\"guest\";i:0;s:7:\"_params\";O:10:\"JParameter\":7:{s:4:\"_raw\";s:0:\"\";s:4:\"_xml\";N;s:9:\"_elements\";a:0:{}s:12:\"_elementPath\";a:1:{i:0;s:73:\"/homez.218/ifeaista/www/website_2/libraries/joomla/html/parameter/element\";}s:17:\"_defaultNameSpace\";s:8:\"_default\";s:9:\"_registry\";a:1:{s:8:\"_default\";a:1:{s:4:\"data\";O:8:\"stdClass\":5:{s:14:\"admin_language\";s:0:\"\";s:8:\"language\";s:0:\"\";s:6:\"editor\";s:0:\"\";s:8:\"helpsite\";s:0:\"\";s:8:\"timezone\";s:1:\"0\";}}}s:7:\"_errors\";a:0:{}}s:9:\"_errorMsg\";N;s:7:\"_errors\";a:0:{}}s:13:\"session.token\";s:32:\"da6b83859b37e1a99805c7a22f8f4161\";}'),('','1317576514','7b5c501eb5ac2dd0fcf99c9faa22f243',1,0,'',0,0,'__default|a:8:{s:15:\"session.counter\";i:1;s:19:\"session.timer.start\";i:1317576514;s:18:\"session.timer.last\";i:1317576514;s:17:\"session.timer.now\";i:1317576514;s:22:\"session.client.browser\";s:120:\"Mozilla/4.0 (compatible; MSIE 6.0; Windows NT 5.2;  SLCC1;  .NET CLR 1.1.4325;  .NET CLR 2.0.40607;  .NET CLR 3.0.30729)\";s:8:\"registry\";O:9:\"JRegistry\":3:{s:17:\"_defaultNameSpace\";s:7:\"session\";s:9:\"_registry\";a:1:{s:7:\"session\";a:1:{s:4:\"data\";O:8:\"stdClass\":0:{}}}s:7:\"_errors\";a:0:{}}s:4:\"user\";O:5:\"JUser\":19:{s:2:\"id\";i:0;s:4:\"name\";N;s:8:\"username\";N;s:5:\"email\";N;s:8:\"password\";N;s:14:\"password_clear\";s:0:\"\";s:8:\"usertype\";N;s:5:\"block\";N;s:9:\"sendEmail\";i:0;s:3:\"gid\";i:0;s:12:\"registerDate\";N;s:13:\"lastvisitDate\";N;s:10:\"activation\";N;s:6:\"params\";N;s:3:\"aid\";i:0;s:5:\"guest\";i:1;s:7:\"_params\";O:10:\"JParameter\":7:{s:4:\"_raw\";s:0:\"\";s:4:\"_xml\";N;s:9:\"_elements\";a:0:{}s:12:\"_elementPath\";a:1:{i:0;s:73:\"/homez.218/ifeaista/www/website_2/libraries/joomla/html/parameter/element\";}s:17:\"_defaultNameSpace\";s:8:\"_default\";s:9:\"_registry\";a:1:{s:8:\"_default\";a:1:{s:4:\"data\";O:8:\"stdClass\":0:{}}}s:7:\"_errors\";a:0:{}}s:9:\"_errorMsg\";N;s:7:\"_errors\";a:0:{}}s:16:\"com_mailto.links\";a:1:{s:40:\"0083288037eebea8de6e73cd9964be22e4e6f5b6\";O:8:\"stdClass\":2:{s:4:\"link\";s:189:\"http://www.ifea-istanbul.net/website_2/index.php?option=com_content&view=article&id=879:-les-interets-culturels-francais-dans-lempire-ottoman-finissant&catid=108:publications-des-chercheurs\";s:6:\"expiry\";i:1317576515;}}}'),('','1317576577','926750a71e815aa823068e39c2f43dd8',1,0,'',0,0,'__default|a:8:{s:15:\"session.counter\";i:1;s:19:\"session.timer.start\";i:1317576577;s:18:\"session.timer.last\";i:1317576577;s:17:\"session.timer.now\";i:1317576577;s:22:\"session.client.browser\";s:83:\"Mozilla/5.0 (compatible; Yahoo! Slurp; http://help.yahoo.com/help/us/ysearch/slurp)\";s:8:\"registry\";O:9:\"JRegistry\":3:{s:17:\"_defaultNameSpace\";s:7:\"session\";s:9:\"_registry\";a:1:{s:7:\"session\";a:1:{s:4:\"data\";O:8:\"stdClass\":0:{}}}s:7:\"_errors\";a:0:{}}s:4:\"user\";O:5:\"JUser\":19:{s:2:\"id\";i:0;s:4:\"name\";N;s:8:\"username\";N;s:5:\"email\";N;s:8:\"password\";N;s:14:\"password_clear\";s:0:\"\";s:8:\"usertype\";N;s:5:\"block\";N;s:9:\"sendEmail\";i:0;s:3:\"gid\";i:0;s:12:\"registerDate\";N;s:13:\"lastvisitDate\";N;s:10:\"activation\";N;s:6:\"params\";N;s:3:\"aid\";i:0;s:5:\"guest\";i:1;s:7:\"_params\";O:10:\"JParameter\":7:{s:4:\"_raw\";s:0:\"\";s:4:\"_xml\";N;s:9:\"_elements\";a:0:{}s:12:\"_elementPath\";a:1:{i:0;s:73:\"/homez.218/ifeaista/www/website_2/libraries/joomla/html/parameter/element\";}s:17:\"_defaultNameSpace\";s:8:\"_default\";s:9:\"_registry\";a:1:{s:8:\"_default\";a:1:{s:4:\"data\";O:8:\"stdClass\":0:{}}}s:7:\"_errors\";a:0:{}}s:9:\"_errorMsg\";N;s:7:\"_errors\";a:0:{}}s:16:\"com_mailto.links\";a:1:{s:40:\"65bbef897488d61ab1df7c796a36539a7e585f22\";O:8:\"stdClass\":2:{s:4:\"link\";s:170:\"http://www.ifea-istanbul.net/website_2/index.php?option=com_content&view=article&id=357:un-chercheur-a-lhonneur--francois-georgeon&catid=89:histoire-actualites&Itemid=156\";s:6:\"expiry\";i:1317576578;}}}'),('','1317576614','8d43862ff89211cb403f1d6344e9f41a',1,0,'',0,0,'__default|a:7:{s:15:\"session.counter\";i:1;s:19:\"session.timer.start\";i:1317576614;s:18:\"session.timer.last\";i:1317576614;s:17:\"session.timer.now\";i:1317576614;s:22:\"session.client.browser\";s:13:\"TwitterFeed 3\";s:8:\"registry\";O:9:\"JRegistry\":3:{s:17:\"_defaultNameSpace\";s:7:\"session\";s:9:\"_registry\";a:1:{s:7:\"session\";a:1:{s:4:\"data\";O:8:\"stdClass\":0:{}}}s:7:\"_errors\";a:0:{}}s:4:\"user\";O:5:\"JUser\":19:{s:2:\"id\";i:0;s:4:\"name\";N;s:8:\"username\";N;s:5:\"email\";N;s:8:\"password\";N;s:14:\"password_clear\";s:0:\"\";s:8:\"usertype\";N;s:5:\"block\";N;s:9:\"sendEmail\";i:0;s:3:\"gid\";i:0;s:12:\"registerDate\";N;s:13:\"lastvisitDate\";N;s:10:\"activation\";N;s:6:\"params\";N;s:3:\"aid\";i:0;s:5:\"guest\";i:1;s:7:\"_params\";O:10:\"JParameter\":7:{s:4:\"_raw\";s:0:\"\";s:4:\"_xml\";N;s:9:\"_elements\";a:0:{}s:12:\"_elementPath\";a:1:{i:0;s:73:\"/homez.218/ifeaista/www/website_2/libraries/joomla/html/parameter/element\";}s:17:\"_defaultNameSpace\";s:8:\"_default\";s:9:\"_registry\";a:1:{s:8:\"_default\";a:1:{s:4:\"data\";O:8:\"stdClass\":0:{}}}s:7:\"_errors\";a:0:{}}s:9:\"_errorMsg\";N;s:7:\"_errors\";a:0:{}}}'),('','1317576690','4c40ded6f0b3fcfac13f0eb7989bd763',1,0,'',0,0,'__default|a:7:{s:15:\"session.counter\";i:1;s:19:\"session.timer.start\";i:1317576690;s:18:\"session.timer.last\";i:1317576690;s:17:\"session.timer.now\";i:1317576690;s:22:\"session.client.browser\";s:13:\"TwitterFeed 3\";s:8:\"registry\";O:9:\"JRegistry\":3:{s:17:\"_defaultNameSpace\";s:7:\"session\";s:9:\"_registry\";a:1:{s:7:\"session\";a:1:{s:4:\"data\";O:8:\"stdClass\":0:{}}}s:7:\"_errors\";a:0:{}}s:4:\"user\";O:5:\"JUser\":19:{s:2:\"id\";i:0;s:4:\"name\";N;s:8:\"username\";N;s:5:\"email\";N;s:8:\"password\";N;s:14:\"password_clear\";s:0:\"\";s:8:\"usertype\";N;s:5:\"block\";N;s:9:\"sendEmail\";i:0;s:3:\"gid\";i:0;s:12:\"registerDate\";N;s:13:\"lastvisitDate\";N;s:10:\"activation\";N;s:6:\"params\";N;s:3:\"aid\";i:0;s:5:\"guest\";i:1;s:7:\"_params\";O:10:\"JParameter\":7:{s:4:\"_raw\";s:0:\"\";s:4:\"_xml\";N;s:9:\"_elements\";a:0:{}s:12:\"_elementPath\";a:1:{i:0;s:73:\"/homez.218/ifeaista/www/website_2/libraries/joomla/html/parameter/element\";}s:17:\"_defaultNameSpace\";s:8:\"_default\";s:9:\"_registry\";a:1:{s:8:\"_default\";a:1:{s:4:\"data\";O:8:\"stdClass\":0:{}}}s:7:\"_errors\";a:0:{}}s:9:\"_errorMsg\";N;s:7:\"_errors\";a:0:{}}}');

--
-- Table structure for table `jos_stats_agents`
--

CREATE TABLE `jos_stats_agents` (
  `agent` varchar(255) NOT NULL default '',
  `type` tinyint(1) unsigned NOT NULL default '0',
  `hits` int(11) unsigned NOT NULL default '1'
) ENGINE=MyISAM DEFAULT CHARSET=utf8;

--
-- Dumping data for table `jos_stats_agents`
--


--
-- Table structure for table `jos_templates_menu`
--

CREATE TABLE `jos_templates_menu` (
  `template` varchar(255) NOT NULL default '',
  `menuid` int(11) NOT NULL default '0',
  `client_id` tinyint(4) NOT NULL default '0',
  PRIMARY KEY  (`menuid`,`client_id`,`template`)
) ENGINE=MyISAM DEFAULT CHARSET=utf8;

--
-- Dumping data for table `jos_templates_menu`
--

INSERT INTO `jos_templates_menu` VALUES ('rt_versatility4_j15',0,0),('khepri',0,1);

--
-- Table structure for table `jos_tracks_clubs`
--

CREATE TABLE `jos_tracks_clubs` (
  `id` int(11) NOT NULL auto_increment,
  `full_name` varchar(40) NOT NULL,
  `alias` varchar(100) NOT NULL default '',
  `picture` varchar(100) default NULL,
  `picture_small` varchar(100) default NULL,
  `address` text,
  `postcode` varchar(10) default NULL,
  `city` varchar(50) default NULL,
  `state` varchar(20) default NULL,
  `country_code` varchar(3) default NULL,
  `description` text,
  `admin_id` int(11) NOT NULL,
  `checked_out` int(11) NOT NULL,
  `checked_out_time` datetime NOT NULL,
  PRIMARY KEY  (`id`)
) ENGINE=MyISAM DEFAULT CHARSET=utf8;

--
-- Dumping data for table `jos_tracks_clubs`
--


--
-- Table structure for table `jos_tracks_competitions`
--

CREATE TABLE `jos_tracks_competitions` (
  `id` int(11) NOT NULL auto_increment,
  `name` varchar(40) NOT NULL,
  `alias` varchar(100) NOT NULL default '',
  `ordering` int(11) NOT NULL,
  `checked_out` int(11) NOT NULL,
  `checked_out_time` datetime NOT NULL,
  `published` tinyint(1) NOT NULL,
  PRIMARY KEY  (`id`)
) ENGINE=MyISAM AUTO_INCREMENT=3 DEFAULT CHARSET=utf8;

--
-- Dumping data for table `jos_tracks_competitions`
--

INSERT INTO `jos_tracks_competitions` VALUES (1,'IBU Biathlon','biathlon-2010',1,0,'0000-00-00 00:00:00',1),(2,'IBU Biathlon History Total Points','ibu-biathlon-history-total-points',2,0,'2010-02-28 12:02:36',1);

--
-- Table structure for table `jos_tracks_individuals`
--

CREATE TABLE `jos_tracks_individuals` (
  `id` int(11) NOT NULL auto_increment,
  `last_name` varchar(40) NOT NULL,
  `first_name` varchar(20) NOT NULL,
  `alias` varchar(100) NOT NULL default '',
  `nickname` varchar(20) NOT NULL,
  `height` varchar(10) default NULL,
  `weight` varchar(10) default NULL,
  `dob` date default NULL,
  `hometown` varchar(50) default NULL,
  `country_code` varchar(3) default NULL,
  `user_id` int(11) NOT NULL,
  `picture` varchar(250) default NULL,
  `picture_small` varchar(250) default NULL,
  `address` text,
  `postcode` varchar(10) default NULL,
  `city` varchar(50) default NULL,
  `state` varchar(20) default NULL,
  `country` varchar(20) default NULL,
  `description` text,
  `checked_out` int(11) NOT NULL,
  `checked_out_time` datetime NOT NULL,
  PRIMARY KEY  (`id`)
) ENGINE=MyISAM AUTO_INCREMENT=200 DEFAULT CHARSET=utf8;

--
-- Dumping data for table `jos_tracks_individuals`
--

INSERT INTO `jos_tracks_individuals` VALUES (1,'BJORNDALEN','Ole Einar','ole-einar-bjorndalen','','','','0000-00-00','','NOR',0,'','','','','','',NULL,'',0,'0000-00-00 00:00:00'),(2,'ANDRESEN','Frode','andresen-frode','','','','0000-00-00','','NOR',0,'','','','','','',NULL,'',0,'0000-00-00 00:00:00'),(3,'HANEVOLD','Halvard','halvard-hanevold','','','','0000-00-00','','NOR',0,'','','','','','',NULL,'',0,'0000-00-00 00:00:00'),(4,'SVENDSEN','Emil Hegle','emil-hegle-svendsen','','','','0000-00-00','','NOR',0,'','','','','','',NULL,'',0,'0000-00-00 00:00:00'),(5,'SIKORA','Tomasz','tomasz-sikora','','','','0000-00-00','','POL',0,'','','','','','',NULL,'',0,'0000-00-00 00:00:00'),(6,'GREIS','Michael','michael-greis','','','','0000-00-00','','DEU',0,'','','','','','',NULL,'',0,'0000-00-00 00:00:00'),(7,'OS','Alexander','alexander-os','','','','0000-00-00','','NOR',0,'','','','','','',NULL,'',0,'0000-00-00 00:00:00'),(10,'TCHOUDOV','Maxim','maxim-tchoudov','','','','0000-00-00','','RUS',0,'','','','','','',NULL,'',0,'2010-02-28 12:35:05'),(11,'SUMANN','Christoph','christoph-sumann','','','','0000-00-00','','AUT',0,'','','','','','',NULL,'',0,'2010-02-28 12:35:39'),(12,'TCHEREZOV','Ivan','ivan-tcherezov','','','','0000-00-00','','RUS',0,'','','','','','',NULL,'',0,'2010-02-28 12:36:10'),(13,'BERGMAN','Carl Johann','carl-johann-bergman','','','','0000-00-00','','SWE',0,'','','','','','',NULL,'',0,'2010-02-28 12:36:52'),(14,'FERRY','Bjorn','bjorn-ferry','','','','0000-00-00','','SWE',0,'','','','','','',NULL,'',0,'2010-02-28 12:37:20'),(15,'LANDERTINGER','Dominik','dominik-landertinger','','','','0000-00-00','','AUT',0,'','','','','','',NULL,'',0,'2010-02-28 12:37:46'),(16,'EDER','Simon','simon-eder','','','','0000-00-00','','AUT',0,'','','','','','',NULL,'',0,'2010-02-28 12:38:01'),(17,'MESOTITSCH','Daniel','daniel-mesotitsch','','','','0000-00-00','','AUT',0,'','','','','','',NULL,'',0,'2010-02-28 12:38:26'),(18,'FOURCADE','Simon','simon-fourcade','','','','0000-00-00','','FRA',0,'','','','','','',NULL,'',0,'2010-02-28 12:38:48'),(19,'ROESCH','Michael','michael-roesch','','','','0000-00-00','','DEU',0,'','','','','','',NULL,'',0,'2010-02-28 12:39:10'),(20,'BERGER','Lars','lars-berger','','','','0000-00-00','','NOR',0,'','','','','','',NULL,'',0,'0000-00-00 00:00:00'),(21,'STEPHAN','Christoph','christoph-stephan','','','','0000-00-00','','DEU',0,'','','','','','',NULL,'',0,'2010-02-28 12:40:04'),(22,'WOLF','Alexander','alexander-wolf','','','','0000-00-00','','DEU',0,'','','','','','',NULL,'',0,'2010-02-28 12:40:29'),(23,'SLESINGR ','Michal','michal-slesingr-','','','','0000-00-00','','CZE',0,'','','','','','',NULL,'',0,'2010-02-28 12:41:57'),(24,'DERYZEMLYA ','Andriy','andriy-deryzemlya-','','','','0000-00-00','','UKR',0,'','','','','','',NULL,'',0,'2010-02-28 12:42:21'),(25,'PINTER','Friedrich','friedrich-pinter','','','','0000-00-00','','AUT',0,'','','','','','',NULL,'',0,'2010-02-28 12:43:12'),(26,'DE LORENZI ','Christian','christian-de-lorenzi-','','','','0000-00-00','','ITA',0,'','','','','','',NULL,'',0,'2010-02-28 12:44:56'),(27,'FOURCADE','Martin','martin-fourcade','','','','0000-00-00','','FRA',0,'','','','','','',NULL,'',0,'2010-02-28 12:45:59'),(28,'BURKE','Tim','tim-burke','','','','0000-00-00','','USA',0,'','','','','','',NULL,'',0,'2010-02-28 12:46:34'),(29,'WINDISCH','Markus','markus-windisch','','','','0000-00-00','','ITA',0,'','','','','','',NULL,'',0,'2010-02-28 12:47:19'),(30,'BIRNBACHER','Andreas','andreas-birnbacher','','','','0000-00-00','','DEU',0,'','','','','','',NULL,'',0,'2010-02-28 12:48:30'),(31,'MAKOVEEV','Andrei','andrei-makoveev','','','','0000-00-00','','RUS',0,'','','','','','',NULL,'',0,'2010-02-28 12:48:57'),(32,'JAY','Vincent','vincent-jay','','','','0000-00-00','','FRA',0,'','','','','','',NULL,'',0,'2010-02-28 12:49:11'),(33,'VALIULLIN ','Rustam','rustam-valiullin-','','','','0000-00-00','','BLR',0,'','','','','','',NULL,'',0,'2010-02-28 12:49:39'),(34,'KRUGLOV','Nikolay','nikolay-kruglov','','','','0000-00-00','','RUS',0,'','','','','','',NULL,'',0,'2010-02-28 12:49:56'),(35,'LEGUELLEC','Jean Philippe','jean-philippe-leguellec','','','','0000-00-00','','CAN',0,'','','','','','',NULL,'',0,'2010-02-28 12:50:22'),(36,'USTYUGOV','Evgeny','evgeny-ustyugov','','','','0000-00-00','','RUS',0,'','','','','','',NULL,'',0,'2010-02-28 12:50:49'),(37,'NILSSON','Mattias','mattias-nilsson','','','','0000-00-00','','SWE',0,'','','','','','',NULL,'',0,'2010-02-28 12:51:07'),(38,'DEFRASNE','Vincent ','vincent-defrasne','','','','0000-00-00','','FRA',0,'','','','','','',NULL,'',0,'0000-00-00 00:00:00'),(39,'HALLENBARTER','Simon','simon-hallenbarter','','','','0000-00-00','','CHE',0,'','','','','','',NULL,'',0,'2010-02-28 12:51:51'),(40,'EBERHARD','Tobias','tobias-eberhard','','','','0000-00-00','','AUT',0,'','','','','','',NULL,'',0,'2010-02-28 12:52:11'),(41,'PEIFFER','Arnd','arnd-peiffer','','','','0000-00-00','','DEU',0,'','','','','','',NULL,'',0,'2010-02-28 12:52:43'),(42,'DERKACH','Vyacheslav','vyacheslav-derkach','','','','0000-00-00','','UKR',0,'','','','','','',NULL,'',0,'2010-02-28 12:53:10'),(43,'HAFSAS','Ronny','ronny-hafsas','','','','0000-00-00','','NOR',0,'','','','','','',NULL,'',0,'2010-02-28 12:53:31'),(46,'NOVIKOV','Sergey','sergey-novikov','','','','0000-00-00','','BLR',0,'','','','','','',NULL,'',0,'2010-02-28 12:55:30'),(45,'MARIC','Janez','janez-maric','','','','0000-00-00','','SVN',0,'','','','','','',NULL,'',0,'0000-00-00 00:00:00'),(47,'SOUKUP','Jaroslav','jaroslav-soukup','','','','0000-00-00','','CZE',0,'','','','','','',NULL,'',0,'2010-02-28 12:56:24'),(48,'FAK','Jakov','jakov-fak','','','','0000-00-00','','HRV',0,'','','','','','',NULL,'',0,'2010-02-28 12:56:44'),(49,'HAKKINEN','Jay','jay-hakkinen','','','','0000-00-00','','USA',0,'','','','','','',NULL,'',0,'2010-02-28 12:57:00'),(50,'SEDNEV','Serguei','serguei-sednev','','','','0000-00-00','','UKR',0,'','','','','','',NULL,'',0,'2010-02-28 12:57:27'),(51,'VITEK','Zdenek','zdenek-vitek','','','','0000-00-00','','CZE',0,'','','','','','',NULL,'',0,'2010-02-28 12:57:59'),(52,'PRYMA','Roman ','roman-pryma','','','','0000-00-00','','UKR',0,'','','','','','',NULL,'',0,'2010-02-28 12:58:27'),(53,'BAUER','Klemen','klemen-bauer','','','','0000-00-00','','SVN',0,'','','','','','',NULL,'',0,'0000-00-00 00:00:00'),(54,'BAILEY','Lowell','lowell-bailey','','','','0000-00-00','','USA',0,'','','','','','',NULL,'',0,'2010-02-28 12:59:27'),(55,'HURAJT ','Pavol','pavol-hurajt-','','','','0000-00-00','','SVK',0,'','','','','','',NULL,'',0,'2010-02-28 13:00:36'),(56,'HOLUBEC','Tomas','tomas-holubec','','','','0000-00-00','','CZE',0,'','','','','','',NULL,'',0,'2010-02-28 13:00:57'),(57,'EKHOLM','David','david-ekholm','','','','0000-00-00','','SWE',0,'','','','','','',NULL,'',0,'2010-02-28 13:01:18'),(58,'BILANENKO','Olexander','olexander-bilanenko','','','','0000-00-00','','UKR',0,'','','','','','',NULL,'',0,'2010-02-28 13:01:44'),(59,'JONSSON','Magnus','magnus-jonsson','','','','0000-00-00','','SWE',0,'','','','','','',NULL,'',0,'2010-02-28 13:02:01'),(60,'DOSTAL','Roman','roman-dostal','','','','0000-00-00','','CZE',0,'','','','','','',NULL,'',0,'2010-02-28 13:02:19'),(61,'MAKSIMOV','Maxim','maxim-maksimov','','','','0000-00-00','','RUS',0,'','','','','','',NULL,'',0,'2010-02-28 13:02:43'),(62,'BOHM','Daniel','daniel-bohm','','','','0000-00-00','','DEU',0,'','','','','','',NULL,'',0,'2010-02-28 13:03:02'),(63,'SCHEMPP','Simon','simon-schempp','','','','0000-00-00','','DEU',0,'','','','','','',NULL,'',0,'2010-02-28 13:03:21'),(64,'LESSING','Roland','roland-lessing','','','','0000-00-00','','EST',0,'','','','','','',NULL,'',0,'2010-02-28 13:03:51'),(65,'JOLLER','Ivan','ivan-joller','','','','0000-00-00','','CHE',0,'','','','','','',NULL,'',0,'2010-02-28 13:04:06'),(66,'VUILLERMOZ','Rene Laurent','rene-laurent-vuillermoz','','','','0000-00-00','','ITA',0,'','','','','','',NULL,'',0,'2010-02-28 13:04:25'),(67,'GJEDREM','Hans Martin','hans-martin-gjedrem','','','','0000-00-00','','NOR',0,'','','','','','',NULL,'',0,'2010-02-28 13:04:45'),(68,'LANG','Toni','toni-lang','','','','0000-00-00','','DEU',0,'','','','','','',NULL,'',0,'2010-02-28 13:05:05'),(69,'SYMAN','Alexandr','alexandr-syman','','','','0000-00-00','','BLR',0,'','','','','','',NULL,'',0,'2010-02-28 13:05:24'),(70,'ECKHOFF','Stian','stian-eckhoff','','','','0000-00-00','','NOR',0,'','','','','','',NULL,'',0,'2010-02-28 13:05:55'),(71,'SIMMEN','Matthias','matthias-simmen','','','','0000-00-00','','CHE',0,'','','','','','',NULL,'',0,'2010-02-28 13:06:11'),(72,'BRINK','Jorgen ','jorgen-bring','','','','0000-00-00','','SWE',0,'','','','','','',NULL,'',0,'0000-00-00 00:00:00'),(73,'MARTINELLI','Christian','christian-martinelli','','','','0000-00-00','','ITA',0,'','','','','','',NULL,'',0,'2010-02-28 13:06:46'),(74,'TEELA','Jeremy','jeremy-teela','','','','0000-00-00','','USA',0,'','','','','','',NULL,'',0,'2010-02-28 13:07:01'),(75,'ZHANG','Chengye ','chengye-zhang','','','','0000-00-00','','CHN',0,'','','','','','',NULL,'',0,'2010-02-28 13:07:21'),(76,'BRATTSVEEN','Rune','rune-brattsveen','','','','0000-00-00','','NOR',0,'','','','','','',NULL,'',0,'2010-02-28 13:07:40'),(77,'BEATRIX','Jean Guillaume','jean-guillaume-beatrix','','','','0000-00-00','','FRA',0,'','','','','','',NULL,'',0,'2010-02-28 13:08:05'),(78,'PUURUNEN','Paavo','paavo-puurunen','','','','0000-00-00','','FIN',0,'','','','','','',NULL,'',0,'2010-02-28 13:08:32'),(79,'GUSEV','Artem','artem-gusev','','','','0000-00-00','','RUS',0,'','','','','','',NULL,'',0,'2010-02-28 13:08:50'),(80,'FREI','Thomas','thomas-frei','','','','0000-00-00','','CHE',0,'','','','','','',NULL,'',0,'2010-02-28 13:09:05'),(81,'ISA','Hidenori','hidenori-isa','','','','0000-00-00','','JPN',0,'','','','','','',NULL,'',0,'2010-02-28 13:09:24'),(82,'CLEGG','Robin','robin-clegg','','','','0000-00-00','','CAN',0,'','','','','','',NULL,'',0,'2010-02-28 13:09:36'),(83,'BRICIS','Ilmars','ilmars-bricis','','','','0000-00-00','','LVA',0,'','','','','','',NULL,'',0,'2010-02-28 13:10:25'),(84,'LINDSTROM','Fredrik','fredrik-lindstrom','','','','0000-00-00','','SWE',0,'','','','','','',NULL,'',0,'2010-02-28 13:11:47'),(85,'BOEUF','Alexis ','alexis-boeuf','','','','0000-00-00','','FRA',0,'','','','','','',NULL,'',0,'2010-02-28 13:12:03'),(86,'BEREZHNOY ','Oleg','oleg-berezhnoy-','','','','0000-00-00','','UKR',0,'','','','','','',NULL,'',0,'2010-02-28 13:12:20'),(87,'SADOVNIKOV ','Sergey','sergey-sadovnikov-','','','','0000-00-00','','BLR',0,'','','','','','',NULL,'',0,'2010-02-28 13:12:45'),(88,'GRAF','Daniel','daniel-graf','','','','0000-00-00','','DEU',0,'','','','','','',NULL,'',0,'2010-02-28 13:12:59'),(89,'SIMOCKO','Dusan','dusan-simocko','','','','0000-00-00','','SVK',0,'','','','','','',NULL,'',0,'2010-02-28 13:13:16'),(90,'HABERT','Lois','lois-habert','','','','0000-00-00','','FRA',0,'','','','','','',NULL,'',0,'2010-02-28 13:13:34'),(91,'EBERHARD','Julian','julian-eberhard','','','','0000-00-00','','AUT',0,'','','','','','',NULL,'',0,'2010-02-28 13:13:50'),(92,'NAUMIK','Sergey','sergey-naumik','','','','0000-00-00','','KAZ',0,'','','','','','',NULL,'',0,'2010-02-28 13:14:10'),(93,'POZZI','Nicola','nicola-pozzi','','','','0000-00-00','','ITA',0,'','','','','','',NULL,'',0,'2010-02-28 13:14:29'),(94,'COLA','Mattia','mattia-cola','','','','0000-00-00','','ITA',0,'','','','','','',NULL,'',0,'2010-02-28 13:14:46'),(95,'MATIASKO','Marek','marek-matiasko','','','','0000-00-00','','SVK',0,'','','','','','',NULL,'',0,'2010-02-28 13:15:20'),(96,'SHIPULIN','Anton','anton-shipulin','','','','0000-00-00','','RUS',0,'','','','','','',NULL,'',0,'2010-02-28 13:15:47'),(97,'BALANDIN','Sergey','sergey-balandin','','','','0000-00-00','','RUS',0,'','','','','','',NULL,'',0,'2010-02-28 13:16:07'),(98,'ZHANG','Qing','qing-zhang','','','','0000-00-00','','CHN',0,'','','','','','',NULL,'',0,'2010-02-28 13:16:23'),(99,'KNIE','Christoph','christoph-knie','','','','0000-00-00','','DEU',0,'','','','','','',NULL,'',0,'2010-02-28 13:16:39'),(100,'ANEV','Krasimir','krasimir-anev','','','','0000-00-00','','EST',0,'','','','','','',NULL,'',0,'2010-02-28 13:16:52'),(101,'TROBELUTS','Indrek','indrek-trobeluts','','','','0000-00-00','','EST',0,'','','','','','',NULL,'',0,'2010-02-28 13:17:15'),(102,'MORAVEC','Ondrej','ondrej-moravec','','','','0000-00-00','','CZE',0,'','','','','','',NULL,'',0,'2010-02-28 13:17:41'),(103,'ILIEV','Vladimir','vladimir-iliev','','','','0000-00-00','','BGR',0,'','','','','','',NULL,'',0,'2010-02-28 13:18:03'),(104,'CHERVYHKOV ','Alexsandr','alexsandr-chervyhkov-','','','','0000-00-00','','KAZ',0,'','','','','','',NULL,'',0,'2010-02-28 13:18:31'),(105,'KENESHEV','Dias','dias-keneshev','','','','0000-00-00','','KAZ',0,'','','','','','',NULL,'',0,'2010-02-28 13:18:53'),(106,'MATIASKO','Miroslav','miroslav-matiasko','','','','0000-00-00','','SVK',0,'','','','','','',NULL,'',0,'2010-02-28 13:19:24'),(107,'LIBIETIS ','Kristaps','kristaps-libietis-','','','','0000-00-00','','LVA',0,'','','','','','',NULL,'',0,'2010-02-28 13:19:42'),(108,'VIKS','Pritt','pritt-viks','','','','0000-00-00','','EST',0,'','','','','','',NULL,'',0,'2010-02-28 13:20:33'),(109,'KOIV','Kauri','kauri-koiv','','','','0000-00-00','','EST',0,'','','','','','',NULL,'',0,'2010-02-28 13:20:47'),(110,'ABRAMENKO','Evgeny','evgeny-abramenko','','','','0000-00-00','','BLR',0,'','','','','','',NULL,'',0,'2010-02-28 13:21:06'),(111,'YAROSHENKO ','Dmitri','dmitri-yaroshenko-','','','','0000-00-00','','RUS',0,'','','','','','',NULL,'',0,'2010-02-28 15:23:11'),(112,'PUMP','Carsten','carsten-pump','','','','0000-00-00','','RUS',0,'','','','','','',NULL,'',0,'2010-02-28 15:24:55'),(113,'PLYWACZYK ','Krzysztof','krzysztof-plywaczyk-','','','','0000-00-00','','POL',0,'','','','','','',NULL,'',0,'2010-02-28 15:43:39'),(114,'AIDAROV','Alexei','alexei-aidarov','','','','0000-00-00','','UKR',0,'','','','','','',NULL,'',0,'2010-02-28 15:59:58'),(115,'PROKUNIN','Andrei','andrei-prokunin','','','','0000-00-00','','RUS',0,'','','','','','',NULL,'',0,'2010-02-28 16:00:16'),(116,'CHURINE','Alexey','alexey-churine','','','','0000-00-00','','RUS',0,'','','','','','',NULL,'',0,'2010-02-28 16:00:44'),(118,'ROSKHOV','Serguei','serguei-roskhov','','','','0000-00-00','','RUS',0,'','','','','','',NULL,'',0,'2010-02-28 16:01:37'),(119,'ANTILA','Timo','timo-antila','','','','0000-00-00','','FIN',0,'','','','','','',NULL,'',0,'2010-02-28 16:01:55'),(120,'ROBERT','Julien','julien-robert','','','','0000-00-00','','FRA',0,'','','','','','',NULL,'',0,'2010-02-28 16:02:14'),(121,'CANNARD','Ferreol','ferreol-cannard','','','','0000-00-00','','FRA',0,'','','','','','',NULL,'',0,'2010-02-28 16:02:27'),(122,'KAUPPINEN','Jarko','jarko-kauppinen','','','','0000-00-00','','FIN',0,'','','','','','',NULL,'',0,'2010-02-28 16:02:43'),(123,'GREDLER','Ludwig','ludwig-gredler','','','','0000-00-00','','AUT',0,'','','','','','',NULL,'',0,'2010-02-28 16:03:05'),(124,'KAZAR','Matej','matej-kazar','','','','0000-00-00','','SVK',0,'','','','','','',NULL,'',0,'2010-02-28 16:03:25'),(125,'LONG','Ren','ren-long','','','','0000-00-00','','CHN',0,'','','','','','',NULL,'',0,'2010-02-28 16:03:38'),(126,'BOCKLI','Claudio','claudio-bockli','','','','0000-00-00','','CHE',0,'','','','','','',NULL,'',0,'2010-02-28 16:04:07'),(127,'POIREE','Raphael','raphael-poiree','','','','0000-00-00','','FRA',0,'','','','','','',NULL,'',0,'2010-02-28 16:45:29'),(128,'FISCHER','Sven','sven-fischer','','','','0000-00-00','','DEU',0,'','','','','','',NULL,'',0,'2010-02-28 16:45:41'),(129,'GROSS','Ricco','ricco-gross','','','','0000-00-00','','DEU',0,'','','','','','',NULL,'',0,'2010-02-28 16:45:52'),(130,'SHULMAN','Filipp','filipp-shulman','','','','0000-00-00','','RUS',0,'','','','','','',NULL,'',0,'2010-02-28 16:46:11'),(131,'PALLHUBER','Wilfried','wilfried-pallhuber','','','','0000-00-00','','ITA',0,'','','','','','',NULL,'',0,'2010-02-28 16:46:32'),(132,'TCHEPIKOV','Sergei','sergei-tchepikov','','','','0000-00-00','','RUS',0,'','','','','','',NULL,'',0,'2010-02-28 16:46:51'),(133,'GJELLAND','Egil','egil-gjelland','','','','0000-00-00','','NOR',0,'','','','','','',NULL,'',0,'2010-02-28 16:47:07'),(134,'RONNING','Magne Thorleiv','magne-thorleiv-ronning','','','','0000-00-00','','NOR',0,'','','','','','',NULL,'',0,'2010-02-28 16:47:55'),(135,'KOROBEYNIKOV ','Alexei','alexei-korobeynikov-','','','','0000-00-00','','RUS',0,'','','','','','',NULL,'',0,'2010-02-28 16:48:11'),(136,'BERZINS','Jans','jans-berzins','','','','0000-00-00','','LVA',0,'','','','','','',NULL,'',0,'2010-02-28 16:48:35'),(137,'WOLLSCHLAGER ','Jorn','jorn-wollschlager-','','','','0000-00-00','','DEU',0,'','','','','','',NULL,'',0,'2010-02-28 16:49:03'),(138,'KOCHKIN','Mikhail','mikhail-kochkin','','','','0000-00-00','','RUS',0,'','','','','','',NULL,'',0,'2010-02-28 16:49:25'),(139,'AUBERT','Alexandre','alexandre-aubert','','','','0000-00-00','','FRA',0,'','','','','','',NULL,'',0,'2010-02-28 16:49:42'),(140,'KLETCHEROV','Michail','michail-kletcherov','','','','0000-00-00','','BGR',0,'','','','','','',NULL,'',0,'2010-02-28 16:49:59'),(141,'DRACHEV','Vladimir','vladimir-drachev','','','','0000-00-00','','BLR',0,'','','','','','',NULL,'',0,'2010-02-28 17:36:22'),(142,'ROSTOVTSEV','Pavel','pavel-rostovtsev','','','','0000-00-00','','RUS',0,'','','','','','',NULL,'',0,'2010-02-28 17:36:46'),(143,'ROTTMANN','Wolfgang','wolfgang-rottmann','','','','0000-00-00','','AUT',0,'','','','','','',NULL,'',0,'2010-02-28 17:37:44'),(144,'RYZHENKOV','Oleg','oleg-ryzhenkov','','','','0000-00-00','','BLR',0,'','','','','','',NULL,'',0,'2010-02-28 17:38:25'),(145,'LYSENKO','Ruslan','ruslan-lysenko','','','','0000-00-00','','UKR',0,'','','','','','',NULL,'',0,'2010-02-28 17:38:50'),(146,'BACHKIROV','Sergei','sergei-bachkirov','','','','0000-00-00','','RUS',0,'','','','','','',NULL,'',0,'2010-02-28 17:39:08'),(147,'PERNER','Wolfgang','wolfgang-perner','','','','0000-00-00','','AUT',0,'','','','','','',NULL,'',0,'2010-02-28 17:39:44'),(148,'SUGA','Kyoji','kyoji-suga','','','','0000-00-00','','JPN',0,'','','','','','',NULL,'',0,'2010-02-28 17:40:01'),(149,'MYKLAND','Anstein','anstein-mykland','','','','0000-00-00','','NOR',0,'','','','','','',NULL,'',0,'2010-02-28 17:40:19'),(150,'ZIEMIANIN','Wieslaw','wieslaw-ziemianin','','','','0000-00-00','','POL',0,'','','','','','',NULL,'',0,'2010-02-28 17:40:57'),(151,'GREBOT','Lionel','lionel-grebot','','','','0000-00-00','','FRA',0,'','','','','','',NULL,'',0,'2010-02-28 17:41:12'),(152,'POKLUKAR','Matjaz','matjaz-poklukar','','','','0000-00-00','','SVN',0,'','','','','','',NULL,'',0,'2010-02-28 17:41:55'),(153,'RUDENCHYK','Vitaliy','vitaliy-rudenchyk','','','','0000-00-00','','UKR',0,'','','','','','',NULL,'',0,'2010-02-28 17:42:17'),(154,'ANDERSEN','Haakon','haakon-andersen','','','','0000-00-00','','NOR',0,'','','','','','',NULL,'',0,'2010-02-28 17:42:35'),(155,'BORJESSON','Jakob','jakob-borjesson','','','','0000-00-00','','SWE',0,'','','','','','',NULL,'',0,'2010-02-28 17:42:55'),(156,'SASHURIN','Vadim','vadim-sashurin','','','','0000-00-00','','BLR',0,'','','','','','',NULL,'',0,'2010-02-28 17:43:28'),(157,'BOROVIK','Dimitri','dimitri-borovik','','','','0000-00-00','','EST',0,'','','','','','',NULL,'',0,'2010-02-28 17:43:44'),(158,'LUCK','Franck','franck-luck','','','','0000-00-00','','DEU',0,'','','','','','',NULL,'',0,'2010-02-28 18:23:58'),(159,'SENDEL','Peter','peter-sendel','','','','0000-00-00','','DEU',0,'','','','','','',NULL,'',0,'2010-02-28 18:24:22'),(160,'CATTARINUSSI','Rene','rene-cattarinussi','','','','0000-00-00','','ITA',0,'','','','','','',NULL,'',0,'2010-02-28 18:24:46'),(161,'HIETALAHTI ','Vesa','vesa-hietalahti-','','','','0000-00-00','','FIN',0,'','','','','','',NULL,'',0,'2010-02-28 18:25:03'),(162,'MALUHINS','Olegs','olegs-maluhins','','','','0000-00-00','','LVA',0,'','','','','','',NULL,'',0,'2010-02-28 18:25:39'),(163,'GLIMSDAL','Sylfest','sylfest-glimsdal','','','','0000-00-00','','NOR',0,'','','','','','',NULL,'',0,'2010-02-28 18:26:28'),(164,'HEYMANN','Carsten','carsten-heymann','','','','0000-00-00','','DEU',0,'','','','','','',NULL,'',0,'2010-02-28 18:26:52'),(165,'BJORNDALEN','Dag','dag-bjorndalen','','','','0000-00-00','','NOR',0,'','','','','','',NULL,'',0,'2010-02-28 18:27:09'),(166,'MAIGOUROV','Viktor ','viktor-maigourov','','','','0000-00-00','','RUS',0,'','','','','','',NULL,'',0,'0000-00-00 00:00:00'),(168,'FAVRE','Patrick','patrick-favre','','','','0000-00-00','','ITA',0,'','','','','','',NULL,'',0,'2010-02-28 18:27:58'),(169,'MASARIK','Ivan','ivan-masarik','','','','0000-00-00','','CZE',0,'','','','','','',NULL,'',0,'2010-02-28 18:28:17'),(170,'AZAMBRE','Stephan','stephan-azambre','','','','0000-00-00','','FRA',0,'','','','','','',NULL,'',0,'2010-02-28 18:28:30'),(171,'WUSTENFELD','Jan','jan-wustenfeld','','','','0000-00-00','','DEU',0,'','','','','','',NULL,'',0,'2010-02-28 18:28:51'),(172,'CHABLOZ','Jean Marc','jean-marc-chabloz','','','','0000-00-00','','SWE',0,'','','','','','',NULL,'',0,'2010-02-28 18:29:11'),(173,'RAIKKONEN','Ville','ville-raikkonen','','','','0000-00-00','','FIN',0,'','','','','','',NULL,'',0,'2010-02-28 18:29:25'),(174,'KOUNAEV','Viatcheslav','viatcheslav-kounaev','','','','0000-00-00','','RUS',0,'','','','','','',NULL,'',0,'2010-02-28 18:29:49'),(175,'OZBOLT','Janez','janez-ozbolt','','','','0000-00-00','','SVN',0,'','','','','','',NULL,'',0,'2010-02-28 18:30:14'),(176,'VAVILOV','Pavel','pavel-vavilov','','','','0000-00-00','','RUS',0,'','','','','','',NULL,'',0,'2010-02-28 18:30:34'),(177,'KONOVALOV','Sergei','sergei-konovalov','','','','0000-00-00','','RUS',0,'','','','','','',NULL,'',0,'2010-02-28 18:30:59'),(178,'GARABIK','Petr','petr-garabik','','','','0000-00-00','','USA',0,'','','','','','',NULL,'',0,'2010-02-28 18:31:18'),(179,'MOCHIZUKI','Yukio','yukio-mochizuki','','','','0000-00-00','','JPN',0,'','','','','','',NULL,'',0,'2010-02-28 18:31:48'),(180,'GLOBOCNIK ','Tomas','tomas-globocnik-','','','','0000-00-00','','SVN',0,'','','','','','',NULL,'',0,'2010-02-28 18:32:21'),(181,'TACH','Enrico','enrico-tach','','','','0000-00-00','','ITA',0,'','','','','','',NULL,'',0,'2010-02-28 18:32:46'),(182,'NAKUMS','Jekabs','jekabs-nakums','','','','0000-00-00','','LVA',0,'','','','','','',NULL,'',0,'2010-02-28 18:33:05'),(183,'KOZUB ','Wojciech','wojciech-kozub-','','','','0000-00-00','','POL',0,'','','','','','',NULL,'',0,'2010-02-28 18:33:27'),(184,'KUOPPA','Fredrik','fredrik-kuoppa','','','','0000-00-00','','SWE',0,'','','','','','',NULL,'',0,'2010-02-28 18:34:01'),(185,'GRAJF','Aleksander','aleksander-grajf','','','','0000-00-00','','SVN',0,'','','','','','',NULL,'',0,'2010-02-28 18:34:25'),(186,'DA CANAL','Devis ','devis-da-canal','','','','0000-00-00','','ITA',0,'','','','','','',NULL,'',0,'2010-02-28 18:34:52'),(187,'HEYMANN','Andreas','andreas-heymann','','','','0000-00-00','','FRA',0,'','','','','','',NULL,'',0,'2010-02-28 18:35:15'),(188,'UPENIEKS','Gundars','gundars-upenieks','','','','0000-00-00','','LVA',0,'','','','','','',NULL,'',0,'2010-02-28 18:35:42'),(189,'IVASHKO','Petr','petr-ivashko','','','','0000-00-00','','BLR',0,'','','','','','',NULL,'',0,'2010-02-28 18:36:09'),(190,'CARRARA','Pieralberto','pieralberto-carrara','','','','0000-00-00','','ITA',0,'','','','','','',NULL,'',0,'2010-02-28 18:36:31'),(191,'ACHORNER','Hans','hans-achorner','','','','0000-00-00','','AUT',0,'','','','','','',NULL,'',0,'2010-02-28 18:36:56'),(192,'UUSIPAIKKA ','Mikko','mikko-uusipaikka-','','','','0000-00-00','','FIN',0,'','','','','','',NULL,'',0,'2010-02-28 18:37:19'),(193,'WIKSTEN','Tord','tord-wiksten','','','','0000-00-00','','GBR',0,'','','','','','',NULL,'',0,'2010-02-28 18:38:00'),(194,'ELORANTA ','Harri','harri-eloranta-','','','','0000-00-00','','FIN',0,'','','','','','',NULL,'',0,'2010-02-28 18:38:21'),(195,'NEUNER','Reinhard','reinhard-neuner','','','','0000-00-00','','AUT',0,'','','','','','',NULL,'',0,'2010-02-28 18:38:46'),(196,'KROUPNIK','Nikolai','nikolai-kroupnik','','','','0000-00-00','','UKR',0,'','','','','','',NULL,'',0,'2010-02-28 18:39:07'),(197,'MEGURO','Hiranao','hiranao-meguro','','','','0000-00-00','','JPN',0,'','','','','','',NULL,'',0,'2010-02-28 18:39:29'),(198,'NOBERIUS ','Rickard','rickard-noberius-','','','','0000-00-00','','SWE',0,'','','','','','',NULL,'',0,'2010-02-28 18:39:49'),(199,'MALEK','Marian','marian-malek','','','','0000-00-00','','CZE',0,'','','','','','',NULL,'',0,'2010-02-28 18:40:03');

--
-- Table structure for table `jos_tracks_project_settings`
--

CREATE TABLE `jos_tracks_project_settings` (
  `id` int(11) NOT NULL auto_increment,
  `project_id` int(11) NOT NULL,
  `xml` varchar(50) NOT NULL default '',
  `settings` text,
  `checked_out` int(11) NOT NULL,
  `checked_out_time` datetime NOT NULL,
  PRIMARY KEY  (`id`)
) ENGINE=MyISAM AUTO_INCREMENT=2 DEFAULT CHARSET=utf8;

--
-- Dumping data for table `jos_tracks_project_settings`
--

INSERT INTO `jos_tracks_project_settings` VALUES (1,1,'competition.xml',NULL,0,'0000-00-00 00:00:00');

--
-- Table structure for table `jos_tracks_projects`
--

CREATE TABLE `jos_tracks_projects` (
  `id` int(11) NOT NULL auto_increment,
  `name` varchar(40) NOT NULL,
  `alias` varchar(100) NOT NULL default '',
  `competition_id` int(11) NOT NULL,
  `season_id` int(11) NOT NULL,
  `admin_id` int(11) NOT NULL,
  `type` tinyint(4) NOT NULL,
  `params` text NOT NULL,
  `ordering` int(11) NOT NULL,
  `checked_out` int(11) NOT NULL,
  `checked_out_time` datetime NOT NULL,
  `published` tinyint(1) NOT NULL,
  PRIMARY KEY  (`id`)
) ENGINE=MyISAM AUTO_INCREMENT=2 DEFAULT CHARSET=utf8;

--
-- Dumping data for table `jos_tracks_projects`
--

INSERT INTO `jos_tracks_projects` VALUES (1,'IBU Biathlon','ibu-biathlon',1,1,62,0,'auto_time=1440\nproject_type=0\nshownumber=1\nshowflag=1\nshowteams=1\n\n',1,0,'0000-00-00 00:00:00',1);

--
-- Table structure for table `jos_tracks_projects_individuals`
--

CREATE TABLE `jos_tracks_projects_individuals` (
  `id` int(11) NOT NULL auto_increment,
  `individual_id` int(11) NOT NULL,
  `project_id` int(11) NOT NULL,
  `team_id` int(11) NOT NULL,
  `number` varchar(8) default NULL,
  `initial_points` int(11) NOT NULL,
  `checked_out` int(11) NOT NULL,
  `checked_out_time` datetime NOT NULL,
  PRIMARY KEY  (`id`)
) ENGINE=MyISAM AUTO_INCREMENT=203 DEFAULT CHARSET=utf8;

--
-- Dumping data for table `jos_tracks_projects_individuals`
--

INSERT INTO `jos_tracks_projects_individuals` VALUES (9,6,1,2,'0',0,0,'0000-00-00 00:00:00'),(8,1,1,1,'0',0,0,'0000-00-00 00:00:00'),(10,110,1,3,'0',0,0,'2010-02-28 13:28:37'),(6,2,1,1,'0',0,0,'0000-00-00 00:00:00'),(11,54,1,17,'0',0,0,'2010-02-28 13:28:56'),(12,97,1,3,'0',0,0,'2010-02-28 13:29:15'),(13,53,1,13,'0',0,0,'0000-00-00 00:00:00'),(14,77,1,5,'0',0,0,'0000-00-00 00:00:00'),(15,86,1,21,'0',0,0,'2010-02-28 13:30:08'),(16,20,1,1,'0',0,0,'2010-02-28 13:30:18'),(17,13,1,4,'0',0,0,'2010-02-28 13:30:26'),(18,58,1,21,'0',0,0,'2010-02-28 13:30:42'),(19,30,1,2,'0',0,0,'2010-02-28 13:30:50'),(20,85,1,5,'0',0,0,'2010-02-28 13:31:00'),(21,62,1,2,'0',0,0,'2010-02-28 13:31:25'),(22,76,1,1,'0',0,0,'2010-02-28 13:31:32'),(23,83,1,15,'0',0,0,'2010-02-28 13:31:47'),(24,72,1,4,'0',0,0,'2010-02-28 13:32:05'),(25,28,1,17,'0',0,0,'2010-02-28 13:32:16'),(26,104,1,10,'0',0,0,'2010-02-28 13:32:33'),(27,82,1,23,'0',0,0,'2010-02-28 13:32:49'),(28,94,1,6,'0',0,0,'2010-02-28 13:32:59'),(29,26,1,6,'0',0,0,'2010-02-28 13:33:05'),(30,38,1,5,'0',0,0,'2010-02-28 13:33:15'),(31,42,1,21,'0',0,0,'2010-02-28 13:33:30'),(32,24,1,21,'0',0,0,'2010-02-28 13:33:48'),(33,60,1,14,'0',0,0,'2010-02-28 13:33:59'),(34,91,1,20,'0',0,0,'2010-02-28 13:34:06'),(35,40,1,20,'0',0,0,'2010-02-28 13:34:14'),(36,70,1,1,'0',0,0,'2010-02-28 13:34:33'),(37,16,1,20,'0',0,0,'2010-02-28 13:34:43'),(38,57,1,4,'0',0,0,'2010-02-28 13:34:52'),(39,48,1,24,'0',0,0,'0000-00-00 00:00:00'),(40,14,1,4,'0',0,0,'2010-02-28 13:36:00'),(41,27,1,5,'0',0,0,'2010-02-28 13:36:11'),(42,18,1,5,'0',0,0,'2010-02-28 13:36:20'),(43,80,1,16,'0',0,0,'2010-02-28 13:36:38'),(44,67,1,1,'0',0,0,'2010-02-28 13:36:51'),(45,88,1,2,'0',0,0,'2010-02-28 13:37:06'),(46,79,1,3,'0',0,0,'2010-02-28 13:37:28'),(47,90,1,5,'0',0,0,'2010-02-28 13:37:37'),(48,43,1,1,'0',0,0,'2010-02-28 13:37:51'),(49,49,1,17,'0',0,0,'2010-02-28 13:38:01'),(50,39,1,16,'0',0,0,'2010-02-28 13:38:17'),(51,56,1,14,'0',0,0,'2010-02-28 13:38:34'),(52,55,1,12,'0',0,0,'2010-02-28 13:38:57'),(53,103,1,7,'0',0,0,'2010-02-28 13:39:12'),(54,81,1,9,'0',0,0,'2010-02-28 13:39:23'),(55,32,1,5,'0',0,0,'2010-02-28 13:39:32'),(58,59,1,4,'0',0,0,'2010-02-28 13:40:13'),(57,65,1,16,'0',0,0,'2010-02-28 13:39:52'),(59,105,1,10,'0',0,0,'2010-02-28 13:40:38'),(60,99,1,2,'0',0,0,'2010-02-28 13:41:01'),(61,109,1,11,'0',0,0,'2010-02-28 13:41:17'),(62,34,1,3,'0',0,0,'2010-02-28 13:41:27'),(63,15,1,20,'0',0,0,'2010-02-28 13:41:36'),(64,68,1,2,'0',0,0,'2010-02-28 13:41:57'),(65,35,1,23,'0',0,0,'2010-02-28 13:42:07'),(66,64,1,11,'0',0,0,'2010-02-28 13:42:21'),(67,107,1,15,'0',0,0,'2010-02-28 13:42:40'),(68,84,1,4,'0',0,0,'2010-02-28 13:42:54'),(69,31,1,3,'0',0,0,'2010-02-28 13:43:13'),(70,61,1,3,'0',0,0,'2010-02-28 13:43:29'),(71,45,1,13,'0',0,0,'2010-02-28 13:43:43'),(72,73,1,6,'0',0,0,'2010-02-28 13:43:54'),(73,95,1,12,'0',0,0,'2010-02-28 13:44:12'),(74,106,1,12,'0',0,0,'2010-02-28 13:44:25'),(75,17,1,20,'0',0,0,'2010-02-28 13:44:33'),(76,102,1,14,'0',0,0,'2010-02-28 13:44:44'),(77,92,1,10,'0',0,0,'2010-02-28 13:45:02'),(78,37,1,4,'0',0,0,'2010-02-28 13:45:12'),(79,46,1,18,'0',0,0,'2010-02-28 13:45:28'),(80,7,1,1,'0',0,0,'2010-02-28 13:45:37'),(81,41,1,2,'0',0,0,'2010-02-28 13:45:45'),(82,25,1,20,'0',0,0,'2010-02-28 13:46:01'),(83,93,1,6,'0',0,0,'2010-02-28 13:46:11'),(84,52,1,21,'0',0,0,'2010-02-28 13:46:27'),(85,78,1,22,'0',0,0,'2010-02-28 13:46:34'),(86,19,1,2,'0',0,0,'2010-02-28 13:46:43'),(87,87,1,18,'0',0,0,'2010-02-28 13:46:59'),(88,96,1,3,'0',0,0,'2010-02-28 13:47:23'),(89,63,1,2,'0',0,0,'2010-02-28 13:47:53'),(90,50,1,21,'0',0,0,'2010-02-28 13:48:20'),(91,5,1,19,'0',0,0,'2010-02-28 13:48:40'),(92,71,1,16,'0',0,0,'2010-02-28 13:48:55'),(100,69,1,18,'0',0,0,'2010-02-28 13:50:56'),(94,89,1,12,'0',0,0,'2010-02-28 13:49:10'),(95,23,1,14,'0',0,0,'2010-02-28 13:49:24'),(96,47,1,14,'0',0,0,'2010-02-28 13:49:51'),(97,21,1,2,'0',0,0,'2010-02-28 13:50:01'),(98,11,1,20,'0',0,0,'2010-02-28 13:50:08'),(99,4,1,1,'0',0,0,'2010-02-28 13:50:21'),(101,12,1,3,'0',0,0,'2010-02-28 13:51:05'),(102,10,1,3,'0',0,0,'2010-02-28 13:51:14'),(103,74,1,17,'0',0,0,'2010-02-28 13:51:25'),(104,101,1,11,'0',0,0,'2010-02-28 13:51:39'),(105,36,1,3,'0',0,0,'2010-02-28 13:51:47'),(106,33,1,18,'0',0,0,'2010-02-28 13:52:01'),(107,108,1,11,'0',0,0,'2010-02-28 13:52:16'),(108,51,1,14,'0',0,0,'2010-02-28 13:52:29'),(109,66,1,6,'0',0,0,'2010-02-28 13:52:37'),(110,29,1,6,'0',0,0,'2010-02-28 13:52:56'),(111,22,1,2,'0',0,0,'2010-02-28 13:53:05'),(112,75,1,8,'0',0,0,'2010-02-28 13:53:13'),(113,98,1,8,'0',0,0,'2010-02-28 13:53:21'),(114,3,1,1,'0',0,0,'2010-02-28 14:00:58'),(115,100,1,7,'0',0,0,'2010-02-28 14:33:06'),(116,111,1,3,'0',0,0,'2010-02-28 15:23:25'),(118,113,1,19,'0',0,0,'2010-02-28 15:43:52'),(119,114,1,21,'0',0,0,'2010-02-28 16:04:26'),(120,115,1,3,'0',0,0,'2010-02-28 16:04:47'),(121,116,1,3,'0',0,0,'2010-02-28 16:04:57'),(122,112,1,2,'0',0,0,'2010-02-28 16:05:10'),(123,118,1,3,'0',0,0,'2010-02-28 16:05:26'),(124,119,1,22,'0',0,0,'2010-02-28 16:05:34'),(125,120,1,5,'0',0,0,'2010-02-28 16:05:46'),(126,121,1,5,'0',0,0,'2010-02-28 16:05:55'),(127,122,1,22,'0',0,0,'2010-02-28 16:06:07'),(128,123,1,20,'0',0,0,'2010-02-28 16:06:18'),(129,124,1,12,'0',0,0,'2010-02-28 16:06:27'),(130,125,1,8,'0',0,0,'2010-02-28 16:06:37'),(131,126,1,16,'0',0,0,'2010-02-28 16:06:47'),(132,127,1,5,'0',0,0,'2010-02-28 16:50:18'),(133,128,1,2,'0',0,0,'2010-02-28 16:50:28'),(134,129,1,2,'0',0,0,'2010-02-28 16:50:38'),(135,130,1,3,'0',0,0,'2010-02-28 16:50:51'),(136,131,1,6,'0',0,0,'2010-02-28 16:51:01'),(137,132,1,3,'0',0,0,'2010-02-28 16:51:22'),(138,133,1,1,'0',0,0,'2010-02-28 16:51:35'),(139,134,1,1,'0',0,0,'2010-02-28 16:51:45'),(140,135,1,21,'0',0,0,'2010-02-28 16:52:00'),(141,136,1,15,'0',0,0,'2010-02-28 16:52:08'),(142,137,1,2,'0',0,0,'2010-02-28 16:52:17'),(143,138,1,3,'0',0,0,'2010-02-28 16:52:27'),(144,139,1,5,'0',0,0,'2010-02-28 16:52:35'),(145,140,1,7,'0',0,0,'2010-02-28 16:52:46'),(146,142,1,3,'0',0,0,'2010-02-28 17:44:18'),(147,141,1,18,'0',0,0,'2010-02-28 17:44:47'),(148,143,1,20,'0',0,0,'2010-02-28 17:45:33'),(149,144,1,18,'0',0,0,'2010-02-28 17:45:45'),(150,145,1,21,'0',0,0,'2010-02-28 17:45:58'),(151,146,1,3,'0',0,0,'2010-02-28 17:46:09'),(152,147,1,20,'0',0,0,'2010-02-28 17:46:19'),(153,148,1,9,'0',0,0,'2010-02-28 17:46:34'),(154,149,1,1,'0',0,0,'2010-02-28 17:46:45'),(155,150,1,19,'0',0,0,'2010-02-28 17:46:57'),(156,151,1,5,'0',0,0,'2010-02-28 17:47:07'),(157,152,1,13,'0',0,0,'2010-02-28 17:47:20'),(158,153,1,21,'0',0,0,'2010-02-28 17:47:32'),(159,154,1,1,'0',0,0,'2010-02-28 17:47:44'),(160,155,1,4,'0',0,0,'2010-02-28 17:47:57'),(161,156,1,18,'0',0,0,'2010-02-28 17:48:11'),(162,157,1,11,'0',0,0,'2010-02-28 17:48:24'),(163,158,1,2,'0',0,0,'0000-00-00 00:00:00'),(164,159,1,2,'0',0,0,'2010-02-28 18:41:26'),(165,160,1,6,'0',0,0,'2010-02-28 18:41:38'),(166,161,1,22,'0',0,0,'2010-02-28 18:41:47'),(167,162,1,15,'0',0,0,'2010-02-28 18:41:55'),(168,163,1,1,'0',0,0,'2010-02-28 18:42:07'),(169,164,1,0,'0',0,0,'2010-02-28 18:42:19'),(170,165,1,0,'0',0,0,'2010-02-28 18:42:27'),(171,166,1,3,'0',0,0,'2010-02-28 18:43:33'),(172,168,1,6,'0',0,0,'2010-02-28 18:43:44'),(173,169,1,14,'0',0,0,'2010-02-28 18:43:54'),(174,170,1,5,'0',0,0,'2010-02-28 18:44:08'),(175,171,1,2,'0',0,0,'2010-02-28 18:44:19'),(176,172,1,4,'0',0,0,'2010-02-28 18:44:29'),(177,173,1,22,'0',0,0,'2010-02-28 18:44:52'),(178,174,1,3,'0',0,0,'2010-02-28 18:45:05'),(179,175,1,13,'0',0,0,'2010-02-28 18:45:15'),(180,176,1,3,'0',0,0,'2010-02-28 18:45:24'),(181,177,1,3,'0',0,0,'2010-02-28 18:46:27'),(182,178,1,17,'0',0,0,'2010-02-28 18:46:42'),(183,179,1,9,'0',0,0,'2010-02-28 18:46:55'),(184,180,1,13,'0',0,0,'2010-02-28 18:47:17'),(185,181,1,6,'0',0,0,'2010-02-28 18:47:28'),(186,182,1,15,'0',0,0,'2010-02-28 18:47:41'),(187,183,1,19,'0',0,0,'2010-02-28 18:48:00'),(188,184,1,4,'0',0,0,'2010-02-28 18:48:18'),(189,185,1,13,'0',0,0,'2010-02-28 18:48:32'),(190,187,1,5,'0',0,0,'2010-02-28 18:48:54'),(191,186,1,6,'0',0,0,'2010-02-28 18:49:10'),(192,188,1,15,'0',0,0,'2010-02-28 18:49:28'),(193,189,1,18,'0',0,0,'2010-02-28 18:49:44'),(194,190,1,6,'0',0,0,'2010-02-28 18:49:56'),(195,191,1,20,'0',0,0,'2010-02-28 18:50:13'),(196,192,1,22,'0',0,0,'2010-02-28 18:50:33'),(197,193,1,25,'0',0,0,'2010-02-28 18:51:09'),(198,194,1,22,'0',0,0,'2010-02-28 18:51:28'),(199,195,1,20,'0',0,0,'2010-02-28 18:51:42'),(200,196,1,21,'0',0,0,'2010-02-28 18:51:56'),(201,197,1,9,'0',0,0,'2010-02-28 18:52:06'),(202,199,1,14,'0',0,0,'2010-02-28 18:52:15');

--
-- Table structure for table `jos_tracks_projects_rounds`
--

CREATE TABLE `jos_tracks_projects_rounds` (
  `id` int(11) NOT NULL auto_increment,
  `round_id` int(11) NOT NULL,
  `project_id` int(11) NOT NULL,
  `ordering` int(11) NOT NULL,
  `start_date` datetime default NULL,
  `end_date` datetime default NULL,
  `description` text,
  `comment` text,
  `checked_out` int(11) NOT NULL,
  `checked_out_time` datetime NOT NULL,
  `published` tinyint(1) NOT NULL,
  PRIMARY KEY  (`id`)
) ENGINE=MyISAM AUTO_INCREMENT=2 DEFAULT CHARSET=utf8;

--
-- Dumping data for table `jos_tracks_projects_rounds`
--

INSERT INTO `jos_tracks_projects_rounds` VALUES (1,1,1,1,'2010-02-28 13:46:07','2010-02-28 13:46:09',NULL,NULL,0,'2010-02-28 11:46:11',0);

--
-- Table structure for table `jos_tracks_projects_subrounds`
--

CREATE TABLE `jos_tracks_projects_subrounds` (
  `id` int(11) NOT NULL auto_increment,
  `projectround_id` int(11) NOT NULL,
  `type` int(11) NOT NULL,
  `ordering` int(11) NOT NULL,
  `start_date` datetime default NULL,
  `end_date` datetime default NULL,
  `description` text,
  `comment` text,
  `checked_out` int(11) NOT NULL,
  `checked_out_time` datetime NOT NULL,
  `published` tinyint(1) NOT NULL,
  PRIMARY KEY  (`id`)
) ENGINE=MyISAM AUTO_INCREMENT=8 DEFAULT CHARSET=utf8;

--
-- Dumping data for table `jos_tracks_projects_subrounds`
--

INSERT INTO `jos_tracks_projects_subrounds` VALUES (4,1,4,4,'0000-00-00 00:00:00','0000-00-00 00:00:00','','',0,'2010-02-28 15:26:49',0),(2,1,3,3,'0000-00-00 00:00:00','0000-00-00 00:00:00','','',0,'0000-00-00 00:00:00',0),(7,1,14,7,'0000-00-00 00:00:00','0000-00-00 00:00:00','','',0,'0000-00-00 00:00:00',0),(5,1,5,5,'0000-00-00 00:00:00','0000-00-00 00:00:00','','',0,'2010-02-28 16:16:44',0),(6,1,6,6,'0000-00-00 00:00:00','0000-00-00 00:00:00','','',0,'0000-00-00 00:00:00',0);

--
-- Table structure for table `jos_tracks_projects_teams`
--

CREATE TABLE `jos_tracks_projects_teams` (
  `id` int(11) NOT NULL auto_increment,
  `team_id` int(11) NOT NULL,
  `project_id` int(11) NOT NULL,
  `description` text,
  `initial_points` int(11) NOT NULL,
  `checked_out` int(11) NOT NULL,
  `checked_out_time` datetime NOT NULL,
  PRIMARY KEY  (`id`)
) ENGINE=MyISAM DEFAULT CHARSET=utf8;

--
-- Dumping data for table `jos_tracks_projects_teams`
--


--
-- Table structure for table `jos_tracks_rounds`
--

CREATE TABLE `jos_tracks_rounds` (
  `id` int(11) NOT NULL auto_increment,
  `name` varchar(40) NOT NULL,
  `alias` varchar(100) NOT NULL default '',
  `description` text,
  `ordering` int(11) NOT NULL,
  `checked_out` int(11) NOT NULL,
  `checked_out_time` datetime NOT NULL,
  `published` tinyint(1) NOT NULL,
  PRIMARY KEY  (`id`)
) ENGINE=MyISAM AUTO_INCREMENT=2 DEFAULT CHARSET=utf8;

--
-- Dumping data for table `jos_tracks_rounds`
--

INSERT INTO `jos_tracks_rounds` VALUES (1,'Total Points','ostersund-ind','',0,0,'0000-00-00 00:00:00',0);

--
-- Table structure for table `jos_tracks_rounds_results`
--

CREATE TABLE `jos_tracks_rounds_results` (
  `id` int(11) NOT NULL auto_increment,
  `individual_id` int(11) NOT NULL,
  `team_id` int(11) NOT NULL,
  `number` varchar(8) NOT NULL,
  `subround_id` int(11) NOT NULL,
  `rank` int(11) NOT NULL,
  `performance` varchar(30) NOT NULL default '',
  `bonus_points` float NOT NULL,
  `comment` text,
  `checked_out` int(11) NOT NULL,
  `checked_out_time` datetime NOT NULL,
  PRIMARY KEY  (`id`),
  UNIQUE KEY `pr_ind` (`individual_id`,`subround_id`)
) ENGINE=MyISAM AUTO_INCREMENT=724 DEFAULT CHARSET=utf8;

--
-- Dumping data for table `jos_tracks_rounds_results`
--

INSERT INTO `jos_tracks_rounds_results` VALUES (14,2,1,'',2,0,'',143,'',0,'0000-00-00 00:00:00'),(12,1,1,'',2,0,'',980,'',0,'0000-00-00 00:00:00'),(13,110,3,'',2,0,'',1,'',0,'0000-00-00 00:00:00'),(11,6,2,'',2,0,'',804,'',0,'0000-00-00 00:00:00'),(15,54,17,'',2,0,'',121,'',0,'0000-00-00 00:00:00'),(16,97,3,'',2,0,'',11,'',0,'0000-00-00 00:00:00'),(17,53,13,'',2,0,'',133,'',0,'0000-00-00 00:00:00'),(18,77,5,'',2,0,'',43,'',0,'0000-00-00 00:00:00'),(19,86,21,'',2,0,'',27,'',0,'0000-00-00 00:00:00'),(20,20,1,'',2,0,'',444,'',0,'0000-00-00 00:00:00'),(21,13,4,'',2,0,'',643,'',0,'0000-00-00 00:00:00'),(22,58,21,'',2,0,'',107,'',0,'0000-00-00 00:00:00'),(23,30,2,'',2,0,'',314,'',0,'0000-00-00 00:00:00'),(24,85,5,'',2,0,'',28,'',0,'0000-00-00 00:00:00'),(25,62,2,'',2,0,'',94,'',0,'0000-00-00 00:00:00'),(26,76,1,'',2,0,'',45,'',0,'0000-00-00 00:00:00'),(27,83,15,'',2,0,'',31,'',0,'0000-00-00 00:00:00'),(28,72,4,'',2,0,'',64,'',0,'0000-00-00 00:00:00'),(29,28,17,'',2,0,'',330,'',0,'0000-00-00 00:00:00'),(30,104,10,'',2,0,'',8,'',0,'0000-00-00 00:00:00'),(31,82,23,'',2,0,'',32,'',0,'0000-00-00 00:00:00'),(32,94,6,'',2,0,'',13,'',0,'0000-00-00 00:00:00'),(33,26,6,'',2,0,'',350,'',0,'0000-00-00 00:00:00'),(34,38,5,'',2,0,'',222,'',0,'0000-00-00 00:00:00'),(35,42,21,'',2,0,'',205,'',0,'0000-00-00 00:00:00'),(36,24,21,'',2,0,'',357,'',0,'0000-00-00 00:00:00'),(37,60,14,'',2,0,'',102,'',0,'0000-00-00 00:00:00'),(38,91,20,'',2,0,'',18,'',0,'0000-00-00 00:00:00'),(39,40,20,'',2,0,'',222,'',0,'0000-00-00 00:00:00'),(40,70,1,'',2,0,'',72,'',0,'0000-00-00 00:00:00'),(41,16,20,'',2,0,'',581,'',0,'0000-00-00 00:00:00'),(42,57,4,'',2,0,'',110,'',0,'0000-00-00 00:00:00'),(43,48,24,'',2,0,'',164,'',0,'0000-00-00 00:00:00'),(44,14,4,'',2,0,'',642,'',0,'0000-00-00 00:00:00'),(45,27,5,'',2,0,'',345,'',0,'0000-00-00 00:00:00'),(46,18,5,'',2,0,'',536,'',0,'0000-00-00 00:00:00'),(47,80,16,'',2,0,'',35,'',0,'0000-00-00 00:00:00'),(48,67,1,'',2,0,'',80,'',0,'0000-00-00 00:00:00'),(49,88,2,'',2,0,'',18,'',0,'0000-00-00 00:00:00'),(50,79,3,'',2,0,'',38,'',0,'0000-00-00 00:00:00'),(51,90,5,'',2,0,'',18,'',0,'0000-00-00 00:00:00'),(52,43,1,'',2,0,'',203,'',0,'0000-00-00 00:00:00'),(53,49,17,'',2,0,'',159,'',0,'0000-00-00 00:00:00'),(54,39,16,'',2,0,'',222,'',0,'0000-00-00 00:00:00'),(55,56,14,'',2,0,'',118,'',0,'0000-00-00 00:00:00'),(56,55,12,'',2,0,'',120,'',0,'0000-00-00 00:00:00'),(57,103,7,'',2,0,'',9,'',0,'0000-00-00 00:00:00'),(58,81,9,'',2,0,'',33,'',0,'0000-00-00 00:00:00'),(59,32,5,'',2,0,'',293,'',0,'0000-00-00 00:00:00'),(60,59,4,'',2,0,'',104,'',0,'0000-00-00 00:00:00'),(61,65,16,'',2,0,'',84,'',0,'0000-00-00 00:00:00'),(62,105,10,'',2,0,'',8,'',0,'0000-00-00 00:00:00'),(63,99,2,'',2,0,'',10,'',0,'0000-00-00 00:00:00'),(64,109,11,'',2,0,'',2,'',0,'0000-00-00 00:00:00'),(65,34,3,'',2,0,'',256,'',0,'0000-00-00 00:00:00'),(66,15,20,'',2,0,'',587,'',0,'0000-00-00 00:00:00'),(67,68,2,'',2,0,'',79,'',0,'0000-00-00 00:00:00'),(68,35,23,'',2,0,'',252,'',0,'0000-00-00 00:00:00'),(69,64,11,'',2,0,'',84,'',0,'0000-00-00 00:00:00'),(70,107,15,'',2,0,'',4,'',0,'0000-00-00 00:00:00'),(71,84,4,'',2,0,'',28,'',0,'0000-00-00 00:00:00'),(72,31,3,'',2,0,'',311,'',0,'0000-00-00 00:00:00'),(73,61,3,'',2,0,'',95,'',0,'0000-00-00 00:00:00'),(74,45,13,'',2,0,'',200,'',0,'0000-00-00 00:00:00'),(75,73,6,'',2,0,'',53,'',0,'0000-00-00 00:00:00'),(76,95,12,'',2,0,'',12,'',0,'0000-00-00 00:00:00'),(77,106,12,'',2,0,'',6,'',0,'0000-00-00 00:00:00'),(78,17,20,'',2,0,'',553,'',0,'0000-00-00 00:00:00'),(79,102,14,'',2,0,'',9,'',0,'0000-00-00 00:00:00'),(80,92,10,'',2,0,'',18,'',0,'0000-00-00 00:00:00'),(81,37,4,'',2,0,'',228,'',0,'0000-00-00 00:00:00'),(82,46,18,'',2,0,'',182,'',0,'0000-00-00 00:00:00'),(83,7,1,'',2,0,'',580,'',0,'0000-00-00 00:00:00'),(84,41,2,'',2,0,'',209,'',0,'0000-00-00 00:00:00'),(85,25,20,'',2,0,'',354,'',0,'0000-00-00 00:00:00'),(86,93,6,'',2,0,'',16,'',0,'0000-00-00 00:00:00'),(87,52,21,'',2,0,'',135,'',0,'0000-00-00 00:00:00'),(88,78,22,'',2,0,'',41,'',0,'0000-00-00 00:00:00'),(89,19,2,'',2,0,'',530,'',0,'0000-00-00 00:00:00'),(90,87,18,'',2,0,'',21,'',0,'0000-00-00 00:00:00'),(91,96,3,'',2,0,'',12,'',0,'0000-00-00 00:00:00'),(92,63,2,'',2,0,'',86,'',0,'0000-00-00 00:00:00'),(93,50,21,'',2,0,'',148,'',0,'0000-00-00 00:00:00'),(94,5,19,'',2,0,'',870,'',0,'0000-00-00 00:00:00'),(95,71,16,'',2,0,'',65,'',0,'0000-00-00 00:00:00'),(96,69,18,'',2,0,'',73,'',0,'0000-00-00 00:00:00'),(97,89,12,'',2,0,'',18,'',0,'0000-00-00 00:00:00'),(98,23,14,'',2,0,'',423,'',0,'0000-00-00 00:00:00'),(99,47,14,'',2,0,'',175,'',0,'0000-00-00 00:00:00'),(100,21,2,'',2,0,'',436,'',0,'0000-00-00 00:00:00'),(101,11,20,'',2,0,'',759,'',0,'0000-00-00 00:00:00'),(102,4,1,'',2,0,'',844,'',0,'0000-00-00 00:00:00'),(103,12,3,'',2,0,'',730,'',0,'0000-00-00 00:00:00'),(104,10,3,'',2,0,'',780,'',0,'0000-00-00 00:00:00'),(105,74,17,'',2,0,'',49,'',0,'0000-00-00 00:00:00'),(106,101,11,'',2,0,'',9,'',0,'0000-00-00 00:00:00'),(107,36,3,'',2,0,'',247,'',0,'0000-00-00 00:00:00'),(108,33,18,'',2,0,'',279,'',0,'0000-00-00 00:00:00'),(109,108,11,'',2,0,'',3,'',0,'0000-00-00 00:00:00'),(110,51,14,'',2,0,'',136,'',0,'0000-00-00 00:00:00'),(111,66,6,'',2,0,'',82,'',0,'0000-00-00 00:00:00'),(112,29,6,'',2,0,'',326,'',0,'0000-00-00 00:00:00'),(113,22,2,'',2,0,'',429,'',0,'0000-00-00 00:00:00'),(114,75,8,'',2,0,'',48,'',0,'0000-00-00 00:00:00'),(115,98,8,'',2,0,'',11,'',0,'0000-00-00 00:00:00'),(227,3,1,'',4,0,'',512,'',0,'2010-02-28 15:32:39'),(117,100,7,'',2,0,'',10,'',0,'2010-02-28 14:33:50'),(118,6,2,'',4,0,'',596,'',0,'0000-00-00 00:00:00'),(119,1,1,'',4,1,'',869,'',0,'0000-00-00 00:00:00'),(120,110,3,'',4,0,'',0,'',0,'0000-00-00 00:00:00'),(121,2,1,'',4,0,'',166,'',0,'0000-00-00 00:00:00'),(122,54,17,'',4,0,'',31,'',0,'0000-00-00 00:00:00'),(123,97,3,'',4,0,'',0,'',0,'0000-00-00 00:00:00'),(124,53,13,'',4,0,'',82,'',0,'0000-00-00 00:00:00'),(125,77,5,'',4,0,'',0,'',0,'0000-00-00 00:00:00'),(126,86,21,'',4,0,'',40,'',0,'0000-00-00 00:00:00'),(127,20,1,'',4,0,'',14,'',0,'0000-00-00 00:00:00'),(128,13,4,'',4,0,'',176,'',0,'0000-00-00 00:00:00'),(129,58,21,'',4,0,'',40,'',0,'0000-00-00 00:00:00'),(130,30,2,'',4,0,'',481,'',0,'0000-00-00 00:00:00'),(131,85,5,'',4,0,'',15,'',0,'0000-00-00 00:00:00'),(132,62,2,'',4,0,'',0,'',0,'0000-00-00 00:00:00'),(133,76,1,'',4,0,'',283,'',0,'0000-00-00 00:00:00'),(134,83,15,'',4,0,'',115,'',0,'0000-00-00 00:00:00'),(135,72,4,'',4,0,'',0,'',0,'0000-00-00 00:00:00'),(136,28,17,'',4,0,'',171,'',0,'0000-00-00 00:00:00'),(137,104,10,'',4,0,'',3,'',0,'0000-00-00 00:00:00'),(138,82,23,'',4,0,'',30,'',0,'0000-00-00 00:00:00'),(139,94,6,'',4,0,'',3,'',0,'0000-00-00 00:00:00'),(140,26,6,'',4,0,'',122,'',0,'0000-00-00 00:00:00'),(141,38,5,'',4,0,'',399,'',0,'0000-00-00 00:00:00'),(142,42,21,'',4,0,'',65,'',0,'0000-00-00 00:00:00'),(143,24,21,'',4,0,'',68,'',0,'0000-00-00 00:00:00'),(144,60,14,'',4,0,'',15,'',0,'0000-00-00 00:00:00'),(145,91,20,'',4,0,'',0,'',0,'0000-00-00 00:00:00'),(146,40,20,'',4,0,'',11,'',0,'0000-00-00 00:00:00'),(147,70,1,'',4,0,'',86,'',0,'0000-00-00 00:00:00'),(148,16,20,'',4,0,'',348,'',0,'0000-00-00 00:00:00'),(149,57,4,'',4,0,'',23,'',0,'0000-00-00 00:00:00'),(150,48,24,'',4,0,'',0,'',0,'0000-00-00 00:00:00'),(151,14,4,'',4,0,'',568,'',0,'0000-00-00 00:00:00'),(152,27,5,'',4,0,'',0,'',0,'0000-00-00 00:00:00'),(153,18,5,'',4,0,'',350,'',0,'0000-00-00 00:00:00'),(154,80,16,'',4,0,'',0,'',0,'0000-00-00 00:00:00'),(155,67,1,'',4,0,'',57,'',0,'0000-00-00 00:00:00'),(156,88,2,'',4,0,'',444,'',0,'0000-00-00 00:00:00'),(157,79,3,'',4,0,'',37,'',0,'0000-00-00 00:00:00'),(158,90,5,'',4,0,'',46,'',0,'0000-00-00 00:00:00'),(159,43,1,'',4,0,'',88,'',0,'0000-00-00 00:00:00'),(160,49,17,'',4,0,'',75,'',0,'0000-00-00 00:00:00'),(161,39,16,'',4,0,'',236,'',0,'0000-00-00 00:00:00'),(162,56,14,'',4,0,'',33,'',0,'0000-00-00 00:00:00'),(163,55,12,'',4,0,'',44,'',0,'0000-00-00 00:00:00'),(164,103,7,'',4,0,'',0,'',0,'0000-00-00 00:00:00'),(165,81,9,'',4,0,'',0,'',0,'0000-00-00 00:00:00'),(166,32,5,'',4,0,'',9,'',0,'0000-00-00 00:00:00'),(167,59,4,'',4,0,'',28,'',0,'0000-00-00 00:00:00'),(168,65,16,'',4,0,'',0,'',0,'0000-00-00 00:00:00'),(169,105,10,'',4,0,'',0,'',0,'0000-00-00 00:00:00'),(170,99,2,'',4,0,'',0,'',0,'0000-00-00 00:00:00'),(171,109,11,'',4,0,'',0,'',0,'0000-00-00 00:00:00'),(172,34,3,'',4,0,'',493,'',0,'0000-00-00 00:00:00'),(173,15,20,'',4,0,'',37,'',0,'0000-00-00 00:00:00'),(174,68,2,'',4,0,'',0,'',0,'0000-00-00 00:00:00'),(175,35,23,'',4,0,'',15,'',0,'0000-00-00 00:00:00'),(176,64,11,'',4,0,'',27,'',0,'0000-00-00 00:00:00'),(177,107,15,'',4,0,'',0,'',0,'0000-00-00 00:00:00'),(178,84,4,'',4,0,'',0,'',0,'0000-00-00 00:00:00'),(179,31,3,'',4,0,'',307,'',0,'0000-00-00 00:00:00'),(180,61,3,'',4,0,'',155,'',0,'0000-00-00 00:00:00'),(181,45,13,'',4,0,'',0,'',0,'0000-00-00 00:00:00'),(182,73,6,'',4,0,'',27,'',0,'0000-00-00 00:00:00'),(183,95,12,'',4,0,'',16,'',0,'0000-00-00 00:00:00'),(184,106,12,'',4,0,'',0,'',0,'0000-00-00 00:00:00'),(185,17,20,'',4,0,'',217,'',0,'0000-00-00 00:00:00'),(186,102,14,'',4,0,'',81,'',0,'0000-00-00 00:00:00'),(187,92,10,'',4,0,'',0,'',0,'0000-00-00 00:00:00'),(188,37,4,'',4,0,'',283,'',0,'0000-00-00 00:00:00'),(189,46,18,'',4,0,'',58,'',0,'0000-00-00 00:00:00'),(190,7,1,'',4,0,'',259,'',0,'0000-00-00 00:00:00'),(191,41,2,'',4,0,'',0,'',0,'0000-00-00 00:00:00'),(192,25,20,'',4,0,'',365,'',0,'0000-00-00 00:00:00'),(193,93,6,'',4,0,'',0,'',0,'0000-00-00 00:00:00'),(194,52,21,'',4,0,'',0,'',0,'0000-00-00 00:00:00'),(195,78,22,'',4,0,'',0,'',0,'0000-00-00 00:00:00'),(196,19,2,'',4,0,'',475,'',0,'0000-00-00 00:00:00'),(197,87,18,'',4,0,'',0,'',0,'0000-00-00 00:00:00'),(198,96,3,'',4,0,'',0,'',0,'0000-00-00 00:00:00'),(199,63,2,'',4,0,'',0,'',0,'0000-00-00 00:00:00'),(200,50,21,'',4,0,'',75,'',0,'0000-00-00 00:00:00'),(201,5,19,'',4,0,'',461,'',0,'0000-00-00 00:00:00'),(202,71,16,'',4,0,'',94,'',0,'0000-00-00 00:00:00'),(203,69,18,'',4,0,'',10,'',0,'0000-00-00 00:00:00'),(204,89,12,'',4,0,'',0,'',0,'0000-00-00 00:00:00'),(205,23,14,'',4,0,'',325,'',0,'0000-00-00 00:00:00'),(206,47,14,'',4,0,'',50,'',0,'0000-00-00 00:00:00'),(207,21,2,'',4,0,'',165,'',0,'0000-00-00 00:00:00'),(208,11,20,'',4,0,'',159,'',0,'0000-00-00 00:00:00'),(209,4,1,'',4,0,'',687,'',0,'0000-00-00 00:00:00'),(210,12,3,'',4,0,'',573,'',0,'0000-00-00 00:00:00'),(211,10,3,'',4,0,'',541,'',0,'0000-00-00 00:00:00'),(212,74,17,'',4,0,'',0,'',0,'0000-00-00 00:00:00'),(213,101,11,'',4,0,'',8,'',0,'0000-00-00 00:00:00'),(214,36,3,'',4,0,'',0,'',0,'0000-00-00 00:00:00'),(215,33,18,'',4,0,'',58,'',0,'0000-00-00 00:00:00'),(216,108,11,'',4,0,'',0,'',0,'0000-00-00 00:00:00'),(217,51,14,'',4,0,'',140,'',0,'0000-00-00 00:00:00'),(218,66,6,'',4,0,'',18,'',0,'0000-00-00 00:00:00'),(219,29,6,'',4,0,'',17,'',0,'0000-00-00 00:00:00'),(220,22,2,'',4,0,'',423,'',0,'0000-00-00 00:00:00'),(221,75,8,'',4,0,'',292,'',0,'0000-00-00 00:00:00'),(222,98,8,'',4,0,'',12,'',0,'0000-00-00 00:00:00'),(226,3,0,'',2,0,'',600,'',0,'2010-02-28 15:32:00'),(224,100,7,'',4,0,'',0,'',0,'0000-00-00 00:00:00'),(225,111,3,'',4,0,'',696,'',0,'0000-00-00 00:00:00'),(228,113,19,'',4,0,'',116,'',0,'2010-02-28 15:44:20'),(229,114,21,'',4,0,'',96,'',0,'2010-02-28 16:07:54'),(230,115,3,'',4,0,'',90,'',0,'2010-02-28 16:08:06'),(231,116,3,'',4,0,'',181,'',0,'2010-02-28 16:08:16'),(232,112,2,'',4,0,'',155,'',0,'2010-02-28 16:08:26'),(233,118,3,'',4,0,'',58,'',0,'2010-02-28 16:08:37'),(234,119,22,'',4,0,'',38,'',0,'2010-02-28 16:08:47'),(235,120,5,'',4,0,'',36,'',0,'2010-02-28 16:08:58'),(236,121,5,'',4,0,'',18,'',0,'2010-02-28 16:09:14'),(237,122,22,'',4,0,'',17,'',0,'2010-02-28 16:09:25'),(238,123,20,'',4,0,'',10,'',0,'2010-02-28 16:09:36'),(239,124,12,'',4,0,'',8,'',0,'2010-02-28 16:09:46'),(240,125,8,'',4,0,'',5,'',0,'2010-02-28 16:09:57'),(241,126,16,'',4,0,'',3,'',0,'2010-02-28 16:10:06'),(242,6,2,'',5,0,'',794,NULL,0,'0000-00-00 00:00:00'),(243,1,1,'',5,0,'',736,NULL,0,'0000-00-00 00:00:00'),(244,110,3,'',5,0,'',0,NULL,0,'0000-00-00 00:00:00'),(245,2,1,'',5,0,'',308,NULL,0,'0000-00-00 00:00:00'),(246,54,17,'',5,0,'',13,NULL,0,'0000-00-00 00:00:00'),(247,97,3,'',5,0,'',0,NULL,0,'0000-00-00 00:00:00'),(248,53,13,'',5,0,'',44,NULL,0,'0000-00-00 00:00:00'),(249,77,5,'',5,0,'',0,NULL,0,'0000-00-00 00:00:00'),(250,86,21,'',5,0,'',0,NULL,0,'0000-00-00 00:00:00'),(251,20,1,'',5,0,'',236,NULL,0,'0000-00-00 00:00:00'),(252,13,4,'',5,0,'',268,NULL,0,'0000-00-00 00:00:00'),(253,58,21,'',5,0,'',53,NULL,0,'0000-00-00 00:00:00'),(254,30,2,'',5,0,'',514,NULL,0,'0000-00-00 00:00:00'),(255,85,5,'',5,0,'',0,NULL,0,'0000-00-00 00:00:00'),(256,62,2,'',5,0,'',0,NULL,0,'0000-00-00 00:00:00'),(257,76,1,'',5,0,'',0,NULL,0,'0000-00-00 00:00:00'),(258,83,15,'',5,0,'',72,NULL,0,'0000-00-00 00:00:00'),(259,72,4,'',5,0,'',0,NULL,0,'0000-00-00 00:00:00'),(260,28,17,'',5,0,'',267,NULL,0,'0000-00-00 00:00:00'),(261,104,10,'',5,0,'',0,NULL,0,'0000-00-00 00:00:00'),(262,82,23,'',5,0,'',4,NULL,0,'0000-00-00 00:00:00'),(263,94,6,'',5,0,'',0,NULL,0,'0000-00-00 00:00:00'),(264,26,6,'',5,0,'',181,NULL,0,'0000-00-00 00:00:00'),(265,38,5,'',5,0,'',440,NULL,0,'0000-00-00 00:00:00'),(266,42,21,'',5,0,'',0,NULL,0,'0000-00-00 00:00:00'),(267,24,21,'',5,0,'',196,NULL,0,'0000-00-00 00:00:00'),(268,60,14,'',5,0,'',52,NULL,0,'0000-00-00 00:00:00'),(269,91,20,'',5,0,'',0,NULL,0,'0000-00-00 00:00:00'),(270,40,20,'',5,0,'',0,NULL,0,'0000-00-00 00:00:00'),(271,70,1,'',5,0,'',306,NULL,0,'0000-00-00 00:00:00'),(272,16,20,'',5,0,'',20,NULL,0,'0000-00-00 00:00:00'),(273,57,4,'',5,0,'',20,NULL,0,'0000-00-00 00:00:00'),(274,48,24,'',5,0,'',0,NULL,0,'0000-00-00 00:00:00'),(275,14,4,'',5,0,'',608,NULL,0,'0000-00-00 00:00:00'),(276,27,5,'',5,0,'',0,NULL,0,'0000-00-00 00:00:00'),(277,18,5,'',5,0,'',273,NULL,0,'0000-00-00 00:00:00'),(278,80,16,'',5,0,'',0,NULL,0,'0000-00-00 00:00:00'),(279,67,1,'',5,0,'',65,NULL,0,'0000-00-00 00:00:00'),(280,88,2,'',5,0,'',42,NULL,0,'0000-00-00 00:00:00'),(281,79,3,'',5,0,'',0,NULL,0,'0000-00-00 00:00:00'),(282,90,5,'',5,0,'',36,NULL,0,'0000-00-00 00:00:00'),(283,43,1,'',5,0,'',0,NULL,0,'0000-00-00 00:00:00'),(284,49,17,'',5,0,'',65,NULL,0,'0000-00-00 00:00:00'),(285,39,16,'',5,0,'',46,NULL,0,'0000-00-00 00:00:00'),(286,56,14,'',5,0,'',17,NULL,0,'0000-00-00 00:00:00'),(287,55,12,'',5,0,'',0,NULL,0,'0000-00-00 00:00:00'),(288,103,7,'',5,0,'',0,NULL,0,'0000-00-00 00:00:00'),(289,81,9,'',5,0,'',8,NULL,0,'0000-00-00 00:00:00'),(290,32,5,'',5,0,'',0,NULL,0,'0000-00-00 00:00:00'),(291,59,4,'',5,0,'',1,NULL,0,'0000-00-00 00:00:00'),(292,65,16,'',5,0,'',18,NULL,0,'0000-00-00 00:00:00'),(293,105,10,'',5,0,'',0,NULL,0,'0000-00-00 00:00:00'),(294,99,2,'',5,0,'',0,NULL,0,'0000-00-00 00:00:00'),(295,109,11,'',5,0,'',0,NULL,0,'0000-00-00 00:00:00'),(296,34,3,'',5,0,'',586,NULL,0,'0000-00-00 00:00:00'),(297,15,20,'',5,0,'',0,NULL,0,'0000-00-00 00:00:00'),(298,68,2,'',5,0,'',0,NULL,0,'0000-00-00 00:00:00'),(299,35,23,'',5,0,'',0,NULL,0,'0000-00-00 00:00:00'),(300,64,11,'',5,0,'',24,NULL,0,'0000-00-00 00:00:00'),(301,107,15,'',5,0,'',0,NULL,0,'0000-00-00 00:00:00'),(302,84,4,'',5,0,'',0,NULL,0,'0000-00-00 00:00:00'),(303,31,3,'',5,0,'',62,NULL,0,'0000-00-00 00:00:00'),(304,61,3,'',5,0,'',0,NULL,0,'0000-00-00 00:00:00'),(305,45,13,'',5,0,'',152,NULL,0,'0000-00-00 00:00:00'),(306,73,6,'',5,0,'',0,NULL,0,'0000-00-00 00:00:00'),(307,95,12,'',5,0,'',7,NULL,0,'0000-00-00 00:00:00'),(308,106,12,'',5,0,'',0,NULL,0,'0000-00-00 00:00:00'),(309,17,20,'',5,0,'',147,NULL,0,'0000-00-00 00:00:00'),(310,102,14,'',5,0,'',42,NULL,0,'0000-00-00 00:00:00'),(311,92,10,'',5,0,'',0,NULL,0,'0000-00-00 00:00:00'),(312,37,4,'',5,0,'',108,NULL,0,'0000-00-00 00:00:00'),(313,46,18,'',5,0,'',33,NULL,0,'0000-00-00 00:00:00'),(314,7,1,'',5,0,'',144,NULL,0,'0000-00-00 00:00:00'),(315,41,2,'',5,0,'',0,NULL,0,'0000-00-00 00:00:00'),(316,25,20,'',5,0,'',351,NULL,0,'0000-00-00 00:00:00'),(317,93,6,'',5,0,'',0,NULL,0,'0000-00-00 00:00:00'),(318,52,21,'',5,0,'',0,NULL,0,'0000-00-00 00:00:00'),(319,78,22,'',5,0,'',0,NULL,0,'0000-00-00 00:00:00'),(320,19,2,'',5,0,'',539,NULL,0,'0000-00-00 00:00:00'),(321,87,18,'',5,0,'',0,NULL,0,'0000-00-00 00:00:00'),(322,96,3,'',5,0,'',0,NULL,0,'0000-00-00 00:00:00'),(323,63,2,'',5,0,'',0,NULL,0,'0000-00-00 00:00:00'),(324,50,21,'',5,0,'',0,NULL,0,'0000-00-00 00:00:00'),(325,5,19,'',5,0,'',376,NULL,0,'0000-00-00 00:00:00'),(326,71,16,'',5,0,'',207,NULL,0,'0000-00-00 00:00:00'),(327,69,18,'',5,0,'',32,NULL,0,'0000-00-00 00:00:00'),(328,89,12,'',5,0,'',0,NULL,0,'0000-00-00 00:00:00'),(329,23,14,'',5,0,'',390,NULL,0,'0000-00-00 00:00:00'),(330,47,14,'',5,0,'',29,NULL,0,'0000-00-00 00:00:00'),(331,21,2,'',5,0,'',64,NULL,0,'0000-00-00 00:00:00'),(332,11,20,'',5,0,'',552,NULL,0,'0000-00-00 00:00:00'),(333,4,1,'',5,0,'',381,NULL,0,'0000-00-00 00:00:00'),(334,12,3,'',5,0,'',673,NULL,0,'0000-00-00 00:00:00'),(335,10,3,'',5,0,'',518,NULL,0,'0000-00-00 00:00:00'),(336,74,17,'',5,0,'',10,NULL,0,'0000-00-00 00:00:00'),(337,101,11,'',5,0,'',29,NULL,0,'0000-00-00 00:00:00'),(338,36,3,'',5,0,'',0,NULL,0,'0000-00-00 00:00:00'),(339,33,18,'',5,0,'',61,NULL,0,'0000-00-00 00:00:00'),(340,108,11,'',5,0,'',0,NULL,0,'0000-00-00 00:00:00'),(341,51,14,'',5,0,'',141,NULL,0,'0000-00-00 00:00:00'),(342,66,6,'',5,0,'',211,NULL,0,'0000-00-00 00:00:00'),(343,29,6,'',5,0,'',0,NULL,0,'0000-00-00 00:00:00'),(344,22,2,'',5,0,'',347,NULL,0,'0000-00-00 00:00:00'),(345,75,8,'',5,0,'',77,NULL,0,'0000-00-00 00:00:00'),(346,98,8,'',5,0,'',24,NULL,0,'0000-00-00 00:00:00'),(347,3,1,'',5,0,'',550,NULL,0,'0000-00-00 00:00:00'),(348,100,7,'',5,0,'',0,NULL,0,'0000-00-00 00:00:00'),(349,111,3,'',5,0,'',619,NULL,0,'0000-00-00 00:00:00'),(350,113,19,'',5,0,'',5,NULL,0,'0000-00-00 00:00:00'),(351,114,21,'',5,0,'',3,NULL,0,'0000-00-00 00:00:00'),(352,115,3,'',5,0,'',0,NULL,0,'0000-00-00 00:00:00'),(353,116,3,'',5,0,'',13,NULL,0,'0000-00-00 00:00:00'),(354,112,2,'',5,0,'',51,NULL,0,'0000-00-00 00:00:00'),(355,118,3,'',5,0,'',501,NULL,0,'0000-00-00 00:00:00'),(356,119,22,'',5,0,'',10,NULL,0,'0000-00-00 00:00:00'),(357,120,5,'',5,0,'',43,NULL,0,'0000-00-00 00:00:00'),(358,121,5,'',5,0,'',47,NULL,0,'0000-00-00 00:00:00'),(359,122,22,'',5,0,'',0,NULL,0,'0000-00-00 00:00:00'),(360,123,20,'',5,0,'',61,NULL,0,'0000-00-00 00:00:00'),(361,124,12,'',5,0,'',0,NULL,0,'0000-00-00 00:00:00'),(362,125,8,'',5,0,'',0,NULL,0,'0000-00-00 00:00:00'),(363,126,16,'',5,0,'',0,NULL,0,'0000-00-00 00:00:00'),(364,127,0,'',5,0,'',709,'',0,'2010-02-28 16:53:16'),(365,128,0,'',5,0,'',618,'',0,'2010-02-28 16:53:28'),(366,129,0,'',5,0,'',243,'',0,'2010-02-28 16:53:38'),(367,130,0,'',5,0,'',101,'',0,'2010-02-28 16:53:50'),(368,131,0,'',5,0,'',58,'',0,'2010-02-28 16:53:59'),(369,132,0,'',5,0,'',33,'',0,'2010-02-28 16:54:11'),(370,133,0,'',5,0,'',30,'',0,'2010-02-28 16:54:22'),(371,134,0,'',5,0,'',23,'',0,'2010-02-28 16:54:31'),(372,135,0,'',5,0,'',22,'',0,'2010-02-28 16:54:40'),(373,136,0,'',5,0,'',17,'',0,'2010-02-28 16:55:15'),(374,137,0,'',5,0,'',14,'',0,'2010-02-28 16:55:25'),(375,138,0,'',5,0,'',11,'',0,'2010-02-28 16:55:35'),(376,139,0,'',5,0,'',5,'',0,'2010-02-28 16:55:45'),(377,140,0,'',5,0,'',1,'',0,'2010-02-28 16:55:54'),(378,6,2,'',6,0,'',470,'',0,'0000-00-00 00:00:00'),(379,1,1,'',6,0,'',814,'',0,'0000-00-00 00:00:00'),(380,110,3,'',6,0,'',0,NULL,0,'0000-00-00 00:00:00'),(381,2,1,'',6,0,'',510,NULL,0,'0000-00-00 00:00:00'),(382,54,17,'',6,0,'',6,'',0,'0000-00-00 00:00:00'),(383,97,3,'',6,0,'',0,'',0,'0000-00-00 00:00:00'),(384,53,13,'',6,0,'',0,'',0,'0000-00-00 00:00:00'),(385,77,5,'',6,0,'',0,'',0,'0000-00-00 00:00:00'),(386,86,21,'',6,0,'',0,'',0,'0000-00-00 00:00:00'),(387,20,1,'',6,0,'',143,'',0,'0000-00-00 00:00:00'),(388,13,4,'',6,0,'',437,'',0,'0000-00-00 00:00:00'),(389,58,21,'',6,0,'',4,'',0,'0000-00-00 00:00:00'),(390,30,2,'',6,0,'',371,'',0,'0000-00-00 00:00:00'),(391,85,5,'',6,0,'',0,'',0,'0000-00-00 00:00:00'),(392,62,2,'',6,0,'',0,'',0,'0000-00-00 00:00:00'),(393,76,1,'',6,0,'',0,'',0,'0000-00-00 00:00:00'),(394,83,15,'',6,0,'',360,'',0,'0000-00-00 00:00:00'),(395,72,4,'',6,0,'',0,'',0,'0000-00-00 00:00:00'),(396,28,17,'',6,0,'',0,'',0,'0000-00-00 00:00:00'),(397,104,10,'',6,0,'',0,'',0,'0000-00-00 00:00:00'),(398,82,23,'',6,0,'',0,'',0,'0000-00-00 00:00:00'),(399,94,6,'',6,0,'',0,'',0,'0000-00-00 00:00:00'),(400,26,6,'',6,0,'',86,'',0,'0000-00-00 00:00:00'),(401,38,5,'',6,0,'',556,'',0,'0000-00-00 00:00:00'),(402,42,21,'',6,0,'',7,'',0,'0000-00-00 00:00:00'),(403,24,21,'',6,0,'',48,'',0,'0000-00-00 00:00:00'),(404,60,14,'',6,0,'',283,'',0,'0000-00-00 00:00:00'),(405,91,20,'',6,0,'',0,'',0,'0000-00-00 00:00:00'),(406,40,20,'',6,0,'',0,'',0,'0000-00-00 00:00:00'),(407,70,1,'',6,0,'',339,'',0,'0000-00-00 00:00:00'),(408,16,20,'',6,0,'',0,'',0,'0000-00-00 00:00:00'),(409,57,4,'',6,0,'',29,'',0,'0000-00-00 00:00:00'),(410,48,24,'',6,0,'',0,'',0,'0000-00-00 00:00:00'),(411,14,4,'',6,0,'',250,'',0,'0000-00-00 00:00:00'),(412,27,5,'',6,0,'',0,'',0,'0000-00-00 00:00:00'),(413,18,5,'',6,0,'',73,'',0,'0000-00-00 00:00:00'),(414,80,16,'',6,0,'',0,'',0,'0000-00-00 00:00:00'),(415,67,1,'',6,0,'',2,'',0,'0000-00-00 00:00:00'),(416,88,2,'',6,0,'',52,'',0,'0000-00-00 00:00:00'),(417,79,3,'',6,0,'',0,'',0,'0000-00-00 00:00:00'),(418,90,5,'',6,0,'',0,'',0,'0000-00-00 00:00:00'),(419,43,1,'',6,0,'',0,'',0,'0000-00-00 00:00:00'),(420,49,17,'',6,0,'',120,'',0,'0000-00-00 00:00:00'),(421,39,16,'',6,0,'',48,'',0,'0000-00-00 00:00:00'),(422,56,14,'',6,0,'',29,'',0,'0000-00-00 00:00:00'),(423,55,12,'',6,0,'',11,'',0,'0000-00-00 00:00:00'),(424,103,7,'',6,0,'',0,'',0,'0000-00-00 00:00:00'),(425,81,9,'',6,0,'',26,'',0,'0000-00-00 00:00:00'),(426,32,5,'',6,0,'',0,'',0,'0000-00-00 00:00:00'),(427,59,4,'',6,0,'',0,'',0,'0000-00-00 00:00:00'),(428,65,16,'',6,0,'',0,'',0,'0000-00-00 00:00:00'),(429,105,10,'',6,0,'',0,'',0,'0000-00-00 00:00:00'),(430,99,2,'',6,0,'',0,'',0,'0000-00-00 00:00:00'),(431,109,11,'',6,0,'',0,'',0,'0000-00-00 00:00:00'),(432,34,3,'',6,0,'',323,'',0,'0000-00-00 00:00:00'),(433,15,20,'',6,0,'',0,'',0,'0000-00-00 00:00:00'),(434,68,2,'',6,0,'',0,'',0,'0000-00-00 00:00:00'),(435,35,23,'',6,0,'',0,'',0,'0000-00-00 00:00:00'),(436,64,11,'',6,0,'',44,'',0,'0000-00-00 00:00:00'),(437,107,15,'',6,0,'',0,'',0,'0000-00-00 00:00:00'),(438,84,4,'',6,0,'',0,'',0,'0000-00-00 00:00:00'),(439,31,3,'',6,0,'',57,'',0,'0000-00-00 00:00:00'),(440,61,3,'',6,0,'',0,'',0,'0000-00-00 00:00:00'),(441,45,13,'',6,0,'',55,'',0,'0000-00-00 00:00:00'),(442,73,6,'',6,0,'',0,'',0,'0000-00-00 00:00:00'),(443,95,12,'',6,0,'',77,'',0,'0000-00-00 00:00:00'),(444,106,12,'',6,0,'',0,'',0,'0000-00-00 00:00:00'),(445,17,20,'',6,0,'',79,'',0,'0000-00-00 00:00:00'),(446,102,14,'',6,0,'',59,'',0,'0000-00-00 00:00:00'),(447,92,10,'',6,0,'',0,'',0,'0000-00-00 00:00:00'),(448,37,4,'',6,0,'',197,'',0,'0000-00-00 00:00:00'),(449,46,18,'',6,0,'',79,'',0,'0000-00-00 00:00:00'),(450,7,1,'',6,0,'',92,'',0,'0000-00-00 00:00:00'),(451,41,2,'',6,0,'',0,'',0,'0000-00-00 00:00:00'),(452,25,20,'',6,0,'',74,'',0,'0000-00-00 00:00:00'),(453,93,6,'',6,0,'',0,'',0,'0000-00-00 00:00:00'),(454,52,21,'',6,0,'',4,'',0,'0000-00-00 00:00:00'),(455,78,22,'',6,0,'',86,'',0,'0000-00-00 00:00:00'),(456,19,2,'',6,0,'',573,'',0,'0000-00-00 00:00:00'),(457,87,18,'',6,0,'',0,'',0,'0000-00-00 00:00:00'),(458,96,3,'',6,0,'',0,'',0,'0000-00-00 00:00:00'),(459,63,2,'',6,0,'',0,'',0,'0000-00-00 00:00:00'),(460,50,21,'',6,0,'',0,'',0,'0000-00-00 00:00:00'),(461,5,19,'',6,0,'',606,'',0,'0000-00-00 00:00:00'),(462,71,16,'',6,0,'',19,'',0,'0000-00-00 00:00:00'),(463,69,18,'',6,0,'',1,'',0,'0000-00-00 00:00:00'),(464,89,12,'',6,0,'',0,'',0,'0000-00-00 00:00:00'),(465,23,14,'',6,0,'',194,'',0,'0000-00-00 00:00:00'),(466,47,14,'',6,0,'',12,'',0,'0000-00-00 00:00:00'),(467,21,2,'',6,0,'',0,'',0,'0000-00-00 00:00:00'),(468,11,20,'',6,0,'',372,'',0,'0000-00-00 00:00:00'),(469,4,1,'',6,0,'',289,'',0,'0000-00-00 00:00:00'),(470,12,3,'',6,0,'',408,'',0,'0000-00-00 00:00:00'),(471,10,3,'',6,0,'',429,'',0,'0000-00-00 00:00:00'),(472,74,17,'',6,0,'',1,'',0,'0000-00-00 00:00:00'),(473,101,11,'',6,0,'',5,'',0,'0000-00-00 00:00:00'),(474,36,3,'',6,0,'',0,'',0,'0000-00-00 00:00:00'),(475,33,18,'',6,0,'',161,'',0,'0000-00-00 00:00:00'),(476,108,11,'',6,0,'',0,'',0,'0000-00-00 00:00:00'),(477,51,14,'',6,0,'',136,'',0,'0000-00-00 00:00:00'),(478,66,6,'',6,0,'',218,'',0,'0000-00-00 00:00:00'),(479,29,6,'',6,0,'',0,'',0,'0000-00-00 00:00:00'),(480,22,2,'',6,0,'',431,'',0,'0000-00-00 00:00:00'),(481,75,8,'',6,0,'',93,'',0,'0000-00-00 00:00:00'),(482,98,8,'',6,0,'',0,'',0,'0000-00-00 00:00:00'),(483,3,1,'',6,0,'',548,'',0,'0000-00-00 00:00:00'),(484,100,7,'',6,0,'',0,NULL,0,'0000-00-00 00:00:00'),(485,111,3,'',6,0,'',43,'',0,'0000-00-00 00:00:00'),(486,113,19,'',6,0,'',0,'',0,'0000-00-00 00:00:00'),(487,114,21,'',6,0,'',169,NULL,0,'0000-00-00 00:00:00'),(488,115,3,'',6,0,'',0,'',0,'0000-00-00 00:00:00'),(489,116,3,'',6,0,'',0,'',0,'0000-00-00 00:00:00'),(490,112,2,'',6,0,'',65,'',0,'0000-00-00 00:00:00'),(491,118,3,'',6,0,'',290,'',0,'0000-00-00 00:00:00'),(492,119,22,'',6,0,'',2,NULL,0,'0000-00-00 00:00:00'),(493,120,5,'',6,0,'',255,'',0,'0000-00-00 00:00:00'),(494,121,5,'',6,0,'',17,'',0,'0000-00-00 00:00:00'),(495,122,22,'',6,0,'',0,'',0,'0000-00-00 00:00:00'),(496,123,20,'',6,0,'',93,'',0,'0000-00-00 00:00:00'),(497,124,12,'',6,0,'',0,'',0,'0000-00-00 00:00:00'),(498,125,8,'',6,0,'',0,'',0,'0000-00-00 00:00:00'),(499,126,16,'',6,0,'',0,'',0,'0000-00-00 00:00:00'),(500,127,5,'',6,0,'',695,'',0,'0000-00-00 00:00:00'),(501,128,2,'',6,0,'',674,'',0,'0000-00-00 00:00:00'),(502,129,2,'',6,0,'',519,'',0,'0000-00-00 00:00:00'),(503,130,3,'',6,0,'',10,'',0,'0000-00-00 00:00:00'),(504,131,6,'',6,0,'',78,'',0,'0000-00-00 00:00:00'),(505,132,3,'',6,0,'',424,'',0,'0000-00-00 00:00:00'),(506,133,1,'',6,0,'',48,'',0,'0000-00-00 00:00:00'),(507,134,1,'',6,0,'',24,'',0,'0000-00-00 00:00:00'),(508,135,21,'',6,0,'',1,'',0,'0000-00-00 00:00:00'),(509,136,15,'',6,0,'',6,'',0,'0000-00-00 00:00:00'),(510,137,2,'',6,0,'',22,'',0,'0000-00-00 00:00:00'),(511,138,3,'',6,0,'',0,'',0,'0000-00-00 00:00:00'),(512,139,5,'',6,0,'',20,NULL,0,'0000-00-00 00:00:00'),(513,140,7,'',6,0,'',0,'',0,'0000-00-00 00:00:00'),(514,142,3,'',6,0,'',234,'',0,'2010-02-28 17:50:04'),(515,141,18,'',6,0,'',175,'',0,'2010-02-28 17:50:26'),(516,143,20,'',6,0,'',145,'',0,'2010-02-28 17:50:36'),(517,144,18,'',6,0,'',140,'',0,'2010-02-28 17:50:45'),(518,145,21,'',6,0,'',82,'',0,'2010-02-28 17:50:56'),(519,146,3,'',6,0,'',56,'',0,'2010-02-28 17:51:31'),(520,147,20,'',6,0,'',41,'',0,'2010-02-28 17:51:40'),(521,148,9,'',6,0,'',27,'',0,'2010-02-28 17:52:02'),(522,149,1,'',6,0,'',24,'',0,'0000-00-00 00:00:00'),(523,150,19,'',6,0,'',14,'',0,'0000-00-00 00:00:00'),(524,151,5,'',6,0,'',13,'',0,'0000-00-00 00:00:00'),(525,152,13,'',6,0,'',12,'',0,'0000-00-00 00:00:00'),(526,153,21,'',6,0,'',11,'',0,'0000-00-00 00:00:00'),(527,154,1,'',6,0,'',7,NULL,0,'0000-00-00 00:00:00'),(528,155,4,'',6,0,'',5,'',0,'0000-00-00 00:00:00'),(529,156,18,'',6,0,'',4,'',0,'0000-00-00 00:00:00'),(530,157,11,'',6,0,'',2,'',0,'0000-00-00 00:00:00'),(531,6,2,'',7,0,'',0,'',0,'0000-00-00 00:00:00'),(532,1,1,'',7,0,'',397,NULL,0,'0000-00-00 00:00:00'),(533,110,3,'',7,0,'',0,NULL,0,'0000-00-00 00:00:00'),(534,2,1,'',7,0,'',260,NULL,0,'0000-00-00 00:00:00'),(535,54,17,'',7,0,'',0,NULL,0,'0000-00-00 00:00:00'),(536,97,3,'',7,0,'',0,NULL,0,'0000-00-00 00:00:00'),(537,53,13,'',7,0,'',0,NULL,0,'0000-00-00 00:00:00'),(538,77,5,'',7,0,'',0,NULL,0,'0000-00-00 00:00:00'),(539,86,21,'',7,0,'',0,NULL,0,'0000-00-00 00:00:00'),(540,20,1,'',7,0,'',0,NULL,0,'0000-00-00 00:00:00'),(541,13,4,'',7,0,'',0,NULL,0,'0000-00-00 00:00:00'),(542,58,21,'',7,0,'',0,NULL,0,'0000-00-00 00:00:00'),(543,30,2,'',7,0,'',0,NULL,0,'0000-00-00 00:00:00'),(544,85,5,'',7,0,'',0,'',0,'0000-00-00 00:00:00'),(545,62,2,'',7,0,'',0,'',0,'0000-00-00 00:00:00'),(546,76,1,'',7,0,'',0,'',0,'0000-00-00 00:00:00'),(547,83,15,'',7,0,'',131,'',0,'0000-00-00 00:00:00'),(548,72,4,'',7,0,'',0,'',0,'0000-00-00 00:00:00'),(549,28,17,'',7,0,'',0,'',0,'0000-00-00 00:00:00'),(550,104,10,'',7,0,'',0,'',0,'0000-00-00 00:00:00'),(551,82,23,'',7,0,'',0,'',0,'0000-00-00 00:00:00'),(552,94,6,'',7,0,'',0,'',0,'0000-00-00 00:00:00'),(553,26,6,'',7,0,'',0,'',0,'0000-00-00 00:00:00'),(554,38,5,'',7,0,'',0,'',0,'0000-00-00 00:00:00'),(555,42,21,'',7,0,'',10,'',0,'0000-00-00 00:00:00'),(556,24,21,'',7,0,'',43,'',0,'0000-00-00 00:00:00'),(557,60,14,'',7,0,'',14,'',0,'0000-00-00 00:00:00'),(558,91,20,'',7,0,'',0,'',0,'0000-00-00 00:00:00'),(559,40,20,'',7,0,'',0,'',0,'0000-00-00 00:00:00'),(560,70,1,'',7,0,'',0,'',0,'0000-00-00 00:00:00'),(561,16,20,'',7,0,'',0,'',0,'0000-00-00 00:00:00'),(562,57,4,'',7,0,'',0,'',0,'0000-00-00 00:00:00'),(563,48,24,'',7,0,'',0,'',0,'0000-00-00 00:00:00'),(564,14,4,'',7,0,'',0,'',0,'0000-00-00 00:00:00'),(565,27,5,'',7,0,'',0,'',0,'0000-00-00 00:00:00'),(566,18,5,'',7,0,'',0,'',0,'0000-00-00 00:00:00'),(567,80,16,'',7,0,'',0,'',0,'0000-00-00 00:00:00'),(568,67,1,'',7,0,'',0,'',0,'0000-00-00 00:00:00'),(569,88,2,'',7,0,'',0,'',0,'0000-00-00 00:00:00'),(570,79,3,'',7,0,'',0,'',0,'0000-00-00 00:00:00'),(571,90,5,'',7,0,'',0,'',0,'0000-00-00 00:00:00'),(572,43,1,'',7,0,'',0,'',0,'0000-00-00 00:00:00'),(573,49,17,'',7,0,'',44,'',0,'0000-00-00 00:00:00'),(574,39,16,'',7,0,'',0,'',0,'0000-00-00 00:00:00'),(575,56,14,'',7,0,'',0,'',0,'0000-00-00 00:00:00'),(576,55,12,'',7,0,'',0,'',0,'0000-00-00 00:00:00'),(577,103,7,'',7,0,'',0,'',0,'0000-00-00 00:00:00'),(578,81,9,'',7,0,'',0,'',0,'0000-00-00 00:00:00'),(579,32,5,'',7,0,'',0,'',0,'0000-00-00 00:00:00'),(580,59,4,'',7,0,'',0,'',0,'0000-00-00 00:00:00'),(581,65,16,'',7,0,'',0,'',0,'0000-00-00 00:00:00'),(582,105,10,'',7,0,'',0,'',0,'0000-00-00 00:00:00'),(583,99,2,'',7,0,'',0,'',0,'0000-00-00 00:00:00'),(584,109,11,'',7,0,'',0,'',0,'0000-00-00 00:00:00'),(585,34,3,'',7,0,'',0,'',0,'0000-00-00 00:00:00'),(586,15,20,'',7,0,'',0,'',0,'0000-00-00 00:00:00'),(587,68,2,'',7,0,'',0,'',0,'0000-00-00 00:00:00'),(588,35,23,'',7,0,'',0,'',0,'0000-00-00 00:00:00'),(589,64,11,'',7,0,'',0,'',0,'0000-00-00 00:00:00'),(590,107,15,'',7,0,'',0,'',0,'0000-00-00 00:00:00'),(591,84,4,'',7,0,'',0,'',0,'0000-00-00 00:00:00'),(592,31,3,'',7,0,'',0,'',0,'0000-00-00 00:00:00'),(593,61,3,'',7,0,'',0,'',0,'0000-00-00 00:00:00'),(594,45,13,'',7,0,'',0,'',0,'0000-00-00 00:00:00'),(595,73,6,'',7,0,'',0,'',0,'0000-00-00 00:00:00'),(596,95,12,'',7,0,'',0,'',0,'0000-00-00 00:00:00'),(597,106,12,'',7,0,'',0,'',0,'0000-00-00 00:00:00'),(598,17,20,'',7,0,'',0,'',0,'0000-00-00 00:00:00'),(599,102,14,'',7,0,'',0,'',0,'0000-00-00 00:00:00'),(600,92,10,'',7,0,'',0,'',0,'0000-00-00 00:00:00'),(601,37,4,'',7,0,'',0,'',0,'0000-00-00 00:00:00'),(602,46,18,'',7,0,'',0,'',0,'0000-00-00 00:00:00'),(603,7,1,'',7,0,'',0,'',0,'0000-00-00 00:00:00'),(604,41,2,'',7,0,'',0,'',0,'0000-00-00 00:00:00'),(605,25,20,'',7,0,'',0,'',0,'0000-00-00 00:00:00'),(606,93,6,'',7,0,'',0,'',0,'0000-00-00 00:00:00'),(607,52,21,'',7,0,'',0,'',0,'0000-00-00 00:00:00'),(608,78,22,'',7,0,'',100,'',0,'0000-00-00 00:00:00'),(609,19,2,'',7,0,'',0,'',0,'0000-00-00 00:00:00'),(610,87,18,'',7,0,'',0,'',0,'0000-00-00 00:00:00'),(611,96,3,'',7,0,'',0,'',0,'0000-00-00 00:00:00'),(612,63,2,'',7,0,'',0,'',0,'0000-00-00 00:00:00'),(613,50,21,'',7,0,'',0,'',0,'0000-00-00 00:00:00'),(614,5,19,'',7,0,'',12,'',0,'0000-00-00 00:00:00'),(615,71,16,'',7,0,'',0,'',0,'0000-00-00 00:00:00'),(616,69,18,'',7,0,'',0,'',0,'0000-00-00 00:00:00'),(617,89,12,'',7,0,'',0,'',0,'0000-00-00 00:00:00'),(618,23,14,'',7,0,'',0,'',0,'0000-00-00 00:00:00'),(619,47,14,'',7,0,'',0,'',0,'0000-00-00 00:00:00'),(620,21,2,'',7,0,'',0,'',0,'0000-00-00 00:00:00'),(621,11,20,'',7,0,'',0,'',0,'0000-00-00 00:00:00'),(622,4,1,'',7,0,'',0,'',0,'0000-00-00 00:00:00'),(623,12,3,'',7,0,'',0,'',0,'0000-00-00 00:00:00'),(624,10,3,'',7,0,'',0,'',0,'0000-00-00 00:00:00'),(625,74,17,'',7,0,'',0,'',0,'0000-00-00 00:00:00'),(626,101,11,'',7,0,'',0,'',0,'0000-00-00 00:00:00'),(627,36,3,'',7,0,'',0,'',0,'0000-00-00 00:00:00'),(628,33,18,'',7,0,'',0,'',0,'0000-00-00 00:00:00'),(629,108,11,'',7,0,'',0,'',0,'0000-00-00 00:00:00'),(630,51,14,'',7,0,'',5,'',0,'0000-00-00 00:00:00'),(631,66,6,'',7,0,'',0,'',0,'0000-00-00 00:00:00'),(632,29,6,'',7,0,'',0,'',0,'0000-00-00 00:00:00'),(633,22,2,'',7,0,'',0,'',0,'0000-00-00 00:00:00'),(634,75,8,'',7,0,'',0,'',0,'0000-00-00 00:00:00'),(635,98,8,'',7,0,'',0,'',0,'0000-00-00 00:00:00'),(636,3,1,'',7,0,'',322,'',0,'0000-00-00 00:00:00'),(637,100,7,'',7,0,'',0,NULL,0,'0000-00-00 00:00:00'),(638,111,3,'',7,0,'',0,'',0,'0000-00-00 00:00:00'),(639,113,19,'',7,0,'',0,'',0,'0000-00-00 00:00:00'),(640,114,21,'',7,0,'',238,NULL,0,'0000-00-00 00:00:00'),(641,115,3,'',7,0,'',0,'',0,'0000-00-00 00:00:00'),(642,116,3,'',7,0,'',0,'',0,'0000-00-00 00:00:00'),(643,112,2,'',7,0,'',0,'',0,'0000-00-00 00:00:00'),(644,118,3,'',7,0,'',168,'',0,'0000-00-00 00:00:00'),(645,119,22,'',7,0,'',0,NULL,0,'0000-00-00 00:00:00'),(646,120,5,'',7,0,'',16,'',0,'0000-00-00 00:00:00'),(647,121,5,'',7,0,'',0,'',0,'0000-00-00 00:00:00'),(648,122,22,'',7,0,'',0,'',0,'0000-00-00 00:00:00'),(649,123,20,'',7,0,'',178,'',0,'0000-00-00 00:00:00'),(650,124,12,'',7,0,'',0,'',0,'0000-00-00 00:00:00'),(651,125,8,'',7,0,'',0,'',0,'0000-00-00 00:00:00'),(652,126,16,'',7,0,'',0,'',0,'0000-00-00 00:00:00'),(653,127,5,'',7,0,'',365,'',0,'0000-00-00 00:00:00'),(654,128,2,'',7,0,'',443,'',0,'0000-00-00 00:00:00'),(655,129,2,'',7,0,'',367,'',0,'0000-00-00 00:00:00'),(656,130,3,'',7,0,'',0,'',0,'0000-00-00 00:00:00'),(657,131,6,'',7,0,'',112,'',0,'0000-00-00 00:00:00'),(658,132,3,'',7,0,'',0,'',0,'0000-00-00 00:00:00'),(659,133,1,'',7,0,'',0,'',0,'0000-00-00 00:00:00'),(660,134,1,'',7,0,'',0,'',0,'0000-00-00 00:00:00'),(661,135,21,'',7,0,'',0,'',0,'0000-00-00 00:00:00'),(662,136,15,'',7,0,'',0,NULL,0,'0000-00-00 00:00:00'),(663,137,2,'',7,0,'',0,'',0,'0000-00-00 00:00:00'),(664,138,3,'',7,0,'',0,'',0,'0000-00-00 00:00:00'),(665,139,5,'',7,0,'',0,NULL,0,'0000-00-00 00:00:00'),(666,140,7,'',7,0,'',0,'',0,'0000-00-00 00:00:00'),(667,142,3,'',7,0,'',330,'',0,'0000-00-00 00:00:00'),(668,141,18,'',7,0,'',237,'',0,'0000-00-00 00:00:00'),(669,143,20,'',7,0,'',100,'',0,'0000-00-00 00:00:00'),(670,144,18,'',7,0,'',218,'',0,'0000-00-00 00:00:00'),(671,145,21,'',7,0,'',0,'',0,'0000-00-00 00:00:00'),(672,146,3,'',7,0,'',0,NULL,0,'0000-00-00 00:00:00'),(673,147,20,'',7,0,'',159,'',0,'0000-00-00 00:00:00'),(674,148,9,'',7,0,'',3,'',0,'0000-00-00 00:00:00'),(675,149,1,'',7,0,'',0,'',0,'0000-00-00 00:00:00'),(676,150,19,'',7,0,'',38,'',0,'0000-00-00 00:00:00'),(677,151,5,'',7,0,'',0,'',0,'0000-00-00 00:00:00'),(678,152,13,'',7,0,'',4,'',0,'0000-00-00 00:00:00'),(679,153,21,'',7,0,'',0,'',0,'0000-00-00 00:00:00'),(680,154,1,'',7,0,'',0,NULL,0,'0000-00-00 00:00:00'),(681,155,4,'',7,0,'',0,'',0,'0000-00-00 00:00:00'),(682,156,18,'',7,0,'',303,'',0,'0000-00-00 00:00:00'),(683,157,11,'',7,0,'',0,'',0,'0000-00-00 00:00:00'),(684,158,2,'',7,0,'',390,'',0,'0000-00-00 00:00:00'),(685,159,2,'',7,0,'',291,'',0,'0000-00-00 00:00:00'),(686,160,6,'',7,0,'',290,'',0,'0000-00-00 00:00:00'),(687,161,22,'',7,0,'',0,'',0,'0000-00-00 00:00:00'),(688,162,15,'',7,0,'',191,'',0,'0000-00-00 00:00:00'),(689,163,1,'',7,0,'',173,'',0,'0000-00-00 00:00:00'),(690,164,0,'',7,0,'',146,'',0,'0000-00-00 00:00:00'),(691,165,0,'',7,0,'',139,'',0,'0000-00-00 00:00:00'),(692,166,3,'',7,0,'',110,'',0,'0000-00-00 00:00:00'),(693,168,6,'',7,0,'',104,'',0,'0000-00-00 00:00:00'),(694,169,14,'',7,0,'',98,'',0,'0000-00-00 00:00:00'),(695,170,5,'',7,0,'',86,NULL,0,'0000-00-00 00:00:00'),(696,171,2,'',7,0,'',78,'',0,'0000-00-00 00:00:00'),(697,172,4,'',7,0,'',60,'',0,'0000-00-00 00:00:00'),(698,173,22,'',7,0,'',55,'',0,'0000-00-00 00:00:00'),(699,174,3,'',7,0,'',53,'',0,'0000-00-00 00:00:00'),(700,175,13,'',7,0,'',52,'',0,'0000-00-00 00:00:00'),(701,176,3,'',7,0,'',50,'',0,'0000-00-00 00:00:00'),(702,177,3,'',7,0,'',47,'',0,'0000-00-00 00:00:00'),(703,178,17,'',7,0,'',46,'',0,'0000-00-00 00:00:00'),(704,179,9,'',7,0,'',37,'',0,'0000-00-00 00:00:00'),(705,180,13,'',7,0,'',32,'',0,'0000-00-00 00:00:00'),(706,181,6,'',7,0,'',27,'',0,'0000-00-00 00:00:00'),(707,182,15,'',7,0,'',26,'',0,'0000-00-00 00:00:00'),(708,183,19,'',7,0,'',25,'',0,'0000-00-00 00:00:00'),(709,184,4,'',7,0,'',24,'',0,'0000-00-00 00:00:00'),(710,185,13,'',7,0,'',24,'',0,'0000-00-00 00:00:00'),(711,187,5,'',7,0,'',22,'',0,'0000-00-00 00:00:00'),(712,186,6,'',7,0,'',22,'',0,'0000-00-00 00:00:00'),(713,188,15,'',7,0,'',18,'',0,'0000-00-00 00:00:00'),(714,189,18,'',7,0,'',15,'',0,'0000-00-00 00:00:00'),(715,190,6,'',7,0,'',13,'',0,'0000-00-00 00:00:00'),(716,191,20,'',7,0,'',9,NULL,0,'0000-00-00 00:00:00'),(717,192,22,'',7,0,'',8,'',0,'0000-00-00 00:00:00'),(718,193,25,'',7,0,'',6,'',0,'0000-00-00 00:00:00'),(719,194,22,'',7,0,'',3,'',0,'0000-00-00 00:00:00'),(720,195,20,'',7,0,'',0,'',0,'0000-00-00 00:00:00'),(721,196,21,'',7,0,'',0,'',0,'0000-00-00 00:00:00'),(722,197,9,'',7,0,'',0,'',0,'0000-00-00 00:00:00'),(723,199,14,'',7,0,'',0,'',0,'0000-00-00 00:00:00');

--
-- Table structure for table `jos_tracks_seasons`
--

CREATE TABLE `jos_tracks_seasons` (
  `id` int(11) NOT NULL auto_increment,
  `name` varchar(40) NOT NULL,
  `alias` varchar(100) NOT NULL default '',
  `ordering` int(11) NOT NULL,
  `checked_out` int(11) NOT NULL,
  `checked_out_time` datetime NOT NULL,
  `published` tinyint(1) NOT NULL,
  PRIMARY KEY  (`id`)
) ENGINE=MyISAM AUTO_INCREMENT=3 DEFAULT CHARSET=utf8;

--
-- Dumping data for table `jos_tracks_seasons`
--

INSERT INTO `jos_tracks_seasons` VALUES (1,'IBU Total Points','ibu-total-points',1,0,'0000-00-00 00:00:00',0);

--
-- Table structure for table `jos_tracks_subroundtypes`
--

CREATE TABLE `jos_tracks_subroundtypes` (
  `id` int(11) NOT NULL auto_increment,
  `name` varchar(40) NOT NULL,
  `alias` varchar(100) NOT NULL default '',
  `note` varchar(100) NOT NULL,
  `points_attribution` varchar(250) NOT NULL,
  `description` text,
  `checked_out` int(11) NOT NULL,
  `checked_out_time` datetime NOT NULL,
  PRIMARY KEY  (`id`)
) ENGINE=MyISAM AUTO_INCREMENT=15 DEFAULT CHARSET=utf8;

--
-- Dumping data for table `jos_tracks_subroundtypes`
--

INSERT INTO `jos_tracks_subroundtypes` VALUES (1,'2010/2011','20102011','','','',0,'0000-00-00 00:00:00'),(2,'2009/2010','20092010','','','',0,'0000-00-00 00:00:00'),(3,'2008/2009','20082009','','100','',0,'0000-00-00 00:00:00'),(4,'2007/2008','20072008','','','',0,'0000-00-00 00:00:00'),(5,'2006/2007','2006/2007','','','',0,'0000-00-00 00:00:00'),(6,'2005/2006','20052006','','','',0,'0000-00-00 00:00:00'),(7,'2004/2005','2004','','','',0,'0000-00-00 00:00:00'),(8,'2003/2004','20032004','','','',0,'0000-00-00 00:00:00'),(9,'2002/2003','20022003','','','',0,'0000-00-00 00:00:00'),(10,'2001/2002','20012002','','','',0,'0000-00-00 00:00:00'),(11,'2000/2001','20002001','','','',0,'0000-00-00 00:00:00'),(12,'1999/2000','19992000','','','',0,'0000-00-00 00:00:00'),(13,'1997/1998','19971998','','','',0,'0000-00-00 00:00:00'),(14,'1998/1999','19981999','','','',0,'2010-02-28 17:56:21');

--
-- Table structure for table `jos_tracks_teams`
--

CREATE TABLE `jos_tracks_teams` (
  `id` int(11) NOT NULL auto_increment,
  `club_id` int(11) NOT NULL,
  `name` varchar(40) NOT NULL,
  `alias` varchar(100) NOT NULL default '',
  `short_name` varchar(20) NOT NULL,
  `acronym` varchar(6) NOT NULL,
  `picture` varchar(100) default NULL,
  `picture_small` varchar(100) default NULL,
  `country_code` varchar(3) default NULL,
  `description` text NOT NULL,
  `admin_id` int(11) NOT NULL,
  `checked_out` int(11) NOT NULL,
  `checked_out_time` datetime NOT NULL,
  PRIMARY KEY  (`id`)
) ENGINE=MyISAM AUTO_INCREMENT=26 DEFAULT CHARSET=utf8;

--
-- Dumping data for table `jos_tracks_teams`
--

INSERT INTO `jos_tracks_teams` VALUES (1,0,'NOR','norway','','','','','NOR','',0,0,'0000-00-00 00:00:00'),(2,0,'GER','germany','','','','','DEU','',0,0,'0000-00-00 00:00:00'),(3,0,'RUS','rus','','','','','RUS','',0,0,'0000-00-00 00:00:00'),(4,0,'SWE','sweden','','','','','SWE','',0,0,'0000-00-00 00:00:00'),(5,0,'FRA','france','','','','','FRA','',0,0,'0000-00-00 00:00:00'),(6,0,'ITA','ita','','','','','ITA','',0,0,'2010-02-28 13:22:12'),(7,0,'BUL','bul','','','','','BGR','',0,0,'2010-02-28 13:23:00'),(8,0,'CHN','chn','','','','','CHN','',0,0,'2010-02-28 13:23:12'),(9,0,'JPN','jpn','','','','','JPN','',0,0,'2010-02-28 13:23:23'),(10,0,'KAZ','kaz','','','','','KAZ','',0,0,'2010-02-28 13:23:33'),(11,0,'EST','est','','','','','EST','',0,0,'2010-02-28 13:23:41'),(12,0,'SVK','svk','','','','','SVK','',0,0,'2010-02-28 13:23:51'),(13,0,'SLO','slo','','','','','SVN','',0,0,'2010-02-28 13:24:04'),(14,0,'CZE','cze','','','','','CZE','',0,0,'2010-02-28 13:24:14'),(15,0,'LAT','lat','','','','','LVA','',0,0,'2010-02-28 13:24:28'),(16,0,'SUI','sui','','','','','CHE','',0,0,'2010-02-28 13:25:13'),(17,0,'USA','usa','','','','','USA','',0,0,'2010-02-28 13:25:29'),(18,0,'BLR','bel','','','','','BLR','',0,0,'0000-00-00 00:00:00'),(19,0,'POL','pol','','','','','POL','',0,0,'2010-02-28 13:25:57'),(20,0,'AUT','aut','','','','','AUT','',0,0,'2010-02-28 13:26:16'),(21,0,'UKR','ukr','','','','','UKR','',0,0,'2010-02-28 13:26:31'),(22,0,'FIN','fin','','','','','FIN','',0,0,'2010-02-28 13:27:10'),(23,0,'CAN','can','','','','','CAN','',0,0,'2010-02-28 13:27:31'),(24,0,'CRO','cro','','','','','HRV','',0,0,'2010-02-28 13:35:31'),(25,0,'GBR','gbr','','','','','GBR','',0,0,'2010-02-28 18:40:51');

--
-- Table structure for table `jos_users`
--

CREATE TABLE `jos_users` (
  `id` int(11) NOT NULL auto_increment,
  `name` varchar(255) NOT NULL default '',
  `username` varchar(150) NOT NULL default '',
  `email` varchar(100) NOT NULL default '',
  `password` varchar(100) NOT NULL default '',
  `usertype` varchar(25) NOT NULL default '',
  `block` tinyint(4) NOT NULL default '0',
  `sendEmail` tinyint(4) default '0',
  `gid` tinyint(3) unsigned NOT NULL default '1',
  `registerDate` datetime NOT NULL default '0000-00-00 00:00:00',
  `lastvisitDate` datetime NOT NULL default '0000-00-00 00:00:00',
  `activation` varchar(100) NOT NULL default '',
  `params` text NOT NULL,
  PRIMARY KEY  (`id`),
  KEY `usertype` (`usertype`),
  KEY `idx_name` (`name`),
  KEY `gid_block` (`gid`,`block`),
  KEY `username` (`username`),
  KEY `email` (`email`)
) ENGINE=MyISAM AUTO_INCREMENT=1452 DEFAULT CHARSET=utf8;

--
-- Dumping data for table `jos_users`
--

INSERT INTO `jos_users` VALUES (62,'Webmaster 1','musacimen','ipodmusa@gmail.com','0df3e2ff2ee198f65658c1fdb13448e3:8TNIDI1IJtCQsk5hKRlnMc9HB7AIdLId','Super Administrator',0,1,25,'2010-02-18 17:31:31','2011-05-04 19:38:59','','admin_language=\nlanguage=\neditor=\nhelpsite=\ntimezone=0\n\n'),(63,'Nora Seni','noraseni','nora.seni@ifea-istanbul.net','e6b46059cbfbebe12a20606da819e58f:4ZqqBUa6hs7z5veV9a1K0oInphDRbhJH','Manager',0,0,23,'2010-04-04 20:27:07','2011-08-02 22:14:33','','admin_language=fr-FR\nlanguage=fr-FR\neditor=jce\nhelpsite=\ntimezone=0\n\n'),(64,'Pinar Dost','pinardost','pinar.dost@ifea-istanbul.net','5939bfec4f406cc01686fa694d8cbf32:t3sHV01Z3bnOdqyrP3eQqxHlw7gkPTIn','Super Administrator',0,0,25,'2010-04-04 20:28:32','2011-09-27 08:07:56','','admin_language=fr-FR\nlanguage=fr-FR\neditor=jce\nhelpsite=\ntimezone=0\n\n'),(65,'PLEBOUTEILLER','pascal','pl@ifea-istanbul.net','b88ff0c512f30b29beeae7c24655e724:hK1ueTvGFK3omO8UUAAoKfFpLWl8Lqzm','Super Administrator',0,0,25,'2010-04-04 20:29:59','2011-09-30 13:54:53','','admin_language=fr-FR\nlanguage=fr-FR\neditor=jce\nhelpsite=http://help.joomla.fr\ntimezone=2\n\n'),(66,'Webmaster 3','isabelleverdier','iverdier@hotmail.com','624ea0522e13ae00eb897ec3cede9217:h30mg6cwKNQRtHgOj0Uqi59lOxkWC01d','Super Administrator',0,0,25,'2010-04-04 20:30:42','2011-09-27 10:52:05','','admin_language=fr-FR\nlanguage=fr-FR\neditor=jce\nhelpsite=\ntimezone=0\n\n'),(67,'Jean Marcou','jeanmarcou','marcou.jean@gmail.com','8f878d857596f4b6a43d3fc9ff2d1a69:Hzk6K5zG2dXKodncOHktCzIWZLLVg2yc','Manager',0,0,23,'2010-04-04 20:31:44','2010-05-10 17:01:55','','admin_language=fr-FR\nlanguage=fr-FR\neditor=jce\nhelpsite=\ntimezone=0\n\n'),(68,'Stagiaire 1','stagiaire1','isabelle.verdier@ifea-istanbul.net','80e55f8a20c9583cb9686875c2c69493:JgEa4gwUU9F2Nr8f7kxN0NCiv3RocgZ9','Editor',0,0,20,'2010-04-13 08:57:18','2010-04-13 09:12:58','','admin_language=\nlanguage=\neditor=\nhelpsite=\ntimezone=0\n\n'),(69,'Markus KOHL','markuskohl','markus.kohl@ifea-istanbul.net','1001a410285555ea5e69a3d16b24756e:08lOiclaRXCGErGryfzXfI2XJi9OUvmm','Manager',0,0,23,'2010-04-27 21:06:16','2010-06-03 20:48:42','','admin_language=\nlanguage=\neditor=\nhelpsite=\ntimezone=0\n\n'),(70,'Alexandre TOUMARKINE','alexandretoumarkine','alextoumark@yahoo.com','2890fb90d3da29e39def8804378acdc1:0YrQPf9P22y4jtoABhZ0ctlW0uVYnmT2','Manager',0,0,23,'2010-04-27 21:08:10','0000-00-00 00:00:00','','admin_language=\nlanguage=\neditor=\nhelpsite=\ntimezone=0\n\n'),(71,'Jean François Perouse','jeanperouse','jeanfrancoisperouse@gmail.com','fb6600a4c389aa8f687b8f7359aab629:c14bmhe5NznC7jB74nX6IMfzpAHnWJ2J','Manager',0,0,23,'2010-04-27 21:08:40','2010-07-08 16:39:15','','admin_language=\nlanguage=\neditor=\nhelpsite=\ntimezone=0\n\n'),(72,'Aksel TIBET','akseltibet','aksel.tibet@ifea-istanbul.net','e81e0c4e0d07660f0945ed5586ecdc3a:9ApPpJAORJlkW3rUR1U5KMYkbS1AN1lZ','Manager',0,0,23,'2010-04-27 21:09:10','2011-01-03 15:54:14','','admin_language=\nlanguage=\neditor=\nhelpsite=\ntimezone=0\n\n'),(73,'Laurence ASTRUC','laurenceastruc','laurence.astruc@ifea-istanbul.net','46f568a5e0b9e3fb52746eba0dc3f905:PjSPvPuByjQZA3FnAaTRkD2c07mPkTGM','Manager',0,0,23,'2010-04-27 21:09:54','2011-09-19 08:30:10','','admin_language=\nlanguage=\neditor=\nhelpsite=\ntimezone=0\n\n'),(74,'Noemi LEVY','noemilevy','levy.noemi@gmail.com','37a0b60052ad767259c6bba490d9f9ea:dY4guBKvOE24u9wnYtGdO6OKWyoX6kaT','Manager',0,0,23,'2010-04-27 21:10:37','0000-00-00 00:00:00','','admin_language=\nlanguage=\neditor=\nhelpsite=\ntimezone=0\n\n'),(75,'Umit Sevgi Topuz','umitsevgitopuz','umitsevgi@gmail.com','b809e42fb99ab2c221a9f161ee15184b:4ND5DBmDrM9iuJEAIoL8S75cQuJfW5hj','Manager',0,0,23,'2010-04-27 21:11:11','0000-00-00 00:00:00','','admin_language=\nlanguage=\neditor=\nhelpsite=\ntimezone=0\n\n'),(76,'Lisa Montmayeur','lisamontmayeur','lisamontmayeur@hotmail.com','6bc70900be620e46632420a24744544b:0y3DLWHWn02yGkLjXzp0Q7Tvr52RfBrH','Manager',0,0,23,'2010-04-27 21:11:45','2010-09-23 13:21:36','','admin_language=\nlanguage=\neditor=\nhelpsite=\ntimezone=0\n\n'),(77,'Thornike Gordadze','gordadze','thornike_gordadze@yahoo.fr','c915c5ae1a1125d02aa4269c3efed4df:WIfRx9PzeMQwTUtCBF0sTkdE2dcDWh04','Manager',0,0,23,'2010-04-27 21:12:34','0000-00-00 00:00:00','','admin_language=\nlanguage=\neditor=\nhelpsite=\ntimezone=0\n\n'),(78,'Laurent MALLET','laurentmallet','laurent.mallet@altern.or','43879fb3a47a1f17689aff0edf6559ff:nQNNHQa6TEhpmsUwwpFeU88knfN4qXRF','Manager',0,0,23,'2010-04-27 21:13:14','0000-00-00 00:00:00','','admin_language=\nlanguage=\neditor=\nhelpsite=\ntimezone=0\n\n'),(79,'Cédric BODET','cedricbodet','cedric.bodet@mailcity.com','9414860832d20bc8ec2d69a1c1f3348b:D5GQ93TAmfW6YMFurr0KbtVjY3oUukrY','Manager',0,0,23,'2010-04-27 21:13:50','2011-09-28 01:11:14','','admin_language=\nlanguage=\neditor=\nhelpsite=\ntimezone=0\n\n'),(80,'Dilek SARMIS','dileksarmis','abc@gmail.com','048fee5492140d8bfce30ab4fc15c5c9:kP9A3YsX1vRrHuFxQs8EjdTG1zTIeJTM','Manager',0,0,23,'2010-04-27 21:14:36','2011-03-24 09:38:40','','admin_language=\nlanguage=\neditor=\nhelpsite=\ntimezone=0\n\n'),(81,'Yoann MORVAN','yoannmorvan','abc1@gmail.com','890f6a3ea721aba347c23f7f5315d1a5:pO6ABD6H6RDR3l7XH4Auz2NzITEBTtGX','Manager',0,0,23,'2010-04-27 21:15:10','2011-05-11 11:37:21','','admin_language=\nlanguage=\neditor=\nhelpsite=\ntimezone=0\n\n'),(82,'Juliette Dumas','juliettedumas','dumas.ju@gmail.com','5c3a5dbb3af1229b12e14736b4af18c8:3EyCYOuyx7dxQdg4ZsRiz6cBmWVgXztq','Manager',0,0,23,'2010-04-27 21:15:40','2011-04-06 18:44:04','','admin_language=\nlanguage=\neditor=\nhelpsite=\ntimezone=0\n\n'),(83,'Raymond Descat','raymonddescat','descat@u-bordeaux3.fr','901a249d6c99668683f0910a356bde88:nCM8UAV91m7KEB1wEg3B3b8BlNrwahLQ','Manager',0,0,23,'2010-04-27 21:16:21','2010-09-16 16:08:43','','admin_language=\nlanguage=\neditor=\nhelpsite=\ntimezone=0\n\n'),(84,'Benhaim','Yohanan','yohanan.benhaim@live.fr','87c679968afdf720541f6a318f7752bf:oXhqo1XSZZ8kOT3XmxmR3Yd7tEI9gP77','Manager',0,0,23,'2010-04-28 11:29:24','2010-07-11 13:22:37','','admin_language=\nlanguage=\neditor=\nhelpsite=\ntimezone=0\n\n'),(85,'ZUHAL KARACA','zuhalemir','zuhal_emir@yahoo.com','59b563f3431e4990dccb51f36f4264bf:JYO5Pmfx5Pt3hhdMw7zXb50Z1RE5EYf6','Registered',0,0,18,'2010-05-03 18:35:51','2010-05-05 17:13:51','','\n'),(86,'emine','atalay seçen','emine.atalaysecen@gmail.com','966076265a8eedc1d786f3f977c2e007:tGxhPGtaJa0xknIoj4UIdzs7KouiX6wm','Registered',0,0,18,'2010-05-04 16:30:33','2010-05-20 20:03:59','','\n'),(87,'elber','camille','camille_elber@yahoo.fr','f0332e55c20519e132ab5223039aa83c:6W28uKG0PgbZ5Rw8pNx1dzIAxCaSgnP1','Registered',0,0,18,'2010-05-04 20:07:08','2010-05-04 20:08:33','','\n'),(88,'Maxime','Maxime Durocher','maxime.durocher@yahoo.fr','af699c2f335f1e4c2139f9cb9c86781a:GpRmsep8OzuieHkDr9EagSplL1JqSOrT','Registered',0,0,18,'2010-05-05 07:48:20','0000-00-00 00:00:00','','\n'),(89,'michele machefer','machefer','msmachefer@club-internet.fr','9a9df3341419259483671f172bbea50b:ITpGZJ8OiADixLpzn83J0NzGhEzDhIql','Registered',0,0,18,'2010-05-05 16:35:52','2011-03-30 08:35:43','','\n'),(90,'Arezki','Arezki','arhcontact@yahoo.fr','83519a07cc6b8d26ecfbb7bd2f87b0b1:LpgIZX6cb5btQ2JtkPczg2GzaRsvhlfT','Registered',0,0,18,'2010-05-06 11:15:35','2010-05-31 16:38:17','','\n'),(91,'Harré','Charline','charline.harre@ifturquie.org','ab34df79c8d05909c0631f2e68bd23ae:rztD917LvlDODZU1aDgoAlMgQjumKual','Registered',0,0,18,'2010-05-06 12:37:08','0000-00-00 00:00:00','','\n'),(92,'ada','pagliarulo','aduccia2@yahoo.it','84269d7af4e31c263f548b9ea10c7341:hNSAjYv1N6Y0WqiYi25hKIcmZh2GGluf','Registered',0,0,18,'2010-05-07 10:07:20','0000-00-00 00:00:00','','\n'),(93,'DEBARRE','sdebarre','segolene_debarre@hotmail.com','b8a7f20f8be0fd01231dc9d7da963611:FnMUMdmASJKfqiimW6BXgewMZrw0P2nO','Registered',0,0,18,'2010-05-07 13:38:20','2010-05-13 07:31:06','','\n'),(94,'jeremiedfpkurt','jeremiedfpkurt','jemkurt@aol.com','d19d554729d7dcf044c3855a09182fc9:0yVZevpxlYtElu8yfLamEnTRWRd3PF0G','Registered',1,0,18,'2010-05-07 17:17:02','0000-00-00 00:00:00','5abcf07da25cdce02da009c48e1540dc','\n'),(95,'GUIGUENO','ewen.guigueno','j.guigueno@free.fr','58bd359df3bc4ef867fe376143f2107f:FZNKAcp2N9B4Xx4DEWdFtGY8d70BdKqt','Registered',0,0,18,'2010-05-09 09:44:33','2010-06-23 14:27:58','','\n'),(96,'Jules','abracadabra000','carambar_95@hotmail.fr','9cbc25fa217ff760ad41ade1daf9d25d:t2hyCd4flCcjDGJ0xJuToTWkX85ZSwvG','Registered',1,0,18,'2010-05-09 14:49:50','0000-00-00 00:00:00','18116a6ad0f00d5740a4c2520c49766d','\n'),(97,'Lince','Lince','lincephilippe@yahoo.fr','11f2616a98a37d6a09b1c445e63ae15d:i31itk27GPTHdRKpivgXUDu7ywEotB5h','Registered',1,0,18,'2010-05-09 18:17:12','0000-00-00 00:00:00','07f3224c96e076e7fa1774c0f4decc43','\n'),(98,'BELALA','SAID','saaid43@ahoo.fr','f6c19b7ca699fcdec56a2e78b6b699e8:yH3ZMImiuXWwgHbI525ZXVAZtywuWPtQ','Registered',1,0,18,'2010-05-09 19:38:20','0000-00-00 00:00:00','b295a250f4e2d15e5d028fe5f8e43588','\n'),(99,'manoukian','brigitte Manoukian','b.manoukian@free.fr','6d47fa28af0a006f21619245d6ac24b3:AhRrSEf2tM27QJnoOTsUMpOqhoFYyoto','Registered',0,0,18,'2010-05-10 06:30:14','0000-00-00 00:00:00','37fe0f146dfaac2814ea906ff04e619a','\n'),(100,'Artemis','Artemis','artemisuni@yahoo.gr','44540aa22e7b31c13b6564b3d4127954:D3OLZl2084STHk9w22eVfbse0l4J83Pt','Registered',0,0,18,'2010-05-10 14:23:05','2010-05-10 14:27:03','','\n'),(101,'MicinWls0','MicinWls0','blake.bat5raf@gmail.com','d4f41d23120370ead40aa9c5903aa5d5:sdPLcnOChdHYVuR6By2B0ArYPG5Vg7Wr','Registered',1,0,18,'2010-05-11 03:46:03','0000-00-00 00:00:00','39b52e0bbf2b0217755738be102dc16c','\n'),(102,'BOSSAERT','BOSSAERT','marie.bossaert@gmail.com','1c42a4155eee67f67238757c97c036e5:N66swcaNF4P7MjtXIhC678DHMXifHjLu','Registered',0,0,18,'2010-05-11 05:59:04','2010-06-22 05:15:23','','\n'),(103,'Selin Önder','selinoder','selinonder@gmail.com','506313486998f130f37a9731d966a670:HiX4KLVY2pKEaBhiaTFwsTHUoC82nV03','Registered',0,0,18,'2010-05-11 09:08:29','0000-00-00 00:00:00','','\n'),(104,'Pic Nicolas','Pic Nicolas','miko.pic@gmail.com','b06544be32127edb71a96fe8ac1eacbe:rfvJ4R9iPfMpDsA2hCWtJ9QBArgMSzit','Registered',0,0,18,'2010-05-11 11:34:21','2010-05-11 11:36:28','','\n'),(105,'vignaud-saunier','Sebastien','vignaud-saunier@voila.fr','8688fca7c483672f0d365b44e0c1f779:DNpVX7T0HWZeh98bWwk62FRET9eiV4VF','Registered',1,0,18,'2010-05-11 16:11:52','0000-00-00 00:00:00','9c54a5c7cdf98aa564bcfecbf4023adc','\n'),(106,'ada pagliarulo','ada','adapagliarulo@gmail.com','938b405b056cddff6f90f03d29b26c8e:uv1qfXTebnd9QbQOlbXgIWSJspnab0G8','Registered',0,0,18,'2010-05-12 11:35:19','2010-09-09 14:05:45','','\n'),(107,'CODOL','CODOL','christine.codol@gmail.com','110b2d8fab436b4ed551b83fac0adaef:Q86MVRp2WN8O4ZLGABvT97uyTjGkkAbZ','Registered',0,0,18,'2010-05-12 15:10:40','2010-06-06 08:52:47','','\n'),(108,'TatAbectmat','TatAbectmat','booztez@gmail.com','00f4f953276c205ee9620960b3fe5be0:iOL293JlpDtgPOjSNgt4w13w9SYSwOAf','Registered',0,0,18,'2010-05-12 21:15:51','0000-00-00 00:00:00','','\n'),(109,'Willonomuhlip','Willonomuhlip','Aerownvew@vtrue.org','b28cc0e675e7dd3250adb26e7b448d19:J94g33CXukkPdSROMyiS9OzpEVYlASwH','Registered',1,0,18,'2010-05-13 01:15:00','0000-00-00 00:00:00','4c9ecc38c79bb660862410a5b20b33f1','\n'),(110,'ardenstavrou','ardenstavrou','ardenstavrou@badcredit-paydayloan.info','edcb1829fdf6eeecd9bd7df6e6e2acb3:d7RdVzcRIwvHNkREYpzu1tMkHTDjLbhh','Registered',1,0,18,'2010-05-14 08:52:55','0000-00-00 00:00:00','8ac0c4dbfca7212809a44f732d644e3e','\n'),(111,'copproogs','copproogs','fluhhoofs@gmail.com','3d7bd0f78631dd874c09632d0d2daee1:1thDzUl5YV5mXCghR2xejgpldEIMiJF8','Registered',1,0,18,'2010-05-14 22:29:09','0000-00-00 00:00:00','19d8cc61d1a3bb54cb1932b8c39f97dc','\n'),(112,'Raimond','DR','didier.raimond@skynet.be','71a1c657bfe33b82e812c3e2e00e2761:tkvzn9ys5QrUSUYlpLWtQBmSXWzU78nB','Registered',0,0,18,'2010-05-15 01:45:00','2010-05-15 01:47:34','','\n'),(113,'Beaufort','Reynald','reynald.beaufort@gmail.com','f21818583fdc7998dfcc6d24074e0f8f:3cFkBHRymBGYWnZ47emlg94AnCfElHyB','Registered',0,0,18,'2010-05-15 07:30:09','2010-05-15 07:32:59','','\n'),(114,'kumotras','kumotras','kumotras@yandex.ru','d62c0056e347aa1598010921e6ffc445:8BKyWd7dFGE7sLjQhWZ5k9vHt8jhfst6','Registered',1,0,18,'2010-05-15 14:54:01','0000-00-00 00:00:00','67b51bab879d8d782cc2c78c20432f8c','\n'),(115,'scarlett rico','scarlett ','scarlett.rico@gmail.com','a2ab70daa3db99fa280e6673d408a161:38280JiTKODjK8rzYY3VsPpTPOUji2nC','Registered',0,0,18,'2010-05-16 11:57:51','2010-05-17 08:25:03','','\n'),(116,'Rekacewicz','reka','reka@monde-diplomatique.fr','239226840831efe3bdce891eb48c0c3b:9fZeMDYliqzWMvbNTpvgy14gdY1EyvFa','Registered',0,0,18,'2010-05-16 15:25:07','0000-00-00 00:00:00','','\n'),(117,'vanyparty','vanyparty','waforab@mail.ru','9748c2f5e98151b6658f55c18b04e1c3:VQ32aU6V0UpzymLDWfKQa2hVWKKYzXaw','Registered',1,0,18,'2010-05-17 21:12:20','0000-00-00 00:00:00','405ac04a75b28fe52166f7246dba1fe0','\n'),(118,'Siner','Ogün','siner.ogun@yahoo.com','5bbc66072ef97f4ffbebab26e1d53919:f4zEORdj8WcWdKPqIo2irXHuFmt2Ve1b','Registered',0,0,18,'2010-05-18 19:43:56','2010-05-30 14:18:08','','\n'),(119,'heneuncKest','heneuncKest','pirozzoruleysabaep@gmail.com','a78c1e766cef9ae94a8390605b8ac887:wbrTiWCvgojs6YNdrxsMPEOEw6Q42mMC','Registered',0,0,18,'2010-05-19 12:32:09','0000-00-00 00:00:00','','\n'),(120,'hüseyin çay','siyahgulmersin','cay.huseyin@hotmail.com','8a2bf6009ab3aa3b01e16d16a0847681:zXy9CpL9v79e7a32j1U8xUI3g8lSAK0J','Registered',0,0,18,'2010-05-19 12:51:14','0000-00-00 00:00:00','','\n'),(121,'BISOIRE ','CLAIRE B','c_bisoire@hotmail.com','05b25b9ce99234ee50f254e3b4e375a0:XvJD5WST51EG3qJTYkazrIBL4N6hl5ih','Registered',0,0,18,'2010-05-20 10:37:49','0000-00-00 00:00:00','','\n'),(122,'Kira Kaurinkoski','Kira Kaurinkoski','kaurinkoski@yahoo.fr','8f7157d8de2cf2069715711256d4ca45:a00UlPomLHrv0ewrHJBIpjEoyl6vSqOr','Registered',0,0,18,'2010-05-20 13:46:58','2010-05-21 06:04:05','','\n'),(123,'Carine Martin','carmar','carine_martin@hotmail.com','b7c7c718584709a6b36d19a3f87cc4f4:TnBUJqOvL6ImMGcCfQRagOPOsTW6fHhk','Registered',0,0,18,'2010-05-20 14:40:58','0000-00-00 00:00:00','','\n'),(124,'Harper','deltoyd','roland.harper@gmail.com','91bcba0b2ebce30d24cc588bcd5dab18:y99XDKUko2khlP8R2BZdf6W4QU7oBRcW','Registered',0,0,18,'2010-05-21 08:11:35','2010-05-26 19:35:54','','\n'),(125,'Drewdoorcidic','Drewdoorcidic','gerimandenniker@gmail.com','2042f58f3f960f4080f73506087defe0:Ce3z99AsS4O16ZwdvQKufSO1qb8yKXM6','Registered',0,0,18,'2010-05-22 02:52:06','0000-00-00 00:00:00','','\n'),(126,'DR. OUSSENI ELIBOUY BANAO','DOCOUSS','endorakamab@gmail.com','d4153354981c39c1e0402642710fae75:C7ppcy06x7pyWWVCt0NslcSH5lDL99xi','Registered',0,0,18,'2010-05-22 15:36:51','2010-05-22 17:57:58','','\n'),(127,'parisot','parisot','thparis@hotmail.fr','dfce6d27653c76f639df83948bbd3a7a:iW3DF1ETdZbPTGedPAC9oc0QXrOkwajc','Registered',0,0,18,'2010-05-23 08:07:08','2010-05-23 16:04:23','','\n'),(128,'özcan özen','oz','ozen2020@yahoo.com','977e4341703bbac071c3afbe66bb1cf5:qlkrjMgTiakSlhosFQdLMId4IeZt1tlS','Registered',0,0,18,'2010-05-24 05:59:31','2010-05-24 06:09:19','','\n'),(129,'PhantomPlate','PhantomPlate','ipadfanatic@gmx.com','eeb41a8a773356b328ce20104dfe97a0:tEWlSl7ZcyoB1rlcitubJqKpqFVkexHO','Registered',1,0,18,'2010-05-24 07:03:23','0000-00-00 00:00:00','74b51ba210d30f79e63cd173e86282df','\n'),(130,'TEK','handy','handetek@voila.fr','611e633c10b957f63c53078956d979ab:qNKSfO4rDDOjrGBvVaEqwLgirU496AgY','Registered',0,0,18,'2010-05-24 07:50:13','2010-05-26 07:01:33','','\n'),(131,'Hadi Uluengin','Uluengin','huluengin@ttmail.com','9e497735349aea15ab126928ae3841a4:AyazVnaNnrVZvPoGZMV5i75jXgkMRBHZ','Registered',0,0,18,'2010-05-24 14:06:12','0000-00-00 00:00:00','','\n'),(132,'teashyhaf','teashyhaf','a.lenka@googlbest.com','51d0dba7a06ca3dfcf785dfd51cb355b:JCAY5xsRZzyAo7pAaz9RU1RtC9UPyQra','Registered',1,0,18,'2010-05-24 17:10:10','0000-00-00 00:00:00','7bec85ae670aab161c620dba4f90b99d','\n'),(133,'Mario Neve','Belfagor','mario.neve@unibo.it','cdcda1443716d7f27cc8f15005063f1a:JYwTVhV5dS0Lz0pnofDz8K33n5Zaje8N','Registered',0,0,18,'2010-05-24 17:25:42','2010-05-24 20:47:33','','\n'),(134,'alusatoox','alusatoox','jaisheedy65@gmail.com','6e882cbe2c42653812cb465af7e3d6c2:1w2qyLxgycDQNmiwXwW3Bt64Sg08wM30','Registered',0,0,18,'2010-05-24 21:16:35','0000-00-00 00:00:00','','\n'),(135,'MichaelloXK','MichaelloXK','johnzenmned@aol.com','b91579cb1948a880f48e4dbcdec7c65f:bFdXiIoRTpWrLlvoFJsiK2NR3q74ufIV','Registered',1,0,18,'2010-05-25 01:09:42','0000-00-00 00:00:00','4c6f542a87bb5232f3d69188dac4836f','\n'),(136,'meffre','antoine.meffre','antoine.meffre@gmail.com','c248dd72f9be20da988d3bb1f20e94d9:vXKqedxVTOWN8qJFN6r6sfl4bAed4FJB','Registered',1,0,18,'2010-05-25 07:48:13','0000-00-00 00:00:00','afe69b3e62bbdcedb2b8b991e7775e8e','\n'),(137,'Melisa','Mel','melisaarife.g@gmail.com','71e8d274496db975bb694dfb6be0220b:JTTj6uBV01vjbw8JvrlksPYyNAJbGZqB','Registered',0,0,18,'2010-05-25 10:01:12','0000-00-00 00:00:00','','\n'),(138,'effittara','effittara','platorkontar@gmx.com','0ea6b195a58cf7b109d02641ca879493:X0PqC3IfOIHQUATs0XjLfDpykUZyP09R','Registered',1,0,18,'2010-05-26 01:42:17','0000-00-00 00:00:00','b3b132f0cd2ade0c423fdafbc915fc3f','\n'),(139,'BoanciatoGece','BoanciatoGece','attelmmycle@mail.ru','ece8ef779976874b796c7741fe07dae8:KlPTJfU8mDDaG4RLoZ8IG8VFyPYje0u2','Registered',1,0,18,'2010-05-27 04:53:59','0000-00-00 00:00:00','9d449931660643bbd0ea0abf041c25c9','\n'),(140,'hasan','turgut','turguthsn@gmail.com','4de68221e826f3e731d6ab7b2cd19664:9p7UWZWSjPKx6cjtbCYuNmYHEit3Sonw','Registered',0,0,18,'2010-05-27 09:39:29','0000-00-00 00:00:00','','\n'),(141,'Coskun','dawar','tolga.coskun@ymail.com','54b1ff5835f2cfbed02b9e910c51a45c:euWtAx1YP9SfkuCGrICXdNyCNkcuDmsU','Registered',0,0,18,'2010-05-27 12:22:38','2010-05-27 12:25:05','','\n'),(142,'semar','redsemar','redsemar@yahoo.fr','b87d7378e1abaf1906cb66e764ab518a:4kAnmNeEFYHteBD5YC2HVOmwK7KvJhN0','Registered',0,0,18,'2010-05-28 06:00:06','2010-05-28 06:02:53','','\n'),(143,'Hannele Pakarinen','Hannele','hannele.pakarinen@tsv.fi','7d0a148807c1cf65ab0b0a5a626a019d:fLglqOpFs1tKqcovNvJcYymMGMyqyprQ','Registered',0,0,18,'2010-05-28 06:44:18','2010-05-28 06:55:08','','\n'),(144,'LymnstussyNup','LymnstussyNup','l.aurelwestmanoce@gmail.com','dae4e4c8745340c6ab514efd49d9674a:N1qh7NeisW5t9K1rO5ph41CDGJQyWO5u','Registered',0,0,18,'2010-05-28 11:32:14','0000-00-00 00:00:00','','\n'),(145,'İdil','idilkarababa','idilkarababa@gmail.com','0f811a4b8ad635ade23ab013f56a098a:9hJrVmp8bvUO81NT7ogUiv2OBvzXkwtD','Registered',0,0,18,'2010-05-28 18:23:14','2010-05-28 18:24:42','','\n'),(146,'inininhrommo','inininhrommo','n.i.k.a.su.ka.g.i.rl2.0.0.9@gmail.com','ff1bba6041e83d6f1bdaf400f438e963:CdzhWI86ZMjwiRBmKTOSKGb9uzVO3qaM','Registered',1,0,18,'2010-05-29 01:10:27','0000-00-00 00:00:00','0a8a2ab8c3af28fa5964de21d207011c','\n'),(147,'ibrahim','ibruzu','ibrahim_uzun@hotmail.com','16f9d7d40cac4d52acd9e492bcbb8470:2xR45ZATzeh8EOnROZN9imRrSTLlILuF','Registered',0,0,18,'2010-05-29 10:57:44','2010-05-29 10:59:50','','\n'),(148,'hughseyp','hughseyp','sndrsndv4@aim.com','a7d92413ae99b5f9e2704931b70f0979:bg8mc1DcbHHuFokP87hXblF46qKcyNJX','Registered',1,0,18,'2010-05-29 16:24:49','0000-00-00 00:00:00','4d59448b916a29a631292972fa3a8663','\n'),(149,'billcyday','billcyday','7@pimpmystic.com','5c2c42e5e24698a4d86bd49a276d1a6a:xUCY4cSznpqMmA6ZAh7FkHGRc4GTwPM3','Registered',1,0,18,'2010-05-30 04:45:12','0000-00-00 00:00:00','9ef6029a03c39895c5fb333297b3b358','\n'),(150,'KURKCU Mehmet','memoguide','memo_ksd@yahoo.fr','221ebd84671c460c3e332f5aeb33baa0:4LUl1LTzuOlUU6Go3W5xB0VgabsBsWF0','Registered',0,0,18,'2010-05-30 15:02:15','2010-05-30 15:52:07','','\n'),(151,'oya','delahaye','oya.delahaye@sothebys.com','586842a284d8ab2a48dd28e82a924b80:TKQUwSfXEXWh7D7LeiSSTErxw4u1aVWz','Registered',0,0,18,'2010-05-30 20:13:51','0000-00-00 00:00:00','','\n'),(152,'IlnoikZts8','IlnoikZts8','idel.lmcw8ioo@gmail.com','6af966f188ddc358e3e490005e9684e7:dVuLuYl2ilmhUZrFhSfM6OcSkmOI4tgZ','Registered',1,0,18,'2010-05-31 10:34:39','0000-00-00 00:00:00','ed90ffa62846588fb8bfc735ce5e0804','\n'),(153,'Ayhan','Tolaybenk','hanay33@hotmail.com','c86d1e387d4f49d02a105b34dd30d9a6:xAdRXGQDIWkdiskEjpPFkUYwbPtCb2X4','Registered',0,0,18,'2010-05-31 18:32:38','0000-00-00 00:00:00','','\n'),(154,'Jérémy','Fournet','jere31tou88@hotmail.fr','82b22bf833ec089dd33e017988652011:zjUDv8QzHjCnof0q45YKacWS1XOoWnD2','Registered',0,0,18,'2010-05-31 21:12:09','2010-05-31 22:37:35','','\n'),(155,'yeliz','çavuş','yelizcavus@gmail.com','0ee5e54bfc6a17aa1637288dd0f3975d:AMZSm1wKm4FJwXStefGJzhOLeO3rDmmj','Registered',1,0,18,'2010-06-01 01:38:12','0000-00-00 00:00:00','23d160396da073caeac20aeaff329bf5','\n'),(156,'JeffU26','JeffU26','judbud787878@aim.com','7b73c26ceae25d4fb97e42b2034a7176:j7IocOPr4HHWmt7x9f1kkG2qyT3XBYbh','Registered',1,0,18,'2010-06-01 08:54:11','0000-00-00 00:00:00','e57c1f42950e0da35542d8f1858505f5','\n'),(157,'Anca DAN','adan','anca.dan01@gmail.com','218c9e3156abdb2a43276e6fb08f8257:3lNwnR66eYWss8evHSveWJV4viaahc0c','Registered',0,0,18,'2010-06-01 14:24:08','0000-00-00 00:00:00','','\n'),(158,'Oppoveharorne','Oppoveharorne','rowenak2811@gmail.com','042a42c66f0871eee7af995fa3f79560:1wQhPUV7UhNWdlgVQiEBUXvNz0tmwCUo','Registered',0,0,18,'2010-06-02 00:36:50','0000-00-00 00:00:00','','\n'),(159,'antonetomee','antonetomee','antonetomee@gmail.com','432d656b0554d7374f59ff1ddc197b1a:IFGLCpNHFkIPfhbgJMzeCniUhBsdPImJ','Registered',1,0,18,'2010-06-02 07:20:49','0000-00-00 00:00:00','48f26d398cb00dade3c3ba98e707cb73','\n'),(160,'Mercuzot','Violette','violettedemars@msn.com','9ac9e854fa8a6c90406488540b8e5e69:c7db7nP71OZQaCwR0fEpBHPDMLNjJve5','Registered',0,0,18,'2010-06-02 12:35:08','2010-06-02 12:37:04','','\n'),(161,'pamuk','oyku','oykupamuk@hotmail.com','3f642d842b4784eeedb1a4ec7d0fbde7:VKJBXrf9W9zUt3ZVh9khKUHPrZWMvbP3','Registered',1,0,18,'2010-06-02 13:59:50','0000-00-00 00:00:00','41a78907490ea071a6348b518ab03dcb','\n'),(162,'Eric JEAN','Eric','ericjean1@yahoo.com','aedf3bed6ad69d1837bf015c813c9cfe:XQLxjK5mmxLDAVLkRjLV4joRUNkERGeA','Author',0,0,19,'2010-06-02 15:06:14','2011-02-11 12:23:45','','language=\ntimezone=0\n\n'),(163,'tapiau','florence','flotapiau@hotmail.fr','f8633052adfb62030316010d29000eb8:E34V9rWHW2oXwh9MljBop1P5F9bkHBKy','Registered',0,0,18,'2010-06-04 10:32:50','0000-00-00 00:00:00','','\n'),(164,'Simsek','Simsek','mks@hotmail.fr','56db3d9752325b430d76ec21d33f6cfd:nZteaxwt660ZTwjbgIwWx3waoyzZsk6H','Registered',0,0,18,'2010-06-05 08:35:35','2010-08-31 13:44:12','','\n'),(165,'   PROF. HARRIS FOFANA','   PROF. HARRIS FOFANA','harrissou@gmail.com','a3c807ef10b39fd57409e8f5f2875327:8yygmjBvIpiCQ8Fw1ThiUxhEinfvDPsO','Registered',0,0,18,'2010-06-06 09:10:58','0000-00-00 00:00:00','','\n'),(166,'yaes','yasemin','yaesyas@yahoo.fr','e77d6060fa1b2f4ea4fa4a7441165a8d:X3m6gliY2lMYm96fjcfuIbgiF7NuwIJw','Registered',0,0,18,'2010-06-06 16:46:56','2010-06-06 19:25:51','25c3fe03b7f122d663f28c328468d0c8','\n'),(167,'demir','demkays','demkays@yahoo.com','02f07adabc8678fc069a58824ab1d8c1:WHUVRa9YUZf3L3xwfu5nQLNsqlzZ1OR1','Registered',0,0,18,'2010-06-06 17:13:14','2010-06-06 17:15:55','','\n'),(168,'niceguyforuxzcv','niceguyforuxzcv','troy.childers738@gmail.com','705c67d6eb3c5128054d56201fe05d3a:1U5nTaCth6LuJD9pzdofKsbTraq3o6sg','Registered',0,0,18,'2010-06-06 23:40:43','0000-00-00 00:00:00','','\n'),(169,'VladIlichK','VladIlichK','stone.dafeere.samual40@gmail.com','352d95d9a4a24a6c058a3263c3ed8a75:urBuJUSG8USAnGajJz1qbwifMZRU0tHr','Registered',0,0,18,'2010-06-08 01:25:52','0000-00-00 00:00:00','','\n'),(170,'Mustafa Tekeli','Midas','eskisehirturizm@gmail.com','02d9fd0a938f1fe5f385067cd4bc774d:H6OWcoZoDLwKcLUll8ij9OKfWhFErQHi','Registered',0,0,18,'2010-06-09 09:32:23','0000-00-00 00:00:00','','\n'),(171,'yucel','afyucel','afyucel@gmail.com','643ec794a8d8ebe749cd7d3789e08a3d:I8mdiHwWhDeY7b7aYueqoHWNDqjAZhKa','Registered',0,0,18,'2010-06-09 20:35:19','2010-06-09 20:39:19','','\n'),(172,'nailsollilalm','nailsollilalm','daniel.matt617@gmail.com','da0a8a78514fb962e22057ee316c3979:a4lokqplT6mDmgG9qpxosQ1UVFjQeIUp','Registered',1,0,18,'2010-06-10 04:47:25','0000-00-00 00:00:00','c8848aedc443fef5411f7d88451b3c8c','\n'),(173,'thorrooferzaquxt','thorrooferzaquxt','goodguy8413@gmail.com','aecf8192a3c8f2fc2ccdf8481d6fd8f3:VeR19u28y8Y5yo14409PCZOnKge1doUf','Registered',1,0,18,'2010-06-12 19:58:12','0000-00-00 00:00:00','59b5ae42402fccde26fb705286d69d54','\n'),(174,'softeragowell','softeragowell','futbolkimayki3@gmail.com','d50c76cc4308c055ffbff17c6614c250:O9xJteuPulok9Ma7Bac0XWE2EUh3Nfw1','Registered',0,0,18,'2010-06-13 01:03:00','0000-00-00 00:00:00','','\n'),(175,'Yucel Terzibasoglu','yucel.terzibasoglu','yucel.terzibasoglu@boun.edu.tr','4f35a7570d9977fcf6a4a25ea4652db7:uxNGjKsB0Jll2O3SvrJY4fj2s90kUhlo','Registered',0,0,18,'2010-06-13 09:13:18','2010-06-13 09:50:52','','\n'),(176,'ghnassia','maul31','maul34@free.fr','6c04c04ceb568fe39f8ba2372e25436d:IjCgRstNYUL8R3oUMj3RnqJQq7wA0OZ9','Registered',0,0,18,'2010-06-13 10:01:16','2010-07-12 08:08:39','','\n'),(177,'NANTET','jason2010','emmanuelnantet@gmail.com','3beb46af8029382fb91ad9946f1765d7:XUuvyTrP4wr1tjYQnFTRwplwW4ioaGE9','Registered',0,0,18,'2010-06-13 18:45:25','2010-06-20 11:13:47','','\n'),(178,'Ballangé','Aliénor','alienorballange@hotmail.fr','de2deac2ca5e321fe3c057b5a120d8ac:39Iw1c7W0o8E87mkKlDFqod2LAVubZZ2','Registered',0,0,18,'2010-06-13 20:40:48','2010-06-13 20:44:22','','\n'),(179,'Mariaud','Mariaud Olivier','o.mariaud@orange.fr','90a341524e4a820606baf6e990a2385b:hBjvM3F2ZQilu8DkLQOgW1jwe16VIIqq','Registered',0,0,18,'2010-06-14 13:56:14','2010-06-14 14:49:18','','\n'),(180,'neogeVingefuh','neogeVingefuh','aaron.walker13@gmail.com','64997b7bd6a3fa0173922fd44ad9fb06:XtY9aZ1witdqkX75yfNOWw115aVRqFKf','Registered',1,0,18,'2010-06-14 14:45:09','0000-00-00 00:00:00','2dc954df63ff81cc0b44da73aa661105','\n'),(181,'FawlemaFevy','FawlemaFevy','walkercedric3@gmail.com','55e0673a9ed3b73615ebaa5e6e596443:50BEe7fAS7eaHp3nLRVmblaIBojjbhlY','Registered',1,0,18,'2010-06-15 21:31:57','0000-00-00 00:00:00','8c679e0ca48bb8b9ba02fdeb4108a0a9','\n'),(182,'Lartregefem','Lartregefem','prog@hotel-zk.lviv.ua','36bf182fbcc00a8da54995f2b0745d01:AmvizThl9qkaZSbq3ESPdpUfN0i2FFkE','Registered',0,0,18,'2010-06-16 20:40:15','0000-00-00 00:00:00','','\n'),(183,'acconadbavavy','acconadbavavy','denisandrushchenko34058@gmail.com','896a4ddc32cb47de83ca795ab0716588:gQdmC4TgUOyKWV4mRTyurDBYZCydjtE0','Registered',1,0,18,'2010-06-17 07:04:10','0000-00-00 00:00:00','e0521c94d2cf229ee0612015c993ca4d','\n'),(184,'Paolo Girardelli','girardelli','girardel@boun.edu.tr','a3d67512901dcec6241fc4fdaf2ef0a3:LSfsEzQpKms5U87IYwW2hF7FU6fdyqK2','Registered',0,0,18,'2010-06-17 10:00:48','2010-06-17 10:40:54','','\n'),(185,'MaciiSith','MaciiSith','moon.boulden9ara@gmail.com','66e904107b490441f9c0f30590cbfc6c:uFHZvJbVKyXLpXxDCYDBISDGf3ydW9AC','Registered',1,0,18,'2010-06-17 22:14:24','0000-00-00 00:00:00','9696e83df257d9e5fdaa01029b924a79','\n'),(186,'Emiliano Bugatti','Bugatti','emiliano.bugatti@gmail.com','6ef73d24ac84de83544ce96ff0bc4ea8:ktZ1SwTYvs0AnXvR0EzbglA89rqcR9VX','Registered',0,0,18,'2010-06-18 06:42:40','2010-07-25 09:39:28','','\n'),(187,'MemaOccaday','MemaOccaday','russogail97@gmail.com','25617ce614da6b2d25fd66804db74f35:j58ZJcUJweSBkU46Br6pKs6XVVxZp5L5','Registered',0,0,18,'2010-06-19 12:34:37','0000-00-00 00:00:00','','\n'),(188,'FiteratorMs','FiteratorMs','donnymcgowan953@gmail.com','a2550fb7dfbb8e3c3b249e0d3704eac4:om5CfaE8cJEf0qPB6xg1ESrhwtP1GYk0','Registered',1,0,18,'2010-06-20 11:57:24','0000-00-00 00:00:00','5daeaa8e09586720d952a0aa71b3d292','\n'),(189,'oksuz','oksuz','nejla66@hotmail.fr','f9fe1c73796e37e4756d99836f5a9c05:6HWd1qstB8Hc3l9ye0LNReyE2OhBpHvO','Registered',0,0,18,'2010-06-20 23:42:05','0000-00-00 00:00:00','','\n'),(190,'Akihiko Yamaguchi','yamaguci','yamaguci@mac.com','717220bc6e61255205943d226aa26ff7:EFNXtyvmEpJPKkqt7reG07FFrPfrQ3dL','Registered',0,0,18,'2010-06-22 07:32:54','2010-06-22 07:36:32','','\n'),(191,'Anne Laure Mahe','annelaure','anne.laure.mahe@gmail.com','d3d17d8789e05aeb0f3dc7e1d34e3336:hvZEq1Giz5bjGeQcoxzaEZE8p3jyRKzi','Manager',0,0,23,'2010-06-22 10:15:56','2010-06-24 12:28:56','','admin_language=\nlanguage=\neditor=\nhelpsite=\ntimezone=0\n\n'),(192,'GRUBER','fouit','wilfried.gruber@union-habitat.org','ae086948540d8d6e25bbdc422ba5ea46:XBterWaAa6OQpWRUfxv864KihiaKyMtd','Registered',0,0,18,'2010-06-22 20:05:14','2010-06-23 07:33:44','','\n'),(193,'KERMORGANT','KERMORGANT','skermorg@yahoo.fr','347f1bb9771621af67db2d2b0074d612:HNr7lf6g3XGff0xc4Ha0N0BpCYlwmwHb','Registered',0,0,18,'2010-06-23 15:34:20','2010-06-27 13:31:25','','\n'),(194,'partyvity','partyvity','wanorab@mail.ru','992479ddacbc33f7e4bc42de1b19c14a:Fq4PeQE5vY4j8Z4bv0Qhd3L4BVdMK18g','Registered',1,0,18,'2010-06-25 23:31:51','0000-00-00 00:00:00','35f186e20b3456c2cffa894030fbab0a','\n'),(195,'FlaySterMs','FlaySterMs','donovanrusso21@gmail.com','baece7467f81ad49afa5a563706593bc:eIjo4MnEjeXIRl1a1U2NzW7jbu3Zi9nt','Registered',0,0,18,'2010-06-26 18:08:45','2010-06-27 18:50:49','','\n'),(196,'souad','ahmadounsouad','sooouad@yahoo.fr','7b14de0899ac9c8f94cc8a6524fb6b17:97ATwtz2g3qsDcKUAsbxGUay1MDhDMRJ','Registered',0,0,18,'2010-06-27 16:38:12','2010-06-27 17:07:29','','\n'),(197,'Olivier Henry','olivierhenry','olivier.henry@ifea-istanbul.net','dc1f2eefc7b1624607a89ee39d7f5e21:TF6GAUnXj2sTMXnIVPGaIzzaV52tvkuH','Administrator',0,0,24,'2010-06-28 12:37:57','2011-05-18 05:09:48','','language=\ntimezone=0\nadmin_language=\neditor=\nhelpsite=\n\n'),(198,'Thierry Pierret','Thierry Pierret','thierry_be1968@yahoo.fr','d6e1215832ff5ccbe5df57a1a7e87ae2:o4PQFoij9eFZcYrRFQoOvUt0WwnVHD49','Registered',0,0,18,'2010-06-30 21:04:31','0000-00-00 00:00:00','','\n'),(199,'Röthlisberger','Pierre Röthlisberger','chauderon@librairiebasta.ch','04496613cf6d7603d54cbc0eba176b6a:wqBhccs1OpOAcmZl2oaLOPI6guiC7Wf3','Registered',0,0,18,'2010-07-02 08:48:50','0000-00-00 00:00:00','','\n'),(200,'comparecardstc','comparecardstc','seo.crecar@gmail.com','3d7515b16ac994f84b0603fca5d03a40:wKeZwfnGArreaqg7ecvtd39yF47WfGy3','Registered',1,0,18,'2010-07-02 18:14:27','0000-00-00 00:00:00','5451ce10d330280f924f850407d1ab71','\n'),(201,'LAKHDAR','YLAKHDAR','yasmine.lakhdar@gmail.com','1e1ce43200ed1208b8ebc20a923b5180:vR2H9JAZ1vKGWsgOr3AuOXGFmgbBL00y','Registered',0,0,18,'2010-07-02 20:09:51','2010-07-05 17:46:21','','\n'),(202,'forumvisitorz','forumvisitorz','xrumerseo@aol.com','c586597b84bf560b025e29be87f702e4:4r9jw0z176ZVKubCivi7IyI2owL5YA8H','Registered',1,0,18,'2010-07-03 00:40:54','0000-00-00 00:00:00','1cf1043c2f1faa599b16c98d029521b7','\n'),(203,'Delbarre','Plume_41','Plume_41@hotmail.fr','a463a61a17b42b528ebfc759e475277c:hS5Wve5Wz89QuBv93w811xDOtD2tU2cg','Registered',0,0,18,'2010-07-03 09:57:25','2010-07-03 09:58:37','','\n'),(204,'DiepsquiptTip','DiepsquiptTip','busybox@ureasycar.com','6eebe6387c070d8470beafda77e1808b:qMZjsJXjbU9wZrzj5YCcZZuOKl99Kke8','Registered',1,0,18,'2010-07-04 08:24:44','0000-00-00 00:00:00','c4073b2fbd8f83bac9b2b785476239a9','\n'),(205,'LHARDY','LHARDY','jeanpascaljpl@aol.com','89adf31114d1a39cd21bdd2ab2266ee4:qDCQbjTNcJu3UTPwGMsQqbf8RUGIEkC2','Registered',1,0,18,'2010-07-07 15:55:07','0000-00-00 00:00:00','613c5f8b53787d2fbd9876f9834e0896','\n'),(206,'Dakyaffiply','Dakyaffiply','aftedlysoyday@firstdancer.info','07eef4b0fb599ba68dc36321721116e9:tnRgt5jeKjYSMLGJzSkUbBPOKoc52J6u','Registered',1,0,18,'2010-07-08 22:59:42','0000-00-00 00:00:00','b0bc28f78c77472011971bb14e40691b','\n'),(207,'kiraz özdoğan ','kiraz','kirazlar84@gmail.com','af9b788e699917a384eb52cee1ef401a:3EY8Hc0lw9JD1tatmG9AvujKy8oAOht6','Registered',0,0,18,'2010-07-09 09:44:39','0000-00-00 00:00:00','','\n'),(208,'maimecha','maimecha','maimecha@contractor.net','8ed4ab67ce07d0be46e9c8ad683a33f1:UUaHmGbjj67xjs1upnbamt0sKKIdQ8qd','Registered',1,0,18,'2010-07-09 16:28:18','0000-00-00 00:00:00','8e80431b5bdf15eef04c7f402cd501dd','\n'),(209,'Mehmet Tarik Can','m.tarikcan','m.tarikcan@gmail.com','3a245480011835bdff8df7c930febc33:HgJ3NhETWkC0mj1ebzEVJoGsebvaO0zf','Registered',0,0,18,'2010-07-09 20:49:22','2010-07-09 20:50:44','','\n'),(210,'Madeleine Arslan','Madarslan','arslanmadeleine@hotmail.com','babf5be9723e2dafdc42f89f7637c098:nHRlhZxliXt84Q6Ht0UxBHOrw8PKFAc3','Registered',0,0,18,'2010-07-11 09:05:51','2010-07-12 08:40:55','','\n'),(211,'Givre','Givre','Olivier.Givre1@univ-lyon2.fr','3254ec8576c9ee55601dde8e345f487c:Q2Hf6nr7taY7squFyIxl5UwRNcyTvvvv','Registered',0,0,18,'2010-07-11 10:15:02','2010-07-11 10:16:38','','\n'),(212,'zadrotov','zadrotov','bob.xujlo@yandex.ua','63bf3cc73d57c50163045c227b2358e7:BeiDvuEcjH7UMmMAc63Gun5ST9FIZNPO','Registered',1,0,18,'2010-07-12 15:45:06','0000-00-00 00:00:00','fca7c68a4caa7981f5d58579a7577ff4','\n'),(213,'Beyza','beyza','tolgab9@gmail.com','dfbf2b2acc35ab6e4b8fff4230b94a5e:Yx0w4pLlwq5W0shsFR7iNUIZ4stE1eDf','Registered',0,0,18,'2010-07-14 00:35:33','2010-07-14 00:38:48','','\n'),(214,'KEBAILI','Akim','akim.kebaili@free.fr','bbfa8002894542a070e4c9fcbb9e61e7:82WzOxb6UY5FOApgPmxm6vChwlbXoXy0','Registered',0,0,18,'2010-07-14 19:44:30','0000-00-00 00:00:00','','\n'),(215,'Roques','NR','nathalie.roques@gmail.com','2c41b1c731a419d1879ca35c5c8a071c:JqQSTd8Ag7o9eNQuDhJPXcf2aXzsE3D5','Registered',0,0,18,'2010-07-15 10:22:39','2010-07-15 10:23:24','','\n'),(216,'DrypeNare','DrypeNare','bamuzafi@wp.pl','b79abb5cd170e255c694af2424176753:xa8e8uNbNc8kTLp03Bbd1wallE9gkCkz','Registered',1,0,18,'2010-07-20 18:17:35','0000-00-00 00:00:00','887c99ced164e29e29584f500dda4311','\n'),(217,'poutot','clement','clempout@gmail.com','ac4f16170eda416279f73b58abe5652f:j6yRN8XUsWX6tK45Nkd1nd5OAD7OYpGc','Registered',0,0,18,'2010-07-23 11:55:46','2010-07-23 12:01:34','','\n'),(218,'ISMAIL MANGALTEPE','mangaltepe','mangaltepe@gmail.com','af8e6eb85708122092f7cc01a57a5660:O2cFKqfkkBD58uHsaP0WOXpqj22a3WNJ','Registered',0,0,18,'2010-07-23 19:44:31','2010-07-23 19:46:43','','\n'),(219,'Zeynep Sencan Altinoluk','zsencan','zsencan@hotmail.com','c7e420bb4bb7d9e7c75f76394df8a51b:l0lq7PuJTV1tGEPbsvLhxExxJq3Cm0hB','Registered',0,0,18,'2010-07-26 08:59:35','2010-07-26 09:07:21','','\n'),(220,'SOYAH MONIA','soyah','soyah.s@gmail.com','86a696cd06fb07e57fb58bc6caeed655:0M1bbHo7IIj5GLinQtpHdO9wcp3LsA88','Registered',0,0,18,'2010-07-28 07:40:51','2010-07-28 07:44:18','','\n'),(221,'mariavsxlopezs','mariavsxlopezs','mariavlopezz@aol.com','076bf01b4bd8084ef2c2e632f3804d65:MrNjwqSej5FweibvbRIiTIvq58nTXvCl','Registered',1,0,18,'2010-07-28 17:12:58','0000-00-00 00:00:00','1890fab5313b5a8ebd81a1948c6554cd','\n'),(222,'Aviation','Aviation','aviation_2010@mail.ru','393bd9ba0eb9585961ffd07cbbf225ab:NgVrzvPfYoHcQvsiuQZH5wlx7iVxadUI','Registered',1,0,18,'2010-07-30 09:01:46','0000-00-00 00:00:00','ed36f8dfdda92d9813def9601cdd2fd2','\n'),(223,'daihatsue','daihatsue','daihatsue@gmail.com','6b2c1522f55adb89e76959cee7e23c51:RuBKWSYTzA1cBNUz9APk9T86vSZaTakt','Registered',0,0,18,'2010-08-02 04:30:49','0000-00-00 00:00:00','','\n'),(224,'Cewengive','Cewengive','yazapple@aol.com','502a6e82c66414bb3e9411b161381ab3:IzcqCUugTN3VgSld650PYMLR91ElkwEQ','Registered',1,0,18,'2010-08-05 06:32:36','0000-00-00 00:00:00','4bac2a1402db8a080853c423592cf1fc','\n'),(225,'weddingplannerlxycuv','weddingplannerlxycuv','surferguy667@gmail.com','f82a17d2da092d885e0d57d279c307f7:DDBLyT0csxMW7uVOjcG0CE0u7GWZdDla','Registered',1,0,18,'2010-08-05 11:12:28','0000-00-00 00:00:00','f020be5830c1d92e65247f5c87e9c745','\n'),(226,'jamestgnrune','jamestgnrune','jamestrune@aol.com','18a9d9a2a45a991be8d14a9dd2b327ac:5CbyIe6H3quJwYbSPZkvVrSscTJiPbaD','Registered',1,0,18,'2010-08-10 07:44:40','0000-00-00 00:00:00','3d81523b88531ebe8b5fd737653e68d6','\n'),(227,'Futtatomi','Futtatomi','nelliestore@gmail.com','914af578c0ab08abe2e2fdc4afe12535:vl3VB9E2V9sdWHucbZqJffQt62vl8Uea','Registered',1,0,18,'2010-08-11 22:51:13','0000-00-00 00:00:00','449cbd87cc24834d546df6866e5d8ab5','\n'),(228,'Excarkalk','Excarkalk','dayal@srijanbhumiinfotech.com','a69473bb891518f6c40cbd429ec59887:OEqXOieN5L7MshcBKjNxhRGJ57gTWfcQ','Registered',1,0,18,'2010-08-12 06:32:31','0000-00-00 00:00:00','a43f7011025507dc63d9a4033a4a1154','\n'),(229,'LAVAL','Benefactor','lionel.laval@9online.fr','dcc2f4a904de3e5cacd421309edc2c76:mMuCEUqS1sdqweAZJdWGUbHvR0n77YQA','Registered',0,0,18,'2010-08-12 11:44:01','2011-05-05 17:59:42','','\n'),(230,'jessdrthomasg','jessdrthomasg','jessdrthomas@aol.com','3ecb88d2ab1eeaf87b513160daa8f0ef:zpLeXZuHI88BDQBJestXirYtbdOsuqID','Registered',1,0,18,'2010-08-13 06:46:45','0000-00-00 00:00:00','bf32defdc6ec14619dc9915a83975442','\n'),(231,'Vabamburb','Vabamburb','feetplant@gmail.com','4140991ba7b00edc78db59955aec596f:eUzY89Mooxe3UrPvnJlAUrlszHpnEwBM','Registered',1,0,18,'2010-08-14 20:37:07','0000-00-00 00:00:00','b69d96cb8b30f6b9c485c784d68ec499','\n'),(232,'Thisditte','Thisditte','admin@hotel-zk.lviv.ua','617d5fee579c895fa85ceca9b48037b6:hdi3gn6frHr5Q6m6zw702vH1AsR8B81t','Registered',0,0,18,'2010-08-15 03:45:01','0000-00-00 00:00:00','','\n'),(233,'Asena Bastirmaci','Asena','asenabastirmaci@yahoo.com','9e669a4f05400ff3987d0a29f4eb4457:xGGV7S0mYzpApDYOS0iLLtTi9lOwNFNd','Registered',0,0,18,'2010-08-15 21:58:06','0000-00-00 00:00:00','','\n'),(234,'Feeeguz','Feeeguz','xvfhjk@mail.ru','93ebd3d72e3b6f965a136b58b2f20051:plKohOdsdeHfjkOqFLhMTZJAKXnrYALx','Registered',1,0,18,'2010-08-16 19:20:49','0000-00-00 00:00:00','786caf8358d21126811030cd245ff528','\n'),(235,'RetefoekPat','RetefoekPat','alenka@googlbest.com','36f65306e315702788a5dd87a29676a6:IYlmlCgBwRttBVkAFYrwrRah7gbX7Vhi','Registered',1,0,18,'2010-08-17 20:53:11','0000-00-00 00:00:00','838b5cbbebfa0b71cbe64f21e2fc4750','\n'),(236,'Avtomoto','Avtomoto','avtomoto_2010@mail.ru','b59b6e69ff1dde4fcff99762fae22f4f:bBFzkrYbdmLnVTxFKePvjetaZFWiPEf6','Registered',1,0,18,'2010-08-18 07:36:38','0000-00-00 00:00:00','156baf2f32bed5553ee6dc866b3db5d3','\n'),(237,'Eretlyreamy','Eretlyreamy','sigeofe@gmail.com','eec368a4d995b379b2d0d997189c135d:cxuIqC23dxQZWZKMJGPaKUifImOCKtxK','Registered',0,0,18,'2010-08-19 00:29:37','0000-00-00 00:00:00','','\n'),(238,'animaleriechien','animaleriechien','c.a.l.l.ingstephenmartin@gmail.com','82c63d9673d36c815b85004d1a8a916e:hchafjISXIfc5YDn0g2LgcPqeExaDWra','Registered',0,0,18,'2010-08-23 00:53:24','0000-00-00 00:00:00','','\n'),(1038,'diliaTaumlar','diliaTaumlar','grccarlos55@gmail.com','3487a2747f4f93de19bf4d0dd3d42300:VR7vWgwvMZeTjMXg5BY6F1TOsF05IO4H','Registered',1,0,18,'2011-04-26 11:57:05','0000-00-00 00:00:00','fb4419250f395acea58ae867ebafcbb3','\n'),(240,'NikkyRuNg','NikkyRuNg','pellinglodka@gmail.com','64da477355271d802cf82de234cc3240:EbTCs62zIkeL6irbXIAc6kZhm7QOLvFO','Registered',1,0,18,'2010-08-24 17:33:28','0000-00-00 00:00:00','ba4b0850693171dfdff0fe87e6fae4c3','\n'),(241,'BoBaddibu','BoBaddibu','kwassakwassauh13@mail.ru','cfd794725b8a6c4891a2d4ca05947120:M0hOUtWlIripOmu5B6UDRzXkkKKJhX3d','Registered',1,0,18,'2010-08-24 21:39:03','0000-00-00 00:00:00','0e833b20a167198014abfd100e35b0c8','\n'),(242,'Jaissatreag','Jaissatreag','bawpuawu@gmail.com','5df93e4cb90ce4e2e62a1decf89032c7:R7VpyEPgCDqPjEs35NdKacC3NS8VnbAD','Registered',1,0,18,'2010-08-24 21:47:39','0000-00-00 00:00:00','c902f33cfca8abc5ed73a2a52f5ef975','\n'),(243,'Spentyarraply','Spentyarraply','prokandriy@gmail.com','da1aa0691a58ab59144d1b07eff7ff4e:vwMrzeGkcoAHwp45ExKOPcSXjltfOfOY','Registered',1,0,18,'2010-08-25 14:58:56','0000-00-00 00:00:00','0c78332978c8f55331948910057d592f','\n'),(244,'oriddilillods','oriddilillods','st.evenl.e.e233@gmail.com','872fa6ab7898c155589541c04ce95875:WITpvT1Ax8r0ADnpddthwogzkrjMMTND','Registered',1,0,18,'2010-08-25 22:10:45','0000-00-00 00:00:00','4b1b76d31685517b224ca2306d98e3a1','\n'),(245,'Priernenteday','Priernenteday','mjack@treehuggerservices.com','cd5ebaf3560927106d69d13d3f4cf026:pC2hoRMNkEbYEFZry14WOmpfJZRM36Mf','Registered',0,0,18,'2010-08-26 16:28:48','0000-00-00 00:00:00','','\n'),(246,'Forget','forgetb','forgetb@hotmail.com','ee9edbe43dec24241c28c9245334e332:hxYz9i1nYMtpr6joVee6XuoauJXNYLel','Registered',1,0,18,'2010-08-27 09:23:56','0000-00-00 00:00:00','7b82a78fefe200f5c49cb43e6a6b7215','\n'),(247,'Laura Anania','Laura Anania','ananial@tiscali.it','c4c603bb4669b4f97452daecd600f7e9:bBWa1yRcuQRvWsbg19DwFNTGWK4aqVIO','Registered',0,0,18,'2010-08-28 15:05:43','2010-08-30 15:01:21','','\n'),(248,'AntuanettaGames','AntuanettaGames','vatslavocitudib@yandex.ru','d7cb6ec581731118aaab331ee20a4b4c:4rfYEGp6GUPVj9Qns9YkFqKFjvUz3hc5','Registered',1,0,18,'2010-08-28 15:25:53','0000-00-00 00:00:00','9111a1751b09b13a91733b45b8ba9c3c','\n'),(249,'Fedlieboone','Fedlieboone','alfredzabas@gmail.com','a3ef309646eccf403990c72b8d98d5f0:Gs7dNSfGqqr2fbVLWN7dQVxoiIJLtjMs','Registered',0,0,18,'2010-08-28 19:42:56','0000-00-00 00:00:00','','\n'),(250,'monsieursmondou','monsieursmondou','c.a.l.li.ngstephenmartin@gmail.com','d2f62b01622f646006428a42617da4e5:unk342fVOWkypFThkes6kJkfDs3vrp5L','Registered',0,0,18,'2010-08-29 04:39:28','0000-00-00 00:00:00','','\n'),(251,'Blenibiadeawl','Blenibiadeawl','st.e.venl.ee233@gmail.com','a8ec1c26f10dfa61e4ee9dd258097694:V8hZag7qc2l7bWGRcWLhUws0oA8KF1O9','Registered',1,0,18,'2010-08-30 02:27:15','0000-00-00 00:00:00','bbbdcb7af54601cc93196d3d425d37eb','\n'),(252,'mmesalondecoiffure','mmesalondecoiffure','c.all.ingstephenmartin@gmail.com','20f98c47e8cb3cac8c006ca5c22f8fcc:IdXMvlbpXgdCKBOjyfhCx1dcHFWbo0bC','Registered',0,0,18,'2010-08-30 06:45:00','0000-00-00 00:00:00','','\n'),(253,'jinkifeoscife','jinkifeoscife','georglap100@gmail.com','96dfed01a054e3533027ab63f03c262d:5oYYJEyTantnKQN280kYAEY5WJPRLpFa','Registered',0,0,18,'2010-09-01 23:04:32','0000-00-00 00:00:00','','\n'),(254,'PAcecila','PAcecila','allasebostyan@gmail.com','9ff9c8cb3d46a0114bcacb74d68fa54f:KZA0hcpHz4IfemgF2JheYndAaWWSWzzu','Registered',1,0,18,'2010-09-02 09:06:45','0000-00-00 00:00:00','356d01cf930de62e1a15b8f10cb4f46a','\n'),(255,'excavationfondations','excavationfondations','louispaul@ixl-media.com','ffdf1d3200c452b1915af478dddcb18f:n6LqpztKY5axJvECEWFAhFoPPpf6j6pz','Registered',0,0,18,'2010-09-02 12:30:13','0000-00-00 00:00:00','','\n'),(256,'dorvena fedy','xfire','fedoo56@yahoo.fr','58d7e44ab72d8dc928a4a5011cee8814:CoSCMBTla5LH7uMYsAo3OqhudA8mOLEh','Registered',0,0,18,'2010-09-03 18:24:14','0000-00-00 00:00:00','','\n'),(257,'Jajkossuper','Jajkossuper','mjaworski81@gmail.com','9805be637d3b4ab2e28d40a367fba359:pJvAB7Qsi6WhHabmGWkDidScEQe07fb4','Registered',1,0,18,'2010-09-05 07:26:32','0000-00-00 00:00:00','ca721f43c41679b889f346d0e924364c','\n'),(258,'begum','bgksay','begumsavcin@gmail.com','c0aee0050d9d60d3a428685f058e92e9:Y3nCjZXHAmFYHJubJDSoFpu8JhD2Wo02','Registered',0,0,18,'2010-09-06 11:11:11','2010-09-06 11:30:07','','\n'),(259,'Balim Sabrine','SabrineB','sabrine.balim@gmail.com','cf469c34d65fc86b3a074ac59d11caca:Pccx1wko7bFRwzBafNU2ULHv8uBkKlcT','Registered',0,0,18,'2010-09-07 12:37:20','2010-09-07 12:39:12','','\n'),(260,'Jean-Paul BURDY','Jean-Paul BURDY','burdy-dubesset@wanadoo.fr','4940a27acaf75c5eeaa31a58ecd889ac:oHQ4m5Mj2DdX2ixdaeohPJVwFOhAEAvJ','Registered',0,0,18,'2010-09-07 13:46:20','0000-00-00 00:00:00','','\n'),(261,'MadzialenQs','MadzialenQs','nowoslawska.magdzia@gmail.com','aed796f157d37bfe3c869a0a08ab6092:GGJuyVm2IJWVzooKGhYodBrtY9yZMm9J','Registered',0,0,18,'2010-09-07 21:46:14','0000-00-00 00:00:00','','\n'),(262,'campingantipolis','campingantipolis','campfn288gn215@backlinkfactory.fr','9f965acd73fb13fc38eee8ffeec6de62:zUFUAK4jRbvxCOElKm7RtFwDLlOqdJcp','Registered',0,0,18,'2010-09-08 00:17:02','0000-00-00 00:00:00','','\n'),(263,'ilistencs','ilistencs','smithandboyd@gmail.com','175d5f957e281f72a717ef2ee075a6e3:Z4gYUi6LuGsRNOWFTluUFFoVkhVkuRs4','Registered',1,0,18,'2010-09-08 03:19:26','0000-00-00 00:00:00','11144f02b54859997b9fe07678422b80','\n'),(264,'blildideops','blildideops','Imitletelty@meyzo.net','a6d55bd359ed09667a6e2883c7e7d540:dGdY26ugXGRVzMIJ7J898V0jDvuJxQSP','Registered',1,0,18,'2010-09-10 01:15:25','0000-00-00 00:00:00','59debeddf29debc44ac30361b08aa1e4','\n'),(265,'couvreur','couvreur','e.x.ca.vationfondation@gmail.com','396154254a3ee3a5d88f4589a0fa9eb7:DgmT1OpiEwJiYbQxGvShNMoyXuS708kX','Registered',0,0,18,'2010-09-11 14:16:30','0000-00-00 00:00:00','','\n'),(266,'Actiftaceri','Actiftaceri','ryrjtykrftul@gmail.com','1d0a43c29fe2b55c15e2c011b914143a:wos0wZrzr71OTZEJC4lyGnrVBMIMEN5c','Registered',0,0,18,'2010-09-12 03:20:10','0000-00-00 00:00:00','','\n'),(267,'ysoapua','ysoapua','ashleyminor378@gmail.com','6d56659d3498f387dbbe3fe542f5444f:zAbWNlX0D8675rhLnvQOkTpKO1Fp0oOG','Registered',1,0,18,'2010-09-12 03:50:15','0000-00-00 00:00:00','f29b9d0b46512a24d91269a80c2011af','\n'),(268,'awningrn','awningrn','asdas12312sadasd@aol.com','15df6eefe908d4e355fc636dc234964a:orqFhse4k43QFcGEc6kA91l8NL85yqwy','Registered',1,0,18,'2010-09-13 02:24:42','0000-00-00 00:00:00','4f25b96513b2da8496a317ea127d509d','\n'),(269,'DatingirlsSexandboys','DatingirlsSexandboys','andreypostokov@gmail.com','010a53159b9142df52ccb68efd30882b:jelsQsRGxSelWOoA3AfVXq2gtCIkbY1N','Registered',1,0,18,'2010-09-14 08:15:59','0000-00-00 00:00:00','80139509f0fedd67b4652689cfd94580','\n'),(270,'Glyclebedibia','Glyclebedibia','prahsh.a.z.y@googlemail.com','db330aa17436bcb0c27a0b90c74e9ec9:XNSU2GmBSgSVDwFGrPcvZbd4DPEvQ8b7','Registered',1,0,18,'2010-09-14 08:17:28','0000-00-00 00:00:00','84ec71ce4aa69a1e93aa1edd80eab402','\n'),(271,'cenpseuct','cenpseuct','info1@pc-titan.de','9a9f59730d6e148c024d0177fc16d4fd:a5DAAeaHWKdjyFCZFTP0r7AJTXZLUB52','Registered',0,0,18,'2010-09-14 11:58:06','0000-00-00 00:00:00','','\n'),(272,'Feewteexdon','Feewteexdon','lugovoiy@mail.ru','9fa1f7052aaca97cfb421d54ca30b30d:1tbAMVkLVM8HCGdMYFY0OffVy2nd09im','Registered',1,0,18,'2010-09-14 11:59:40','0000-00-00 00:00:00','6467cae614df4647af0354fc5b35a78b','\n'),(273,'expokBeks','expokBeks','foeybdmwo@popermail.co.tv','3f95bed143348c0939bc42ed4c7acf15:YQMlpA9hEFmbS68r8NUsBIF877MXtPNK','Registered',0,0,18,'2010-09-14 12:58:47','2010-09-14 12:58:53','','\n'),(274,'KOalidfbu','KOalidfbu','nagonao@cmoki.pl','f99dd16d1899adfed48eeef5602fdef5:qGNwly8YGPBUBJTJ2TfdirHCLQQhr38d','Registered',0,0,18,'2010-09-14 15:17:00','0000-00-00 00:00:00','','\n'),(275,'Anais Lamesa','anaislamesa','abcdzd@gmail.com','e315f462198115cde68289107b50c8d3:B9pOClzAc2vbkEUenjjyz3Xvd0IWFhij','Manager',0,0,23,'2010-09-15 06:24:47','2011-08-04 14:42:19','','admin_language=\nlanguage=\neditor=\nhelpsite=\ntimezone=0\n\n'),(276,'Benoit Fliche','benoitfliche','fliche@gmail.com','7298da7591cd7a1e3fa62bffa0a77b8d:13jV0EF0U3vfSHwCMpaizS1Dr7CLg6u9','Manager',0,0,23,'2010-09-15 06:29:31','2011-01-03 08:32:37','','admin_language=\nlanguage=\neditor=\nhelpsite=\ntimezone=0\n\n'),(277,'Isik Tamdogan','isiktamdogan','itamdoga@gmail.com','fa177b6f3ccfd0801e6f2faaead13834:Ihfmd4WSKBeIaz7PJGl93E1EfuGAYiWA','Manager',0,0,23,'2010-09-15 06:30:58','2011-01-12 14:29:21','','admin_language=\nlanguage=\neditor=\nhelpsite=\ntimezone=0\n\n'),(278,'Elisa Massicard','elisemassicard','elisemassicard@gmail.com','d0299cc55aae8ca0674f544645cf2867:VXD9bm8NPsLHEaWO45BXaOqZ6HuhCNfV','Manager',0,0,23,'2010-09-15 06:34:33','2011-09-23 15:24:34','','admin_language=\nlanguage=\neditor=\nhelpsite=\ntimezone=0\n\n'),(279,'KAlifabus','KAlifabus','lulilulilaj@10g.pl','b437064ef1ee21a79bf42f2e401bdfc7:7l6aPJRKZuupZW20ifJWEjAE6pqFzgJt','Registered',1,0,18,'2010-09-16 03:49:36','0000-00-00 00:00:00','72d82333b479f36425e4ff66c196f1f7','\n'),(280,'mondou','mondou','mondou.chris@gmail.com','ab48f3cedbeb6760325a530c1566d71f:KpTB6mFoHYdZnnmldBJge6YgNQgTmeUa','Registered',0,0,18,'2010-09-16 09:53:45','0000-00-00 00:00:00','','\n'),(281,'beickywibia','beickywibia','viola.franvi@gmail.com','c1506de7aea0e4b61fc59ff2c3dcf46b:Dba4h2UtmG2zJ0Pcied2Op5ExrrWAmvx','Registered',1,0,18,'2010-09-16 13:47:04','0000-00-00 00:00:00','c09162745f49d134e5402c14749d89ad','\n'),(282,'Cafpaydayvare','Cafpaydayvare','promomehc@gmail.com','5f1ee4dc00bab8f8811c6ca6113e6afa:AL1RYsXM8EnHj6OWVPJUE1dS3CbWea1k','Registered',1,0,18,'2010-09-17 09:50:51','0000-00-00 00:00:00','f291309bd2fbf071aca13737945777ec','\n'),(283,'trassaree','trassaree','kuweitmott1@kanavamail.info','337dbec162f8fb096c96f1d48d46424d:ZdhIZF3lEcRWNHZmiFImIJ9EEaEmkKyi','Registered',1,0,18,'2010-09-17 17:34:00','0000-00-00 00:00:00','923b33a1c7eaa19d4d89fcad8f720ba5','\n'),(284,'ridgeWeip','ridgeWeip','kowka.tac.ha.patrycjaka@gmail.com','5c7c3a046655b44823a21ac7459432d1:JWhtkC2iMSUyzWgdTPwiwubfPxgZk4C6','Registered',1,0,18,'2010-09-18 02:11:15','0000-00-00 00:00:00','31ad57254f467566d0d65307d98f2941','\n'),(285,'zadrikovzz','zadrikovzz','zennodrocher@gmail.com','63e7781cc30329b0f143675e9d9ee4a2:p2UgDFArVhCnvS2SXqscVxapz4waLU1t','Registered',1,0,18,'2010-09-18 02:56:36','0000-00-00 00:00:00','4194ded377978451617e1f823754d9d5','\n'),(286,'toroCroxeasef','toroCroxeasef','co.r.e.ya.c.torc463@gmail.com','4d2e1bc3573b4d9a014fbad3ac7e3911:0ZYs8lUzD7sHfRFakjfLG0tZVWwGyJvc','Registered',1,0,18,'2010-09-18 04:34:10','0000-00-00 00:00:00','74da1a3ea6db0d2946ecb0992c871634','\n'),(287,'smaccesee','smaccesee','mesagetting@gmail.com','6435baf3348313e0900dabb218a7286e:3cYV4xl7VAxjYO8jrm9UIAzNILhehhXN','Registered',1,0,18,'2010-09-18 23:11:33','0000-00-00 00:00:00','e0f6ccb43be5b325f2cdc0e293b9d74c','\n'),(288,'pohertez','pohertez','faynobble.s@gmail.com','9481ccf14ef3d3bc933455b4553702c8:ufpU7nEEp2QiMTW8wVz8MhuH40Oa7982','Registered',1,0,18,'2010-09-19 01:24:16','0000-00-00 00:00:00','e03b346e1d132b4db161915b0d7dd1ad','\n'),(289,'Sissokunxisaa','Sissokunxisaa','delilahzimmermann81@gmail.com','e46eb80fdd63535d725f77d83468c102:FzmxuAIXCfswXzN4kOzRiWoFssmCeasK','Registered',0,0,18,'2010-09-19 03:14:17','2010-09-23 10:22:32','','\n'),(290,'cartradecars','cartradecars','cline.brain705@gmail.com','d016ff953f79e22cb0a3ff313f7dbf07:1yflsEihmpaFavLrQ2PvWpS5knSbAKB3','Registered',1,0,18,'2010-09-19 15:38:26','0000-00-00 00:00:00','414e85afc0bc8ab8c1d3cedd993095ce','\n'),(291,'Lictawlcilm','Lictawlcilm','odecego@gmail.com','f6315d058920edce0657635496bc7550:7wxX5vEb6KJ83mvoWBCiNKjBHCYACesT','Registered',1,0,18,'2010-09-19 21:01:39','0000-00-00 00:00:00','ce11c8538480a5adaac4eb4a6f372ebd','\n'),(292,'PARIS Julien','julienparis','jul.paris@gmail.com','68bbf923a822a87cb58618f1383200a1:V0UV5MdDN5JXSc9YZC492920HVVUKfpn','Manager',0,0,23,'2010-09-20 13:30:12','2011-09-26 14:57:47','','admin_language=\nlanguage=\neditor=\nhelpsite=\ntimezone=0\n\n'),(293,'Getdymnvede','Getdymnvede','lamarcams@stylebrand.com','9f78bfeea0d00ad0c1b766811518bfcb:UZfRZt7ifPqc0srZyEsEHPHpGR4wBuXe','Registered',1,0,18,'2010-09-21 04:40:49','0000-00-00 00:00:00','afffa11715658813ec1a6da367404210','\n'),(294,'Priomsrip','Priomsrip','fegmiz@gmail.com','151da83ac906c3e6181fdc4d9ebdbc28:GH9ywFvDl6YBU69PuVylPPfcuMUekIH7','Registered',0,0,18,'2010-09-21 10:18:15','0000-00-00 00:00:00','','\n'),(295,'Robin.Apfelbaum','Robin.Apfelbaum','analastanka@pisem.net','c100537e7776ad843ecd504f43a0f641:Wxrx8S1Z9dE1wshhcwsT3UGz4biEaqeA','Registered',0,0,18,'2010-09-21 17:11:57','0000-00-00 00:00:00','','\n'),(296,'Tony.Cromwell','Tony.Cromwell','auslander@mail333.com','b6c5ad1c513adfa8ce2ac263c1bc2a56:auhIGXi1IZapuHeFhUTF54o3Jsf00oaf','Registered',0,0,18,'2010-09-21 19:09:34','0000-00-00 00:00:00','','\n'),(297,'peabfoole','peabfoole','ivankoloma@gmail.com','792719c1e3cc9b7be3de1369e372d580:It7JxzXVZgXs5BpxILfflOjbZj8paElp','Registered',1,0,18,'2010-09-21 22:50:51','0000-00-00 00:00:00','b4cedb74bcf7a31848c574da686280ea','\n'),(298,'Cilia Martin','ciliamartin','martin_cilia@yahoo.fr','730528cbe4ed0e0a63b306388160441c:belUot7Nldl61Gvf0LrrJdHF16v05mvH','Manager',0,0,23,'2010-09-22 07:23:44','2011-05-19 09:27:10','b95c07bbbfa3a31cef90379c1147f47e:$1$26ab3c00$','admin_language=\nlanguage=\neditor=\nhelpsite=\ntimezone=0\n\n'),(299,'LAMRHARI Loubna','loubnalamrhari','loubna.lam@voila.fr','e00a001db49e3986192c9313c74702ab:CBzcZ1oCuQGlLDDHJHWR1bk83lvM8YjR','Manager',0,0,23,'2010-09-22 07:47:35','2011-02-23 20:30:23','','admin_language=\nlanguage=\neditor=\nhelpsite=\ntimezone=0\n\n'),(300,'incaviche','incaviche','wilson.casey2@gmail.com','b9765cd25792981bc9173b167bd271ac:GbmAUEPlkKSy659vZutKBuYb0OFwxjoJ','Registered',1,0,18,'2010-09-22 21:06:33','0000-00-00 00:00:00','43c782db00a208bd5a5cecada8a11eb2','\n'),(301,'Astentisk','Astentisk','godefastriplofg@gmail.com','f9108c5cb0c39a6ae4a4e7c111e70ed3:S2mZ0uA6kbrPfT5eTmCSz1pcccnKDJrI','Registered',0,0,18,'2010-09-23 02:39:38','0000-00-00 00:00:00','','\n'),(302,'Exolarlratt','Exolarlratt','web@my7ya.com','28dc58474230c6753c91dc0c5f2835f5:mQ1VGzTWlSsGfO1Qd7lJDADOi2cU2Mws','Registered',0,0,18,'2010-09-23 05:55:15','0000-00-00 00:00:00','','\n'),(303,'Gulsen','gulsenozaydin','gulsenozaydin@yahoo.fr','b7761dc7326f999374669371d3ad9c0c:Hhc5ozYefAokDlWJ5Or4YI2uHVJQmmmF','Registered',0,0,18,'2010-09-23 06:56:35','0000-00-00 00:00:00','','\n'),(304,'CipMarlireCit','CipMarlireCit','herbsmithnew@gmail.com','86f26233b0c53f0c854b7354921ce8de:k0ohaoI0j5Sov3QBYQ72VupZGolacNgU','Registered',1,0,18,'2010-09-23 08:48:03','0000-00-00 00:00:00','fb588f4e90c93d03dce97e78ca7bf8c3','\n'),(305,'yinsectwo','yinsectwo','susaninatx@gmail.com','98a71f8ea5845aa507e9edade6c99dfd:chvmAAM96fyqZ1PKwimD5cnNORA3Fiz1','Registered',1,0,18,'2010-09-23 17:44:17','0000-00-00 00:00:00','a73ffcd7c422b187adeb333b8324efec','\n'),(646,'nalmeva','nalmeva','rusmail18@mail.ru','ea610933ad4f44325422c7d61764ac6c:YW7kElRraYhnijm0gBwiFEtRV2YM9Ggm','Registered',1,0,18,'2010-12-22 22:51:47','0000-00-00 00:00:00','f8746722ac224b0df86dd92755e86f7a','\n'),(307,'ReabeMero','ReabeMero','mailz@naturmed24.com','a1de6e785755afcbbc1452baca7012db:mylYzwXDNijKE5imGdnK1B2Y1JhvfWJ8','Registered',1,0,18,'2010-09-24 05:36:35','0000-00-00 00:00:00','c9eb99c1d8b3d6593545e80250caa8b1','\n'),(308,'ConnieLoweTileGuy','ConnieLoweTileGuy','connielowe569@aol.com','6bbc250bd2bdfbae02b6905de96087a0:reR5WiSP74W6o6Sm0V06YZ1owBTHOmDb','Registered',0,0,18,'2010-09-24 17:03:43','0000-00-00 00:00:00','','\n'),(309,'taxmoraelerty','taxmoraelerty','triksopedro@gmail.com','21deb9c670a5ea1619b3ff180ea97b58:W6I5mrJyhgqTmsVhTvHpwrVi2KH2sPht','Registered',1,0,18,'2010-09-25 04:09:16','0000-00-00 00:00:00','17decd901590aca6852ee0623a26998f','\n'),(310,'Beff.Bulsaraq','Beff.Bulsaraq','boogy-voogy@mail15.com','5cfb13b88b75eac9852ada3fa6a3f0fe:jGVK4QjmVqgrlToCHG5cuNzmaRM16w6M','Registered',0,0,18,'2010-09-25 05:09:02','0000-00-00 00:00:00','','\n'),(311,'Universalresopot','Universalresopot','alisakyzma90@gmail.com','5b9f87f1775dca5bafcabd8773d5739e:iLMBxMZD0qZkuReoRjqJJqJHDPMt6OPa','Registered',1,0,18,'2010-09-25 05:46:07','0000-00-00 00:00:00','1cf6c59adac5b124f91e905241795d94','\n'),(312,'cymnAssenna','cymnAssenna','trenton71michael@yahoo.co.uk','8d78bbde0b81b0b4208a5e1ec1c49284:3yAqdV1yYYNua8GIdbpN3grMaCVZCmRP','Registered',1,0,18,'2010-09-25 06:30:26','0000-00-00 00:00:00','cbdb6a821caefd6d32f96826d71f6e50','\n'),(313,'JamesPKVd','JamesPKVd','bilbaobpvc@aol.com','79980bd3cba3f6b36dbe1580d91caf1c:RW6oaWcvjQIQcnlx3wDpUidKpabsFlQ1','Registered',1,0,18,'2010-09-25 11:47:58','0000-00-00 00:00:00','0d8b0cf996b70e58d246177a0e52698a','\n'),(314,'TicrowOwnence','TicrowOwnence','verestonkled@gmail.com','f67faf28967e77ebd6481e1e12ccc156:JF2jDXpWsFTCMPM2j0HjDuMQToi5cDTK','Registered',1,0,18,'2010-09-25 14:04:01','0000-00-00 00:00:00','a72612655235e4f71278fd68853380df','\n'),(315,'SamantaPalasola','SamantaPalasola','yuriyserov@gmail.com','579247e399f45bf84b659152a11c4f96:UF1YJzw41WuXzWa76LZi6OwkVqWDLXnt','Registered',0,0,18,'2010-09-25 16:11:13','2010-10-04 02:34:48','','\n'),(316,'IssuCentsweamma','IssuCentsweamma','prohorevnakrutkin@gmail.com','26ee57d432ce7e183c58a2bf498fbd34:G692St7tLxecbgU4iPWPuRPvXIsh3ubs','Registered',1,0,18,'2010-09-25 19:50:38','0000-00-00 00:00:00','3c1505e9b6288da778c86e963f31c099','\n'),(317,'Tefobsest','Tefobsest','gelteldemedly@gmail.com','b19a8e4189ac0bcb22bc06902c99ccd5:9srRiGKlfmkGbLO90P0xngYElQcZIgUQ','Registered',1,0,18,'2010-09-27 11:33:32','0000-00-00 00:00:00','fc62beee4e5fb0e4a5b1e42e4e13e41a','\n'),(318,'Atorgoten','Atorgoten','varda.misnov@gmail.com','982e1e895ff138e5b7ab709a82c5532e:SmRv4ErFj8JMWWmKzL57bRDVbReti1fd','Registered',1,0,18,'2010-09-27 12:34:17','0000-00-00 00:00:00','6d0112c685278f019aca44f1f45fa5a3','\n'),(319,'beefaurbary','beefaurbary','vagekop@gmail.com','52ffd549268e7157463ed7c4bc669d23:LnpKjyD9t6WakH56kBPC89qXKIjtJNMR','Registered',0,0,18,'2010-09-28 07:21:56','0000-00-00 00:00:00','','\n'),(320,'Chawayasync','Chawayasync','orelorel@mail15.com','2196ccc37f5c4eafd04166f7037a6fd1:n17eDke3YbQLM6DWKGHbZoAd5TAZoLHN','Registered',1,0,18,'2010-09-28 08:05:23','0000-00-00 00:00:00','714315dfabde9414ce80c07fc412f532','\n'),(321,'scatpeeD','scatpeeD','user101@assaultvideo.net','fc17bb59f0adacb7d43a899147cea5bf:FMIhT9Hlffr478J0eyxJMzCu9vy8lcPw','Registered',0,0,18,'2010-09-28 19:37:11','0000-00-00 00:00:00','','\n'),(322,'Marioici','Marioici','icicage@gmail.com','956a4174e9334b9e972e2f6c1111fbd6:NomSSpxFDDk5Dwzc4ksUDeeG5bUvuzLt','Registered',1,0,18,'2010-09-28 21:54:23','0000-00-00 00:00:00','b9cdcb40a46e12eb9351e488133956ad','\n'),(323,'mylittlegonni','mylittlegonni','mashakognina@gmail.com','c7c02c27d545082af2e9c04ac0f028c0:kxotEicUjhjWkS0sIbzsLPdItV34oKW0','Registered',1,0,18,'2010-09-29 00:00:56','0000-00-00 00:00:00','65258674ee956d6cf83165ef6b835f93','\n'),(324,'Seapplaunny','Seapplaunny','citycentreescorts@hotel-zk.lviv.ua','8141690f7309c37b8e980769a4ea1067:8Wi6c7W1orHxM28Z365NaPWLKGc9bgZL','Registered',0,0,18,'2010-09-29 01:04:33','0000-00-00 00:00:00','','\n'),(325,'Vapatamg','Vapatamg','vapatamg@kenasek.com','de61706367890728093f631ba54ef166:Ot745hzoHtnBmVq7LI7fzDA2AwTB84p9','Registered',1,0,18,'2010-09-29 05:13:43','0000-00-00 00:00:00','0a801b93678b77369773ac01a33c3f44','\n'),(326,'SbbAaLOMB','SbbAaLOMB','nezhinskijjvitek@rambler.ru','d530fc9eeb0de24939164edaf0aec4d0:D1DsH6lwxyzVKXTlZAsjUhmDSl085N1w','Registered',1,0,18,'2010-09-29 09:42:34','0000-00-00 00:00:00','1ce15e39b5c0394977cf6528c4474f2d','\n'),(327,'swibiaCeabeli','swibiaCeabeli','b.elkas.l.a.d.yakk.asl.a.d.kaya@gmail.com','88c4fb4575d2fd8cf77078dd8949c063:mnZsX6l3gF3KC7daNvELaLgE7cm1kEcc','Registered',1,0,18,'2010-09-29 21:48:35','0000-00-00 00:00:00','839fb4b67190aaa02d7848a51f6498b8','\n'),(328,'slattNell','slattNell','rossttaylor@yahoo.ca','5b5ec742051166bc09f0799b86f0f1c8:xMvVr1SfyxxbNZ1jZnKp5VHFTH6eFMNr','Registered',1,0,18,'2010-09-30 00:33:07','0000-00-00 00:00:00','629bbfadc3ea24fcef4ea339351d8ec0','\n'),(329,'nillAugmeni','nillAugmeni','asjonnydep@kanavamail.info','ceddc99f9e7d69e9c1f7763c72dea0f6:1UBNC27FD4LmjeFr9lOk4VtxHEtTxGzQ','Registered',0,0,18,'2010-09-30 16:12:59','0000-00-00 00:00:00','','\n'),(330,'lesalondecoiffure','lesalondecoiffure','m.o.n.d.ou.chris@gmail.com','f4d0170d1a933e499fa2799e2074915f:rRtBFcg3nOulCGxl64nHgK4GVwjMBmnO','Registered',0,0,18,'2010-09-30 17:44:03','0000-00-00 00:00:00','','\n'),(331,'Unioliqualalk','Unioliqualalk','ba.r.a.c.k.iv.a.n.ovich@gmail.com','8215047d70a2603af8ebdc98f3cded49:pWVBmyRQ7yWlnMkLig2rszB8wWj9GXNA','Registered',0,0,18,'2010-09-30 23:14:45','0000-00-00 00:00:00','','\n'),(332,'Thewannemow','Thewannemow','katherinabaxendale@gmail.com','6631ad2c708df838bad2e06053c007e8:5RBWCfP72yM1WvHNuOLgs5Mr6TLZntfE','Registered',0,0,18,'2010-10-01 01:05:31','0000-00-00 00:00:00','','\n'),(333,'Wrafrorgo','Wrafrorgo','avtokalendar@hotel-zk.lviv.ua','9c1d11e0274e50857eb5d91e25b8881c:iIka7JCeHxCCs6S4OBtV6OsJVHLx10sj','Registered',0,0,18,'2010-10-01 02:37:00','0000-00-00 00:00:00','','\n'),(334,'Prof. C. Ugur Özgöker','ugurozgoker','ugurozgoker@gau.edu.tr','1ce78ad9ab6a88c10b008dcefa796990:bA0wfwgJKIGzH54WjQHDxHlPVaoJxiFV','Registered',1,0,18,'2010-10-01 08:29:24','0000-00-00 00:00:00','37e9a605cbfa822a150fe21b0f376fb5','\n'),(335,'cumparferma','cumparferma','vanzareferme@cutii-lemn.ro','697b3a821d1cc479597cb4e0931ccc50:468w7xuaUys98TPpQu4fyWNRXwYLMrvH','Registered',1,0,18,'2010-10-01 16:28:09','0000-00-00 00:00:00','f7b45b392f4e5c671d7bcc051d9f8b91','\n'),(336,'Audisseindels','Audisseindels','k2@treehuggerservices.com','f1b2279efcef89ec11c85aba7fc76b30:qNsmnu7f6OrktafT4wp618mkgL2a9vIy','Registered',0,0,18,'2010-10-02 04:18:37','0000-00-00 00:00:00','','\n'),(337,'BasydayDona','BasydayDona','Goorodomy@meyzo.net','a911033759dd096e22722b394a5f2eac:0Yio7enUba1aKWYTXJQINJC6gL9Q9jE5','Registered',1,0,18,'2010-10-02 04:26:38','0000-00-00 00:00:00','af2fe597a25ab13a833cfcb4a0193b8e','\n'),(338,'Greemyham','Greemyham','stastrendov@gmail.com','b76780d74b10712e86b7338435095488:XnUCkaqu1Wst2IWChqn1mggkwtUCy1ar','Registered',1,0,18,'2010-10-02 04:40:26','0000-00-00 00:00:00','99345271563e57e4af0905b893ab8529','\n'),(339,'creditcardcpmjf','creditcardcpmjf','zenimservices@gmail.com','a4af06e17097a593e8756c19744bc7a9:9fGfpFwc2nbsigKzZXOXxNewLRaPAqXC','Registered',1,0,18,'2010-10-03 01:16:12','0000-00-00 00:00:00','15fe3dbdefa8b88fa363910fe76c07bf','\n'),(340,'Jadouin','Jadouin','mail@453Jadouin.com','6f16dadfd341b81790b6310fa6cf77fd:3JWjnoOFPr738dHRCiNixbr6yVDBatzS','Registered',1,0,18,'2010-10-03 14:27:37','0000-00-00 00:00:00','001c38436021fd95a06abb9547057ce8','\n'),(341,'JeneFackheale','JeneFackheale','miklova123@gmail.com','f2ef5880b1bfd44f6e3815e4a5a661be:QYxqRlYozglAg5HuF4yan1ADqv0KnNmm','Registered',1,0,18,'2010-10-03 20:07:43','0000-00-00 00:00:00','a86c0013334e239daf1c98e96b0323e4','\n'),(342,'Hessepidets','Hessepidets','skaddindisk@abdimich.com','cc85258829f3a063b3e73c260fd4bdc4:kq9sTJCuO49UvOhm2P9sgaaJRS38iYkY','Registered',1,0,18,'2010-10-04 10:25:28','0000-00-00 00:00:00','2ba3900153943854615486d718959a15','\n'),(343,'Tednundeshy','Tednundeshy','nikaraguanecvostochniyfront@gmail.com','a54b8220069891c49bbf89d8598a14e4:axnglfJ6kxR87p2YRTSF2HfM5sJkKwAH','Registered',1,0,18,'2010-10-05 13:21:33','0000-00-00 00:00:00','57cea541704c4f47fc4e6d7b68bdbeb3','\n'),(344,'rennilmoksa','rennilmoksa','lk.jdfgvhejfleuejndjs@gmail.com','6e1699ba40bcbca1f869fa2e34d354aa:TEuYxN0oSgtirNRZsKU8BHIZvDYnZQgy','Registered',1,0,18,'2010-10-05 16:09:04','0000-00-00 00:00:00','9a1d681bbc9cecb484c8f9855d0ce682','\n'),(345,'Jacopo','Jacopo','gerva84@libero.it','877a28963612f42d14ff99e514aa4432:bPJxKrtk1wP7C8liUlQ3wAdF5MInKZNH','Registered',0,0,18,'2010-10-05 18:25:18','2010-10-05 18:29:55','','\n'),(346,'JamesPKi','JamesPKi','hastingkefe@aol.com','247737a914299f7e2e1cb14cb7275c1c:37OTcyGhNPFMJ6oLpHQTqiwrIDXX6QVJ','Registered',1,0,18,'2010-10-06 20:29:42','0000-00-00 00:00:00','57395f4f3d6ac92cb8e3eec13f683503','\n'),(347,'Xrumerdru','Xrumerdru','sdaf423fdsafdsd@aol.com','56994c138fc9eea511f58a01589352b0:Es42QoSRuOTYC7OTq1clhZ1Phqir9VcL','Registered',1,0,18,'2010-10-07 03:09:17','0000-00-00 00:00:00','e2dab58d0c44fbe67e0f255b1ac6d783','\n'),(348,'DyesseIsoky','DyesseIsoky','iveicrazy@gmail.com','b2a174d5ae9d690d180e64c5e6f1bcad:3UfSoUFvTeJJ3QgNf6BLFJ49eGnG1XZo','Registered',0,0,18,'2010-10-07 08:27:15','0000-00-00 00:00:00','','\n'),(349,'CHAUVEL Brian','brianchauvel','brian.chauvel@gmail.com','41223fc48cb8b2484f62ff4ed7f6fc14:pWAuTJI8YSlNq5Bw0z61cJKT7HUoDC2C','Manager',0,0,23,'2010-10-11 09:12:20','2011-05-09 15:23:55','','admin_language=\nlanguage=\neditor=\nhelpsite=\ntimezone=0\n\n'),(350,'Geumdius','Geumdius','zennopiser@gmail.com','b0604eacffb93d6bda014673f9c975fd:mPBAy1Oz57dAA5IhrmcVkWt2xJ5aEAuX','Registered',1,0,18,'2010-10-12 05:04:35','0000-00-00 00:00:00','e35af5329636008d39f5d52450b2e23b','\n'),(351,'handan','handan san','handan_san@yahoo.com','969225fe8398699e8c66e2fd1c33fe62:OzLi1SZ8FfYvbnku8HInDhExeL30ss8E','Registered',0,0,18,'2010-10-12 07:41:21','0000-00-00 00:00:00','','\n'),(352,'76Tommy1981','76Tommy1981','elliskuper190@gmail.com','2a62fc90b220871aefb7b8fd9c56ec67:tGbBXitvE3X9jp7SJU8pUUT6trwsdYgH','Registered',0,0,18,'2010-10-12 09:41:24','0000-00-00 00:00:00','','\n'),(353,'dekscoofFloke','dekscoofFloke','verbal007@tenup.com','38cf683cb3ac73013743f83f8eb6ae9d:qX3oWnLc113GBCL1jCupq40gSOaZ3znY','Registered',1,0,18,'2010-10-12 10:18:09','0000-00-00 00:00:00','b925ef77891be1af9085da32663645ad','\n'),(354,'Outsixtusidax','Outsixtusidax','f.er.g.usma.ni.vano.v.i.ch@gmail.com','fb3c4a1d6be08c46cc2d04f0929a96ed:KNyGU6cM78aVxfK4nssZ7X7NusVqKihn','Registered',1,0,18,'2010-10-12 13:46:16','0000-00-00 00:00:00','cd9ab8fe11993f84c2dc0178364dc776','\n'),(355,'affePgawjam','affePgawjam','borizz.zy@gmail.com','7ef053b88d561cda2b2af0bb6eac0c74:hvfO5IW4ziPzDxvLu8iH7OX5V7HVVabt','Registered',1,0,18,'2010-10-12 17:19:06','0000-00-00 00:00:00','7e12636d182bfee81ed2a5974ff43687','\n'),(356,'Meerveavarm','Meerveavarm','ashly@millionsincomingfrom.biz','b0156c600e55232c29d763c8737e43c6:iICji8jw9vHrcxTgKp6BNSKgujWlrHId','Registered',1,0,18,'2010-10-12 17:23:31','0000-00-00 00:00:00','3d971d3ca6fc887290e726aa539411f4','\n'),(357,'fahplothetees','fahplothetees','webweb7771@mail.ru','02ff596ea3e6c1e331c5a11fc44277ee:Q1pQQGFfyVQNwRwpnWRKbnYnBqaeLVfi','Registered',1,0,18,'2010-10-12 19:40:17','0000-00-00 00:00:00','57adc86a0f25e616753da65f4bd4ea4b','\n'),(358,'Universalresopotqqq','Universalresopotqqq','rhodespeppicu72@gmail.com','4b78b0ce25c9149c0d0e3c240f6e20ec:Du7pglTvVHjH4BS0Yr5Blnkv3T9G315G','Registered',1,0,18,'2010-10-12 23:39:47','0000-00-00 00:00:00','5fe24166dd2bc74b011c4adbd9ab3ffc','\n'),(359,'arramekaw','arramekaw','mrwolf@forestgamp.com','5b3b20d6bf31900c97ee6eb36a27b028:1bZasbzKQnAoZQHpZShVecqMwCOLS6nQ','Registered',1,0,18,'2010-10-13 00:26:38','0000-00-00 00:00:00','57c41b8baf16e1b754846d3bb55418d0','\n'),(360,'BaskaKwarcova','BaskaKwarcova','kasiata.kakasikowa@gmail.com','02a4fcb43bf92fbda757c3783237782b:maksZ8itxAKWjvSa9vxRLrMo2lmB6c4J','Registered',0,0,18,'2010-10-13 00:31:18','0000-00-00 00:00:00','','\n'),(361,'NouffepeGot','NouffepeGot','pozofeg@gmail.com','9681479d44f2bd8b6a2c196263da7f30:ctkgMuyP3Q3lea0e3n9Cm49vIOndpx00','Registered',1,0,18,'2010-10-13 02:45:01','0000-00-00 00:00:00','d95e06dd822584edaed29dd132dd1566','\n'),(362,'Partradess','Partradess','keithferguson853@gmail.com','2e633bd43f0379805d0c5d482fadcbb8:UUpV83dNtK2PReSuAeJ9JQptB1JouEbI','Registered',1,0,18,'2010-10-13 08:50:00','0000-00-00 00:00:00','02fc36d7d978c96b74344f02d36f9e78','\n'),(363,'excavation','excavation','m.on.do.u.chris@gmail.com','11e40e5fe5b7b0008a058978bfc84575:0bBENGsvfAmJx9zp8BwixUmj7JfMWTx8','Registered',0,0,18,'2010-10-13 09:41:33','0000-00-00 00:00:00','','\n'),(364,'Feeliapaigoni','Feeliapaigoni','movpoani@gmail.com','253838534b0c6f8802a5a42b76cffca5:6a2oe7HkJXgfWzBImgBiWRvuLupSgtjD','Registered',1,0,18,'2010-10-13 10:04:00','0000-00-00 00:00:00','ec717031b8e0b06eb3d63b90891996e4','\n'),(365,'goadoBuff','goadoBuff','severnyevgen@gmail.com','604d88c978f30d01a766e76cda955cd5:HtoZn1zvCjmZXWep9fClyapQ8aQBU9pL','Registered',0,0,18,'2010-10-13 11:23:38','0000-00-00 00:00:00','','\n'),(366,'ferreira pauline','pauline','pauline.ferreira@gmail.com','25ac59e318cbb02cf87d8304e106e5bc:2sMuSfRiLXtDEs3qQ4FdzviiKftFom00','Registered',0,0,18,'2010-10-13 15:05:41','0000-00-00 00:00:00','','\n'),(367,'entimieneve','entimieneve','plugclume@cvportal.net','81e583afb120a3b7474452dad273be19:gCo43XXbCMQZhDdjoWIvOc63dk7l15Lk','Registered',1,0,18,'2010-10-13 23:03:57','0000-00-00 00:00:00','556622745067877a7ccc32bf7859ea57','\n'),(368,'ignoguencer','ignoguencer','tagpaina@gmail.com','bfe93e21e34cc38db5b909bc64158694:SnoJb4quWTJjwFeTsktpick0300YEFae','Registered',0,0,18,'2010-10-14 03:26:14','0000-00-00 00:00:00','','\n'),(369,'melisa','mercimek','melisamer@gmail.com','17b67c427b7764d26b2ba42c0220d756:IOl9RXC5rS80ttIX1VtA5txGJZWRiCKN','Registered',0,0,18,'2010-10-14 10:51:19','0000-00-00 00:00:00','','\n'),(370,'Kichkaxia','Kichkaxia','ceciliusferguson.9.2.501@gmail.com','bbadb87e85413a07f0493e2a63b9c542:luxGuWUJZ4KvlsCdIqltpTlFenEZPSUc','Registered',1,0,18,'2010-10-14 12:48:40','0000-00-00 00:00:00','39b62c2b347ebfc3777119515a1b5bea','\n'),(371,'HydayCyncjede','HydayCyncjede','ma.r.c.u.s.s.e.r.edelst.ei.n@gmail.com','e35333af3d7761e3b9766c535116ad70:NHoz8kCtxfVFgUQsNiDoaA5bbCSx58db','Registered',0,0,18,'2010-10-14 13:28:58','0000-00-00 00:00:00','','\n'),(372,'jellLayepsy','jellLayepsy','nomberonetrent@gmail.com','dcddcfc5325cafac7fa52741dd9add0d:lGZW70Qr6a2NcssBC0JKvUpRsXj0aVrc','Registered',1,0,18,'2010-10-14 18:03:33','0000-00-00 00:00:00','5ea02c23036c7348bdddad6eeb9ffbd5','\n'),(373,'cingUnlinue','cingUnlinue','ebonytayler321@mail15.com','d3991ce705351e49bab89b10a6260dc0:q3xQO1p12wDnhDGiFsrugaPkmvlj3l0q','Registered',1,0,18,'2010-10-14 18:25:44','0000-00-00 00:00:00','46fdeb23d1e601a76a689369f6a89845','\n'),(374,'NayuaHOUSE','NayuaHOUSE','sucuba102@gmail.com','35037e9ab7927cb80b177f14653a90b1:nAHuWSdt1yUkiGUYMcORaQuAADJPu1GV','Registered',1,0,18,'2010-10-14 21:36:34','0000-00-00 00:00:00','5d6b2672e20309102dbd1dc30648341e','\n'),(375,'Neagegludge','Neagegludge','brewer.mekwuawo.efren4@gmail.com','81071a86e880e7d33aae8fab2196cd06:SYZ2tCsh73b2GqrMs7KMfG9pBLRXLLfQ','Registered',1,0,18,'2010-10-15 09:38:48','0000-00-00 00:00:00','5c33bc3094fc8ed08802fd3e318277b3','\n'),(376,'mrErickDonald','mrErickDonald','sta.xmed@gmail.com','8973fefb22ea4d53753e05550268f49a:IDTg2bOLf4tANywh4HRgCC2zZyN5GQQs','Registered',1,0,18,'2010-10-15 10:58:12','0000-00-00 00:00:00','a8dcd1497cabbf13fb34a5410154cf32','\n'),(377,'Zikonix','Zikonix','geffrardljyqtd@yahoo.co.uk','8b7f0fba554bdfbf3610d747626bb359:MCB8GvZN4DEVSeQDdY995MgZ8TbslEME','Registered',0,0,18,'2010-10-15 19:53:04','0000-00-00 00:00:00','','\n'),(378,'SnillFlut','SnillFlut','goa@seekgoe.com','47decc67d06c237e7bd1eace01f5600f:61Hcguc8zBGChxcSfmmjxYg6ceZjg6wY','Registered',0,0,18,'2010-10-15 20:59:56','0000-00-00 00:00:00','','\n'),(379,'dersfoods','dersfoods','kashmirescorts@hotel-zk.lviv.ua','1db56964f6f2bc508a5fcd1e823be677:fk5XRRn9M2ZNDxBlGZZzdKOq1TIB00F8','Registered',0,0,18,'2010-10-15 21:36:45','0000-00-00 00:00:00','','\n'),(380,'bbooodd','bbooodd','saf.onoz@gmail.com','99b4991e6b71fbb821c4ee01ef3e739b:V9Te7topT1PBmjrEaW9hcBnL1EZOCqwX','Registered',1,0,18,'2010-10-16 00:40:00','0000-00-00 00:00:00','4b199877614d5910c1cabcb1c9741f2b','\n'),(381,'Reisespoefs','Reisespoefs','playgamesonline22@gmail.com','53e6d0c47524de7c29d2559b6fa9f4dd:VoaFH1Qwk94RHzofg3jeiMrcQOX5BoWb','Registered',1,0,18,'2010-10-16 10:16:57','0000-00-00 00:00:00','10ec02b37ba5cbbac542b44fac158e10','\n'),(382,'Orendyedins','Orendyedins','ema.n.u.ee.l.bor.dga.d.s.s.o.n@gmail.com','e66df234ded432bf98f7752d902426c3:2baUs6OtcyAtsR8GAGBAgowzet1pZeX1','Registered',1,0,18,'2010-10-16 17:55:27','0000-00-00 00:00:00','83820eae3ab854f7a729699eac7f6810','\n'),(383,'Sait Keresteci','Sait Keresteci','skeresteci@gmail.com','7a318a262fdb63baed27a47efe6d73fb:hhuLQ1uiWEyuVaWEDxezJNMuRdFbMdHX','Registered',0,0,18,'2010-10-16 20:27:51','2010-10-18 08:38:02','','\n'),(384,'slovodsoscick','slovodsoscick','poloksuha@gmail.com','0c7ba859cc58fe35865cd6f72538172a:b24BGLh2ssnn8Mn2p99nnogMp233csov','Registered',1,0,18,'2010-10-16 22:10:40','0000-00-00 00:00:00','7d746eff9e0d24730a4466a913bd25b2','\n'),(385,'Bambovaleen','Bambovaleen','leen@ip2.mailboxxx.net','e6f77e82cb92b535a045428a96cee34f:N0rZZDq1jdq5Y03aKiW0qbjDqi15a3qr','Registered',0,0,18,'2010-10-17 05:55:11','2010-10-22 18:26:10','','\n'),(386,'melahat','ozturk','melomoz@gmail.com','12aa7a8bb8cea32589f8a16d65b15865:R8PKz6IDt2Y9js3PqV0MbT2F6CIy4EqZ','Registered',0,0,18,'2010-10-17 07:28:44','2010-10-17 07:35:33','','\n'),(387,'exhiweelo','exhiweelo','ally885ally885@gmail.com','6d15cddf9d163cd45af79e6a5e55992d:BRmdX94IALgMJld6lgInR4nTjRSMWjJS','Registered',1,0,18,'2010-10-17 18:47:23','0000-00-00 00:00:00','4add37a85b4a3e465bf763cb954172d0','\n'),(388,'AYSE','ausge','aysekilic_34@yahoo.com','0c1bd2053654c7e55527f6f0a15a4d7f:knVxuRxEnL7Sz4AQvA8jjL0OmZ6fN138','Registered',0,0,18,'2010-10-17 20:49:18','0000-00-00 00:00:00','','\n'),(389,'NemoZoogcoono','NemoZoogcoono','annenuave@stylebrand.com','b9daa8bdd1ef0a2b0fd43c62b933a104:17UPrEIoVDldzjKIQj1uiKBFddwnahjl','Registered',1,0,18,'2010-10-18 06:14:29','0000-00-00 00:00:00','c36c417660428f25b24e45f0a7165acd','\n'),(390,'alpay','dralp','ishakpasa@hotmail.com','a2f4478ba8a79bb749975fb65301e91f:w3w3uUNxJUvbbGOESk8cbKF2nVI1fpkI','Registered',0,0,18,'2010-10-18 08:40:26','0000-00-00 00:00:00','','\n'),(391,'Soonoulvank','Soonoulvank','wourgememfd@mail.ru','927a5521a04c94e4ae6c5d47fe0c6fb7:znjO6vTbcZ84hLNWoEcxNnTjn8slnKQi','Registered',1,0,18,'2010-10-18 21:48:20','0000-00-00 00:00:00','6cbe5078641aa2e95a42b198cb2f13dc','\n'),(392,'aliye','aliye','aliyearal@gmail.com','c61018e2a4720ac9380acebfd077bb5b:4EJe24iFY2VnizJNhN3v9X5A8y9j4lsI','Registered',0,0,18,'2010-10-19 08:58:19','2010-10-19 09:04:54','','\n'),(393,'cartivizitacl','cartivizitacl','cartivizita@epages.ro','522018d5098cf71617012127b5eeac59:vfyWlPXPbOPqUrZWdY1gDKom5qZoelK3','Registered',1,0,18,'2010-10-19 09:42:54','0000-00-00 00:00:00','b774e6432496426088fd79da2792ad12','\n'),(394,'Doniantax','Doniantax','albetmarshall37@gmail.com','8a8efa2d78600325ed26ab5b772badcd:o1Qg7fKVwhiJGvzZsfRW7B2RaCcnuzKn','Registered',1,0,18,'2010-10-19 10:28:58','0000-00-00 00:00:00','b21cbac52f9089952fa3208c2d1bf226','\n'),(395,'eldepLecherz','eldepLecherz','rainalwk@aol.com','b47e0eff2e3911a6a7dc27782a4778d9:IC17zA2uh5Q9rwAcJVKbCV4x6y7YBa9n','Registered',1,0,18,'2010-10-19 11:04:22','0000-00-00 00:00:00','21ea3e6ecc77004dfe3f6fdb41e47765','\n'),(396,'SyncOscinytut','SyncOscinytut','bolietu@gmail.com','97e9d5f576701239a0e83530c785cf77:Prbti8yn9UT9jJUboyYqLRmxRCj0pAIi','Registered',1,0,18,'2010-10-19 17:52:23','0000-00-00 00:00:00','e6d73b584c0aca6ddb34757dbd583cc5','\n'),(397,'Searvex','Searvex','kalomufi@wp.pl','c6155b557bd8517ed5e0a7ec575b328a:THqKh7nrZE6tNIMPLL9B4otcGN54VOhG','Registered',1,0,18,'2010-10-19 19:31:08','0000-00-00 00:00:00','3c5b8dadd0043d447e7215a2300bc328','\n'),(398,'Mupbiaphita','Mupbiaphita','mod-a@hotel-zk.lviv.ua','1a16c1d1b775f02dba50c495fe7faee8:KKQ1rwTkOWDreTyfBAzx8Z5vrO12uGGT','Registered',0,0,18,'2010-10-19 23:40:52','0000-00-00 00:00:00','','\n'),(399,'CogErergefecy]','CogErergefecy]','nesudobro777@yandex.ru','799e91a36bb9af4d34c90001a365f980:83bgwfiFslGtuWe0HxvaGrjefCM4cf4N','Registered',1,0,18,'2010-10-20 05:34:15','0000-00-00 00:00:00','b39359e52a0e80e40b5df2f0314455bc','\n'),(400,'zawazig','zawazig','zawazig@gmail.com','0dde2c373674544cf0c79902075b0d0f:4NnXEJYOosUYrYzTGxPfsxpfUEKUYmmW','Registered',0,0,18,'2010-10-20 05:41:07','0000-00-00 00:00:00','','\n'),(401,'MasterXblaster','MasterXblaster','j.aninkarozmarinka@gmail.com','b2f703227d444d0d7764b7219ad55785:dYN2OZBMbWmYEUqSKTlkq0lz7jscYmm7','Registered',0,0,18,'2010-10-20 08:29:40','0000-00-00 00:00:00','','\n'),(402,'PayotBafhoopy','PayotBafhoopy','7rich7@mrtuf.com','c1d160fb0f34870110de6b06a724c27a:EyLvMGwLjtKFVrQh6HJJ7HtSNB8mp9ZF','Registered',0,0,18,'2010-10-20 15:16:20','0000-00-00 00:00:00','','\n'),(403,'Axiotspayoppy','Axiotspayoppy','john@oddwadd.com','9e0fbc8a90c04c5538eade8ae29693d4:4vaVH9Y5nu9uApbWtVtHEyOvkzKvBH9l','Registered',1,0,18,'2010-10-20 20:06:03','0000-00-00 00:00:00','2de60fe69355b4191acd330d56226026','\n'),(404,'zeynep','karlıtekin','karlitekinzeynep@gmail.com','13823ad84b689d78a9e2846306796789:SKkJjgOqf5HZYN3FLQtclUVJ4G2lgkjO','Registered',0,0,18,'2010-10-21 08:19:31','2010-10-21 08:39:09','','language=\ntimezone=0\n\n'),(405,'lizasasychka','lizasasychka','militaryboygotohappybea.ch@gmail.com','f2146ff0697f3969531d0f876b32b76c:2Ytjxmt86j5DqwDlLgDYbjcENVrqRDHM','Registered',0,0,18,'2010-10-22 00:39:20','2010-11-14 14:14:04','','\n'),(406,'brairtypraivy','brairtypraivy','jennings.dustin000@gmail.com','f6ef75ba3a3dd98e33ce2e95c5bda466:Hh9Kc7eNFr7ch1qMeZrfCmS9XAbBQMyw','Registered',0,0,18,'2010-10-22 03:24:33','0000-00-00 00:00:00','','\n'),(407,'CataZocoxia','CataZocoxia','rita@googlbest.com','e48ad7fb02d699d0d9f3f22c072ef74a:F3cyhjFBgIoLLXbZaN4kZGv7SHkvwzLN','Registered',1,0,18,'2010-10-22 06:20:27','0000-00-00 00:00:00','362339accfd215d9b89de673d70d62c8','\n'),(408,'saloncoiffure','saloncoiffure','mo.ndou.chris@gmail.com','0fd7bcdfe35f38fde0f9f5754d6ae82d:udszJ8yAJv18GzFsy13SfCIHbJTt8DOS','Registered',0,0,18,'2010-10-22 12:09:30','0000-00-00 00:00:00','','\n'),(409,'obligolig','obligolig','ua-teens@hotel-zk.lviv.ua','67355e96bf52da6ade49a97fe72266e6:TBgxzMS9qzPKukPdx2rpRpdlBW9ZLBpX','Registered',0,0,18,'2010-10-23 14:27:58','0000-00-00 00:00:00','','\n'),(410,'Ali Gözeller','shiqari','aligzl@gmail.com','df867b875ae5b4b59283a534e511aeda:7ztQ8KuEWszLtUWHlb0sfvycSB6iKcYZ','Registered',0,0,18,'2010-10-23 14:28:09','0000-00-00 00:00:00','73d74eb249c4fc5f0f2c9c06879251bc:$1$cce2c586$','\n'),(411,'Ecodia','Ecodia','damufi@wp.pl','03929423bb492a08ccbce76c2f4fdc91:7nIHXxwTcOHXeEfQXJlK6vBPAfUT4Fhs','Registered',1,0,18,'2010-10-23 21:43:58','0000-00-00 00:00:00','38df4e51ffbd4b3bbdc0e10274565a2e','\n'),(412,'MRFullAndNoob','MRFullAndNoob','bokuawe@gmail.com','d85fb7632b4cf3525f753905efa4ada7:08OQ81W9T2NlInaDyARDUxE3oIia150J','Registered',1,0,18,'2010-10-24 04:08:34','0000-00-00 00:00:00','bf6a84ed2cd70d0251c3e454d2e98b55','\n'),(413,'Darkenloared','Darkenloared','hariatonionjulius54@gmail.com','56841eba39aaa11d56aed2c05eec840d:6pBUZFITe9MBWaT3uUAVGwdvj0MVjm0Z','Registered',1,0,18,'2010-10-24 11:09:29','0000-00-00 00:00:00','0c7b1fab2ecc06e9af12830cb7876a2a','\n'),(414,'lonelego','lonelego','lone@picture-movies.com','8be47a14f1428a598d58b926598ae25e:wTJs6il5isjRKrVEd9GzreAL6gdxYmK2','Registered',0,0,18,'2010-10-25 00:44:07','0000-00-00 00:00:00','','\n'),(415,'ceclisloche','ceclisloche','zhangleshengb@gmail.com','13bb36b7a91ea11925fbafd14c63b5e4:bSavPS3UfAFgTVUQFuDAxNt3buquiEeA','Registered',0,0,18,'2010-10-25 01:14:56','0000-00-00 00:00:00','','\n'),(416,'testonkavali','testonkavali','testonkavali@ip2.mailboxxx.net','09d717fd89e4206d1099fc760826fe25:D3QIbevpDR0aMPwaj6jPGrttjoR4BlTa','Registered',0,0,18,'2010-10-25 04:10:33','0000-00-00 00:00:00','','\n'),(417,'ilder','onal','ilderonal@gmail.com','61389c28de8c15f3e2e29bd45179b697:QFYSq1YTvtHeWFD0bUa4cZ4vXa071wzE','Registered',0,0,18,'2010-10-25 13:10:25','2010-10-25 13:37:29','','\n'),(418,'Peekayzor','Peekayzor','negreidu@gmail.com','f2294997a84a81f4e4be5741d27ff3d1:wfBshGba0CWovUL3HVA2aKc9XD7mLpha','Registered',0,0,18,'2010-10-25 16:21:26','0000-00-00 00:00:00','','\n'),(419,'buildingzzlinkfx','buildingzzlinkfx','linkbuildingxcx@gmail.com','744564a92a5be1148e8a17baf959c61f:SIJcoF8Fbrz8liMcyTGFzZLbv74Y4urL','Registered',0,0,18,'2010-10-25 21:33:10','0000-00-00 00:00:00','','\n'),(420,'wrardathila','wrardathila','doo.g.l.as.r.o.se.nb.e.rg@gmail.com','01d3a7a3ac0ccddc3221675fd7cc0dfd:4IoHhMCJu5vT74dtxSe8HQiaYEFLzkue','Registered',0,0,18,'2010-10-25 21:47:08','2010-10-28 20:12:17','','\n'),(421,'Itunesn36k','Itunesn36k','yes@insuranceinstructions.com','08ce66a206ee665f9ba35b67f619ec93:QPP2vYcDz4L3vCQxocjdwpUSZBgTS5qC','Registered',0,0,18,'2010-10-26 01:12:45','0000-00-00 00:00:00','','\n'),(422,'ARLETTE.MARYLN','ARLETTE.MARYLN','aviconverter@mail15.com','c5cbf721b0dcb31e013cc7faa8cfab6d:77DVDQgqeznqU4H3eyl1mNxzHqvMEzyC','Registered',0,0,18,'2010-10-26 03:42:12','0000-00-00 00:00:00','','\n'),(423,'pornyladymale','pornyladymale','ofizedi@gmail.com','0f56d601e79a2be5dfc4ebc29f4de652:5NbaCfrPItGzI3VihUBXPU2ebSPAvQCA','Registered',1,0,18,'2010-10-26 13:23:35','0000-00-00 00:00:00','8d45a99bef9c3a2402fac0efe233b055','\n'),(424,'coiffurelaval','coiffurelaval','mo.n.d.ou.chris@gmail.com','d956c4b8d5aa8d08f6c29bf01e4dac8c:QXF5jXBbX1jqyTIgjSO8OJ7u1cl5gXgd','Registered',0,0,18,'2010-10-26 14:06:43','0000-00-00 00:00:00','','\n'),(425,'Damiintenia','Damiintenia','zterskiner@naturmed24.com','b0ff562c6fac6231916c64db68e2933f:KeZpPi2B72jwKZKHUKaokChPltCjedvN','Registered',1,0,18,'2010-10-26 16:35:03','0000-00-00 00:00:00','78ae582a1d2a7493c9630fb75623b8a2','\n'),(426,'scoommateal','scoommateal','legalart@dlteyse.jino.ru','96955aa8b30bb409a12ed0952ea85c4a:pRaYJfR8YrUdgT4TsBzt0HpXjdrIhyYH','Registered',1,0,18,'2010-10-26 19:52:29','0000-00-00 00:00:00','18991263b924f6672e3a652e1d884227','\n'),(427,'Meellamaf','Meellamaf','advone@hotel-zk.lviv.ua','0fe077f83f018f1333f999e52d7214fb:cZRclDfpnevFU1oTqsqVi1YpAUKrAYTT','Registered',0,0,18,'2010-10-27 00:21:39','0000-00-00 00:00:00','','\n'),(428,'Evereemam','Evereemam','zterskibg@naturmed24.com','ec9c8ccd1eefdd57e397f2e34a5dca6c:qSJpPaKh4HebHePGNAE6LyQMCEqM56id','Registered',1,0,18,'2010-10-27 05:39:29','0000-00-00 00:00:00','f4632646a096f1a28bcd427e561529ee','\n'),(429,'GeongeWoonjug','GeongeWoonjug','allsearcheno@gmail.com','4959bd34f187d1c49b0e2920f8fd1d7a:GUDCpbMRg2uv5nuXIUQ3yqUiTMv5h1Fe','Registered',0,0,18,'2010-10-27 10:06:53','0000-00-00 00:00:00','','\n'),(430,'acaiberriesfx','acaiberriesfx','cyndie2457@aol.com','9544cbe34aa2ada00ed373bc8d0a59a4:cNb54KpKi5IcMnoOdJfJybR5TQhXCZxr','Registered',0,0,18,'2010-10-27 20:54:44','0000-00-00 00:00:00','','\n'),(431,'Ephecezef','Ephecezef','navivonavi9@gmx.com','6fd9974f207408e1b075debb335913af:m2tf1neiIIsL3F1TEZfRFyeqfBJBB2Fw','Registered',0,0,18,'2010-10-27 22:57:05','2010-11-10 11:44:55','','\n'),(432,'liLiFlesNitte','liLiFlesNitte','escortmoscow-vip@dlteyse.jino.ru','587f201443981c90dfc2d48727124f90:mXg7v42MiXfXuHXGOFAvJltAmIq5DIFa','Registered',1,0,18,'2010-10-28 02:51:02','0000-00-00 00:00:00','8acbe526497d7417c9808b11dc1724a5','\n'),(433,'Sefeflierve','Sefeflierve','escort-rus@dlteyse.jino.ru','720e4da69e50f1dec127e2ec74449007:i3FLOkLrYDJUcVhd3KYMLuVv6c7LDYLs','Registered',1,0,18,'2010-10-28 02:51:20','0000-00-00 00:00:00','80e9f1ac49d844a85a7fcb00358e4d77','\n'),(434,'baGoleardorgertik','baGoleardorgertik','inol491la@newshacks.com','b7687a86e11fa079197cca9367e8f1db:AN1jqJkSoAZxjYjrIagR7Bkyrq0fLk6b','Registered',1,0,18,'2010-10-28 14:19:24','0000-00-00 00:00:00','423f4e4992b2f7d835fd01e5f6eba769','\n'),(435,'udufako','udufako','udufako@gmail.com','c96191b1cf8a6391ae0354f9830746c9:T8Z5ydTzCC4s6yb4cAaPQDZqU4usXbVM','Registered',1,0,18,'2010-10-28 17:14:39','0000-00-00 00:00:00','b80b9985d390981f7dfcde4f2a2c8092','\n'),(436,'Hireemorn','Hireemorn','goodidea@printablestories.info','6b07e2d5fec96395eea8d8f3f34f6c3d:5xqNAZQF42fWnOONFB8ak86Fd0CsBkau','Registered',1,0,18,'2010-10-29 11:48:58','0000-00-00 00:00:00','7528f275b8966b8c9cd0dc148c9e8557','\n'),(437,'Alesygype','Alesygype','pertovna545@gmail.com','50821cbd964f1bf20395e5532adf9942:RwqG6k1soMJsUFUjEtyucmMTTlPMGSYB','Registered',0,0,18,'2010-10-30 01:55:57','0000-00-00 00:00:00','','\n'),(438,'serenegas','serenegas','luwe@yandex.ru','f71796e0b322a45da62a1ec9643de643:ffvyCAUcZNMF6VcRFuxY8jWUTiambw8V','Registered',1,0,18,'2010-10-30 14:56:18','0000-00-00 00:00:00','24b786a67d37ab3c656d6a742bd9693a','\n'),(439,'aladuandlot','aladuandlot','lbbdlrwb@gmail.com','950407238c1dfe3d3f9850ecfcecb8a6:n0eIiE2odAgm72YnQGpSXzbwj142RPzx','Registered',1,0,18,'2010-10-30 15:54:34','0000-00-00 00:00:00','4b3b08a5bc4b03e141a5ec6f10d1f110','\n'),(440,'notsPreerne','notsPreerne','tyczta@o2.pl','a6c566c1053fbdd54c1c55adbe7468bf:A10x3bsJJsQN3Zuzquqr8Bu5s7p4l8IU','Registered',0,0,18,'2010-10-31 07:28:43','0000-00-00 00:00:00','','\n'),(441,'goxEmami','goxEmami','kalofi@wp.pl','3bafd4ca97f3a667f786bac4d0dc91af:6UPG5NhGI7p9bRKNnFhtNG6OkcWPdEw8','Registered',1,0,18,'2010-10-31 10:49:42','0000-00-00 00:00:00','c99d95b17dc2cf19c259ff1bc963788c','\n'),(442,'Reencefut','Reencefut','prezmdivani@gmail.com','a18897a4632b38813fcbe2acc64bcd6c:wmDG2nvbQiybZaEeu1TemfLUjaPkW5f3','Registered',1,0,18,'2010-10-31 11:17:35','0000-00-00 00:00:00','31e7daed55455db429ed0349ab41e767','\n'),(443,'KayahDomy','KayahDomy','a82@seoservers.info','95aecc589d5ec4a505317261ac04ad43:TYZPR3fXyXuMMMyFlK63rtoMA8dRe2aR','Registered',0,0,18,'2010-10-31 21:04:46','0000-00-00 00:00:00','','\n'),(444,'Ideomoredon','Ideomoredon','bw879ys364@seoguide.fr','dc1afad371c57f54c29653bcec0de7b9:ZORpHF4fmLkQ14Xa3JtOuuz53ZuSPJXs','Registered',0,0,18,'2010-11-01 04:25:41','0000-00-00 00:00:00','','\n'),(445,'mariedelexz','mariedelexz','anayaveraservi@gmail.com','31698e14694ae91980d5ff7138920e5c:ZdQLlcPlfQ7bbQOwWXvs1KMnmfl8Y5pQ','Registered',1,0,18,'2010-11-01 16:56:11','0000-00-00 00:00:00','2f7e74fa113d2ea1e8f8db443805b869','\n'),(446,'azvotec','azvotec','katekannyies@gmail.com','63fcd1facbf1671fb1e5f49e8b8343eb:QiJzT8C8xZ30o5dOo5MM2FHqUFLvVaVL','Registered',1,0,18,'2010-11-02 10:02:24','0000-00-00 00:00:00','81d52f94bcfa39880bfcb5a63cd9c64c','\n'),(447,'icokinquili','icokinquili','dudfoese@gmail.com','e7d5169626b8682d8767c8e44bcabe9c:om7Nkg29jRZdAKGbac5ijtMg1ZW7ykT4','Registered',1,0,18,'2010-11-02 17:28:51','0000-00-00 00:00:00','0f4c8d6145f12e8ce4e1c53680728b08','\n'),(448,'prosserimeFes','prosserimeFes','radostina@tyhrf.jino.ru','5951ed316d54a70bdd419acda66c51ca:xyIDKGxJW6YW219BAk2oWcLFl2eVpoJ1','Registered',0,0,18,'2010-11-02 19:50:15','0000-00-00 00:00:00','','\n'),(449,'DencePaycle','DencePaycle','evangelineabigailsmith@gmail.com','c1b0a45fadcef100a3311ae5777d04b0:u4iOc96oPqjchgBV9ewtolCdm5AhuteI','Registered',0,0,18,'2010-11-02 23:28:14','0000-00-00 00:00:00','','\n'),(450,'viasteavaidly','viasteavaidly','hombane@gmail.com','b4d15a6f10337c67a33eb3afe6a15fca:AXgzc44nxm9YFq5seWsFin4Bpn5UGqgl','Registered',1,0,18,'2010-11-03 02:28:57','0000-00-00 00:00:00','8c535ba4ca44d4c964f375d8c66ea0f9','\n'),(451,'MirandaSto','MirandaSto','p.ukanatr.avisson@gmail.com','56272b6d4e5e2c3d40642e9f46cb5f8b:bAGpZ7SLObsD7e8xJwvdqMyNyHN8m9Td','Registered',0,0,18,'2010-11-03 04:28:48','0000-00-00 00:00:00','','\n'),(452,'ElenoraWite','ElenoraWite','vseslavnevov@gmail.com','7577b355ce83bdb01c06f5f87325bc06:Jpa4tB2PXY11kmaUxP3yud20HDZQNqwk','Registered',1,0,18,'2010-11-03 15:10:45','0000-00-00 00:00:00','61d984bfb166f13620f113b32a78ebb6','\n'),(453,'iceltywolutty','iceltywolutty','lopezpoperz@gmail.com','0c879f498e62d96b2afad6da85341920:V3BEovM4S5a7AhEJshh8s38cO4arbln5','Registered',0,0,18,'2010-11-03 16:07:38','0000-00-00 00:00:00','','\n'),(454,'rhodests','rhodests','ate.p.ro.xife.t.ro.m.ix@gmail.com','aab08a2a1178659b00a0e0059f63f89c:6NiIBBkWQsBwgIeaJ6vH1IWQDTZrCdUp','Registered',1,0,18,'2010-11-03 18:23:29','0000-00-00 00:00:00','f7ced3df8834c493849948187b2852ed','\n'),(455,'Aerogiere','Aerogiere','deflozpaq@o2.pl','5f17966d327bd22061b9b309986e0c6b:cf43n7iefuLIRD3Xa3t2NhDbrfpGjleK','Registered',0,0,18,'2010-11-03 19:56:23','0000-00-00 00:00:00','','\n'),(456,'Bumeethed','Bumeethed','ve.c.o.the@gmail.com','c2016e2df33b047d2995989ce40cc085:tmu1vRRy6A7otYV2E3gjnNi49pmrZdqf','Registered',0,0,18,'2010-11-03 23:03:12','0000-00-00 00:00:00','','\n'),(457,'ulcelfWoume','ulcelfWoume','pavelvrublevskii@mail.ru','47e92767083184e6d8876027797167d7:tGD9MNRqCVxio3fIhUr1MUIo8k19PPKa','Registered',1,0,18,'2010-11-04 04:33:43','0000-00-00 00:00:00','cda6f1b28bd156e4cc2ff0a46306ab68','\n'),(458,'TockThydayHok','TockThydayHok','mrcedrd@gmail.com','54131c69aa4a6cf83e9400b0f54fff64:pgF4lFtw1e1Xoe5kWUpizJCJ7LrNBpbg','Registered',0,0,18,'2010-11-04 05:55:45','0000-00-00 00:00:00','','\n'),(459,'sallimichegan','sallimichegan','militaryboygo.tohappybeach@gmail.com','e953749c0b82b5000460bc48f3c6be87:j3i2nXLm8auAhuzk9RkcOQkFRS4KinA2','Registered',0,0,18,'2010-11-04 07:40:44','2010-11-14 13:23:36','','\n'),(460,'Nicalcomo','Nicalcomo','msurveyfr@gmail.com','4ccf3923ac6e03a603af601ccc996a90:y2KOICyt8ec0VEFTotQF5NiZh4EGoVlI','Registered',1,0,18,'2010-11-04 08:30:38','0000-00-00 00:00:00','259f0cd23e2a2d719322c80cd8b082e7','\n'),(461,'TomsetPeatt','TomsetPeatt','realestate@aboutforeclosures.net','21e8a10eabf5dada1edd2f285bb1df5d:wiFQavPknEJskcTP0qjCBcB0UZHNChVD','Registered',1,0,18,'2010-11-04 10:51:54','0000-00-00 00:00:00','8fbf7bc196cc08abe28d780d29e71053','\n'),(462,'phemexembet','phemexembet','clbytnndks@gmail.com','f267f48d3e22f6de5a854f3153c10a04:VIPqxcxkI5Mez34zfhXJjC0PiRyKJmOc','Registered',0,0,18,'2010-11-04 14:15:34','0000-00-00 00:00:00','','\n'),(463,'Galeopernia','Galeopernia','gaineshayden40@gmail.com','6b2d16ab7351b652fbc998d4bf104c5c:wVvzWOGZuRsLAxAgaPXG4Htk7tDdPQOS','Registered',1,0,18,'2010-11-04 14:58:33','0000-00-00 00:00:00','fa39bd188d7a2e8bd250dd8269b06447','\n'),(464,'lucieparecoiffure','lucieparecoiffure','we.bsuccessmarketing@gmail.com','0c961610d7b357c1a83bb31b89d3de85:ltBpgoKZ7AtKsftsv8dZyRkJaOmMqZHt','Registered',0,0,18,'2010-11-05 09:14:21','0000-00-00 00:00:00','','\n'),(465,'LynnTL','LynnTL','mjthomans@aim.com','e26e6ab148d565edf91f954656329d2c:VDE1SY4TB1KRLKdp61V5eUnDISuuOam1','Registered',0,0,18,'2010-11-05 12:20:49','0000-00-00 00:00:00','','\n'),(466,'Drydaymouro','Drydaymouro','renatatataris@gmail.com','498c05a145d492e491c20144c95ab520:RBKbtqH1ZmtlWfqS4YYbpqT3EP8GhhjE','Registered',1,0,18,'2010-11-05 12:22:01','0000-00-00 00:00:00','26bd2359dd5c8b7b960cb83a1bf4caf7','\n'),(467,'restaurantpaoli','restaurantpaoli','thawking1984@gmail.com','506110ca55761a8c9f8a7da863306083:GRT0EIikqAe6qKtoidUU7WxYRQ0KwZeF','Registered',0,0,18,'2010-11-05 12:32:32','0000-00-00 00:00:00','','\n'),(468,'Deekscals','Deekscals','affairgirls@dlteyse.jino.ru','4f36dc9af90e9ef87f36b7667eb85b0b:w4iPH4JqR9o7si2yCul9IfPamgNLm1cV','Registered',0,0,18,'2010-11-06 04:42:41','0000-00-00 00:00:00','','\n'),(469,'Elurcelalvela','Elurcelalvela','loveroses@dlteyse.jino.ru','94a246103a36f5367f4ea299df57500d:ThEqiVwfjJto7lsauiQt0v9RfUxWPqSD','Registered',0,0,18,'2010-11-06 04:47:48','0000-00-00 00:00:00','','\n'),(470,'enginnaarropy','enginnaarropy','gilkeybains@gmail.com','ce5e7838947d166654b2ce7b3547491b:aCLeLditQFDTMUnaVJdlSybmjCX3R2bG','Registered',1,0,18,'2010-11-06 07:33:03','0000-00-00 00:00:00','27472414260afec231cffc182337915b','\n'),(471,'Uphorbvor','Uphorbvor','bradfordaangied@gmail.com','940a75a6f64efd60c3966a750dceeca4:dXQcCLRB3MGTZxhGNAHznr5106pNFdAc','Registered',1,0,18,'2010-11-06 21:11:15','0000-00-00 00:00:00','c941cc526fc16f424cc35070dd31e463','\n'),(472,'Pypenewed','Pypenewed','tollfree@dlteyse.jino.ru','8d40a0c212595384fb2ba218b27314a7:1ZxPizld0wQXtYXe1ViwPFr6Qj0tcdhZ','Registered',0,0,18,'2010-11-07 03:45:48','0000-00-00 00:00:00','','\n'),(473,'aduddyler','aduddyler','eduedugov@gmail.com','e0622b105605488101b3cd8ce8b44f09:B1uSPOj1YKOQ7tfuC50yksczKO5fVWfT','Registered',0,0,18,'2010-11-07 07:54:20','0000-00-00 00:00:00','','\n'),(474,'Endursorn','Endursorn','dartweider@forestgamp.com','d7d9159ca8ea6193c9f1b034c11ee956:oyrrraN35oodztEaLXu2Ar3kYcBLaEWi','Registered',1,0,18,'2010-11-07 10:54:21','0000-00-00 00:00:00','29f684f235b6e10e203e076311e2d0c9','\n'),(475,'seibleClierge','seibleClierge','a171@seoservers.info','e56deb3371096a355afe84d1b8c7efbc:iuvz6pHwL3qdj8xVheQObAyBBKrTq3EP','Registered',0,0,18,'2010-11-07 20:37:14','0000-00-00 00:00:00','','\n'),(476,'kivimefleve','kivimefleve','sexgoods@dlteyse.jino.ru','39b9d358ec3757f72fd446d6d3bc7cbf:BA4WMzeLpAcahh01z4SIQhUpnKjFL4Wh','Registered',0,0,18,'2010-11-07 23:26:31','0000-00-00 00:00:00','','\n'),(477,'AnnopeneT','AnnopeneT','munios23@prokonto.pl','bdddb726e08116656d215a223c0aa576:2Eowil2AHkI9pJglb2nRjBx2Ap8JjRTZ','Registered',0,0,18,'2010-11-08 03:04:47','0000-00-00 00:00:00','','\n'),(478,'Adadedows','Adadedows','wightbarns@gmail.com','06af6a632f16494b7ef15b6532cfe39d:mHGwoWDGHjU5INKdotxZOj9YL7q5i4Ue','Registered',1,0,18,'2010-11-08 03:20:06','0000-00-00 00:00:00','f1ff377525338287880da91bb1a21854','\n'),(479,'circarauctiot','circarauctiot','g.o.t.o.vijbi.z@gmail.com','48729994b3669d0d9b08790ef4295beb:pcg77rtJhHZmtYxcpXqzCMVpHtBwOcto','Registered',0,0,18,'2010-11-08 09:09:28','0000-00-00 00:00:00','','\n'),(480,'GretaWEATHERS','GretaWEATHERS','Gillian@finance911.us','15df1b0f9e03b335ab5af7dfb5cf5627:yMlEybOrCIrCprKsU8PdY8xeB9OOONrp','Registered',1,0,18,'2010-11-08 17:41:57','0000-00-00 00:00:00','35cc743721403e6303b2b04171b99c81','\n'),(481,'OZLEM SELLER','SELLERO','ozlemseller@gmail.com','7b29918cbbb8ab772a09fa0c34e65c76:eEMPdYsfxfPaLx2XXYE3ODEKhgWwu6qG','Registered',1,0,18,'2010-11-08 17:50:57','0000-00-00 00:00:00','a8da4b74f36830c194d733c77a679918','\n'),(482,'Arromyurirm','Arromyurirm','fisher1054@gmail.com','48142e3ee0805889668c0cf9774610cf:xW510mcaPVOz62C4qO6HGKrFscDRPQlq','Registered',1,0,18,'2010-11-08 22:21:57','0000-00-00 00:00:00','72d0d5a72b7d2468fd3575330d52005e','\n'),(483,'Remgraltygage','Remgraltygage','saezbayton@gmail.com','ede92ca226ce0864b3d42b7fca7d32ff:gOzNW68wH271pBQ4Me2wDzFZoXTNqTIH','Registered',1,0,18,'2010-11-09 06:32:41','0000-00-00 00:00:00','a0566ca452b9b49bdb336b1126d8e0fe','\n'),(484,'dreartoom','dreartoom','kasore@o2.pl','ec819114bf5a4e9e54edfc430085b746:F0JCweySoPkLGiDNE9TpCJMLsaFm5z8b','Registered',0,0,18,'2010-11-09 08:29:22','0000-00-00 00:00:00','','\n'),(485,'restaurantlancpa','restaurantlancpa','restaurantlancaster1@gmail.com','52055bd23dd6fa3c05af18560018a06e:rpiSJD5ctG4R3YhIXb5tuxo2F3AKFMmg','Registered',0,0,18,'2010-11-09 15:25:00','0000-00-00 00:00:00','','\n'),(486,'INHERNCREANTY','INHERNCREANTY','edstamr@gmail.com','e2dcdd6c51bea6e7bc5b2705b3494ead:cwmh2fI62DgAmywJdJXxi5xGK8fk230h','Registered',0,0,18,'2010-11-09 15:43:42','0000-00-00 00:00:00','','\n'),(487,'bgCURARAsh','bgCURARAsh','gakremu@gmail.com','48af740625715f46592ba8f66ebe6668:nNagC6eJb8G9vxpxb5yH9QASUqKfNz7k','Registered',1,0,18,'2010-11-09 19:13:22','0000-00-00 00:00:00','c78b54d569e249c3ac262728dd91ec45','\n'),(488,'buybacklinksxzxv','buybacklinksxzxv','buyxbacklinks@gmail.com','36e9834190717b1fe7bbf0bace4de374:s6NsntwV1Rk1FHEE3F6a3U7a6BTiqzAX','Registered',0,0,18,'2010-11-09 21:16:52','0000-00-00 00:00:00','','\n'),(489,'Optoffatrot','Optoffatrot','pashavrubel@mail.ru','ca29d42f54e688a10f2543aa673e16c4:Y1qUYzVLySITvulLgbvxxlMLkcQs9DgC','Registered',1,0,18,'2010-11-10 03:24:11','0000-00-00 00:00:00','8d50527fe0c069b222d358a0311c5da3','\n'),(490,'frobsemsenrib','frobsemsenrib','lepagebartram@gmail.com','02b265a0d16a7655abe1de1c84de88f6:9SMXcgjAPPpd99nBHAnjyDI2f9meF7iu','Registered',1,0,18,'2010-11-10 07:21:52','0000-00-00 00:00:00','fa028185a3beddf6f8c2074ffe3f435c','\n'),(491,'sammy76adams','sammy76adams','qblwr9@drt-mail.com','cb4075ae5935818c3f033917685c5926:SHeBPCfa6LsAPS6zWQDvxqJS4SXVbTdR','Registered',1,0,18,'2010-11-10 14:19:15','0000-00-00 00:00:00','6928b87063b5d0483d2e4dc8ea5efcae','\n'),(492,'001::Typeaffedia','001::Typeaffedia','nastyamirr@gmail.com','ae113c39ec273abce948118ddefb8e43:HCQN4m78LmWRk3azwy6gJf4Bq3TUk2P8','Registered',0,0,18,'2010-11-10 17:53:27','0000-00-00 00:00:00','','\n'),(493,'Özkan','ozkan.aslan86','ozkan.aslan21@gmail.com','c835c1019d1e7494de90e3972b82bd34:RMPHyeMRYyrrt11rRaxabyoWwPA2N3d0','Registered',0,0,18,'2010-11-10 20:06:29','0000-00-00 00:00:00','','\n'),(494,'AdelingJeurtsje','AdelingJeurtsje','wilgauti@gmail.com','91a8d9c9aea832cb8e22f7bae9a8a850:OZAtADXrisCHIR1gWknJtfEyS800cw8K','Registered',1,0,18,'2010-11-11 01:02:02','0000-00-00 00:00:00','c63178547c5f3c94de825fbc3f3274f7','\n'),(495,'ktpollo','ktpollo','lisnaeko@gmail.com','f26ccbaa12348d10f41226b2f95ba3a0:Ps2sfJu5CsmtlPJ0nyKihCGxpyG2s2fv','Registered',1,0,18,'2010-11-11 03:48:37','0000-00-00 00:00:00','7c40de162e7a7319e5c90c7cb78485e5','\n'),(496,'LMRandy','LMRandy','janehellm.anpromo@gmail.com','fd08fe732d166994f6eb35f64e933720:NicxY2f6ku99LhXFE0h6aOvZ2UwKCw7j','Registered',1,0,18,'2010-11-12 03:47:05','0000-00-00 00:00:00','bde2e7b66f2320e18fb7d79ffd73b944','\n'),(497,'DyelpTutkeype','DyelpTutkeype','bulerdsaa@o2.pl','fafac21c26909af09960102d146da035:HAOSXEirulRZYfH65PCGi6IWRktxF7lu','Registered',0,0,18,'2010-11-12 04:57:10','0000-00-00 00:00:00','','\n'),(498,'goriArroftLog','goriArroftLog','rafuxihe@mail.ru','93cf8bade8f7e547683fb339539937c5:tNAfyIZKSsII39XOSnd27nOj0CePPPKC','Registered',1,0,18,'2010-11-12 08:52:46','0000-00-00 00:00:00','dbf24548c4946d6f7baf8bae52619c72','\n'),(499,'Appeareep','Appeareep','davalka1@dlteyse.jino.ru','47b855e01efae375024026b16b4071bb:ewBFxn0Tit0hF8yi8bzSD3dP8xNCgS2P','Registered',0,0,18,'2010-11-12 09:23:32','0000-00-00 00:00:00','','\n'),(500,'VeloAlaliices','VeloAlaliices','grogero23@tlen.pl','8bb5b2d379f2f7fe65f23715505af18d:dG3oRgz8ywHrb6vccwtO4h7UrJjtpLvR','Registered',0,0,18,'2010-11-12 10:24:13','0000-00-00 00:00:00','','\n'),(501,'evrim','incesu','yasam05@gmail.com','ffd32eb676b7135d462b546557e33d3b:fyXFsof2IOBDiJYAIc5pmw5lU4KGVPqp','Registered',0,0,18,'2010-11-12 13:08:24','2010-11-12 13:15:06','','\n'),(502,'Assefsnab','Assefsnab','escort-kiev-girls@dlteyse.jino.ru','0ad733651e4f2ff6e4873423d855307a:FETT0Hc14aTZeGPKsfo6DiJ5cCN8eqsC','Registered',0,0,18,'2010-11-12 13:31:11','0000-00-00 00:00:00','','\n'),(503,'AFFEDSANNEPLE','AFFEDSANNEPLE','nnaajjgg@tlen.pl','ff8bc544d1c364356310764ca031423f:jLASn1XbCfSgjRLBF2mza9eVxEvwDFuS','Registered',0,0,18,'2010-11-12 17:12:01','0000-00-00 00:00:00','','\n'),(504,'insineeacusty','insineeacusty','lonnymeyer76@gmail.com','29cb88020385893bd5f0eface9669f75:5n1kxAeGhrnjZkcXralYuJ4TtAFlQ3sE','Registered',1,0,18,'2010-11-12 19:18:29','0000-00-00 00:00:00','d856c10087499dbaeb5ddf6b8d859cb4','\n'),(505,'unjupBruthbup','unjupBruthbup','shalomcritchfield93@gmail.com','79dc077310a77bc3e0eeca4d53861753:u3X0PoYjT9EqJbHTZ1zQGbg5kJSL879N','Registered',1,0,18,'2010-11-13 05:52:08','0000-00-00 00:00:00','6b88ece6dfb297c14b90f93f27d57154','\n'),(506,'Gizem','Mater','gizemmater@gmail.com','64a96361a12db549ce139a69d5f9e49d:lRfNVDqNEE9O2cQMMImx1nFnqPO5c0nG','Registered',0,0,18,'2010-11-13 10:27:24','0000-00-00 00:00:00','','\n'),(507,'glontalloogue','glontalloogue','newsports@o2.pl','aaee314f0e1f7ded93fe945e35a2106c:mffHSPjb7twgp1B60zXCe35pefVmQ8xS','Registered',1,0,18,'2010-11-13 14:09:09','0000-00-00 00:00:00','60aa5a626e4fbf5e184526539aa2a322','\n'),(508,'mabkalu','mabkalu','mabolis88@o2.pl','1645f0394b2b1f000a855d6300af59b6:RbPmhLPRMc8TGzZDAIShEPaxj8AUtMA9','Registered',1,0,18,'2010-11-13 16:57:26','0000-00-00 00:00:00','15e62475d7bd331280325fc741d64520','\n'),(509,'JamesBZ','JamesBZ','jamesbz@adult-pages.org','abc74d458834f2f962c0a036fe4adda3:u12ycARnhhKuVSzSwta2Lh2kQAu8huaF','Registered',1,0,18,'2010-11-13 19:53:15','0000-00-00 00:00:00','24d0c9a5898f0105f3a78fbc31b117b3','\n'),(510,'SYNCINOLIFS','SYNCINOLIFS','lasallebarwick@gmail.com','92594cf2cefc5d6929a914e16fec1e73:gghSlIbpO5yC0rAonIVj14hNMIwjFhQg','Registered',1,0,18,'2010-11-13 22:08:44','0000-00-00 00:00:00','6f307598e57f3847fc517a3fb4e2fd8e','\n'),(511,'kneemyniz','kneemyniz','macdougallbartle@gmail.com','1b35a72727b9163fa199f919031cc8f4:4XFvz27nRHEgBcwFFy4vsFt6kYCI6Kih','Registered',1,0,18,'2010-11-14 05:13:57','0000-00-00 00:00:00','565202290d0f2d066acf94f1caf25b23','\n'),(512,'ctalkpv','ctalkpv','isotevu@gmail.com','f0b0d60374b560a4df0104f743d36b78:1A8UCrrjaFHxyg0yGG6f1Y1EXIQq8OrS','Registered',1,0,18,'2010-11-14 10:04:50','0000-00-00 00:00:00','bb4d1d92af3939134c1cd3329d831bb9','\n'),(513,'meligansofil','meligansofil','militaryboygotohappybe.ach@gmail.com','0a7802b4619e22b285726102270b02dd:RftrRaKw6qIFVNyNU67WoDYsZTW4G6dy','Registered',1,0,18,'2010-11-15 00:16:36','0000-00-00 00:00:00','b79bc1cec4f96fe8ec375a4888e5096d','\n'),(514,'sallimichegani','sallimichegani','militaryboygot.ohappybeach@gmail.com','0b305ca15bed03de473d9ceaee8ae000:UXYgIkGdwBKyDYSKrCR86JrBOKFkeNxa','Registered',1,0,18,'2010-11-15 01:25:33','0000-00-00 00:00:00','4e8b4a20cf3748f1c77216122d672df0','\n'),(515,'pracaaaasreas','pracaaaasreas','praca87-32@o2.pl','b81c609d0ff78696dfd70c3cf57b4050:49NehbKHYDvEQKqCU3jskztkIlkP1El9','Registered',1,0,18,'2010-11-15 09:14:42','0000-00-00 00:00:00','909fba700638910fcc2c9276c5434c91','\n'),(516,'molokolillana','molokolillana','militaryboygotohappybe.a.ch@gmail.com','45c66a464607b5448755e1857d65d4fe:RPBFDUXU0lpYVuGRWt2tfwEH8xqLWRpX','Registered',1,0,18,'2010-11-15 13:57:00','0000-00-00 00:00:00','77908d1e2f3d82db8d22c5e31af63cb0','\n'),(517,'Otheweesype','Otheweesype','imerelimagaria@gmail.com','b272c1df3ab91ee5d5f5cfaa429b9175:SXDuPfELXQuuiyoBZoT7GZcpi79D9m9f','Registered',1,0,18,'2010-11-15 15:10:41','0000-00-00 00:00:00','948ed41db805a5bb2a66545a0fb8f452','\n'),(518,'Monique Simard Laffrenniere','Monique Simard Laffrenniere','c.oiffuremontreallaval@gmail.com','8b5915331045ae30641d799adb320c0c:ByeKbu2e956GI508nTjr5ktmKIFZtn60','Registered',1,0,18,'2010-11-15 21:18:19','0000-00-00 00:00:00','c633edf94c45b86751557a34a7dcc60c','\n'),(519,'ubierankicpyk','ubierankicpyk','ubierankicpyk@o2.pl','c4abf5a16c844fc49bb37e7d32c5af55:WKOlMLwiImfYNf47Y6oIHcHkZmvct7CA','Registered',0,0,18,'2010-11-16 16:19:44','0000-00-00 00:00:00','','\n'),(520,'Wdudaseyx','Wdudaseyx','lvogel1663@comcast.net','9fa92a97e2025e857c52cf8850b5b0ad:Po8AKrDirNCeEZRU95UTj1kiWtrBgquJ','Registered',1,0,18,'2010-11-16 16:55:40','0000-00-00 00:00:00','da4931d6e05a33ad13b9f16baab67461','\n'),(521,'gevlaige','gevlaige','gevlaige@gmail.com','c5be875b2eecd755e60dbbbb90c21466:Y2ncFB68o59ev1GsOsCguL91GN41u8iN','Registered',1,0,18,'2010-11-16 18:08:04','0000-00-00 00:00:00','92c1035be32589d0c978fb8887ba80cd','\n'),(522,'totTorutitrab','totTorutitrab','sbrynkgso@gmail.com','deef871784c5093aeb6d8d2761b164ee:8bnvn8MoAwrO7U249FBTloRDrIjPcdRq','Registered',1,0,18,'2010-11-16 21:50:55','0000-00-00 00:00:00','676a8ca606973cc778d8f311ece16a20','\n'),(523,'FewMoolotOw','FewMoolotOw','salreri@gmail.com','442d00e9987b6aaa731dcb4a04bb3ba2:ZeGvJnyRde9NLwh8Co0wvYTYn2WVgKiF','Registered',0,0,18,'2010-11-16 23:08:43','0000-00-00 00:00:00','','\n'),(524,'greemngrieshy','greemngrieshy','akaristip.k@gmail.com','b3d420af64282b458bc9252da872a5ff:osjkaKPgdf3Bgbmgj8c5BJ4hsoV6t35j','Registered',1,0,18,'2010-11-17 01:26:57','0000-00-00 00:00:00','20f88f619093be2e17fbdd8d796773cb','\n'),(525,'riFERIALvn','riFERIALvn','cravenperfidypicd@gmail.com','65faf6cdaf69bf45043f984ca20974aa:lVnoRdJGz9NJYWIGXdihyI12qK920iNz','Registered',1,0,18,'2010-11-17 07:02:17','0000-00-00 00:00:00','53ad8b26e113479953ec041d16737a71','\n'),(526,'doremelodwan','doremelodwan','oremelo12@o2.pl','b91b192a8f70ef3aa9b65316686c6bf4:C5roYpTpibtLqi9y7KVUnv2SaQfRM8jY','Registered',1,0,18,'2010-11-17 12:52:38','0000-00-00 00:00:00','44d0b4db57c2f7a7922ac7e44dc7a941','\n'),(527,'alanyqfabd','alanyqfabd','saralikeeee@gmail.com','667fcc1d5b619061379f71c067ec8782:3d1XDB8KTmX3AWVWHRu3rxDaLqERS2FU','Registered',1,0,18,'2010-11-17 14:10:44','0000-00-00 00:00:00','f94d4e61ed0a4c4274b8d799e37a1083','\n'),(528,'AncewsOccus','AncewsOccus','dalaciwu@mail.ru','ff788e2eede6f5b18a34cb82f74fb2cd:vis7WAGlSo25ihuX31yGqDpX7xepFUiu','Registered',1,0,18,'2010-11-18 02:57:57','0000-00-00 00:00:00','82c65bc5c8f224de69214df972abc549','\n'),(529,'Turawspadrabs','Turawspadrabs','kittyisweet@gmail.com','1fdc3ee93b3389f7450ded8f25181242:qcQkyRkvCo22I1Gtpll4L9gUlJWm74uN','Registered',0,0,18,'2010-11-18 07:52:55','0000-00-00 00:00:00','','\n'),(530,'Byncsoymn','Byncsoymn','krameraleah@gmail.com','ddee856dc451b56cf3c3691a18709f51:GZBmqw7etQSchETyt3gCX3qMf4KJOcdP','Registered',1,0,18,'2010-11-18 08:05:34','0000-00-00 00:00:00','8cd18e37c494f34b6dd557f8f9be9166','\n'),(531,'Nancy Desmarrais','Nancy Desmarrais','c.o.i.ffuremontreallaval@gmail.com','9876990180fb3fcfce819e910edf8526:3D0yRPjb490Z9inwMErWlIV9xgVLzj0H','Registered',0,0,18,'2010-11-18 08:49:49','0000-00-00 00:00:00','','\n'),(532,'mostlymostly','mostlymostly','mostlymostly@mail.ru','4207ac9f1eed7096cee190141cb2e56d:Jx6IowYdscTVVsbHNyk5QuNa2x2lkMO0','Registered',1,0,18,'2010-11-18 17:21:02','0000-00-00 00:00:00','8d7f9f09ac3f899c9ed2d5251ec05f04','\n'),(533,'Instantempoxw43','Instantempoxw43','ttskczmrk@gmail.com','db81fd9d9e34ebbc75833c208f83f865:qWEanFzXnume3DBNjSgAPknJSLYJtmEz','Registered',0,0,18,'2010-11-18 23:40:41','0000-00-00 00:00:00','','\n'),(534,'dorepietna','dorepietna','emelo15@o2.pl','aea8975ca50217e037ba8039236e1777:KF6HKbInHbmtFGWMqYDAUDsA10IopcuT','Registered',1,0,18,'2010-11-19 02:01:45','0000-00-00 00:00:00','41d853c6ce352a330db34fbeb538044f','\n'),(535,'carolinedavidmaltavich','carolinedavidmaltavich','c.o.if.f.uremontreallaval@gmail.com','53a35c57bfc0e7788558ad5404e91728:JSYhpTelKdxqNQRZAcZA1WJQeDDmMuT1','Registered',0,0,18,'2010-11-19 12:35:20','0000-00-00 00:00:00','','\n'),(536,'Müjde','Türkmen','mturkmen@istanbul.edu.tr','f04d4df939c32dd7b7cb99e4af83d2c4:7P6BbeGBsi4q3uf0MGkOxwxxhVHNoQvB','Registered',0,0,18,'2010-11-19 21:27:35','2010-11-19 21:35:29','','\n'),(537,'Innopslof','Innopslof','geowifne@yandex.ru','e0a04823600850bae6021ba8dfa283a8:TdNak6Q3pP0muSqqmTmaXgWTkiAEc5W0','Registered',1,0,18,'2010-11-20 01:02:56','0000-00-00 00:00:00','3bd5da64c449b4ae6fe94f8bf9a59518','\n'),(538,'BuipiniLeme','BuipiniLeme','johnik@lifeflowers.org','3493a859d894d0d7ebaf98f1c0c4eb9f:d22exho0VpveSpqlu0XzHHA8TAeHRRiz','Registered',1,0,18,'2010-11-20 03:58:19','0000-00-00 00:00:00','2efbe9d1a73a28f8d6a0e47d41618f75','\n'),(539,'diuddensosuff','diuddensosuff','plullyweall@vinbazar.com','74f6889d5c66dc1fc7562a2446b3b0b9:nAQ0D9daBoGvmdUUKaPvYfinWiioyL40','Registered',1,0,18,'2010-11-20 05:14:08','0000-00-00 00:00:00','2240c00764b8774d4dce62703c3ea46d','\n'),(540,'Aspid','Aspid','aspid@out-mail.com','2264433ce8c1f924a03c71096ee1f3c0:dOoYoEOZBiqvB7aEmYz37Rt2iaYVc4a9','Registered',0,0,18,'2010-11-20 08:23:40','0000-00-00 00:00:00','','\n'),(541,'Rokssespege','Rokssespege','Neonochic@chrysalians.com','ef471580e6fedfbb18a5d7674ef93485:UCTgVOATNAAN2hw1LqMRCkbdBXoDQ0eE','Registered',1,0,18,'2010-11-20 19:28:14','0000-00-00 00:00:00','eae92bc12202416f519fc9f496cc3be8','\n'),(542,'rkeepspd','rkeepspd','bageoni@gmail.com','1547b15ffda6efaf8019d76a40753f75:hcGUJJuEaAC3ieNXTgI8VxfIsLiHP7gw','Registered',1,0,18,'2010-11-20 20:48:21','0000-00-00 00:00:00','68bf7ebf6cb4fc1e75961cc765f00f5a','\n'),(543,'Viabpiplele','Viabpiplele','ebiteua@dlteyse.jino.ru','3a2080b5372f90b69fb8989acd85c269:K4iMrv4jftMUeFKX82MnClUibf5QUbRM','Registered',0,0,18,'2010-11-21 04:07:14','0000-00-00 00:00:00','','\n'),(544,'Juigninuext','Juigninuext','jonnybog@yuppimail.info','6cce039b31103a8811926fb04e0215ff:tnJDX6FtVgQzwl7oVbg81T9HDvixh29X','Registered',0,0,18,'2010-11-21 10:46:29','0000-00-00 00:00:00','','\n'),(545,'attaivABetLet','attaivABetLet','bmbbdlnxxt@gmail.com','74986a4304c8d351785e96c4f71bb033:Iyij3a6RU0SXNIYplPEdZ3aiXnqL2bAy','Registered',1,0,18,'2010-11-21 11:44:32','0000-00-00 00:00:00','03b47f9628c8416ad154ca50ed50edc4','\n'),(546,'Seixsceds','Seixsceds','istanbulescortgirls@dlteyse.jino.ru','77b36649d57c6ab823e292365ee4a010:x6pR13Cc1tSmXNYPq3ivIHFl6FU7G7l9','Registered',0,0,18,'2010-11-21 12:06:08','0000-00-00 00:00:00','','\n'),(547,'dial-wood-Seistenic','dial-wood-Seistenic','dial-wood2010@mail.ru','dc9da571b527228c635121795eda06dc:HfKjRFRutAazcJIcKD1DuSW93mUfQtnT','Registered',1,0,18,'2010-11-22 04:33:51','0000-00-00 00:00:00','9f700d2c1fe57816a8348f371d1bad77','\n'),(548,'groonvamn','groonvamn','tckr826@aol.com','cd37b1dc872197d60e5554d1acd2ca9e:pkfu7KiQU74RgPkfG2KWtTBH29NceLHX','Registered',1,0,18,'2010-11-22 12:42:28','0000-00-00 00:00:00','e9e42bcf759d7f6dde7cbb716a140d5b','\n'),(549,'NayuaGROVE','NayuaGROVE','sucuba103@gmail.com','f2dbb64c129ac01b4b40787c5133b98a:QSu6z8AxKrKR2XGOe955oCYTe62tsq2e','Registered',1,0,18,'2010-11-22 16:57:28','0000-00-00 00:00:00','31ba6233e8a4ec487b35b39b9b05013e','\n'),(550,'Fulleycle','Fulleycle','j.o.h.n.s.t.one.0305.19.7.7@gmail.com','bc29347b03b8779177fe16eb66bd4bc5:0RMXFikf9WVVri1VHmorlqM4tPGynZwV','Registered',0,0,18,'2010-11-23 01:13:06','0000-00-00 00:00:00','','\n'),(551,'ezberbozanahmet','ezberbozanahmet','ankaradaaaaa@mynet.com','81b6104339f3959980951adebc5634f4:qgv5noSBDHhHzA99G23zsFLd38ynedlq','Registered',1,0,18,'2010-11-23 01:29:12','0000-00-00 00:00:00','00916c81ee76e8c59a412ed4f1fdea71','\n'),(552,'grydarmox27','grydarmox27','grydarmo@gmail.com','16794c9db25b10bb778562d2888b5240:NEMinjymPcQnOivjAUZTjNXLdbVUyvA0','Registered',0,0,18,'2010-11-23 01:41:14','0000-00-00 00:00:00','','\n'),(553,'BestyMerryBMW','BestyMerryBMW','jimmiyongler@gmail.com','766804fdcb08ae1176cebc4c7638c84b:m5vRZQkS9FR4bW4MUTG8i9ILA5JeCvty','Registered',1,0,18,'2010-11-23 03:48:20','0000-00-00 00:00:00','f9d36360f86200502d480d29b687a01c','\n'),(554,'titsanadiatly','titsanadiatly','indinsnef@mail.ru','fdb65a9893a134ff76e64d28f05260a2:KFstPt3y8fCUMyu0ES5MR1opA5fnicn8','Registered',1,0,18,'2010-11-23 05:18:34','0000-00-00 00:00:00','1ab922780842e9afcd850b5693086b02','\n'),(555,'darmoweGryK4','darmoweGryK4','darmowegrya@gmail.com','8245566bf15d75b2f15e9ab412d8e265:Z655bM0MWSUYcrlreKlDC9JdkS8cCJQZ','Registered',0,0,18,'2010-11-23 14:12:35','0000-00-00 00:00:00','','\n'),(556,'kvadmetsd','kvadmetsd','wdqwfewfw@yandex.ru','14f934e908606b870215154e2c427f38:VyryQPumGNIUfOFYYGVZppv56MKkBPrJ','Registered',1,0,18,'2010-11-23 18:43:26','0000-00-00 00:00:00','d4496c0bb6b7f62ce04f343ac2ee6ca7','\n'),(557,'Slitiagnoni','Slitiagnoni','dalkarma@o2.pl','68d5548c27f29cf2f69f74e439e1e168:ry3EvCsPYzcCBws7ZKrCXFhuhaHnqvae','Registered',0,0,18,'2010-11-23 22:18:02','0000-00-00 00:00:00','','\n'),(558,'bigge penis','bigge penis','mattcut90@gmail.com','d36abc0c3fea9074fca62274a5a2ea93:cHg1UhXXtbVqYbrluHo7CbvC8MVNVgY1','Registered',1,0,18,'2010-11-24 05:13:24','0000-00-00 00:00:00','fd764b8c1593d0ad734b62c8c0a88133','\n'),(559,'Sineinfedge','Sineinfedge','burtonjgaster@gmail.com','d0930140616aac84df2a1b194efda059:CLhNrhXdooP6C1JQpKEl7hLjrdMJQrOe','Registered',1,0,18,'2010-11-24 07:41:36','0000-00-00 00:00:00','f07ef40dd299a273a4939e4b19b177c7','\n'),(560,'robertadalgolphinais','robertadalgolphinais','co.iffuremontreallaval@gmail.com','f1e1f95972695273bff7ccd4c8e37af5:L4iIPmuvcQ7xHqHiy94a6xN8rYfrv0TU','Registered',1,0,18,'2010-11-24 14:58:00','0000-00-00 00:00:00','af1fe99ae104b69ee1728fb6bed3b69e','\n'),(561,'darmoweGryK0','darmoweGryK0','darmowegryk@gmail.com','52231c4d4c740b906473927f3469402b:Vpb2MEO3iNBoYMvnhbE89XU3NhdGiaZ3','Registered',1,0,18,'2010-11-24 19:30:28','0000-00-00 00:00:00','bd3072b75cf18fbfcdff7f13bc7601c6','\n'),(562,'softandsoftweb','softandsoftweb','softforyou2010@mail.ru','cd93974384a780cf4cf04171969b2224:muZ9wMGgoAH3621t9qDnorcTk99AGiQl','Registered',1,0,18,'2010-11-25 05:19:29','0000-00-00 00:00:00','5318c4ef9a089cc07285354eb5d41015','\n'),(563,'meelfJele','meelfJele','jitdnbhby@gmail.com','0d06d9c5166ac8d6061168020f93d7af:GuqvSJzk72ZC7qCzHhmQ8lnMYkjcR10X','Registered',1,0,18,'2010-11-25 05:44:18','0000-00-00 00:00:00','4881fb238b8b68772744bdb08a95f212','\n'),(564,'JozhssonDate','JozhssonDate','johnvatsonss@gmail.com','de28181e55d05646a7f61b80a8903124:riWd7pywaAcm4sDM4XETHUwx1TCWTXA6','Registered',1,0,18,'2010-11-25 06:51:40','0000-00-00 00:00:00','537e792ee96d5185167e99a48fbc099f','\n'),(565,'cetaroala','cetaroala','jump4love@dlteyse.jino.ru','2c8c2e8e5b04f9745792644df9930c67:wyMPJhhjZgZ7Kr89VqK7CifBbrpwY6LK','Registered',0,0,18,'2010-11-25 19:59:21','0000-00-00 00:00:00','','\n'),(566,'FaisaHofs','FaisaHofs','pro.g.ek.t.8@gmail.com','471477a6eb04357313fe446e94d4433e:2XaDHembe5vNY3BMPaSTFrc6ksScOWNy','Registered',1,0,18,'2010-11-26 07:56:08','0000-00-00 00:00:00','852bfd6d74ba59f20fe6a1ca1ca29bdf','\n'),(567,'voillery','pierre','p.voillery@free.fr','537f231289f888f58686e25991936037:I0k4YK5BYkixRtUoDi6w3mPty2VWnHSS','Registered',0,0,18,'2010-11-27 08:54:13','0000-00-00 00:00:00','','\n'),(568,'zapledex','zapledex','nowyde@o2.pl','97e7d88846cf004f256a2c5048d78ac0:TBcwuqOUMbX7ZbTxy1UqnSraiQPcG5fN','Registered',0,0,18,'2010-11-27 19:13:52','0000-00-00 00:00:00','','\n'),(569,'ssuperrdatinwebb','ssuperrdatinwebb','lovedating2010@mail.ru','b9aeaccbb59ab3f0acf587088eee1fd9:UDYNnxagiyIpSKjHJUxQAWZERlNxL9WR','Registered',1,0,18,'2010-11-28 00:06:13','0000-00-00 00:00:00','1c3e91d7bfa036ef71a7afd156d5ecf3','\n'),(648,'zeftanent','zeftanent','sexygirlskyiv@dlteyse.jino.ru','8b81c5f8dec3b225c0e3e9a05a9bb859:jfUIoRrdo0T4U4gUycHqTyBlN5JDsoKJ','Registered',0,0,18,'2010-12-23 21:02:23','0000-00-00 00:00:00','','\n'),(571,'burgina','burgina','exceweria@bemedaled.bedzin.pl','c71a1c49cc475bf99bb7d30fccd09df7:C62suw4JmB6YolR20kRG6pXXsGvQKPIB','Registered',1,0,18,'2010-11-28 12:29:06','0000-00-00 00:00:00','1e422d9ce1561b9dc89f83f5d0a19568','\n'),(572,'serra ceylan yucel','serra ceylan','serraceylan@yahoo.com','89705e9753a1102bbcfd5e66f3f35f15:UGiF0GhRjA7hMC0oPtsWrfKvygeIDEAD','Registered',0,0,18,'2010-11-28 20:51:08','0000-00-00 00:00:00','','\n'),(573,'zhCRWTHSye','zhCRWTHSye','proppingwavefrontf@gmail.com','cbb64cf990468bb73e783ab1414ebed6:5hzyjyKOMVAU7lUkjE1WVeKxIFDDWbNS','Registered',1,0,18,'2010-11-29 05:15:13','0000-00-00 00:00:00','fe65abb1d0befc7335c8af5c62a2f327','\n'),(574,'Tabakywap','Tabakywap','gertagol@o2.pl','5b6d70c15891d83a9fd7d64ef1376595:ng9f70TXaCYRD0f4RFHuDj7JyKvVsI7W','Registered',0,0,18,'2010-11-29 06:01:07','0000-00-00 00:00:00','','\n'),(575,'willecomme david','willecomme david','willecommed@afd.fr','ec4f7585aeaedd05078f324e54b3b017:cju9ZlIZj1nG0OsFfqofzVj1h5GOif2U','Registered',0,0,18,'2010-11-29 10:20:02','2011-03-04 12:40:13','','\n'),(576,'MarkCaish','MarkCaish','huns100@o2.pl','0313a88d633df1685d8b6d924032404d:spw3HnWImNRxDK4IoqydoSiVezWoc8Ce','Registered',1,0,18,'2010-11-30 00:34:23','0000-00-00 00:00:00','b3e3661552a8c72186fac70cf909e4e2','\n'),(577,'Essesubondind','Essesubondind','onegirltwodogs@dlteyse.jino.ru','5db98e52fd6c4916d0abdabff522b53a:dHibJCtxPcqTstIun8BBWX8oNCCvsYHJ','Registered',0,0,18,'2010-11-30 14:48:04','0000-00-00 00:00:00','','\n'),(578,'Ceyda Bakbasa','Ceyda_B','ceydabakbasa@gmail.com','0272bc7f2516d8a2119e7a58aa13e9b8:TRI83vlQUBj4NRVBNUQq1LQn1iMxVpPD','Registered',0,0,18,'2010-11-30 14:56:16','2010-12-02 13:58:35','','\n'),(579,'wheenonipreni','wheenonipreni','r.eparationnnels@gmail.com','06dce7c99520b19ea17c0f96422d9c48:aW7bm84NPIXUeuHZrLlZPSY827PxQ5mc','Registered',0,0,18,'2010-11-30 16:49:10','0000-00-00 00:00:00','','\n'),(580,'Reazyvade','Reazyvade','elite@citypcrepair.info','0e1b52fc14761411c552a42793d933ab:W9wNFi6xRqrymyFVqeEqyUuglUY5xLK6','Registered',1,0,18,'2010-11-30 20:56:14','0000-00-00 00:00:00','de083dd12b97d5c06009508d4de6cad0','\n'),(581,'Maruder','Maruder','wrapkyrter@gmail.com','5bd2f5aaf8d1584b6129efe4788bb928:iYNGv5O0Gr4HtY75jHwRvsp1urS2yaXT','Registered',0,0,18,'2010-11-30 23:15:46','0000-00-00 00:00:00','','\n'),(582,'Scoummincig','Scoummincig','gamel233@o2.pl','fbd27fd07785523eef0ffdd0f18eac57:eMmiVJKI4zzqbKtLopAeYcvRraQdOTwf','Registered',0,0,18,'2010-12-01 00:46:00','0000-00-00 00:00:00','','\n'),(583,'FoorgeFoors','FoorgeFoors','all-india-escorts@dlteyse.jino.ru','d08285ca4e32ad56d0f4bf51e3068af3:wcgeVcN2xKQ33C3yLlVtPDRJ6YLVBzpX','Registered',1,0,18,'2010-12-01 08:09:05','0000-00-00 00:00:00','1e10661f3eaf919693fcc283ee9b5294','\n'),(584,'Laura Carderera','Laura Carderera','lauracard@yahoo.com','3d4322d67b40431667b5ab32a3377f0c:qRqD6iw7IilupwoCK110KHHJzHol9Frh','Registered',0,0,18,'2010-12-01 08:19:31','0000-00-00 00:00:00','','\n'),(585,'TakiraJanaka','TakiraJanaka','takiekontomoje@interia.pl','1f6aa61e4d7fb3a711010c6f67c67532:PxGXd4WmWiRza1z7JZVxVM5ph09xB5GL','Registered',0,0,18,'2010-12-01 11:22:20','0000-00-00 00:00:00','','\n'),(586,'nohosirudescs','nohosirudescs','nohosirudescs@gmail.com','3ff97f28698e43b4470d1c8ae2b330c6:25hQy1rK45PVPZaZC2rIr8zha7sayRa2','Registered',1,0,18,'2010-12-01 16:34:27','0000-00-00 00:00:00','efae15dfe088cab6e4c68b7123790f69','\n'),(587,'prixfrance','prixfrance','174634079@shopmp3.org','d7a32d16dcc9f221c3d284ba040f400e:10PVIaEYxeOg0BHq0rhhHuhjIITcGNXt','Registered',1,0,18,'2010-12-01 20:21:32','0000-00-00 00:00:00','8cefd9c2aeb051f2f79fbf1781399b20','\n'),(588,'vorota-belogorya-Seistenic','vorota-belogorya-Seistenic','vorota-belogorya@mail.ru','8d627a8d35630975e675c69d561a5503:5y9tvyCm1dXrbfAxU1K6zqymLNRWSGxx','Registered',1,0,18,'2010-12-01 21:51:00','0000-00-00 00:00:00','0f3e6c021bb01308e19e87d33d3cae41','\n'),(589,'dxvpkh','dxvpkh','againstnoteworth@gmail.com','8ff816d849b7cdb0593006ac24d890a6:e15dbxT78zdFEb0KQ20JMqA3z7kCe4UB','Registered',1,0,18,'2010-12-02 10:09:11','0000-00-00 00:00:00','68e1d90fcde3de7db6603ab7711607ce','\n'),(590,'graittind','graittind','eeajgp@ultrastartv.com','87e083181d4d008b4a328a55c6421dcb:0Gri04uUYj4d1rfLZ2DwQqqGRPsIINyA','Registered',1,0,18,'2010-12-02 21:00:29','0000-00-00 00:00:00','e201a589c15dbc3cbef05e5e810a6e5b','\n'),(591,'gabriel23andrade','gabriel23andrade','jltrp2@drt-mail.com','31c6647f1f4eb8258525ba2da627fadf:BpXu7mjeWv4Q4jXjioCpihHxzKnStgNT','Registered',1,0,18,'2010-12-03 06:55:26','0000-00-00 00:00:00','a7845f10213ef3af27c3b30d8d0274da','\n'),(592,'TonyMontac','TonyMontac','szmul100@o2.pl','28044d14a4829633d65fbcd42fdce862:l8OTAfov1BvUWjYgzmd6LGyrM9B4iWYq','Registered',1,0,18,'2010-12-05 00:21:57','0000-00-00 00:00:00','fbd1f56cf8ba4d56917b72ba5323b215','\n'),(593,'boissel','boissel','eric.boissel@free.fr','f4cfdebabfaf4e3f316e44cd17fd8282:ALlZm7Ra3dyFNIS4tpPmmEvJPTRGK4pl','Registered',0,0,18,'2010-12-05 11:01:04','2010-12-05 11:03:56','','\n'),(594,'AndyCrepsy','AndyCrepsy','amatorsko100@o2.pl','e8606373d5a33a33cf66e4c1470e37bd:wnOIq41PFiCI6zdl3OZuxIR1PEfs0vNz','Registered',1,0,18,'2010-12-05 16:24:49','0000-00-00 00:00:00','8ddd799a645ff849bde5d7f8db8d3bc3','\n'),(595,'poz1KastMaill','poz1KastMaill','pozycjo121@o2.pl','e7d368f978624223662c965af4c5f715:z1Q08MkUaJyWnvRDOWp8ahqJQDa46sjG','Registered',0,0,18,'2010-12-05 20:01:03','0000-00-00 00:00:00','','\n'),(647,'goopepteronee','goopepteronee','khidrupamasob@gmail.com','f00994c95a631ef14fcaf59cc313e11e:coclkU2uDbAXBZx2wYH2v92O0Wnipa34','Registered',1,0,18,'2010-12-23 02:47:45','0000-00-00 00:00:00','3ccb952d0f78a71da1e809094903028d','\n'),(597,'AderikJieske','AderikJieske','cimaobo@gmail.com','a280b7740b0cb1108fdb418be1086d03:O50Dc1yCBDduuKWstznDjKpD2frcG0AI','Registered',1,0,18,'2010-12-06 03:28:31','0000-00-00 00:00:00','dde254f9c612c16259aeb3a641cae560','\n'),(598,'dukogikijacha','dukogikijacha','dukogikijacha@gmail.com','7211a67b95649ada6185858d5f7d73e3:XiRdQ0eEV6z9SHw1YVftws2bbJRM4Cfv','Registered',1,0,18,'2010-12-06 06:40:13','0000-00-00 00:00:00','3b5e93327c49333a86d40c00ae0d3d3f','\n'),(599,'erefFrubari','erefFrubari','mashki@dlteyse.jino.ru','a63bcf761634c659601c586e1ace55ed:GR37JH532OGFT6iOODwnCff7w2tsKnLB','Registered',0,0,18,'2010-12-06 08:08:21','0000-00-00 00:00:00','','\n'),(600,'Isabelle Gilles','isabellegilles','isabelle.gillesgallet@gmail.com','db17b9f2b211da0dc72548e298369854:AZuGjmDVOYgEaVMXCrtJodFKZyKnvG89','Super Administrator',0,0,25,'2010-12-06 08:39:49','2011-10-02 17:28:07','','admin_language=\nlanguage=\neditor=\nhelpsite=\ntimezone=0\n\n'),(601,'REYNOLDSClaudette21','REYNOLDSClaudette21','lindathorn@mail15.com','a2c4575fc31d92f4d64b1bbec28b5307:dEKzV3FZ2nKKy870Co9IXCmLheuHGtxo','Registered',1,0,18,'2010-12-06 09:01:26','0000-00-00 00:00:00','3a4746acf9d4754881efcbedfb3e0838','\n'),(602,'gotAidelidien','gotAidelidien','otesiga@gmail.com','8a6c34b1b5e1c99a0e341438046fdad0:hIgQslW5RVkiZWGAWIYHKOqKL0lFQi33','Registered',1,0,18,'2010-12-06 22:29:36','0000-00-00 00:00:00','9088f6f0b5d91b7dd25331d99e788bb1','\n'),(603,'tokrenttt','tokrenttt','tokrenta@kiralikaraclar.org','6d57ce1dadf0e876063196a929688576:a3t579nZ4noWRflUA8yKhUmlPMKrgUup','Registered',1,0,18,'2010-12-06 23:11:43','0000-00-00 00:00:00','4ab0054dd324a1e7cd63c793115525ab','\n'),(604,'Cerroffaftelf','Cerroffaftelf','cipouwa@gmail.com','af187d0ba8b8c7e9d7d78f755f89b7b1:dxj0P3LTQh7dLEbPW2KNI7iwvLzJuKzP','Registered',0,0,18,'2010-12-07 00:28:57','2010-12-10 20:14:42','','\n'),(605,'Seda  Öztaş Kıyan','nymfeum','sedaoztas@hotmail.com','ae2482839f6c45a3bec34c410e8d15b0:pCpHoB4xQdBvZ1x9khcXnjwvRgrockhK','Registered',0,0,18,'2010-12-07 16:47:49','0000-00-00 00:00:00','','\n'),(606,'pencradeferip','pencradeferip','freewind262626@gmail.com','54dcd93cdb159bdfbf5b4605e37aceab:7qEeEIwRmEHOgyiR8Ohovs0CFTzWMxem','Registered',1,0,18,'2010-12-07 22:24:07','0000-00-00 00:00:00','249c0280fcdf1aea45bc8ce34dbe8acc','\n'),(607,'RieteAdik','RieteAdik','suraubi@gmail.com','21145226add4d2d0b15a51a3e2a3c30e:DnNe3BFvLn4grnaPruQ6as9jN2x9znvw','Registered',1,0,18,'2010-12-08 15:43:00','0000-00-00 00:00:00','871cba0877b5e6d4d1402e650c1397eb','\n'),(608,'MotoAvto-LataaidenPasP','MotoAvto-LataaidenPasP','motoavto_2013@mail.ru','3f550e85cccc35169fa1bc3a7a26f7b1:x7kft0dGpXgTfgOl5KpToe8NS7A3kfbv','Registered',1,0,18,'2010-12-08 16:21:20','0000-00-00 00:00:00','e1aef1168380f1f2de6b243503e5176d','\n'),(609,'HarveyPEAPHYDAM','HarveyPEAPHYDAM','kotliebu@gmail.com','8a163855a7d46ea65700096dcc64080f:eJeQtdOXKck8Srv57rKKubxPOYQSDZhN','Registered',0,0,18,'2010-12-08 19:23:36','0000-00-00 00:00:00','','\n'),(610,'WettiLialyday','WettiLialyday','torrentsbum@tyhrf.jino.ru','5d5279c68babc541b641f7aa613219ac:5lpiPULrzOklH11ULnWoVUQ46tkjth01','Registered',0,0,18,'2010-12-09 07:38:24','2010-12-09 07:38:48','','\n'),(611,'seerwerommoca','seerwerommoca','eng@dmeny.pl','4b836b90ccc093c20924def073772bf5:kwcVjmPb25w8M5VqZYgszh7Pb8F1tm6o','Registered',1,0,18,'2010-12-09 19:51:45','0000-00-00 00:00:00','2dcea520836aad4afd648d39f18e962a','\n'),(612,'FrentFutwrent','FrentFutwrent','periodically@o2.pl','aefa6f14a59e89eed4ecad212d512cca:pzEtYXZr56PRCbB3N3y9k1IZTwfuOHYE','Registered',1,0,18,'2010-12-10 06:09:43','0000-00-00 00:00:00','771c00c3bab9e35fd4b7720aae6a03b2','\n'),(613,'Rieuwertsje','Rieuwertsje','s.uraubi@gmail.com','910b9161b8b6249fe0d96a7667a1cc82:xkUopOIccvkLGnZ9rGzjSlT8uyF8CSX0','Registered',1,0,18,'2010-12-10 09:30:46','0000-00-00 00:00:00','aa8b6fd7104cbbb03ea3a2cf71484067','\n'),(614,'naszewobazujus','naszewobazujus','naszewobazujus@talksongs.info','b47ccd32b7f859af10907ee5b99f3a5c:k896rXISKBAr1wsKV6XcxjGYLMKsy9JV','Registered',0,0,18,'2010-12-10 13:14:43','0000-00-00 00:00:00','','\n'),(615,'dioojpo','dioojpo','if7z@yandex.ru','47369e94b8e4362380f5775711392a6e:euNmg7ZaeNa8dzRVx7Ihqvd1S8NVA5S0','Registered',1,0,18,'2010-12-11 08:28:45','0000-00-00 00:00:00','8004fae28dae61b2696681a7fb90dd48','\n'),(616,'osoapmcnx','osoapmcnx','misoeosp@o2.pl','d9edbe74f1eaf818983bb49f07d9cf97:xIZcJlIXs3JWhd72vLKSDV7M4hWFxzXY','Registered',1,0,18,'2010-12-11 10:44:13','0000-00-00 00:00:00','55a45e88088b759583bffe95005a9e76','\n'),(617,'ConiStoofenow','ConiStoofenow','smartania@dlteyse.jino.ru','c1d9c1cc3202a8d383e413c9c4dd1922:ol0JehNWjNsMj1UlSsYC6oFLnwmZKcr1','Registered',0,0,18,'2010-12-11 12:19:52','0000-00-00 00:00:00','','\n'),(618,'Jarvis Nowick','Jarvis Nowick','seo77ploteczki@gmail.com','a5d38d6736f622ae862b5e55d4521fd8:4h0RpkamLpq0whMluonsOuki5rN8Ji2E','Registered',1,0,18,'2010-12-11 21:27:26','0000-00-00 00:00:00','0af42894411d592fa9957d76a529c5bc','\n'),(619,'Virgile Mangiavillano','virgile','virgile_ma@yahoo.com','14262d2915409b7d5ede8b721b335ca8:7PZTRkbUzLwZ9mJt3JnRw9MoCEeIVAAz','Registered',0,0,18,'2010-12-12 10:27:39','2010-12-12 10:33:01','','\n'),(620,'RijkskeAdoned','RijkskeAdoned','g.olavic@gmail.com','27a2087cb2d00277ad09e38d09183f3e:WHQRjwP9ZRu4liHmbF4ChM0IL6eO7fy8','Registered',1,0,18,'2010-12-12 11:20:07','0000-00-00 00:00:00','f028ba73fae8f622988005d0f5703abf','\n'),(621,'nakedbabeq','nakedbabeq','sanzstanley@freeemailservice.info','674d76b67744d7c1f5c7194d33da5bcf:6tg1c2e4aqN3dRg5kvvKx21yXU8nYv0R','Registered',1,0,18,'2010-12-12 18:32:42','0000-00-00 00:00:00','959e430fcfa8def11c45b5409d3e6089','\n'),(622,'electricsmoker','electricsmoker','bfifepupe@aol.com','c99e2d06ba8f0fd3fe7857163c52ce2e:xwBi1WitQv5pJutgVs8eXBJVOFbXAiNZ','Registered',0,0,18,'2010-12-13 05:35:34','0000-00-00 00:00:00','','\n'),(623,'geneva81nichols','geneva81nichols','jxyob3@qui-mail.com','a4be846b1898a0da64ab476b893dfbcf:P9On3FgHfQyqP1rTpDzgoPzA1nbudwCb','Registered',1,0,18,'2010-12-13 07:33:45','0000-00-00 00:00:00','c0118c827570f49ccf5829de0b0ec793','\n'),(624,'eleczycanin','eleczycanin','rumak721@gmail.com','68121b55201ed9ffedae133f14e5026c:5NJSHTe7agiMOf05He82sEkrioAY9t9j','Registered',1,0,18,'2010-12-13 12:32:53','0000-00-00 00:00:00','c948a7fe0291abc413504c1fded9153c','\n'),(625,'Aliedophiselo','Aliedophiselo','manter234abc@go2.pl','08ac0a731e5bff171050c30c61c0031c:LrZff6CQwVwP5YSw817TuHrhFfe1GdHh','Registered',0,0,18,'2010-12-14 04:52:43','0000-00-00 00:00:00','','\n'),(626,'nakedb','nakedb','torrestender@freeemailservice.info','71233bd6509b2c34de92147d3f263879:UsxHSAzwktoj2DEASMe1kGdycit7MBBf','Registered',1,0,18,'2010-12-14 19:10:42','0000-00-00 00:00:00','88323453334d2c6b4d9370fd14cf2962','\n'),(627,'notsprosmotrqq','notsprosmotrqq','nots1222@mail.ru','9553207e9a3f98f4c2c19f968a3458e9:asHisqpYCwfDRocyDSt7IO6h7sqjBtPf','Registered',1,0,18,'2010-12-15 00:57:39','0000-00-00 00:00:00','f3d3ba83b14497a136982033cc4f4d12','\n'),(628,'Gokay Gedik','gokaygedik','gokaygedik@gmail.com','dfaaa0aab212723fc6dda641f4cec5d5:QIWjm8xrTnuCW0PXC2wEAjS20SVufRUF','Registered',0,0,18,'2010-12-15 12:19:33','0000-00-00 00:00:00','','\n'),(629,'SalAllent','SalAllent','bkk-escorts@dlteyse.jino.ru','afd9e4d299db7c711eea07d5059a6b25:WVjuXhxiitpGGLsCOUM53YboGklxaXXs','Registered',0,0,18,'2010-12-17 01:51:53','0000-00-00 00:00:00','','\n'),(630,'ariwoni','ariwoni','ariwoni@gmail.com','a9db61b3fa11b9c02dbae22dc20a9f43:sHcZCRXLBJF7FhUGOMf75Jcfcj76dWy5','Registered',1,0,18,'2010-12-17 19:02:26','0000-00-00 00:00:00','053b215b9420896fb8ac30c0a7367e59','\n'),(631,'abisensaka','abisensaka','deneme@otokiralamak.info','64800f8dccb077a712597117dd8d7a40:Se1yJJyL2LYwjjdRSAG9ZDSXCyjdbHpD','Registered',1,0,18,'2010-12-18 09:39:10','0000-00-00 00:00:00','8371770793f42c078797f5d3ea0cc7fd','\n'),(632,'tatu-LataaidenPasP','tatu-LataaidenPasP','tatu_2013@mail.ru','b1a3127bc216dc0f6740e46c7446f620:asPW0Gq4PoBuR2O7AjGfNYZhqNgIE4UY','Registered',0,0,18,'2010-12-18 11:50:49','0000-00-00 00:00:00','','\n'),(633,'toosusbaduads','toosusbaduads','maile@cxv.pl','83adc23e6192153bf55e62e1aa34db5e:mEa6UP7o7ckmRdPvOLfLr4Tu3HhlJEar','Registered',0,0,18,'2010-12-18 14:05:34','0000-00-00 00:00:00','','\n'),(634,'serena acciai','serena','serena.miglio@gmail.com','33caa321d86aa3d6d6fd0df003cb856b:fUIKtY0P4K0MfPsg2Pfx6oDk8q48noyt','Registered',0,0,18,'2010-12-18 18:03:30','2010-12-18 18:05:58','','\n'),(635,'UZUN','BERNA','uzun_berna@hotmail.com','22699e0960e1ac976d3a831ce98e4afa:rjPw5s2GqXAuAJ8KnWv7I7SwJJDsnV6f','Registered',0,0,18,'2010-12-18 18:52:35','0000-00-00 00:00:00','','\n'),(636,'Tramevefger','Tramevefger','glomi@hotel-zk.lviv.ua','2de00273653053083e23e170aa4c1a9c:bW7Lq8rPkCoXJaOWaf4ooqgdc4VrPQ4Y','Registered',0,0,18,'2010-12-19 04:13:53','2010-12-19 04:14:07','','\n'),(637,'glanoMopopece','glanoMopopece','evgenstrat.ovarius80@gmail.com','cc502aed4921e9d8aa9dde4d64130ef1:0D37XBINjeu4PJcb2LYZlbZWkIj7HLbs','Registered',1,0,18,'2010-12-19 08:46:24','0000-00-00 00:00:00','125f6841880a88f137d770414ee3422d','\n'),(638,'aylin','ylnyln','aylinihtiyaroglu@hotmail.com','53984ac879fc2f113b975ddf74713c9c:z46eRuGwSrdsMoqgj0G7373nSOpisiby','Registered',0,0,18,'2010-12-19 19:04:43','0000-00-00 00:00:00','','\n'),(639,'backlinkbuildingxz','backlinkbuildingxz','loiterone@gmail.com','d915c7887398acb140fa352b1cbe23b0:yYxII3RCUEhok66AH9EZhAyuuGoHzrCe','Registered',0,0,18,'2010-12-20 01:07:02','0000-00-00 00:00:00','','\n'),(640,'FuptOpeplelty','FuptOpeplelty','allfilm@tyhrf.jino.ru','33902aef6b08d001a30707452e271f40:6j98WWcFA2gCmFmrWkjh3NT1VCrZwEOz','Registered',0,0,18,'2010-12-20 10:54:29','0000-00-00 00:00:00','','\n'),(641,'arthuromitotich','arthuromitotich','co.iff.uremontreallaval@gmail.com','139bd2916abab6d564ab3631d48e91f2:i1nB9StbQ4CVpLbojhQd9EmXrNKkd1e9','Registered',0,0,18,'2010-12-20 16:09:44','0000-00-00 00:00:00','','\n'),(642,'delimisinabi','delimisinabi','denedene1234@gmail.com','7ce10f2e85bbec648b45ba86474c0f86:Y6JdwqRfR9JebgxgDgGTeQznS5FI9Fqv','Registered',1,0,18,'2010-12-21 14:09:49','0000-00-00 00:00:00','6561c1e4a666bd998024f317d9fcdb88','\n'),(643,'ramnarounda','ramnarounda','jnsdphrwve@gmail.com','60c91b4ae4d1339e98ef5605a4f22c3b:ZjAARZP1PqqQLSyKJ7DMG8MpJWspcb3l','Registered',1,0,18,'2010-12-22 02:03:09','0000-00-00 00:00:00','56e9dcfa7ca7a97bb1ef56cb1741a09a','\n'),(644,'teemaBiff','teemaBiff','ukraineindependentescorts@dlteyse.jino.ru','30fda3b6a5a48b55971257c38422c20a:At6nWmaZZrAHI9zCbSh1RV4w0M3l3YnT','Registered',0,0,18,'2010-12-22 07:08:03','0000-00-00 00:00:00','','\n'),(645,'sninfusly','sninfusly','zozegames@gmail.com','e28ff5b2ce23935e7f29dfd768a2e2a6:InVUwlrspXRfp9eggg5c6pYKgOxCgvr3','Registered',1,0,18,'2010-12-22 10:37:29','0000-00-00 00:00:00','f94111f8d44b4eb494af6fa1f07461bf','\n'),(649,'Banu Savas','banu','banusav@gmail.com','a4ce8eee50e7c7ff23700c07ae3a442f:brGElCRNHitolXhDyKYJTiz0U2GN5Mz3','Registered',0,0,18,'2010-12-23 21:47:43','0000-00-00 00:00:00','','\n'),(650,'essepeindiply','essepeindiply','oleg-12332100@rambler.ru','2221db5f770c35fe0c75ae716d1bc6a2:jwXF9XHf5G51BOAPAckimMrnnHiMw4eo','Registered',1,0,18,'2010-12-24 03:34:22','0000-00-00 00:00:00','94f46ba3c17a939d20b59f1caed7482b','\n'),(651,'movievaaccumb','movievaaccumb','ickovjuleejil@gmail.com','98e8978cf3e4f7984ef29e9628a3845f:fkFTcYixcACPMNAo69Sh7yX4R9tbrVRV','Registered',1,0,18,'2010-12-24 08:22:09','0000-00-00 00:00:00','57320ab30806bf0913ec6573568717e6','\n'),(652,'Mavis Brindamour','Mavis Brindamour','seoploteczki@yahoo.de','a55880e1d5d87ee92f617b0f7580cfab:yQBvTeJ29nTxq7o2mK4VpLgLeTYpaR7L','Registered',1,0,18,'2010-12-24 21:03:55','0000-00-00 00:00:00','ce12833c4120b001a4fb7ce9751c1122','\n'),(653,'asfur2jigsxvq','asfur2jigsxvq','asfur2oxr@2010mondialfootball.com','040cb582975d1be1323a234c49da7b1f:KovqeHbmWHyV19z7q4zVuCBpTTqnOcQi','Registered',1,0,18,'2010-12-24 22:40:23','0000-00-00 00:00:00','e90d770854d6d6141f369ab9ce0b57c1','\n'),(654,'SwealskepeRek','SwealskepeRek','fisojurafaclv@gmail.com','86d5fd77d792ab63ceeaee970dddc2f3:QA2grF51rS8uKARdmCuEhLULqfkecpkm','Registered',1,0,18,'2010-12-25 03:32:21','0000-00-00 00:00:00','1eb600686748f7dcc0eeff2cea5cf185','\n'),(655,'SweceNees','SweceNees','bitec4@efilmik.pl','f6e0ce3b72dcc7880a2feb22e06f36a6:jvGy4OWm9FLSfmalC2n2SW9rHiBBgHbk','Registered',0,0,18,'2010-12-25 14:02:50','0000-00-00 00:00:00','','\n'),(656,'vietdiege','vietdiege','innabetty@gmail.com','792696dfc6d64198b5ebce5541fadca9:4hlxvLVEHLuUTj5vxH4eKVGpqOtxf5Ly','Registered',0,0,18,'2010-12-26 15:56:16','0000-00-00 00:00:00','','\n'),(657,'marcellafrance-dufourre','marcellafrance-dufourre','c.o.iff.uremontreallaval@gmail.com','aae74a15523e9d5465a77ab5ee2f4537:6MJygL3GVtkS0qGX3243s9IiAIsZmvDX','Registered',0,0,18,'2010-12-26 23:17:03','0000-00-00 00:00:00','','\n'),(658,'firloyorty','firloyorty','gdfgdfggf@yandex.ru','4a1e3eb81d605cf45a047b04365e5bc7:KKg6IoSrAbghYEiNcE4V4ZLBYHEVwDoy','Registered',1,0,18,'2010-12-28 19:57:31','0000-00-00 00:00:00','d68d81a7ba0a984ade847fbdd043a605','\n'),(659,'dsfdsseff','dsfdsseff','wrersdfs@yandex.ru','656b6c24587def6eebc80bfb3ba46100:wRFrq7pgsFQo1I2JZsXKTZM7tcG2Sqaj','Registered',1,0,18,'2010-12-28 22:34:59','0000-00-00 00:00:00','9ef261a1e56c6d68b44a1c70cad6108d','\n'),(660,'Danguy des Déserts','Danguy des Déserts','gaelledesdeserts@hotmail.com','ebdb1fdae0fbd6a257d7078bed7057f8:VoX50TyIPZVegM0WszwLtKb7bhLPoX04','Registered',0,0,18,'2010-12-29 17:34:55','0000-00-00 00:00:00','','\n'),(661,'LedreroGoxy','LedreroGoxy','agwayburgessrc@gmail.com','602028ce0e9991495d96ae76e6bc16e0:Aulkqdya4Fahgp4jRcGI44zwxfd6c18o','Registered',1,0,18,'2010-12-30 03:47:24','0000-00-00 00:00:00','daafeecca8489cc7422ac5e10599300d','\n'),(662,'mismsoobbytip','mismsoobbytip','kenn382@vibrant247.com','fc530f8483a16b0e4547cd890d69ea84:7GZ6xTYQWQZtf60JNwLxYiSmYZ7WYNMG','Registered',1,0,18,'2010-12-30 12:41:50','0000-00-00 00:00:00','340b1396375d50da1054da4e29892855','\n'),(663,'rtrytriixfy','rtrytriixfy','sdfsdfetetw@yandex.ru','f397e20a05c338c8a4a9ac6f83177f7b:8IXPF97oUL1Q6suy889EprYX68j8leOh','Registered',1,0,18,'2010-12-30 22:06:08','0000-00-00 00:00:00','d2b089701a72423cf1b33e6d4a6e9529','\n'),(664,'chaibbomoum','chaibbomoum','teens-xxx@hotel-zk.lviv.ua','4ed67a13b4b7e5be3d824f40c005dd7e:bprn0KuH2cBbazQWbDDlHL4LhRH9N7Db','Registered',0,0,18,'2010-12-31 13:16:46','0000-00-00 00:00:00','','\n'),(665,'FrorryNuh','FrorryNuh','nofpeuci@gmail.com','2bda5b9bbf3a1194080928085567902f:IHr59x79DErjmcT7iUPnGAZZqHkDVJGT','Registered',1,0,18,'2011-01-01 22:15:25','0000-00-00 00:00:00','29b2511b2e8660693fe53dea5a7c7850','\n'),(666,'fefelir','fefelir','fefelir@gmail.com','083ae6c894deef5d93307e4a77bfb32c:zdg6rlFgJdVYrinVWitqUdE0i5uOVyrJ','Registered',1,0,18,'2011-01-02 06:46:42','0000-00-00 00:00:00','0b26afdd6bda44c34d618fff65e75276','\n'),(667,'fessapsiddicK','fessapsiddicK','vivid77777@mail.ru','bdf2e130b43cbfb9924d73e145f54dfe:HWmfLR9BsTNeD2gPPoK4youO6j2StV4P','Registered',1,0,18,'2011-01-04 08:49:26','0000-00-00 00:00:00','91164367b0b59c25c52ff799e995ac3f','\n'),(668,'aabulgarForeva','aabulgarForeva','apartner.allife@gmail.com','495ffe93644ef6e2f98a1d366a679d86:Zqsd7mmzKaaUDQyboPCRxC9QfvPjPRmY','Registered',1,0,18,'2011-01-04 16:47:59','0000-00-00 00:00:00','2a554c228fb6f3e30d1104aa84e10921','\n'),(669,'Brermagreby','Brermagreby','inenarer@yandex.ru','fe07750426fa958587c8775075a739b9:qQ02k3nlZzLdjr5xbfGJj0pTcgtXPNTA','Registered',1,0,18,'2011-01-04 16:59:57','0000-00-00 00:00:00','a025374fbe1d0eac1c14b4cbc84c95b4','\n'),(670,'BannyWiliamila','BannyWiliamila','bannywilliams@gmail.com','33adf64d250e15fefa692d47e5a5cb57:K8bupPCaSK2FotyrHTntSpwfw0szqsv1','Registered',1,0,18,'2011-01-05 01:28:09','0000-00-00 00:00:00','812b62c4f10b12c2ebab064af714cb4d','\n'),(671,'suztzynera','suztzynera','jeremycluckas@aol.com','3a3793709ffee94f011dc73dcf349738:I2YWvdj7caDBrJvV6phZGf8cLfuYDMbn','Registered',0,0,18,'2011-01-05 11:15:53','2011-01-07 15:50:05','','\n'),(672,'Pharmacy Generic az','Pharmacy Generic az','noadsasaphseg@gmail.com','f481e35e5ebcddd7e57965baeb64ecec:YVQh8v3yTZ40GZciLknGqyGNOIyRJRBt','Registered',1,0,18,'2011-01-06 01:14:15','0000-00-00 00:00:00','53e9dcf9dc71ec5c7107d9b91d4b2ef2','\n'),(673,'prubpoerb','prubpoerb','jukenifopinpt@gmail.com','5ac58280515dd2cfc6ad583c4a5a09ff:13cQHLSrPdAypJoijA66YD3W9kKDGf7f','Registered',1,0,18,'2011-01-06 03:40:20','0000-00-00 00:00:00','e1459964693233f3abb4fccddf4d0dde','\n'),(674,'AlanPalazola','AlanPalazola','all@zaycevb.net','9c8275e839fe4c25ee9fdcaebd2ba907:wFLPhagYeaDPRXWkErSc9IplnJj4BGpP','Registered',1,0,18,'2011-01-06 09:01:34','0000-00-00 00:00:00','f1f33c4067447141f532dbdf6341c70a','\n'),(675,'03DQjohnnie','03DQjohnnie','ri.to.c.h.k.au.st.ih.omi.ro.v.na.1.985@gmail.com','7f6feb168ffc3bdbe572964904bba34d:h6PAhiTrPMJ8nhvpqCGnddPuOKQn6lX2','Registered',1,0,18,'2011-01-06 09:13:38','0000-00-00 00:00:00','3f50b754125f2f62e11f5e4eb20eb9e3','\n'),(676,'TiessiltteelF','TiessiltteelF','obsranaola@prokonto.pl','040c901fcea239b76613ade494677ff9:WSZQLz9OZJmKAa3z3mcz9GlHNWl6Hfo2','Registered',1,0,18,'2011-01-06 20:57:21','0000-00-00 00:00:00','410c4736bab62cf3af4458291579f8e4','\n'),(677,'Peewlyadhelty','Peewlyadhelty','vovtisu@gmail.com','296c314cd4a6e7ec76c031454f43dad1:1FHq1rcOfcNQOXCI40IbsCQoEUrYm00h','Registered',0,0,18,'2011-01-07 03:01:02','0000-00-00 00:00:00','','\n'),(678,'samunellarichardson','samunellarichardson','samuellarichardson@gmail.com','1804ca2cde638fb645595394c5a8778e:dRcF4IvkG7XHHDN8keOWImNE53N8LTJa','Registered',1,0,18,'2011-01-07 03:08:53','0000-00-00 00:00:00','d6156cd1582dff327a79dc7302e1a23c','\n'),(679,'Seemnesaumoub','Seemnesaumoub','leczycanin3455@leczycanie.pl','ab4a949d252a9e9d6ed4f47ad731ca92:IdNgEYhlZcVQf177gmwJlTvTNq6VqXDS','Registered',1,0,18,'2011-01-07 04:57:53','0000-00-00 00:00:00','6c8ca29ecd284d6f05d45b2893eb5ed1','\n'),(680,'Mewereeirrito','Mewereeirrito','bluereweaws@kremenchug.ws','d21d2110430b58451795c54d5a23e89e:8sSNbI5qKyL6iiA9RIMdgUdZlivgikCl','Registered',1,0,18,'2011-01-07 04:59:08','0000-00-00 00:00:00','671adc54e21cf4a00a67663418b202db','\n'),(681,'Johan','Johan','johan.richer@gmail.com','17b54a1a76cebdcf2b2d28dd685bbbba:KgmI8yVOQjsB2qQPtl3MFFDiEQshU54m','Registered',0,0,18,'2011-01-07 13:05:23','2011-01-07 13:06:03','','\n'),(682,'witaTaincanna','witaTaincanna','bifogew@gmail.com','58c84afdb16a2c9d8ba75778c34a9449:EHu5zPaRt4pQTjGMPNskDnbt7SJqRC17','Registered',1,0,18,'2011-01-07 18:04:17','0000-00-00 00:00:00','18c00851440327b664a983e1192031fc','\n'),(683,'MultiHitk','MultiHitk','usa-adult-dating101@o2.pl','b131cd7748d9b13cb9edae305d4b37a6:gv96677DftRAG06lArHtMFyXKsayCmuF','Registered',1,0,18,'2011-01-08 07:19:56','0000-00-00 00:00:00','e7f02835895a2fc5ca097385a2c7a0df','\n'),(684,'woondodia','woondodia','hansdavidson@rocketmail.com','bc5ef525760beb137757ccaf2e01a940:OX1hYk6naSa0LGryhqFwsDadxVv2xqoh','Registered',1,0,18,'2011-01-08 09:05:15','0000-00-00 00:00:00','5d5b7a73571a497798c3305e09cf2bc0','\n'),(685,'neorsefeglile','neorsefeglile','rnroboticsfrank@gmail.com','d362db84932ad97ded2eb99b5e7d5a91:lie1aOZEVjUuoYmJNMBHxHGKMO1BPqGE','Registered',1,0,18,'2011-01-09 03:34:11','0000-00-00 00:00:00','6966f250cb11af680d4ce96122bdc844','\n'),(686,'separrattist','separrattist','separrattistkas@ja4aga.com','1c4e14ac6325d7b3e028a39181f24cc0:sOiP0TMHd5rbc9hHgFx7VlvRp3Po08yn','Registered',1,0,18,'2011-01-09 12:21:49','0000-00-00 00:00:00','49a2b08152a86cb89763cad10cae7f2b','\n'),(687,'bouctuant','bouctuant','th.elor.dofthe.rings2k@gmail.com','ea69f02320c8f37ea9e3028790ee4fde:WKI31A9xiqo3PfcA9aFEr2e082JK7iHA','Registered',1,0,18,'2011-01-09 13:49:34','0000-00-00 00:00:00','79a8475cc24f123ead688d691379278e','\n'),(688,'MartensX','MartensX','minetkajanina@interia.pl','8f3ec8ee2ebac90e724c0ee64de39e16:orzgbrRsVh8idP1b7azkOTeDN29MnP4T','Registered',1,0,18,'2011-01-09 16:05:13','0000-00-00 00:00:00','70f7d7e751c6bef0d46589f76de58934','\n'),(689,'HardHat','HardHat','hardhat@e-maildot.com','e47c3789c7759d7eaf2002220bcb5b00:LxhnPefR6Gus2tfIOT2StbcvqyUYTu2r','Registered',0,0,18,'2011-01-10 03:36:49','0000-00-00 00:00:00','','\n'),(690,'gnompilot','gnompilot','catapple29143@bk.ru','d3089d29d46c3110c516e7d0c7af29f5:bzkc6yYwX7EXLuOLdXoFcNEGkZg6mIjg','Registered',1,0,18,'2011-01-10 05:45:57','0000-00-00 00:00:00','b117950b5b1b0bbe5b948a3f4d0514a4','\n'),(691,'ertyiiwsriytll','ertyiiwsriytll','hjghuytuytu@yandex.ru','b3eba0f93cb9d4388bab9dfead62475a:2UJ46Zl4MK8mkxXsRdKvdllAbkRILumZ','Registered',1,0,18,'2011-01-10 06:26:28','0000-00-00 00:00:00','aab4c0ce542346c32a639d7994a765ab','\n'),(692,'RonVoinylycle','RonVoinylycle','dannyboyzs@yahoo.co.uk','9810a54024747a82e30e893919130871:If995Kjx6zHZG5icQjACCN3bZyVRytKv','Registered',1,0,18,'2011-01-10 10:01:00','0000-00-00 00:00:00','5cc18a908c267b70f29e7edbb258b40c','\n'),(693,'testAnaccut','testAnaccut','asdekns3@zlocorp.com','6c124767be2b7a8e6e75d3697ac1658c:FeRFDUgn2ML0hWfNamgFfzI252vgN7GT','Registered',1,0,18,'2011-01-10 16:18:32','0000-00-00 00:00:00','4b0700a806773efe4317eb680e37d810','\n'),(694,'inisrentief','inisrentief','desmondmorbe.z@gmail.com','d5e713d3d3f99cb42d0d08fcc313abc5:bwn288VHSxJldXZjFjGO9KMOvshxghtO','Registered',0,0,18,'2011-01-11 12:18:17','0000-00-00 00:00:00','','\n'),(695,'MarCoch','MarCoch','marcoch1@o2.pl','10d052985df25349e9e89cec272554d4:vOs3ogbVVYYiCYjOODOXyBOLnwRJKacc','Registered',1,0,18,'2011-01-11 12:53:10','0000-00-00 00:00:00','04c2a9e129c5635269e40761ec9efe0f','\n'),(696,'kattallia','kattallia','kings@knigi.us','4658b0b9227671240c0f3f087493ef8c:96NwL1hUdv9gge6JW7EClLQfodKZLjJd','Registered',0,0,18,'2011-01-11 14:44:05','0000-00-00 00:00:00','','\n'),(697,'PUAmystery','PUAmystery','hottgirl@e-maildot.com','f5ebcfd6469be20005da180cf77a6618:y2f7Wa9aiLeWgGJuP00kKr8ZO03PK3DL','Registered',0,0,18,'2011-01-11 21:24:46','0000-00-00 00:00:00','','\n'),(698,'Pahqueexkah','Pahqueexkah','ikodavo@gmail.com','0cc5c4deb748d77e0b786ef102ff8d4e:V9oBTTOjo2d4r5AgxD5FAWIZlGNYZn0R','Registered',1,0,18,'2011-01-12 03:09:09','0000-00-00 00:00:00','beba7ce6b22ae61758269183a28a75af','\n'),(699,'personalizateaw','personalizateaw','personalizate@epages.ro','7ee42beeceada895abf89c79084ff042:DpcDUZcxsUSqlIARMcurRKAdaUYdCXe6','Registered',1,0,18,'2011-01-12 10:28:36','0000-00-00 00:00:00','c812fb6659ef18e0bbb8abf1bd507e07','\n'),(700,'KiniSaniath1','KiniSaniath1','karvariblepuq@gmail.com','1a9ecf18884f05fe016ff4b3b1359864:tiS5pipvUz9NJUVaNH0V1oRTmeUto5RD','Registered',1,0,18,'2011-01-12 14:50:19','0000-00-00 00:00:00','e42f0f58bed5ee4670d7a7259c6f60a8','\n'),(701,'Stoothjetly','Stoothjetly','wojsko3322@go2.pl','4ef31936c98ac97ed4f9d5879d8b9c35:5slUePOu7jkZFwZkV22zCjZADUeY4Cav','Registered',1,0,18,'2011-01-12 14:51:01','0000-00-00 00:00:00','04d3549ad7a9bc8b7ecd05814f0d5c89','\n'),(702,'Lumpkine','Lumpkine','lumpkine@kismail.com','f6a6bc77767722ed7c3814396a69c79d:qGAtndKyaBgTn59kNSsvgTI8YdMDpbxm','Registered',1,0,18,'2011-01-12 21:32:14','0000-00-00 00:00:00','b2407d4d7defd34f8af9cc2285de9f48','\n'),(703,'lauryinoraddy','lauryinoraddy','nnehidvoiqua62942@mail.ru','7ece267036cc513648d662f2c5fa2656:sQA7QLHEnYhg9vqGEXKXr0Uv0vCcx9Pu','Registered',1,0,18,'2011-01-13 05:56:14','0000-00-00 00:00:00','30f4557b66d80b3d201eb83419c74657','\n'),(704,'tesuwoifzko','tesuwoifzko','testspaaam@hotmail.com','c9c9354cce39f0b46d8565b57cc3b6d1:ndlgKZPsJCMEIpCLbfR0BJUWVmO0k00C','Registered',1,0,18,'2011-01-13 20:53:10','0000-00-00 00:00:00','7aeca6b174d51788b19c336b7107252a','\n'),(705,'danycoutc','danycoutc','c.oi.ff.uremontreallaval@gmail.com','141a2798f247d61e02997d633ea072a0:22s9R9RJ5NxiP7VtfunxFmmWEzuHDiyr','Registered',0,0,18,'2011-01-14 00:55:17','0000-00-00 00:00:00','','\n'),(706,'janekbury61','janekbury61','janekbury1@gmail.com','844f3c9ae148e4edb1bf614f525ebb00:KPzGmVKQ6SytrG4NwRV2y5fEfTuxZrte','Registered',0,0,18,'2011-01-14 14:50:14','0000-00-00 00:00:00','','\n'),(707,'Beewbalkefe','Beewbalkefe','ivan89ii@mail15.com','e176deaeae23ff1bec1549716d1eca21:Sv8TfOQWAVWfT7rAvsUMh4WzypqX1Z95','Registered',1,0,18,'2011-01-14 20:53:59','0000-00-00 00:00:00','67d33afe2af01275652d568704081206','\n'),(708,'Intikilla','Intikilla','coasepashuwov@gmail.com','c71ac79b695532a6ae4710e6bf7ea859:RUrvc4JqgAE91m6Nigr424gcCqyJqNGC','Registered',1,0,18,'2011-01-15 02:11:19','0000-00-00 00:00:00','cca0c454844dfefe3c91a8670fc60575','\n'),(709,'Breflorne','Breflorne','kacheemiddgof@gmail.com','80e4a073010da746e0cfbab4cb4c1836:nsPaok6F3bsTOwCBF8BdIDKLJ6yMw7xE','Registered',1,0,18,'2011-01-15 02:51:44','0000-00-00 00:00:00','55c49aac1a68bdba695cbd4f79c129f0','\n'),(710,'RuispRapEmups','RuispRapEmups','johnssonjimmy@yahoo.co.uk','a54075df6747931a95240b22158aead5:6njuMfVNo2j3GqgtiadOwaD3JgIQzacJ','Registered',1,0,18,'2011-01-15 09:04:28','0000-00-00 00:00:00','32c1ef7cf34bb5fe2f34f1497edcfb3f','\n'),(711,'WoombUphomvog','WoombUphomvog','jsdovemodulus@gmail.com','62cb5239cb67a41a65a44b090fdc9ae8:SDhRkF81Rkp4mDOIFX8mE2DB3ik2qGxk','Registered',0,0,18,'2011-01-15 16:22:34','0000-00-00 00:00:00','','\n'),(712,'melcvjpatric','melcvjpatric','jasctomas@aol.com','d7acbee90ac5e6b278ddd963c197f1d8:aPRR8Mfbuy0dJxL7wYRhFtiSvOle7tMg','Registered',0,0,18,'2011-01-15 19:48:12','0000-00-00 00:00:00','','\n'),(713,'zipampbopsisy','zipampbopsisy','steveowenso@gmail.com','817a212923941452d93a97f5f8d5f791:16TL8tAraIyotekKPHGQhRWmaylsnmTw','Registered',1,0,18,'2011-01-15 21:16:53','0000-00-00 00:00:00','129d8f7b9a9c1b559132a28fa936349b','\n'),(714,'Viohidsdiah','Viohidsdiah','entequelese@mail.ru','e20e09de8b472d4a5453ece3ebd4994d:3ACXLImcSYnEhW07gwhlJWDGYDNGwsmm','Registered',1,0,18,'2011-01-16 03:25:13','0000-00-00 00:00:00','8c0401d9f04c2036f96dd4e16fce3374','\n'),(715,'StalRaini','StalRaini','leczycanin3457@leczycanie.pl','0ed599822cbe1a1cc2fe230b0a3067e4:flWJd1TdxQq8BFtEEPw3Oxt8x0kdOAmS','Registered',1,0,18,'2011-01-16 07:35:33','0000-00-00 00:00:00','dbd506b79753e407038dc931334eed08','\n'),(716,'ClipAllodia','ClipAllodia','thom.sa50@gmail.com','7162123c71615e9ee96dc6c40157bd22:EmzSNH1y9x2ndfk7U1pAkWc04SXiyJiN','Registered',0,0,18,'2011-01-16 11:13:50','0000-00-00 00:00:00','','\n'),(717,'plulultInpups','plulultInpups','mazuz@rocketmail.com','84657fcf1314d038130b9a64586b9197:njBKW5Qp311LvsExesoaR02kdQ76qOfE','Registered',1,0,18,'2011-01-16 11:51:01','0000-00-00 00:00:00','bb99f9f017e923e774e2a80486704d1f','\n'),(718,'dyedStePCooda','dyedStePCooda','zugkeefu@gmail.com','363fda6d87e14060cd2e82cb9daa93de:dJ3dyHHse4fAfheMEgKnmRtgwkPXuenh','Registered',1,0,18,'2011-01-16 14:48:39','0000-00-00 00:00:00','83e53853df9b55bad41206a30cdb410e','\n'),(719,'micasinosz','micasinosz','casinofcct@yahoo.co.uk','8c6feb903f14387db65e74073e26a713:ULuob1pH4sD8utkFIIrFw2ywQr7FsYM3','Registered',1,0,18,'2011-01-17 07:05:41','0000-00-00 00:00:00','b7c015f1659250ec0ec5062b6fa3a5cc','\n'),(720,'ENSUEMDUB','ENSUEMDUB','nikas-ua@mail.ru','c43aa70199e3ccc9b028a3f8da805e75:PaAQMb0rsrfrno1cxutT6zGHN0O7THHC','Registered',1,0,18,'2011-01-17 13:58:09','0000-00-00 00:00:00','30ad6d051fbce67d0fd27bd1d5df0669','\n'),(721,'tourbsots','tourbsots','denysedooganhamh@hotmail.com','311d8d2eb1cd522f1151e2aa9ad0236c:V6kIgDCdz0P05OtXMR6fie7dRbMxlYLX','Registered',1,0,18,'2011-01-17 17:22:00','0000-00-00 00:00:00','720888ba8174cebff088daaf795d39d6','\n'),(722,'hiniavaimet','hiniavaimet','gonzalologa.n.8@gmail.com','976ec9c3303fcdfe1a401172ac6986ca:LTvvJljHJ0pyYVx9JS7gAwHCTmdgTEtl','Registered',1,0,18,'2011-01-18 01:14:47','0000-00-00 00:00:00','5e3452cf597bef08c889793e5acc0ea4','\n'),(723,'offerodrierty','offerodrierty','ikshanahazqob@gmail.com','6dbf433e5df77f67cabed1dd79633654:4NTXL2SX8Qy5jeus8y6wWBSf1HvTG7TR','Registered',1,0,18,'2011-01-18 01:45:46','0000-00-00 00:00:00','6d23525011b44e0766370adb5344f159','\n'),(724,'Weambumarrota','Weambumarrota','lynncarl777@gmail.com','0b1e4449457d0dc4f6b8e3e00ecacf6d:terWxQQv05vsr9oTwU4f6uMaTK9QH3lt','Registered',0,0,18,'2011-01-18 15:02:31','0000-00-00 00:00:00','','\n'),(725,'spipliemo','spipliemo','karlson_karl@yahoo.co.uk','86963c97801cf3243917db9081d6210f:FPRt1V8V62NDHoZLuseVQhnvBlU9iRiv','Registered',1,0,18,'2011-01-18 17:10:45','0000-00-00 00:00:00','b2299549532eb77191949faf9a8dbbef','\n'),(726,'Relloutlift','Relloutlift','fcableson@aim.com','92f6b5ea53c837a6f2e217de12fd31e7:bVrfHktkadBoLAViQi3QSTZSmWsH0mM1','Registered',1,0,18,'2011-01-18 18:36:52','0000-00-00 00:00:00','503385315e53629ca3c069fbd481679e','\n'),(727,'AdamyPhabydub','AdamyPhabydub','offiegianonec@gmail.com','ba244e864617401b3bed053ca44a25d6:KHSUfiVsIbjgrkbEpJFsYpF2BaXMLqOn','Registered',1,0,18,'2011-01-19 00:09:36','0000-00-00 00:00:00','a8156b5df8da8701c1a5cc070f3390e6','\n'),(728,'05FGlowell','05FGlowell','r.ito.ch.ka.ho.use.s.h.op.se.x.y.19.71@gmail.com','95884d5865d18d70ddfc419e07f852f0:sJERU1ndz8PTWObrX48ldav5GlFMT6Qv','Registered',0,0,18,'2011-01-19 01:04:49','0000-00-00 00:00:00','','\n'),(729,'Ensuttyfaus','Ensuttyfaus','josef.parrish320@gmail.com','1f37b1682154b050726680e172886900:HpuRESsH3PQPtPiDRzPLBW5LQ2AePMEH','Registered',1,0,18,'2011-01-19 03:29:59','0000-00-00 00:00:00','4964373b0bd437c58cca3107ebe306ff','\n'),(730,'hambChums','hambChums','cliffordsandy34@gmail.com','fc3125fd127a6f65768c337c22e69986:DK1fJOlEwVgCusJ1ed2p5abXIBpUaNjC','Registered',1,0,18,'2011-01-19 04:43:16','0000-00-00 00:00:00','5b470ba4480a4555cfa0e68d31eb024e','\n'),(731,'Enfoffrew','Enfoffrew','zivoabe@gmail.com','de5b820b2e543f2284a5c32159e88a6e:noLiXL6ZDnS28jOtIWyfG68fRNhab3il','Registered',1,0,18,'2011-01-19 08:28:45','0000-00-00 00:00:00','e6be5b3a45ac8a0fe48096b3d74ba15d','\n'),(732,'Snusysymnsaxy','Snusysymnsaxy','mcsauledmwluq@gmail.com','77c7da3440e235e38bc4605dacf1a207:CAqMfLTck3KHkaSqLMgQ69ZwNXHlelyO','Registered',1,0,18,'2011-01-19 21:07:30','0000-00-00 00:00:00','c47cd6639d7097c9cd59f4ff92f45f17','\n'),(733,'vastapops','vastapops','appositeuxcardenas@gmail.com','e4f0e76c665eec5fbb6241549733765b:1bAMbzgJ8YA3X7oFv7u1uFSQICIfRVyu','Registered',0,0,18,'2011-01-20 00:27:09','0000-00-00 00:00:00','','\n'),(734,'draicelypedep','draicelypedep','mezdecd@zlocorp.com','82be98df916548a6665f5842f0dfb741:XhE6rFEAs7Vrtr4V7SxwaAppbFDQRdye','Registered',1,0,18,'2011-01-20 01:54:21','0000-00-00 00:00:00','37097e558f9c8730452f175b6dbb7fc0','\n'),(735,'janekbury88','janekbury88','janekbury1@o2.pl','fd5284b917264d5769a16b006f630d3c:fWAiJR4WMlYH2lBI8LglqhGzSOFLsbOv','Registered',0,0,18,'2011-01-20 03:42:26','0000-00-00 00:00:00','','\n'),(736,'mustafa hatipler','mh22','mustafahatipler@gmail.com','8cf1e1dc0b68a0d5470c74bcc4802da5:k5ypZmZLuUfsjDv2UZzLvLLqffwnqUm5','Registered',0,0,18,'2011-01-20 08:33:41','2011-01-20 09:00:23','','\n'),(737,'gatlomensa','gatlomensa','alexhphilip@aol.com','24ac0e1d839387a2160414abca618ba9:zVHhaI5o6c26uJM2VwHOV9JIc9rtOlQp','Registered',0,0,18,'2011-01-20 12:52:32','0000-00-00 00:00:00','','\n'),(738,'CipTultpele','CipTultpele','chung.reziguw.berg.@gmail.com','34d443a332c158a1ee8cc1884fd2105a:gVO6vqo0yt6z1SFESAo8VE12U2RUWFHV','Registered',1,0,18,'2011-01-20 13:22:13','0000-00-00 00:00:00','264964b9092b5f14843980b282362278','\n'),(739,'Liabcraggig','Liabcraggig','gfxindo5+pff@gmail.com','f3f72d5b1f6fdddaa79eb67069cb38c0:vP9k3TKrv56cRqduEFBWDKjT1NUX4duL','Registered',1,0,18,'2011-01-20 18:08:25','0000-00-00 00:00:00','481f64fd38bf284b15ac29630b004f9e','\n'),(740,'IcestEthict','IcestEthict','jukenifopinp.t@gmail.com','63ac73ca47db7a1a20a0fc6dd027199c:vjY2SksfkkmXijH74oBKVZbRrDHGy08c','Registered',0,0,18,'2011-01-20 19:45:30','0000-00-00 00:00:00','','\n'),(741,'shawarmabc','shawarmabc','mantra@grabber.co.il','878b1581286b5ba6f15a84187a4f5509:rjPMsbwyVnRxn5aM0PoLEm9PTC9Hwc0m','Registered',1,0,18,'2011-01-21 00:49:58','0000-00-00 00:00:00','5d3eca9edeaad6f1c9ebc9e7c75cd5ae','\n'),(742,'optiblete','optiblete','violainelelah@gmail.com','ffc27d1ae617df7d49036b0cf400b54a:1ihBCXQYtPoBuLRfjUpqrXCyEm2d1Ypg','Registered',1,0,18,'2011-01-21 01:27:00','0000-00-00 00:00:00','5f1af3fc57a23d1a1a230f37d04cb444','\n'),(743,'xrumerMIPPISTOCCUSY','xrumerMIPPISTOCCUSY','xrgodabc.defghijklmnopqrstuvwyz@gmail.com','007f8fcff9d5e0e433c6d88b0b8b07ad:SNVfX4LO57hMXGLG3jlbZfocjzgmnv22','Registered',1,0,18,'2011-01-21 01:37:36','0000-00-00 00:00:00','98d3f109d393682967ffd3f3936f4c74','\n'),(744,'ajcisdkunos','ajcisdkunos','ropidko121@o2.pl','d05a7c4052ffad936a5a1f684c5beb44:meiW7DdrXg4yuE6DoxGQYpAsRD1FIUea','Registered',1,0,18,'2011-01-21 03:38:17','0000-00-00 00:00:00','6b93a5f0b85ad8c6e9d5e5abc8a6180b','\n'),(745,'dial-LataaidenPasP','dial-LataaidenPasP','dial-wood2011@mail.ru','7330c6476ad2eeada4dce54a0d79f6c2:vZ5lPvkWvRJSevVDC1BZX7WhWSoQF8hN','Registered',0,0,18,'2011-01-21 16:03:14','0000-00-00 00:00:00','','\n'),(746,'Dessarropsy','Dessarropsy','swissfan@emailservice2011.info','6a63ee352eabf9fc56ad0667abc983ff:jMZH5z8F4MCzC8xgjPSmBCX3Aduy0Dfb','Registered',0,0,18,'2011-01-21 22:27:21','0000-00-00 00:00:00','','\n'),(747,'issueltdibe','issueltdibe','rikobenninbeh@gmail.com','f7776e07b795225cadb53c879a045c11:PcbVlAJOykgSQb8FssAKzaoMvoWPLvPk','Registered',1,0,18,'2011-01-22 07:00:08','0000-00-00 00:00:00','2dcd3608cc11557ccff78e716fb997f3','\n'),(748,'Gidikegreeste','Gidikegreeste','dbald88@yahoo.co.uk','d1cb9c31675990700254db05e1216fab:skIhAAjpVrOPywETtJr9RLXYgyw5IT4q','Registered',1,0,18,'2011-01-22 13:05:33','0000-00-00 00:00:00','ce4f3ee862b3c1ca24bcfdccabe406d8','\n'),(749,'mrsHarrysPotters','mrsHarrysPotters','mrharrypotters@gmail.com','dfaa12394723cde8003324e2ba4cf308:TncajcVHw4vGZgHkbeHLjgIwvDdBElTm','Registered',0,0,18,'2011-01-22 20:27:47','0000-00-00 00:00:00','','\n'),(750,'EtternaEtta','EtternaEtta','etterna@wmnik.com','25160eb838ba620978349dcf7e117386:PmveQI2Ku5oVki9KJnreiKQ0WcoWi6PY','Registered',1,0,18,'2011-01-23 06:29:23','0000-00-00 00:00:00','bc8ee93312e44d01d71ff53cedeed5e3','\n'),(751,'NuptZooxsouts','NuptZooxsouts','mishapetrovtrueman@gmail.com','43d271406eb413f840aef84171e020ab:oVuqALpaD6SSy7ntvOZ87nNnIwGFKQpC','Registered',1,0,18,'2011-01-23 10:20:33','0000-00-00 00:00:00','68f0965bdfa0ba1e659afc77f8b39c28','\n'),(752,'Reinuenof','Reinuenof','kleebornkafef@gmail.com','828931384a98f7f510225f71a2ca4238:pMu2QQmmX6QLOUsYc7X5AdKpUkcuITAh','Registered',1,0,18,'2011-01-23 10:24:37','0000-00-00 00:00:00','81fc06e60bda84917449ff4d31d14bb3','\n'),(753,'Semsaila','Semsaila','chomiczad.rcej@gmail.com','f1bb7d744b2909036324bd05666017be:P8uTjZl8Pc4rg0HOMhT6XwANUtw5WRmb','Registered',0,0,18,'2011-01-23 14:48:28','0000-00-00 00:00:00','','\n'),(754,'tqsawcxz','tqsawcxz','sadaswe@mail.ru','f0ce2e5a71c3bc69183d0704f606a20a:42b63nDyH9Df8mOWdvKqXuBLUlGCaADP','Registered',1,0,18,'2011-01-23 20:16:04','0000-00-00 00:00:00','60cc68828a5a7e9254c38d8613a909e9','\n'),(755,'Injuccuse','Injuccuse','roman.kimm@gmail.com','e8eb1111c00cc6774c029b983797b8ab:92h01YrNKxvlqPyitj1VnsxEhWOu9svU','Registered',1,0,18,'2011-01-23 22:46:42','0000-00-00 00:00:00','dd283926b100dcf0b528cfd9503898a0','\n'),(756,'mambrunda','mambrunda','bracchijerbis@gmail.com','a39c9a615e8908e3a51d5657a3360d41:cPTg1QMsjqn8q9HEky7H4W3pd198VZ5w','Registered',1,0,18,'2011-01-24 18:05:43','0000-00-00 00:00:00','88629e8162b08bd7427c4dfa216c6db2','\n'),(757,'AlanetesPalazola','AlanetesPalazola','vasiliy@zaycevb.net','2030cdfcccd7c217bb78f09b5d791c8c:qMjaYG61yWDbs98j1VxwpuA40jxdoihP','Registered',1,0,18,'2011-01-24 18:36:13','0000-00-00 00:00:00','81ca9449bfaadf702c00dcdef65f7ba3','\n'),(758,'Fumsmooks','Fumsmooks','tierraandrhuf@gmail.com','49241b1bba577fae88774d07a598db7b:yNjH5xp6QfakZaznASIOIxvatofLlJ8S','Registered',1,0,18,'2011-01-24 21:51:08','0000-00-00 00:00:00','e2e95e75cce8c56306902fadcf0a467c','\n'),(759,'Fluereedgelty','Fluereedgelty','prop34@tyhrf.jino.ru','b70363c36d3e8ee4e7bd2e42e4bfb922:2dnLiFvIxM38fOpSACNEHUVtrivLbjcB','Registered',0,0,18,'2011-01-25 15:04:17','0000-00-00 00:00:00','','\n'),(760,'raghttiur','raghttiur','coif.f.uremontreallaval@gmail.com','709393117ebbba1f75ecf4dfbcde4f74:eji8ajE3GHuv7MNIwwbx9oWokAPWkUnp','Registered',0,0,18,'2011-01-25 17:46:16','0000-00-00 00:00:00','','\n'),(761,'MariaLove','MariaLove','marcoch1@prokonto.pl','804ccf26556e8c507a546efa0d28cedc:diq9zharRR6fXTBYtwPWql4yBjqOU6xO','Registered',1,0,18,'2011-01-25 17:59:44','0000-00-00 00:00:00','60392b19d9728017963bb89cd0c5b9ed','\n'),(762,'Orammacrernus','Orammacrernus','zuflemi@gmail.com','fff40205ee4e8c07596a4ddaa930ddf3:fCv2sXZUdwhUvsjRDLXeDZZ9Cso3ArYR','Registered',1,0,18,'2011-01-26 02:08:18','0000-00-00 00:00:00','3efa65cdb138eb691c8db7bf9f433577','\n'),(763,'Girard','Thibaut','thibault.girard.jean@gmail.com','c20c8cc7e54116fc89d0b77ec9dbe7f3:Qg9aQt8LWOVUP2G8FBPibPTiweUQDeae','Registered',0,0,18,'2011-01-26 10:56:39','2011-01-26 10:58:41','','\n'),(764,'livjasmnnn','livjasmnnn','lsmin123546742@gmail.com','acdcc45add91b68ff8548860e28b9215:E5XJWaroFRHslRP6JkhX9CehPqGOFphH','Registered',1,0,18,'2011-01-26 13:13:10','0000-00-00 00:00:00','23ce4bdc270a7852f9e7b428bda835e1','\n'),(765,'LukaMuller','LukaMuller','lukamuller@gawab.com','dfe41c0fb045b4f4d21a22eba739e820:j93J28JkYiunCnAx0apWFB4sBPQmx5WO','Registered',1,0,18,'2011-01-26 17:45:31','0000-00-00 00:00:00','33823737eb9f01e265d20c26254f5140','\n'),(766,'newJohnmp','newJohnmp','darmowemp3@prokonto.pl','c7bd66d66c50cb8a6dd1b1436f288e63:h36JDb9VKy5cixtC0IU6Ny2PPD75dC63','Registered',0,0,18,'2011-01-27 11:01:38','0000-00-00 00:00:00','','\n'),(767,'Assaubbof','Assaubbof','yehudaminekos@gmail.com','6677749ce72ae1f485296968a2e40bac:JNKvwByNHj9FjNY62hSpnXRSo166Vlvz','Registered',1,0,18,'2011-01-27 19:06:38','0000-00-00 00:00:00','0643534a02492653b8cc7a265ac4e1c9','\n'),(768,'Tiligoomnelia','Tiligoomnelia','lachoneusmdet@gmail.com','f4b2e898c5d54abf979726cdd591bfb4:X6ORbFCr3om18fVaZIxn8yXEihe3ld7C','Registered',1,0,18,'2011-01-27 19:52:43','0000-00-00 00:00:00','3893d75caae683c9f842c85e82d1af1d','\n'),(769,'ankarakizilay','ankarakizilay','ankaraotelleri01@mynet.com','d10445d6835d99594e09fba1cad68247:9Ds5Exs0P2MDN7CaDtnMqbjifPoESWFe','Registered',1,0,18,'2011-01-27 21:00:56','0000-00-00 00:00:00','62376026201cd65b1007f958d63d2ca7','\n'),(770,'choomiMox15','choomiMox15','hiaso69@aol.com','1ab77ed16be01fc2357563d221a342d7:8UBQ30uxw0ZoiahfyFrrhWNiMAsZPcMn','Registered',1,0,18,'2011-01-28 00:53:26','0000-00-00 00:00:00','55e855d07e705670cd16565d37cc5fd4','\n'),(771,'Rorieliorlell','Rorieliorlell','doiphudu004@gmail.com','48167d08703e55afb212f5651d934799:WVzIw5dcYjEifR0R7zZ2duPkeLUzzJH9','Registered',0,0,18,'2011-01-28 11:00:01','0000-00-00 00:00:00','','\n'),(772,'anycleUttelve','anycleUttelve','cromackagajuc@gmail.com','e728741a93bb15397b2e321aa49ce38e:Jl5Lm6S8U4MxHU2C7sN8E8pVRj28CIXj','Registered',0,0,18,'2011-01-28 21:08:25','0000-00-00 00:00:00','','\n'),(773,'GrayDeli','GrayDeli','davidandraer@aol.com','9a40151ab1dd87ac70d700e371d9c40e:BrHKgjf66GVi3RE8Z0oJo1acZ6n4WqnB','Registered',1,0,18,'2011-01-28 23:07:41','0000-00-00 00:00:00','cffa9abae30087cdf068ac3f8a14a211','\n'),(774,'Lemuel Cohoe','Lemuel Cohoe','kamillo627@o2.pl','23fde422dcd48712fa8bdbea20ad3c9c:CcwyXFgubpENfMrf5ZNQ8f4LB2a8Wooa','Registered',1,0,18,'2011-01-29 02:26:42','0000-00-00 00:00:00','468695368c7f9b3b1b1c436ebff97715','\n'),(775,'Shoolfcrono','Shoolfcrono','kelsellherkeh@gmail.com','40f91cf40cc050e3788a2ab7602de0ce:AVvBGygoWNW3CqUU2fQTC5AHNfCADi7V','Registered',1,0,18,'2011-01-29 03:08:27','0000-00-00 00:00:00','76a27bf77beb68bbd01f6ee4f3d74b38','\n'),(776,'Zanzin','Zanzin','zanzin@out-mail.com','eb94670b0b99d4ef02a63317e6a0f12b:qI35kcKluDdpVrv7TNxlAIq17UsIp7rJ','Registered',0,0,18,'2011-01-29 04:34:30','0000-00-00 00:00:00','','\n'),(777,'Kithtooftot','Kithtooftot','gorillas@extubes.com','bb928ca2a11174ce3ad06e29523e5ba2:JO4VYZJaHQM9OmnG7kErHYL8UDWk1c2T','Registered',1,0,18,'2011-01-29 07:59:22','0000-00-00 00:00:00','b95f66870af7d1a6cdb6a1937a140d05','\n'),(778,'eticheteap','eticheteap','etichete@epages.ro','d99bf916bae8fcb4a0e4931064eaa3b9:wfSAH9XmsnjIVcz4ToQhgGUY3JV1nyY9','Registered',1,0,18,'2011-01-29 10:31:32','0000-00-00 00:00:00','f12ffae80af2e056efc43471c1a1611c','\n'),(779,'rearkephelo','rearkephelo','chipsfacebook@aol.com','0f4d7120644741d3afd50ba561b04c52:H73TDfXaU59tXVRNlsCAjXDIgCX5i8LO','Registered',1,0,18,'2011-01-29 14:23:21','0000-00-00 00:00:00','86b1dac7b7737c9cc6780fba0fd76213','\n'),(780,'BarryGuy8','BarryGuy8','is.i.drop.ot.t.e.r@gmail.com','911cd345278d77d4e94ecd11469c6506:bNfFlez6S43aPG93qQhpzpJeBDAhcjHs','Registered',1,0,18,'2011-01-29 20:49:16','0000-00-00 00:00:00','09c4d9966d9415c60f97036dd6c53c47','\n'),(781,'Nunu','Nunu','lililljkjkjh@gmail.com','7afa88431418d8d064efb1712bda5b6d:KLfJlaJ4O2HsqDbAqmLOivZdcfc7hJvx','Registered',1,0,18,'2011-01-30 04:33:35','0000-00-00 00:00:00','98423024c2734d00095187e8d43a4dce','\n'),(782,'domingarpy','domingarpy','c.oif.f.uremontreallaval@gmail.com','cd6efaea2ddd4a44dc64698a964a4de8:6Hw1Gc0soTqE0MDxXArTxcp9Ok9sTFPo','Registered',1,0,18,'2011-01-30 05:54:07','0000-00-00 00:00:00','5f30ccb653caa9c842cd7b0cd5fa96f7','\n'),(783,'EtepeDuhbut','EtepeDuhbut','papaharabrsut@gmail.com','58a5e5a60c86ecbf0ce1941caa6f825c:yMtUmOUXWEwDvwJy10Yw9Z3mVxW3DVhr','Registered',0,0,18,'2011-01-30 10:47:48','0000-00-00 00:00:00','','\n'),(784,'Diahloota','Diahloota','sl.mnsvtvsvt5@gmail.com','b96b523ae88d4a666d7e86978a5effe7:Jgr9U2rVY7BTGgH8CLXWchjEOQiPfiSW','Registered',1,0,18,'2011-01-30 16:09:49','0000-00-00 00:00:00','2d97fa2084dff5e9987a458b24d8a328','\n'),(785,'Gaildedly','Gaildedly','sedrobiliz@adcipare.com','5ad808873ee3bee2bfdbef72bca04d7a:9qCqUuVfOBVmfrR3h7NvfQXGm0HgSsxI','Registered',1,0,18,'2011-01-30 21:07:49','0000-00-00 00:00:00','2223c638808ed3c1c7438c4824a1e16f','\n'),(786,'WemWahWaync','WemWahWaync','mike@butterflytelcom.com','6bf6be97c88d66acbf454d7fba9c0f6d:kNvvfShwPEQKYjFckrKMEKWF0iyvY2yX','Registered',1,0,18,'2011-01-30 22:55:50','0000-00-00 00:00:00','60030c64957759a9004bcc552997fb03','\n'),(787,'TSOhabahabaOST','TSOhabahabaOST','habahaba112211@gmail.com','402afebeb6fc46cc5f1af1758b239daf:uWMxBj1MwWNrcN6drTLBwseDOJAEitPK','Registered',1,0,18,'2011-01-31 00:34:51','0000-00-00 00:00:00','14bbdc4e97753417cc07eb965795a841','\n'),(788,'Proopycrusy','Proopycrusy','webadmin@cosyddhac.org','b45b4fea18bfcc45940eea5f28c6e33c:AyeQZVwxTpplFuzccfVIBZLxKIwwbeAp','Registered',1,0,18,'2011-01-31 06:14:00','0000-00-00 00:00:00','d6f9968622c654b2955913c3981466b4','\n'),(789,'HAlifdniae','HAlifdniae','margiey657583@yahoo.co.uk','f0d6db16b2175751e2235062034044a9:JPFdXObEaixXct7Qtz64uyreccEeKk10','Registered',1,0,18,'2011-01-31 16:07:08','0000-00-00 00:00:00','3a641aeb5d015f7b6ff8ddf4f1948640','\n'),(790,'adardcodymn','adardcodymn','cranmorebecej@gmail.com','e711978049ace4d760ccb410ca496b68:3gS2pzvIusERRLiFduSpPj1ayVnT6ld7','Registered',1,0,18,'2011-01-31 16:58:48','0000-00-00 00:00:00','45338ac8317db860fcc0a3751fa82778','\n'),(791,'unsonyapparee','unsonyapparee','darkhorse_1974@o2.pl','0af262be0c2c329821b7d0e87e0fb04d:SakIaqv8UEhOjUK9CpoAQfm8am2wirw7','Registered',1,0,18,'2011-01-31 22:18:26','0000-00-00 00:00:00','49e93281439ee6754f29f75d9b19aae2','\n'),(792,'dfghdfre','dfghdfre','gdfgdsrsss@mail.ru','513bb7b80f1787ef3db85aa06768ad84:ogBMFm5XJO4P7C95dbXP8QowElBBmVY6','Registered',1,0,18,'2011-01-31 22:50:15','0000-00-00 00:00:00','11db10e4eb28359d0f6a9ca96cb825eb','\n'),(793,'HideOmilionee','HideOmilionee','daggoth-sa@o2.pl','562d3d8b1610ab856234cbcaeac4fffc:FtoY7I8EWuvM5VhhlfoOKfceZTmHFFjW','Registered',1,0,18,'2011-02-01 07:06:31','0000-00-00 00:00:00','babc5416ee39791a5af3437a70e1b4ad','\n'),(794,'DerBroothenot','DerBroothenot','lucashoague@gmail.com','1bc628cb783417147e97c0c06ba9825a:Ctcp4h9NGtu02RTWQbAIJxTduDADBak3','Registered',0,0,18,'2011-02-01 23:28:55','0000-00-00 00:00:00','','\n'),(795,'Wolekiiosacs','Wolekiiosacs','leonc696@gmail.com','432f44ee2802032093deddd4b250830e:pFrEIwAZ2VKBLUN6YuoaZ9TgwZPS16rV','Registered',0,0,18,'2011-02-02 04:34:55','2011-02-06 16:51:14','','\n'),(796,'Opissisoleats','Opissisoleats','blomfieldhfec@gmail.com','eca2b759d28632d9b170c35d895aa578:FDWNmPFgL8pajQ5bAaMfM46nv2b8ij1A','Registered',1,0,18,'2011-02-02 04:56:48','0000-00-00 00:00:00','138950a948909233f6c68fc9dbfa8c4a','\n'),(797,'Elleanna','Elleanna','breeze68@bodyscrubrecipes.com','ad537d106180f316f24b47ee4851fecc:wWtCEU8sWoS26ZRJLdc1sx8vmpTMqchh','Registered',0,0,18,'2011-02-02 06:10:02','0000-00-00 00:00:00','','\n'),(798,'katrine65','katrine65','wymia90@go2.pl','7c9801a381baa067fb484ea65e51c024:dD2wbrqkorVOiBxWbEEGYyD90G4awdSw','Registered',1,0,18,'2011-02-02 10:45:26','0000-00-00 00:00:00','54ee2f1ede70206d3c0ee245d0090258','\n'),(799,'ethisapiesuts','ethisapiesuts','mimiamo@mail.ru','f13e7e60b558cdc47a5523ff665b4041:Wbdx0NesOLTWHj0lSDct6YeqhOCnMx83','Registered',1,0,18,'2011-02-02 12:32:29','0000-00-00 00:00:00','14ed40715b9e2868b9ed1f8aea55c26a','\n'),(800,'TwebyZooneeve','TwebyZooneeve','adalabinnesax@gmail.com','5c1199954f734191cd5b19202f9bbaf8:YgGmniI1ieWNKN2GCu7tshmMLstGZYsO','Registered',1,0,18,'2011-02-02 16:29:10','0000-00-00 00:00:00','710e7429f29679e66ef31873be454d8f','\n'),(801,'cyrik','cyrik','blueberies@yandex.com','c3cd996c93f913b6f099619adfcc3586:iS8upuX409BlnTeJS5cGwid9mEQVObDt','Registered',0,0,18,'2011-02-02 22:26:02','0000-00-00 00:00:00','','\n'),(802,'GauslyPleaday','GauslyPleaday','silvas.amuel127@gmail.com','32cc2b355abe4a015490732da997e5e9:xyu5ahBAfcgDNkoJEiTbBTu9D7uGKATf','Registered',1,0,18,'2011-02-03 12:29:48','0000-00-00 00:00:00','82a55e297094a6bf58d4236ae7a4c3cc','\n'),(803,'bayoglu','emre','emrebayoglu@yahoo.com','3a44e81554f798a767340432174aed37:m1ULts2zh6RHsdJ64VOyrGMcrzQEedpq','Registered',1,0,18,'2011-02-03 13:31:37','0000-00-00 00:00:00','69b312bab8a037c9d9753b2876858b8b','\n'),(804,'Traungarm','Traungarm','SultyDula@teacher.lifeflowers.org','7d4d6615aaf838076ad23b7f5a77e0db:uNGVrIVbClq4QcciieNm363Q0Rk53bCn','Registered',1,0,18,'2011-02-04 01:11:30','0000-00-00 00:00:00','e13f03e77d221dbc7f86a0f2dec7fa77','\n'),(805,'Sakirovicei','Sakirovicei','sakirovis@mynet.com','cef8984fd96eabdac5c24b06c391bae3:dEBbgNpgZ2kG7GlWJQ3x2Te9KBvzDQcT','Registered',1,0,18,'2011-02-04 04:39:23','0000-00-00 00:00:00','974b177945e16bdd96436e80334439ec','\n'),(806,'simon fanny','fanny','chupa1313@hotmail.com','9b0157e399d5124354b592f4ced91561:bKftV7JtdKVngy40QZdybggCk7JPvGMF','Registered',0,0,18,'2011-02-04 14:12:31','0000-00-00 00:00:00','','\n'),(807,'Aspeshall','Aspeshall','martinovickoh@gmail.com','8b3b3b7ac43e8b970f79108137a8c288:YzdrjucC2h87NhBHmY1KBrJDcT82ufN4','Registered',1,0,18,'2011-02-04 16:31:00','0000-00-00 00:00:00','2eb542d0700578793cfbd8d55b53efb1','\n'),(808,'SweetAgness','SweetAgness','me.apol.agnes@gmail.com','3e2cd78d42e010224bf4b1390aa28661:dvmWMZdsxIypO2zCD134S7uJTUGs4jCx','Registered',1,0,18,'2011-02-04 17:22:02','0000-00-00 00:00:00','40e38a26a0a1c3b9675aa2fed18aeb35','\n'),(809,'firmeyax','firmeyax','gdfhfhgf@mail.ru','1cb86ddda902160d24b346f9b47a4229:0LPxlSWbxStH6ApcgsjRpDg1xd7U5HO6','Registered',1,0,18,'2011-02-04 20:05:59','0000-00-00 00:00:00','5a690b12cc43434884f29d2a5d3c2cea','\n'),(810,'Pedeearnell','Pedeearnell','gshifs.ywtlbanp@gmail.com','f5cf81572c80a0074902ab0ef77d8360:Q8XsHcXY6lri3aJATWPHYP5TRjNvqXVy','Registered',0,0,18,'2011-02-05 03:54:24','0000-00-00 00:00:00','','\n'),(811,'kayama50','kayama50','kerosopo32@go2.pl','e1a0cb20aec7586656a4cc346b30cee9:9B2TIrcHxwCKN9qlRmlYspQmgeSIUYbk','Registered',1,0,18,'2011-02-05 09:00:30','0000-00-00 00:00:00','e438ed6096e229155915f9ff03486795','\n'),(812,'amolerdofevar','amolerdofevar','miket779@bestmedigapinsurance.com','66fabb677c66ce770cf002dc9a3a1705:i4YM446HQevDLNxnwAx7eo9Ef61PxKJG','Registered',0,0,18,'2011-02-05 13:22:55','0000-00-00 00:00:00','','\n'),(813,'eathntolinie','eathntolinie','kasiekottman@80pu.info','e29f596b4e66efb2a4dae8c8679108a2:7EBpbketR7KuxBsk3uYP8C4OREVLvqs6','Registered',0,0,18,'2011-02-05 15:12:25','0000-00-00 00:00:00','','\n'),(814,'Wrippispesnen','Wrippispesnen','gryglewskirit@gmail.com','9ba2b7e4a4d396ed80f028fdd4fd94e5:PoREoBNNKTBrOOe0PGyYCRfYTKATFnet','Registered',1,0,18,'2011-02-05 17:35:12','0000-00-00 00:00:00','2a57ac5e176e8e5821f6fb8d3d1e4436','\n'),(815,'terteriylix','terteriylix','terteriy@mail.ru','993f0fc0a39192013672c31486d87368:IDdLb4QZWr4dEZNPzxi3n0V3CZ1pNRun','Registered',1,0,18,'2011-02-05 20:41:01','0000-00-00 00:00:00','d5a66ffb7ea537e929874953d1c081f1','\n'),(816,'Syclembeple','Syclembeple','pro.momehc@gmail.com','86834872c806f310526005803f55912d:UtMxX3pC23KEXwulBy2CECpO1xnP7WIO','Registered',1,0,18,'2011-02-06 03:56:14','0000-00-00 00:00:00','f9a294d85106052407b1308396d63c0a','\n'),(817,'EnaheMalame','EnaheMalame','v.in.o.dh.a.r.g.r.j.il@gmail.com','4d7f91607ac8f974000d4c698fc7ef80:NRoXq828tXLb23XetD0gy5NgSbs0iRtA','Registered',0,0,18,'2011-02-06 08:23:27','0000-00-00 00:00:00','','\n'),(818,'AlishaAnna','AlishaAnna','glass74@vitamin-water.net','d9a3f3e30cdbdfbc9f6539a8251d1b03:kj3jKha514yfgOnLBJXqCMZtcKMgTiSQ','Registered',0,0,18,'2011-02-06 12:32:12','0000-00-00 00:00:00','','\n'),(819,'bhaistyle','bhaistyle','blog@chicagotraveltips.info','3bf97e49d647436e29476457db6d7174:9n0FDSZH0uq7PqiLlVWhfPfMmIi55E9l','Registered',1,0,18,'2011-02-06 12:56:14','0000-00-00 00:00:00','faded4efaead3d00951c5f6fda9d300d','\n'),(820,'BoltedRifles','BoltedRifles','gunningforit20192@yahoo.com','32bb2c25ae6a1269f3809718c1cff69d:tyCEDywMH1WtwG463WBNZ1Bp687Wafta','Registered',1,0,18,'2011-02-06 20:58:45','0000-00-00 00:00:00','d93b3310540fed939b6b2fb0782a5542','\n'),(821,'Wroreopsy','Wroreopsy','beadesjulikan@gmail.com','e196475a0d8230842873594e36a77919:6fu7ev6TxV46eTieBSwCXVsL0O3trhKv','Registered',1,0,18,'2011-02-06 23:42:47','0000-00-00 00:00:00','b0ebee0e041d22847239a4f6aaef900d','\n'),(822,'Inacrorgo','Inacrorgo','jacekplacekwow@gmail.com','6a88b383e3a2678ba7968b1027a988af:rE7bqFzZWOYMqcnkKwrgq8CLfTfGLxTl','Registered',1,0,18,'2011-02-07 01:16:04','0000-00-00 00:00:00','552f46cac18fe2e589945d6802847b6f','\n'),(823,'goomiaimmathe','goomiaimmathe','fruncronomync@mail.ru','107f45b7165d50053fcf65f3617f7dea:IzswA28skcpLb61gyLCbDMyaJNuacSey','Registered',1,0,18,'2011-02-07 04:51:26','0000-00-00 00:00:00','9f6e7156023766d7115569b5819aa1c8','\n'),(824,'TomHanselnx','TomHanselnx','1@buyeyecontacts.com','655086570f5615467c27e6a9d864a0f6:m7N2SEWpEx8UfnEB7l4mRE5kgelwLWla','Registered',0,0,18,'2011-02-07 05:09:13','0000-00-00 00:00:00','','\n'),(825,'HesexIreled','HesexIreled','admin@3minuto.it','77fc0170a360e43cf80402a5804df3c3:XcZmM9FTQHQt83tW8WS9Ok1JNf4DxyOY','Registered',1,0,18,'2011-02-07 09:20:22','0000-00-00 00:00:00','7a0a65fc82da66234e1e322a9805cf61','\n'),(826,'ownelsons','ownelsons','iulusbondlcir@gmail.com','e01a0efd8b2038239861c3da5577d20c:SF99akWf7Xvt8PfEsvLCcrCGyXratsGR','Registered',0,0,18,'2011-02-07 18:11:20','0000-00-00 00:00:00','','\n'),(827,'Gophydaydiozy','Gophydaydiozy','galiabryannuw@gmail.com','608f26544fa3f0f3b07f001ee9c3a248:gyLkmlR0vIlygIDc9KlpCAD3gcH8JLIU','Registered',1,0,18,'2011-02-07 18:47:58','0000-00-00 00:00:00','6f4a1763e4eed79a7add09cdf0eebae2','\n'),(828,'snastuccuck','snastuccuck','broniamassnoq@gmail.com','c13548db106a8c1b30003883f5991ada:uWzlsrWSggoc4hgBokAKxYQ6LAUWY78A','Registered',1,0,18,'2011-02-07 20:05:18','0000-00-00 00:00:00','60067f81a3a8ac386ced3ab02c68ef09','\n'),(829,'tom','tom','smartservices18@gmail.com','db7a7a15770cc1fb8b835ff1d07895e3:GxisAVSGiRaAg9JQzvn6thW3nQWHMHnp','Registered',1,0,18,'2011-02-08 06:30:53','0000-00-00 00:00:00','e10630530253c20199306f1e4b0d9151','\n'),(830,'expotsQueueno','expotsQueueno','mygame2@prokonto.pl','1d08563a5c8670e5a317f5cd5a2dc650:u8O6CsRYq8qPVpkvDfGbopXcTHiva2ha','Registered',0,0,18,'2011-02-08 09:51:03','0000-00-00 00:00:00','','\n'),(831,'ProrpDredreaw','ProrpDredreaw','mnogaporno22@hotel-zk.lviv.ua','c2243c7da85bf2a3f022e59e2300101f:fpnA1JdeiEoqCbzySUwbOJm17avKUlK7','Registered',0,0,18,'2011-02-08 11:27:10','0000-00-00 00:00:00','','\n'),(832,'Urbachei','Urbachei','sergiophilips@aol.com','003d6a0ec340f60fa50d81294befee35:BX54zanQLOu75mZ9nbgy5tDIoTkS8K7U','Registered',0,0,18,'2011-02-08 22:54:50','0000-00-00 00:00:00','','\n'),(833,'caryrevvh','caryrevvh','plombierinfo@gmail.com','41e591c2fc979d787d1cce4d7d9f10bf:zYp5k5I4EY2PqP3LxpqyaPfyVLCFddUa','Registered',0,0,18,'2011-02-09 00:42:58','0000-00-00 00:00:00','','\n'),(834,'RefeWhopnep','RefeWhopnep','claudinenic595@gmail.com','aaeef3c2072399d7e538858c20af289d:d0mIS7LL3Ltb94dXtWbaH8sCC1Ah0Bh2','Registered',0,0,18,'2011-02-09 04:42:21','0000-00-00 00:00:00','','\n'),(835,'skinnyTerrelly167','skinnyTerrelly167','trooperkoopa2@gmail.com','8fa423fc27ee772c5c8c16d00f105661:6pGEereQBI7hwlNgIKsfQzBRl5y1Ztv2','Registered',1,0,18,'2011-02-09 11:57:57','0000-00-00 00:00:00','54366616a585ff414caaa33191a6e7e0','\n'),(836,'bilge','bilge.sensoy','bilge.sensoy@gmail.com','531c9b2ac0a25650e8e71a399ba13011:bKyPcbF8DwIJicwBoFgpwcDkAYWWNKFH','Registered',0,0,18,'2011-02-09 18:48:26','0000-00-00 00:00:00','','\n'),(837,'CamemoSoank','CamemoSoank','gilhooliebnuz@gmail.com','ac67083962422e62523db640177f2329:c2sJV0LdUBcFZqvdxzVwWcGkc1G8tC4Z','Registered',1,0,18,'2011-02-10 04:24:30','0000-00-00 00:00:00','54e012f0c997d94c0707f663a14d8c0b','\n'),(838,'mikei','mikei','timsmithwriter17@aol.com','dadeaae04b29d300bb21818d4230455d:nyYpvvsheKdnR9alFVfMximZFNjD0dpe','Registered',1,0,18,'2011-02-10 21:01:36','0000-00-00 00:00:00','14fafbab7a1ccc9d793546395ecee6b9','\n'),(839,'JoaeNNa','JoaeNNa','liquidbuck@gmail.com','bbc72f62067cb6c8e8d2bc3b67f73aaf:cfA91JTzkrkgszNc2Hcs48NptG0RyiUd','Registered',1,0,18,'2011-02-10 23:09:36','0000-00-00 00:00:00','c1655533b31f08b74bff5c854d2a8783','\n'),(840,'erterws','erterws','dfgdfgfgew@mail.ru','4500c6aa7e19ecaabbd93f3ff5826163:Ztf1U4o1rxS2mzUh7tUBflSIbW5AUtMe','Registered',1,0,18,'2011-02-11 03:14:50','0000-00-00 00:00:00','b71ca37f916d845979850761d5031e76','\n'),(841,'prardyLaulp','prardyLaulp','d.s.f.s.g.ds@gmail.com','d45706d038656998b13b90687567c1c6:FRajFLoKiqQPQk8JT2DooBXjmEn8FowU','Registered',1,0,18,'2011-02-11 09:57:50','0000-00-00 00:00:00','7d283c73e3534808cc576ae12584acb3','\n'),(842,'Mototex-LataaidenPasP','Mototex-LataaidenPasP','mototx_2013@mail.ru','49b052873e15e6920bc269e182653a23:l1htaFZ6QL7JKK92AJ9ws0634bvtV0mr','Registered',0,0,18,'2011-02-11 16:59:17','0000-00-00 00:00:00','','\n'),(843,'layeneularses','layeneularses','cl.em.e.nte.m.erc.ado0@gmail.com','8931bc0df50822c1c6aed0ae8fe2bf27:4YWidAmchz0eweAcsQb2O0fuGcGzqAX3','Registered',1,0,18,'2011-02-12 03:01:26','0000-00-00 00:00:00','e726ed60616e6f11d2d896274a617572','\n'),(844,'intolaanaerty','intolaanaerty','umparumba@rambler.ru','16eb680a642f79069cbb76ca9fc661f8:jcuD2edotbQ7KMrN1Tl1B8qCufYWL8nJ','Registered',1,0,18,'2011-02-12 07:46:00','0000-00-00 00:00:00','1ccce0822998d432c41800db5bb5ef64','\n'),(845,'Stellaupsep','Stellaupsep','leonidgorbatenkolubitmamu@gmail.com','975d31b9f1de5e209d76e8ac251d532c:EkS9KOtCgVo4vClx0Mj0ejpYVEbn9uVf','Registered',1,0,18,'2011-02-12 09:08:28','0000-00-00 00:00:00','d8a01fbe9682018ec3849e288def4057','\n'),(846,'Conitonisaa','Conitonisaa','alperkiralama@mynet.com','6a2c0d40b7d392ae375f7f1f7ca6fa42:ArSJjbiHVqzAubZIE8qWKnmFFepglkSJ','Registered',1,0,18,'2011-02-13 02:10:30','0000-00-00 00:00:00','fe6aa783972a0714c2b84f7e610b999c','\n'),(847,'Tusliascilm','Tusliascilm','rigelshad@yandex.com','4e3651626bdc1e709d22f08b5df8f791:KaLS5k0GioE4xv8de6TrqlrYn0mTcV5f','Registered',1,0,18,'2011-02-13 10:28:05','0000-00-00 00:00:00','c156879e0b33e354089a26900ecd7574','\n'),(848,'publicitee','publicitee','25536ho@482.at','6ace1e31c360e3c6aaaed76ccbfb8d3b:RM0zCCGsXORjDA6WwB2p3tvgLE1G7VM2','Registered',0,0,18,'2011-02-13 15:20:59','0000-00-00 00:00:00','','\n'),(849,'joymnlync','joymnlync','odry2012@yandex.com','a1f0ffcdcfd2745d1cdfe7bf044c9a3b:n3nrzl9oVX544FGrmFUksyoMVNvHSjFO','Registered',1,0,18,'2011-02-13 17:49:15','0000-00-00 00:00:00','757362b0db10a14e71592fd741317a5d','\n'),(850,'mp3lerim[TSDE]','mp3lerim[TSDE]','muzikmp31@yahoo.co.uk','38a68c01cde4aed412522f7b26697099:35zDjFh46bwekdeCVzdSXkD7cmXeIv6s','Registered',1,0,18,'2011-02-13 21:58:31','0000-00-00 00:00:00','a946f0187a346fa6a7ab46118e9a6fb6','\n'),(851,'cerncypeWeics','cerncypeWeics','vinodhargr.jil@gmail.com','912facd53ccaf772e6db518994687b72:G9OhodOEoxkXMGD0KSHTqjZiKWzjh1MC','Registered',0,0,18,'2011-02-14 06:03:12','0000-00-00 00:00:00','','\n'),(852,'MargaretAnderson','MargaretAnderson','margaretanderson@mail15.com','3874cd23d7d28f2ee1cf7c638c592fe4:wwzvkWTiQVQsIV2NGABT3wD6ZPDNIVaH','Registered',0,0,18,'2011-02-14 10:51:40','0000-00-00 00:00:00','','\n'),(853,'zeynepatay','zeynep','zeynepatay@gmail.com','65ee75a91a512c00aad89f90b6a92025:LoZafDV5ad3t0aVcq1czqAbElKwZpJg6','Registered',0,0,18,'2011-02-14 12:44:26','0000-00-00 00:00:00','','\n'),(854,'mplerim[TSDE]','mplerim[TSDE]','mp3lerim@dizixx.com','4ed4f1bfc0889bc221485be9783f2724:lu4KzA0kUfZJTNlqL9kEUsk5ZS5GzZI9','Registered',1,0,18,'2011-02-15 00:39:19','0000-00-00 00:00:00','70e8fa9a5a19993de1ce58f0fd1c09f2','\n'),(855,'ryahnreynolds','ryahnreynolds','ryahnreynolds@aol.com','4b6af07a658536948926b54f9c3fb267:4whNnJpVOUKnUhZmhXBku92LY8iZciSw','Registered',1,0,18,'2011-02-15 01:00:18','0000-00-00 00:00:00','8c6b47670eae2d1cec5479429d1fe6aa','\n'),(856,'Wodstafoloin','Wodstafoloin','o.mn.ad.re.n.1.9.8.7@gmail.com','f63bbf886fcb8dee6c1787fb115c2f41:LgH5lRYItB5qjD08eWTfl29O9vTlr7eP','Registered',1,0,18,'2011-02-15 02:22:05','0000-00-00 00:00:00','bf13663e905787aa2b1a35af17791962','\n'),(857,'Trobisomo','Trobisomo','dsfadsfdfs@prokonto.pl','9f00b7350267cc543e675be74d2902fa:NR4PRfQLc71hXrUq2tr4pIucmq90kft8','Registered',1,0,18,'2011-02-15 02:48:10','0000-00-00 00:00:00','799fb1c95c4c4167467ded5f425b0363','\n'),(858,'Typescoorce','Typescoorce','l.awso.n.b.r.ya.n.t8@gmail.com','7473f1d7a8f4c7b9a52e1e3d65b054ba:RvkBd1Vru11hzGE4dERR3UzroRF3lqIh','Registered',0,0,18,'2011-02-15 04:22:27','0000-00-00 00:00:00','','\n'),(859,'kopaula21','kopaula21','katokopo2@go2.pl','47c692e8ca9ae22362ad166e299c97e0:CqQl0KgOr1HyWvPYD6E0gB8KPeShpEd8','Registered',1,0,18,'2011-02-15 08:34:23','0000-00-00 00:00:00','d7795eca35f3b3229c478cf4d116567f','\n'),(860,'Ardesa.regilase','Ardesa.regilase','reracesazecep@gmail.com','0c8ef4e53238f46c332bbd73fa63b8e1:t016jX1Z6PzUnpazlJx2Bl8MCCktXvJa','Registered',1,0,18,'2011-02-15 14:23:56','0000-00-00 00:00:00','d1d11df00b7553d008c908742450a8fd','\n'),(861,'conryzzty','conryzzty','plo.m.bierinfo@gmail.com','dfba55ed8c338df2581af54a66bc605b:2NjhOz8ONsHfsjesFPpzZ2JAj7EdtTWs','Registered',0,0,18,'2011-02-15 23:38:13','0000-00-00 00:00:00','','\n'),(862,'NusaWandAdabs','NusaWandAdabs','vpechatlenya@tyhrf.jino.ru','f660ba3ca656dc8927147d624cf06278:EB2UKv2PBmRBUq0PG0WkfrW6CDvPC7D2','Registered',1,0,18,'2011-02-16 02:21:34','0000-00-00 00:00:00','f0b17157d88517b3c8f2c53a859f0391','\n'),(863,'VincenzoCaradi','VincenzoCaradi','vincenzocaradi@gmail.com','f69030f518d4eba8c3ca0dd4f0a7659f:TTdFXCu2xU7FfY2yxFV0vnvX8JXl7Y6e','Registered',1,0,18,'2011-02-16 11:53:36','0000-00-00 00:00:00','89d04a7583fa8210b0a475a267fb96c0','\n'),(864,'grorhoobloche','grorhoobloche','porbany.gentila@gmail.com','fc442b1bb772f7cd5f1684da9ccdd961:uEiayQSP0vPkMIpeHakjrfWwZwIuaQxV','Registered',0,0,18,'2011-02-16 13:14:27','0000-00-00 00:00:00','','\n'),(865,'siceAnnerge','siceAnnerge','steazyissuesy@mail.ru','8c17fda8ab05906e3a174b9663c38514:AQb0fUEaVwg73HTKSnKv3geAaqPuQbjw','Registered',1,0,18,'2011-02-16 18:37:26','0000-00-00 00:00:00','efa713696d09960ddaa1287473326342','\n'),(866,'Errolfbroof','Errolfbroof','bicknellgagev@gmail.com','4403fcaaa7acc43ea744a5b950b306f4:zyyUV7cMeZxoN45UIORE6eroyq4iC9Gu','Registered',1,0,18,'2011-02-16 21:16:33','0000-00-00 00:00:00','784ac7f7d1af6c4a0a257e0da0a613e5','\n'),(867,'ipekciyix','ipekciyix','sdfvxcvsdf@mail.ru','cb498f619043f88061c7054d8f86414e:Piq2smKi2OI72ATOslJm7Z3tsbp92LgG','Registered',1,0,18,'2011-02-17 04:54:50','0000-00-00 00:00:00','8f42769f385ae6c31609ed2725948a87','\n'),(868,'UtevotoArella','UtevotoArella','Ambubcugh@seoservers.info','f4751b810a92825335f7a9e8bbdce3ac:eCuXDmk3Sad1qKzlNHP15T6CXp5XkmHh','Registered',1,0,18,'2011-02-17 08:31:46','0000-00-00 00:00:00','e56ceed88bcface6a440104fcd036953','\n'),(869,'Insincido','Insincido','castrillobzuq@gmail.com','afaee14f77f895101402115b65ad83bd:mUTkKrhzQ2o39hpdkiq0qMYdONDsqWPP','Registered',0,0,18,'2011-02-17 11:01:22','0000-00-00 00:00:00','','\n'),(870,'agata24','agata24','akagata02@go2.pl','7bff3a5cb71a20c5244c9fa5f6dc352f:PI6l3YBYKr2V0W0WLhzgRSiziCeBNEdW','Registered',1,0,18,'2011-02-17 18:19:30','0000-00-00 00:00:00','7da8e94430a5e8bce356e219ba530664','\n'),(871,'HeidiMay','HeidiMay','meowe2@flowmeterfaq.com','f14435b4f749752bc43c75a353dc33a9:k2ZafghYVD7KZrDZrS1eLuqesgqRyWes','Registered',0,0,18,'2011-02-18 07:10:28','0000-00-00 00:00:00','','\n'),(872,'AgreeneengigH','AgreeneengigH','hub@fanulicder.com','ef9b6f7b1367a7758225f2ea6d24627a:JFfLpILymku56iRQwWOLUdXAfizRpIQC','Registered',1,0,18,'2011-02-18 08:49:35','0000-00-00 00:00:00','7da313169ee32feaec38cd80d014b50f','\n'),(873,'Turgay Bağatur','TurgayBagatur','turgay-bagatur@hotmail.com','5284b508ff22126083b2df23b22bbbef:uizYyHF6wtfsIGpIDqu6P6hA5dV5blA1','Registered',1,0,18,'2011-02-18 15:14:38','0000-00-00 00:00:00','8be8640ff5b1e0121db019a6d0a40e6f','\n'),(874,'Draileexime','Draileexime','li.sacobetto@gmail.com','9d7e237a197bd3f1498af1dc6246f0f0:Ei9tHc6vAMqwIv5Ngdg49UC9iTjlSnID','Registered',1,0,18,'2011-02-18 22:20:14','0000-00-00 00:00:00','365124f2926501e9dc4d2de6e490fde0','\n'),(875,'PierelarveSic','PierelarveSic','moto273@tyhrf.jino.ru','d857328a93452490a33bbb9b54820cdf:sk47avKZdx6N0ilDkZRepemXgHDjWQ4W','Registered',0,0,18,'2011-02-19 06:31:13','0000-00-00 00:00:00','','\n'),(876,'endeadoIngecE','endeadoIngecE','b.e.e.l.sm.ahi.p.ne.d@gmail.com','b0a6a082568c8bd5df08288a696f4afb:2A71zmxr61IgMsr2EjRzo43joTCUeHDu','Registered',0,0,18,'2011-02-19 10:59:21','0000-00-00 00:00:00','','\n'),(877,'Landawld','Landawld','ksj@multifiles.net','0061d15c3a4c30505a428407ea54e2af:ndzXKc42xNE9PZMDjJ1clMlBYDYpbV7L','Registered',1,0,18,'2011-02-19 15:08:05','0000-00-00 00:00:00','9c0490dc4a6d740128584ce6076d7672','\n'),(878,'Steetanet','Steetanet','bronsrej@yandex.com','4e3f3b38638aaea3895ff3dde33109b6:ZPOPh6jbFazzG5OKE2cvQqLaoorKLso0','Registered',1,0,18,'2011-02-19 20:49:25','0000-00-00 00:00:00','537c28c0ae7602688c6d5ff5bfb0ae7e','\n'),(879,'harrietndz','harrietndz','pl.ombierinfo@gmail.com','9c1c20620bb2edcbd26f1cc30ce8e891:t3dnntpzZQ1g4wfwopLDb6QE0zztUetn','Registered',0,0,18,'2011-02-19 22:27:40','0000-00-00 00:00:00','','\n'),(880,'maymnpoogma','maymnpoogma','ua-teens17@dlteyse.jino.ru','de09a71370aa3b394906ed1172fae7a0:EuTHJEu1CXDHkYSxsAo30OrdbfT2lJc2','Registered',1,0,18,'2011-02-20 01:35:19','0000-00-00 00:00:00','e3be0cda09afa24a1d3bc841c91352f6','\n'),(881,'Janyce05','Janyce05','agitoyao@gmail.com','56559a2648f2e8866771f160d27134af:50zjfAEatsq26rFoSH8a97c5zDTD1KUs','Registered',1,0,18,'2011-02-20 03:33:27','0000-00-00 00:00:00','1dddc9862b9f813ceb151be7793e27f3','\n'),(882,'NallRestor','NallRestor','rahenadibirfx+Fregodoto@gmail.com','0406f0b5de5e885a6d341c988a94db67:pVhxouYD7VNqAieGaS5VzxbUjZ3SejiH','Registered',1,0,18,'2011-02-21 01:12:49','0000-00-00 00:00:00','be493e62944adb2566d0c7174ba577ee','\n'),(883,'R.Celi COSKUN','celi coskun','ccoskun@nuance.com.tr','ae6b7a2dc8ee13ea002db3c4c3ad3230:xLcMLRJba2BhZll8xKJlkZu3irW1pwV4','Registered',0,0,18,'2011-02-21 13:27:42','0000-00-00 00:00:00','','\n'),(884,'Zekeriya Eroglu','ezekeriya','ezekeriya@hotmail.com','0736ee4814cc6badfde8cb6db9d8efe1:KQRgTjPIdWGXjrVK3fbhQgGLZel5bb8v','Registered',0,0,18,'2011-02-22 14:17:24','0000-00-00 00:00:00','','\n'),(885,'Zekeriya Eroglu','Zekeriya89','eroglu@bilkent.edu.tr','8b2cd346e59705581d2f3cb7cf5f4ad9:3GYDElGGyuJRrKGOBFhrniEwQnPhEj8r','Registered',0,0,18,'2011-02-22 14:24:30','0000-00-00 00:00:00','','\n'),(886,'nehir','çabuker','theworldno_1@hotmail.com','0cd85f5544c37fa920ddc1d9aec3e328:ALJDAtz9fHiET2bI10KUylhFM1Ve3zU2','Registered',0,0,18,'2011-02-22 23:13:57','0000-00-00 00:00:00','','\n'),(887,'RajaBates','RajaBates','i.sidr.o.po.tter@gmail.com','d800e5cd005e2f2748428ba7af9d181b:EqwbYGc3fXtDXSnFFKRIzxIc3dSqMbnO','Registered',0,0,18,'2011-02-23 06:58:39','0000-00-00 00:00:00','','\n'),(888,'concitnant','concitnant','coccinanantel@gmail.com','5292382042c6a4eb37146b368cfaec8a:Xo4iq1NmaEJqlne9R0rEF72l966IHQko','Registered',0,0,18,'2011-02-23 15:05:16','0000-00-00 00:00:00','','\n'),(889,'hoistetoila','hoistetoila','michell34094@gmail.com','b45b18639f84db72bef0110b7784d66c:v3DJcIQkIrllhO3lufEgz2YhNaaWChOi','Registered',0,0,18,'2011-02-23 17:21:47','2011-03-25 03:10:22','','\n'),(890,'Şevki','Ayaksız','sevkiayaksiz@hotmail.com','7e350f20377cbf339abe42e44cd02339:ij7mpJvEs5A0LHyChntauayjgWbL49b8','Registered',0,0,18,'2011-02-24 19:16:47','0000-00-00 00:00:00','','\n'),(891,'amattencure','amattencure','olaboga@kupcowe.elk.pl','2981859be78d38048e8ad7df0ec5b143:8LHyHdq29eJWHRCeKqVIYPntSQsnzQkl','Registered',1,0,18,'2011-02-24 21:25:14','0000-00-00 00:00:00','d6d8a2181e5322bada71e979c9db7d37','\n'),(892,'Glyclepayonee','Glyclepayonee','e@myk-pyk.eu','4fab616431402015d48ef83042845de7:Dsh2JoK5tnP7co5RMaPzroRMemN1NCP1','Registered',1,0,18,'2011-02-25 10:43:30','0000-00-00 00:00:00','3adcef3437714c7e32192447654ef836','\n'),(893,'symnRumma','symnRumma','yasminexia.42@gmail.com','ba5fce3206c0af73a2516b02dda2a4cf:d2zzODFAXHwxJGqmh9DH6aBcCSzjtfAI','Registered',1,0,18,'2011-02-26 10:31:04','0000-00-00 00:00:00','bda240227170d25e711a8d5011c9c452','\n'),(894,'byoemsofttoday','byoemsofttoday','d.o.ughm.an.anto.n.e.fe.ra.p@gmail.com','5ea1df52042a48f7180c021756241e1b:UuhQ5KeToVEBVscMwrByuFUIi3fvArRR','Registered',0,0,18,'2011-02-26 11:39:41','0000-00-00 00:00:00','','\n'),(895,'Tomaso Andrea Figallo','windswet','der.igel@katamail.com','278d6941beb65a80ac93cf4d91c47023:bhkEUlVoQRhlzTgNkAHSu2MRQE4w5HbO','Registered',0,0,18,'2011-02-26 12:27:33','2011-05-25 20:28:52','','\n'),(896,'Chittetub','Chittetub','v2ilrea8SJW973id@gmail.com','6cca1ebc4737105c6994b9cd547d090d:gP9fimoIKu9dGLnHzj9Zj6NRqUsxSsCI','Registered',1,0,18,'2011-02-26 18:24:41','0000-00-00 00:00:00','5724d249c62c1e0dce67c6200ea510ab','\n'),(897,'Roshjenjerawaf','Roshjenjerawaf','jtuvok@gmail.com','180e15e4d09a08403f3df8a649b15036:9wyt8E2N9DafLwgGLL4DaQRIGXTqcBMs','Registered',0,0,18,'2011-02-26 23:24:46','0000-00-00 00:00:00','','\n'),(898,'Yeşim ','Karayiğit','yesim_karayigit@hotmail.com','5eb2fe604056cd9bb853504cde6fcbaf:bMpy7YXxurjFA4zzRdKFSWo6VDYRdpg2','Registered',0,0,18,'2011-02-27 12:05:48','2011-02-27 12:09:42','','\n'),(899,'carolinala','carolinala','laganaccarolina@gmail.com','9b64c6ded6d59e40d233746c645d9049:hI8etbfGVYS9esxAXspDN71oIyGiGDld','Registered',0,0,18,'2011-02-27 14:10:30','0000-00-00 00:00:00','','\n'),(900,'Totmecloficle','Totmecloficle','pushkin@trepolik.com','c239ea734585462d70634529c80d416b:DfTgRqXFhNGbpwRSCElACVsL7LlftmgU','Registered',1,0,18,'2011-02-27 21:59:30','0000-00-00 00:00:00','5e3c072b287d554588b843573a96e360','\n'),(901,'Innortili','Innortili','i.n.tim.dos.ug.i.n.russia@gmail.com','88eafa292f142d162f244e29cc1c2ae8:087Wp6f9feacVnJo6Oa4qkaf7fZWpURs','Registered',1,0,18,'2011-02-28 11:53:04','0000-00-00 00:00:00','cad4da60f1942750cc99e1158fe6003a','\n'),(902,'kezkesi','kezkesi','berberr@mail.ru','6f1658ea7c02244e76b34d5188b30877:jcvGfd9Qt1eLQ7HLR0Ba2h8yToqYvMUH','Registered',1,0,18,'2011-02-28 12:22:15','0000-00-00 00:00:00','a67d963be45268234c6560d22cc91635','\n'),(903,'Boypsuppoxedo','Boypsuppoxedo','d.ie.th.ar.d.a.v.ve.b@gmail.com','07638c57508a787d6c301f8d3d30c32b:HcHaMA85SL4fJXUIgF7kmC1A4fnc0mJ5','Registered',0,0,18,'2011-02-28 13:41:14','0000-00-00 00:00:00','','\n'),(904,'ONJames','ONJames','onjames@mail.ru','9ea6ce75c05355b45b779e82ce88226d:Xx7kZxXGPKH4L6656axsgtVZcexPkDil','Registered',1,0,18,'2011-03-01 03:23:44','0000-00-00 00:00:00','4fe963f6b17abd12515ec529afa3415f','\n'),(905,'builmfuemnene','builmfuemnene','derri@sertuon.net','b936152dae375472a78d7128ccbb411b:f5xMmj7hjbOlPJ3BgkKYA3PLclWekaQJ','Registered',1,0,18,'2011-03-01 03:47:14','0000-00-00 00:00:00','ab7029fcf1240664992eaaec02d46f28','\n'),(906,'damnedoneo','damnedoneo','johnlasner007@aol.com','a782ab977cec545f222a6c7881ca860d:gEXEm21CcqyOhv2iZbEcHCvWZvMCDeHU','Registered',0,0,18,'2011-03-01 05:59:26','0000-00-00 00:00:00','','\n'),(907,'AndreaBees','AndreaBees','andreajohn1989@gmail.com','4631950776d8e1ed0400461ed6e06690:EU8NUezblJP9AtN1QEEHuRIufUC8PVgl','Registered',0,0,18,'2011-03-01 06:28:24','0000-00-00 00:00:00','','\n'),(908,'zibElemi','zibElemi','togiuwa@gmail.com','843fe172f6568dbcab9dfc9477599237:XJvUey1rzzG77TMlTohsYSXuWgVHKqZQ','Registered',0,0,18,'2011-03-01 09:12:57','0000-00-00 00:00:00','','\n'),(909,'Crubrenonrefe','Crubrenonrefe','hstifter@yahoo.de','e1f7e7271b6b2a8d18c16fbed9dcd6f1:enQCJyNRP5t17IkNVpQ1vWtjHVb9xgJr','Registered',1,0,18,'2011-03-02 16:09:54','0000-00-00 00:00:00','55fc82cb48bd4dba31165157a60f28da','\n'),(910,'Zenaideva','Zenaideva','m.o.s.k.v.a.v.ladivo.stokek.aterin.bu.r.g@gmail.com','c04c0ef21a2ba51b0f13c54f493e8037:IFiN37RNTNCogfSVM1CHUXo02tSDd0nt','Registered',1,0,18,'2011-03-03 07:26:29','0000-00-00 00:00:00','5898bedfad1c95984e1ac74f5ad74ddd','\n'),(911,'Işıl Demirtaş','isil','isildemirtas@hotmail.com','fc8a22ae17d7c74cf29d0ec524bbb405:TFRG8wcjC0YXYOZVsYcC8BPZLySZLaNh','Registered',0,0,18,'2011-03-03 10:00:57','2011-03-03 10:10:14','','\n'),(912,'tralalaler','tralalaler','carolinedsc5741unait@hotmail.com','45cf8c1441818fc2c7cde0513c20580c:mwlFFndxMm1P2Y4rF5p6YC3TQJC28xSL','Registered',0,0,18,'2011-03-03 12:53:35','0000-00-00 00:00:00','','\n'),(913,'Invettygymn','Invettygymn','sseria9@aol.com','e547ae4f593f741b4ec515e8db9a03d6:S2gmGb4fnWwimVkyVa28HzzI5h7Kw8N9','Registered',1,0,18,'2011-03-03 13:12:22','0000-00-00 00:00:00','8f5f57a092bb7b32ce14d3ebc569be9b','\n'),(914,'Attetroky','Attetroky','thillhill6@aol.com','42da9d2bb9cdfe93c93782e6736b4a27:TMl3mNno7l3RZi1Nib3TbnqOkzPXY8BY','Registered',0,0,18,'2011-03-04 01:47:04','0000-00-00 00:00:00','','\n'),(915,'MELDA','YAMAN OZTURK','meldaya2000@yahoo.com','e31a380a7445f8ce77cd8d008c3c9a41:xurcpRO8LAX4tGko3PjMtPFzDmJN4m0h','Registered',1,0,18,'2011-03-04 10:00:34','0000-00-00 00:00:00','d3217bf726ffae5095715acf7a0d2a3f','\n'),(916,'peDirsm','peDirsm','theone@factoryarticle.com','2fc25462082cd887e97e27b19a578f1f:z1xHEeg5cZYs7Xh0vXQdfJoKIjlLeEAg','Registered',1,0,18,'2011-03-04 12:15:44','0000-00-00 00:00:00','7cec729cda6072d68c293433134e9db8','\n'),(917,'PlamsNalEmumn','PlamsNalEmumn','chadwick7yate@aol.com','47c358b95b16679fc35282334d73e20a:NyqcHyapmUDjTsa58OmtL1eMUkVtvwFa','Registered',1,0,18,'2011-03-04 16:07:36','0000-00-00 00:00:00','d626c2042201b0d7ed6fefb7a3d9babd','\n'),(918,'speddyacada','speddyacada','acaleatypred@yandex.ru','8f3ca3a93790037e5d72d663ac0eac14:E6ruEljLSLmQzJY0H8vjZcWav7M6CZHY','Registered',1,0,18,'2011-03-04 19:16:36','0000-00-00 00:00:00','7372babce6cb34626e86ec6b136e53f1','\n'),(919,'Bluttyrailt','Bluttyrailt','olaf@lamiom.szczytno.pl','1403ce50c6912beab0c11c25824a3df3:wZ66d9HdQlkqlvRVGhMTtxXWInIvREKx','Registered',1,0,18,'2011-03-06 00:53:55','0000-00-00 00:00:00','2d43e7277f0e6ad83306a71f613dc804','\n'),(920,'WinLoss','WinLoss','saradoudneboz@gmail.com','fb3c46b73e05cf2ba9d5fc91eac3824e:CnmdwokdqwtD9Lq9DRz0jq9UfrfTGF0z','Registered',0,0,18,'2011-03-06 03:53:25','0000-00-00 00:00:00','','\n'),(921,'Guescismcep','Guescismcep','nacyutidikyb@gmail.com','1f0890953bf670d3b16e8e7f4a0c53f5:l5Dwa8Ua2ewiDPCfQ9ofYZxZYVMf4rUw','Registered',1,0,18,'2011-03-06 07:07:14','0000-00-00 00:00:00','1caed9ff4e219784f0989b106384ba0e','\n'),(922,'itzChieptstooplegmann','itzChieptstooplegmann','f.r.a.n.km.onro.e.4.96.1@gmail.com','255a2da82da5150df5548f8a32ef2c2b:X4GwXz7rEtv2e64CA1jNeg8tXok0g7fn','Registered',1,0,18,'2011-03-06 22:06:44','0000-00-00 00:00:00','0909657c17fdd2979f90f624e10310f8','\n'),(923,'anabolex','anabolex','irenebrandibanks@gmail.com','5f00cd6d7d86ccbb56a59416abdc435b:MJLUrXuSVDfqg9wdNrLhdLEv30Xnz4Pp','Registered',0,0,18,'2011-03-07 08:21:29','0000-00-00 00:00:00','','\n'),(924,'Sadettin','BAŞTÜRK','sadettinbasturk@hotmail.com','635cd4e0e1e556622062b2ad0f85aa83:njgrcgAVb6YL3eZtMR2Tx0lYJ5n480ej','Registered',0,0,18,'2011-03-07 08:34:02','2011-03-07 09:23:31','','\n'),(925,'Seyda Oguz','saoguz','saoguz@yahoo.com','a6d9521e5c54196541fdd3204f05bf7f:SQko6K9nzwJag8Yok46fTAR7zkR18Yaj','Registered',0,0,18,'2011-03-07 09:13:55','2011-03-07 09:18:11','','\n'),(926,'Mxtxtex-LataaidenPasP','Mxtxtex-LataaidenPasP','mxtxtx_2013@mail.ru','d9ea6679ee80f10eff28c4d6362827df:OQKWkhavk0fK2NntodLaQjz9uRSNcrNP','Registered',0,0,18,'2011-03-07 09:23:56','0000-00-00 00:00:00','','\n'),(927,'Laptopw','Laptopw','agnesgish@gmail.com','4aea32fb855d98b703c83c0c367e8e38:OwImx1pRuCB4McHlMaiLwS7wuVmVRhUx','Registered',0,0,18,'2011-03-08 04:46:35','0000-00-00 00:00:00','','\n'),(928,'grazia maiorana','graziamaiorana','graziamaiorana@yahoo.it','3363a50fc26ed3d2897b1d2da2faa8bd:PlDBIIOztNJbNkxwbZxF60cuDQYjKxXL','Registered',0,0,18,'2011-03-08 09:01:36','0000-00-00 00:00:00','','\n'),(929,'GreemSooSeMot','GreemSooSeMot','johan@e-xperiments.com','31e5ab1c0186a1474668baad1e40ce48:XfsckZAQHYJ4EwOuy7ZqFxmcFc5qVsck','Registered',1,0,18,'2011-03-09 12:48:53','0000-00-00 00:00:00','29b3f24b56e378154fb465bd8ee56db9','\n'),(930,'Paydayawalila717','Paydayawalila717','gin23235qwdfs@aol.com','364995021c92f23865b23191b12bad91:rT6fRB4xIgu9VRZNqWicr70OxN7mY1S3','Registered',1,0,18,'2011-03-09 18:31:37','0000-00-00 00:00:00','cc2446aeace3f96afda17cf5b05a13b4','\n'),(931,'Elif ','Yalçın','elifyalcin4@gmail.com','8ea0d07016f6a94744f97667d6885eb6:qsqq4UwBcW7mgqUqPgPrpzW5AMGGAanr','Registered',0,0,18,'2011-03-09 20:12:10','0000-00-00 00:00:00','','\n'),(932,'TGStephen','TGStephen','tgstephen@mail.ru','7763571cd10fee9499b47e680f5ba95a:HQX0QTUUdiluV4hEcMhTmZmMm2cAOV92','Registered',1,0,18,'2011-03-10 06:00:37','0000-00-00 00:00:00','f4f59c949bcec1dd8635b24679ac7a02','\n'),(933,'attarvefraumn','attarvefraumn','f.rank.mo.n.r.o.e4961@gmail.com','c8f4790e64acbc0a77588aad87ae8db6:Jl8tBhjvDpBdudykZw7iCg2ES93lR5lx','Registered',1,0,18,'2011-03-10 08:44:54','0000-00-00 00:00:00','b40525b65b7d57e69c7dfb311a3fdd85','\n'),(934,'Hasanhusami','Hasanhusami','velimelideli@hotmail.com','caf20c84b1ff01187f06be4e91cf1a50:dSIXNM342AenXUdGsVDMEzWn45BjwrFf','Registered',1,0,18,'2011-03-11 13:31:34','0000-00-00 00:00:00','e9704e564680cf36de0edd972ffe79d6','\n'),(935,'Kamilcan','Kamilcan','ankaraotokiralam2@mynet.com','74169839a3aa8e7ed1d0e9e17846322c:XIKfB6DfcnF7qfEyVlzjXBjcQr9dAJFq','Registered',1,0,18,'2011-03-11 23:59:12','0000-00-00 00:00:00','87335884956bc6bd3400c0fbc05287c0','\n'),(936,'Damla Bayraktar','damlabayraktar','dabayraktar@ku.edu.tr','b0fed1cbd8bc9961607be6078c192fe6:MSAZeJtddteVbMx3iGw3gC7RjF37JNFP','Registered',0,0,18,'2011-03-12 13:06:28','2011-03-12 13:07:20','','\n'),(937,'veriexciple','veriexciple','annna.ch.a.p.m.ann.n.2.3@gmail.com','c7e152dcf393524360ea050f7634ec44:nTMLhByPLHDZNw6Incai2xjmCHNwljLr','Registered',1,0,18,'2011-03-12 15:28:46','0000-00-00 00:00:00','daf3e24d653ca24f090a3463d6839157','\n'),(938,'fatma','fgirgin','fatmagirgin@yahoo.com','9248663e824c3c045fbc1a3a6ae2d163:aNLrmModIi7bgdf1mjPr0a7F841mlqFA','Registered',1,0,18,'2011-03-12 19:22:09','0000-00-00 00:00:00','06d6b828b5f53092bc4bb764b855e9a4','\n'),(939,'Sazymomsmes','Sazymomsmes','annandundilop@gmail.com','b5f824db8ad0d0ea9269021e65c1b700:Qx11PvQwLGEnWk9fDYFQ9uLEYhisqT9z','Registered',1,0,18,'2011-03-13 01:16:11','0000-00-00 00:00:00','564d51c490cfea8c985f1d7795ab1f16','\n'),(940,'Nazım Can Serbest','nazıms','nazim.can.serbest@gmail.com','35a41e60fd2f4e026da2fc877589511b:g1Q8esMfRoBwYAhLTL4E7IvvolQ7nygG','Registered',0,0,18,'2011-03-13 14:52:25','2011-03-13 18:04:51','','\n'),(941,'Smendtef','Smendtef','yosselfilgvo.n@gmail.com','41a693eeb01f7aa35cb6bd7c0b4d6058:Ddl4blbwACO6OglbN9smUyOgl8jMhyr5','Registered',0,0,18,'2011-03-14 03:26:47','0000-00-00 00:00:00','','\n'),(942,'Jutbapterbnar','Jutbapterbnar','reid9sosa72@yahoo.co.uk','e416b501f4b349e37051b8eeec3e56ba:78vwNZPpxk5LjaqrBb3A9p6ATi0vj0ob','Registered',1,0,18,'2011-03-15 16:29:13','0000-00-00 00:00:00','534b6bf058459f0182363fb99fe41231','\n'),(943,'kezkesix','kezkesix','cegocengo@mail.ru','e3311a4955fea12e02e297b8e51bc092:87j7HqGax14yG3FGEmQURN9EukxhvEri','Registered',1,0,18,'2011-03-16 05:13:21','0000-00-00 00:00:00','71d6a13c13c4166b7d72f738b97e99ab','\n'),(944,'MissSister','MissSister','sis.cupberdgurl.misterious3@gmail.com','adc9439206a1446a367918df2d194600:KqtI2eSv01TtjhidljDWtgXc8gTKG2Ka','Registered',1,0,18,'2011-03-16 10:04:20','0000-00-00 00:00:00','92a97b6bb2041734e7c071619c9a3459','\n'),(945,'misfits','misfits','normpacanchik@medic-pills.org','d908d6eb86fcca047b15e04f9f27d295:mdwXP3tElNDa9MVfNV8mlUKnXz137x2V','Registered',1,0,18,'2011-03-16 10:29:10','0000-00-00 00:00:00','a28cabb91179d18d3ba37facb9637236','\n'),(946,'mckwqjkudyjpo','mckwqjkudyjpo','gjnire32fmmf@yahoo.co.uk','7155c0bd9c77bd1929299e944d40a307:yJVqjHEQ6MWIivfmvXcC82fmeSR7uCKw','Registered',1,0,18,'2011-03-16 14:48:51','0000-00-00 00:00:00','d95cc09f0d54454760349bd9cbd12892','\n'),(947,'cottAcero','cottAcero','copp..inlillpuq@gmail.com','e8339f40e8774db10b1042e1ab953e99:g5euQ0Fa423ZaynRsbRUyP46Wr7jb1go','Registered',0,0,18,'2011-03-16 16:54:13','0000-00-00 00:00:00','','\n'),(948,'FedydonoAltet','FedydonoAltet','fingerstils@gmail.com','8db0090dbc5c50b3f5f5aa31d49e0968:DjbFJOyDVBfHqotvcmKxg3bzVGzbIjHE','Registered',1,0,18,'2011-03-16 17:45:59','0000-00-00 00:00:00','3eb6adba4819356e44c0b2f115c0c8d8','\n'),(949,'Dreddibra','Dreddibra','hilyfafuibipyga@gmail.com','f3320de8ac972c95683c9c9ae97c7d31:tLdw9oGDwWxxE6WNiP7b80byV1TS98vO','Registered',0,0,18,'2011-03-16 22:27:51','0000-00-00 00:00:00','','\n'),(950,'TravelClubf','TravelClubf','jolanda.tortoriello@gmail.com','041aa31baec9029ea2d4b45ef915f6ad:4E19v19fBG5zesG6aWSLdmEGIqJDdLgF','Registered',0,0,18,'2011-03-16 23:02:51','0000-00-00 00:00:00','','\n'),(951,'exaggeple','exaggeple','nasecenekerej@gmail.com','a7b1a5802bbdbbc398c6c1d9eb39970a:q4nxK0r8JmdtkbpeEOHIsNGfvXbG7Cos','Registered',1,0,18,'2011-03-17 03:07:35','0000-00-00 00:00:00','e93e5f9d4ea695afa5685f40c0fc072b','\n'),(952,'Ta88azepam','Ta88azepam','jg66wfx@gtgmail.com','c75bd88b210979dfaa80a17359bf0e3c:XQE19KEUQ0TqQmIcteBIgWf8iPHsZiVM','Registered',1,0,18,'2011-03-17 13:34:58','0000-00-00 00:00:00','2c9e88cd35da5bd5f81332a96aa74506','\n'),(953,'frSoyncDync','frSoyncDync','francetest@basketinfo.net','f895aa4bc2033414042f129cec0db559:0EnSrJqCCJfrSA1ZxOCVQdWhNTIXcnZN','Registered',1,0,18,'2011-03-18 12:17:28','0000-00-00 00:00:00','4f524b1f851655e05277bf2620aa90c0','\n'),(954,'Alofesksedced','Alofesksedced','4@cpays.eu','4ffc024a3c972b4d47fbb91f92bf08a7:nXzgH8Bl1EEigxb34ASk5wlscRO7e58x','Registered',1,0,18,'2011-03-19 01:58:20','0000-00-00 00:00:00','ced1734e0cf5e983329365d43b910073','\n'),(955,'XRumerTest','XRumerTest','yourmail@gmail.com','bdbc088c32acba1fe9b90c7111dcb053:QTym2QwLrhkmXMPJaUwgoGbof6pfM45i','Registered',1,0,18,'2011-03-19 21:11:06','0000-00-00 00:00:00','738f5d1c9a5ee2892ef0b69d2273bae7','\n'),(956,'PeepextEvek','PeepextEvek','rahenadibirfx+losupsorifs@gmail.com','8ea53bdac4d3911e555d7b5f219e7822:7CyHcU9ftkcVFHiLfx5t0BUVXwIu6giN','Registered',1,0,18,'2011-03-20 13:10:52','0000-00-00 00:00:00','a8562a505defc9d9d512f4f1fdd01086','\n'),(957,'ZlataKarma','ZlataKarma','jgurda@pillstream.com','cdd961fe3cc7303f103569f97ffa5304:WlgomeE9xcAk1a2sx0TDX5kx8S28SdVe','Registered',1,0,18,'2011-03-20 18:57:23','0000-00-00 00:00:00','4578caf6833280146fb8bd2be3e1dd75','\n'),(958,'Paydayawalila584','Paydayawalila584','video213bb@aol.com','26e2deb961f11f3f5bbbc4ad7dddb7d0:nmgbpP170upNdPfjkM7eiULfdla2AfFl','Registered',1,0,18,'2011-03-20 21:34:58','0000-00-00 00:00:00','dd7d79d1779578a86e3ba10f320d3ac2','\n'),(959,'envinomeoca','envinomeoca','Doorgeimmag@gmail.com','c06376ffa6d26b81487fe1428c967094:rrniFfFck29LpTRL7XiQoAbqrofOPvl0','Registered',1,0,18,'2011-03-21 08:03:09','0000-00-00 00:00:00','c1dcf13d78594cdf7d4bad0e3d78c0e2','\n'),(960,'Hoitoebsilt','Hoitoebsilt','marioero@o2.pl','355480883b95c5116daaedf8cad58116:P08V3WAzPTRnnQ8bfwBARwNJuqSDAQwL','Registered',1,0,18,'2011-03-22 03:09:50','0000-00-00 00:00:00','bfdb305632c845d07ef6d41aadb2e019','\n'),(961,'dancemusic_o','dancemusic_o','wendellhuber1838@aol.com','eb4d48d6c94dc277b133f0f1f6dd43f2:2XHD9uHI9uc2VR4BD4ghvNirNRMjgfZ7','Registered',1,0,18,'2011-03-22 20:20:40','0000-00-00 00:00:00','63404c36bc3c5adcbf063e09d53b5dd9','\n'),(962,'Incaphync','Incaphync','frnaceprof@basketinfo.net','c94d9565a732690aec5e1b292a62de66:2dVSzssXbZMSlbfGHyqk1fmZoPLu1xUY','Registered',0,0,18,'2011-03-23 00:39:45','0000-00-00 00:00:00','','\n'),(963,'vpbGrerderbisind','vpbGrerderbisind','franceall@basketinfo.net','e1ff6a1b8a12bcf0c7df1f6e27000dc1:0OOu0xoRW9rlHyyaxJ3IAmorDBjj9zuE','Registered',0,0,18,'2011-03-23 17:35:05','0000-00-00 00:00:00','','\n'),(964,'pheterpisharo','pheterpisharo','fitzsimo.nsbag@gmail.com','a58a81c24e1e03ef2379f23205dfef32:m3Ma6g8qvr3glnNWNh0HJYr1itNXo5uW','Registered',1,0,18,'2011-03-23 21:01:29','0000-00-00 00:00:00','aaf93224e29b806db6f6b3e49b6132a6','\n'),(965,'yjborrislk9','yjborrislk9','b.o.rrris.le.uwkofski@gmail.com','f60e34ff4eb92191a26ac02a9ed11e90:MjiCQYqg0GI9ecoS0jIeOhj2NmM8XgM8','Registered',1,0,18,'2011-03-24 04:07:57','0000-00-00 00:00:00','d48a4bb748b2f579e565df3462ff9fa9','\n'),(966,'Chactalpata','Chactalpata','courtneyendot@gmail.com','748e2faffbcb52726326a1fd02311268:p5tt8lpWO6qNckrlV7gXnrCWAekDVBj0','Registered',1,0,18,'2011-03-24 10:46:30','0000-00-00 00:00:00','8f620c91da4874ac50a2fa78af4f8c02','\n'),(967,'ambalajeap','ambalajeap','ambalaje@epages.ro','14c5fffcd37cbcf4ab74b2dbacd15fa8:IghDcYoew4Z2ZAtNERVhBzjAiUykfLSG','Registered',1,0,18,'2011-03-24 14:43:54','0000-00-00 00:00:00','eb76831afde0bab705a930298b8078e8','\n'),(968,'uggforsaleboots','uggforsaleboots','nuh7m@aniub.com','5946ccb67e3e7257c44b9b0ea51d2538:OsfwPdJk509ouwuvOVcvb5Sm9eZXtN3w','Registered',1,0,18,'2011-03-25 05:45:47','0000-00-00 00:00:00','6e0faf0e260e9ff5f5a26576776a60ce','\n'),(969,'Csharper','Csharper','otoarackirala@mynet.com','ec4bb8ffae69d5fe5684df7e97c21097:VC77htWPGSCSx7pDaefTqY4DPblyuzf3','Registered',1,0,18,'2011-03-25 18:01:18','0000-00-00 00:00:00','5e2a68cab22c965ed2bedf9afe14ed6b','\n'),(970,'iphonecasemarket','iphonecasemarket','ead3y@aniub.com','7bd4597abf4958f3386badec347de9bf:7wrK58geGbCqmCVPjD8s7XEzqZ5fGQbn','Registered',1,0,18,'2011-03-26 16:17:06','0000-00-00 00:00:00','d03b3d0ff481c354e44f8ab372679c50','\n'),(971,'TravelClubz','TravelClubz','antonette.zvorsky@gmail.com','85bb46a46d72892584d831beb56f20f9:xVzDwOAeCsTh4MOm8RC6wmxxb8Umrzi3','Registered',1,0,18,'2011-03-26 19:57:04','0000-00-00 00:00:00','24145cd887a84548a278966bc0e4b088','\n'),(972,'ceacalud','ceacalud','ceacalud@mail.ru','dc765f0a6c4a9625eb933f1fae8a65b2:L2piuzghdw50mBIp8cZP2YdMoVYANeI1','Registered',0,0,18,'2011-03-26 20:48:25','0000-00-00 00:00:00','','\n'),(973,'caseteluminoaseab','caseteluminoaseab','firme-luminoase@epages.ro','125f32ca3e240640520511842b652b18:KbEPmEVCWbmLxHVKfWkMk3tjXjZPGwYR','Registered',1,0,18,'2011-03-27 01:39:46','0000-00-00 00:00:00','503afd23cb13aeb2e79a5918da499bcf','\n'),(974,'almofiquiliat','almofiquiliat','perlengkapanbayi@aol.com','6dccac4d17121e5c3238422dae58f121:ZfGXoSWO8Sf1VhNjGSuRg9eHeuLpo7hk','Registered',1,0,18,'2011-03-27 04:52:51','0000-00-00 00:00:00','7146d15d111e8b61dda76c937ab8c243','\n'),(975,'autowly','autowly','lun.rioce@gmail.com','c64011145d9a8575de89f745cc6e9156:yhmZEpBWuKBkt8EHTV5rdq2xESddHq6f','Registered',0,0,18,'2011-03-28 01:58:13','0000-00-00 00:00:00','','\n'),(976,'soatarrtli1','soatarrtli1','mslickatarrt@aol.com','ed651e7f28e3fa28827f2cf03b275e9e:SyzTVUu0YzthSketeVsmiWdmeMMjnmx7','Registered',0,0,18,'2011-03-28 02:27:45','0000-00-00 00:00:00','','\n'),(977,'KochewskiSun','KochewskiSun','katekochewski@gmail.com','e1ca58b6d96b90adff18ce421e64cd97:WcoKjSStRWZ8aIYiptRCotTZr6fifyds','Registered',0,0,18,'2011-03-28 09:36:39','0000-00-00 00:00:00','','\n'),(978,'koreashirt1','koreashirt1','miymmiy@aol.com','eeb22ae7350b54159bc2965ab4e18b58:2PaOsGFNpTDdr3BA2QU6qZEAzrq7pAFx','Registered',1,0,18,'2011-03-28 11:24:53','0000-00-00 00:00:00','647d7a9f7f1d9d737e0082b640325b1c','\n'),(979,'Poupelulfunny','Poupelulfunny','vismeuwa@gmail.com','748ca64f3d9721d438395fb89ea4cc13:uiPujf7QyC3HmMgTwr6cczLyyV73Lhh9','Registered',0,0,18,'2011-03-28 11:28:30','0000-00-00 00:00:00','','\n'),(980,'endonattimise','endonattimise','boravanivupac@gmail.com','50a713a413642ec697b95a92a2c7fd13:xfALui0YmF2oBy7F8m5FJkTmg6pcGhy2','Registered',1,0,18,'2011-03-28 14:36:30','0000-00-00 00:00:00','ba5c7908a408461a019512d43f3f485a','\n'),(981,'Swordmaster','Swordmaster','k.e.r.i.n.ad.i.lequp@gmail.com','14eb31b0b485046ace50987f31e20653:FN5R9sO8rius1TIoDaEQV1TCi3Gr9g0K','Registered',1,0,18,'2011-03-28 17:10:50','0000-00-00 00:00:00','2fa4ab3a860ebb488dba15da4bfaf7ad','\n'),(982,'DaurilmDiamma','DaurilmDiamma','asdfasdfasdwe@gmail.com','934a65557d5e41b021d6de387ee7f98a:93fxWQuWlo7m4GBH5XyFPfLO7aPtXACD','Registered',1,0,18,'2011-03-29 03:26:22','0000-00-00 00:00:00','584fff16611588938376355bb2347ef1','\n'),(983,'Recepti_z','Recepti_z','agustinchang6113@aol.com','3778f99d8fd64fd72434b2599540eb3c:D4EiZ7NSKNgXoDOZbb77OpFeBPcOJ5l1','Registered',1,0,18,'2011-03-29 06:59:31','0000-00-00 00:00:00','1570e0383d2ef71c244e023021b23ba5','\n'),(984,'tweywey','tweywey','tweywey@mail.ru','05a841363f034f0339be841ee66a6757:iUFdmhwUMhFoXgPpAtOyKOE2oPpHoxNh','Registered',1,0,18,'2011-03-29 14:05:51','0000-00-00 00:00:00','89dd93d7d983cda8eb6b776a4a257134','\n'),(985,'fzmanulq8','fzmanulq8','manuellapipiacen@aol.com','75644c20576a403eab32847cd796ff05:Rrfbo0083X4su05fVRh3lu6ThkEhBP5p','Registered',0,0,18,'2011-03-31 07:22:05','0000-00-00 00:00:00','','\n'),(986,'HaucheHoamuck','HaucheHoamuck','shubeu@mail.ru','c39b626cb20825933a1028f943293d2b:Ec5z3HIrvd3ulVdP6b2vYW2OjIlWEGK0','Registered',1,0,18,'2011-04-01 02:57:52','0000-00-00 00:00:00','4f789fa24dfad36353cfc089ea86b2f2','\n'),(987,'Redpinsr','Redpinsr','blueball.blast@gmail.com','575e1b59c65e00a436b8e1fe90d9f200:xNOKfjjyhefptgyIT4Fu9Oem37Pxc0y8','Registered',1,0,18,'2011-04-01 14:51:53','0000-00-00 00:00:00','58482d2893748ab4f2775076eb421f34','\n'),(988,'Triethill','Triethill','zerg32@mail333.com','c38185d625e58852b653e0d61c566402:XVvgEQF0tgolJZfGIAVgULFgKbznPn31','Registered',0,0,18,'2011-04-01 18:49:24','0000-00-00 00:00:00','','\n'),(989,'Page-LataaidenPasP','Page-LataaidenPasP','myredpage@mail.ru','1a05fe546c35d5fca2f2d378b16ffdae:xNwxOj8FiqB3o4x7WyQLWE4IBaOfeGvC','Registered',0,0,18,'2011-04-02 01:18:31','0000-00-00 00:00:00','','\n'),(990,'blogiaallkam','blogiaallkam','kamblogia@shopmp3.org','8e34fabea0ad130a4adfbdd39f5b30cd:zIKyyvEcFvu7mQLoirhIJAoLLZFGEsv7','Registered',1,0,18,'2011-04-02 04:55:10','0000-00-00 00:00:00','e593604d7649bbe3e9618f11640edd51','\n'),(991,'Downloadj','Downloadj','helaine.yantzi@gmail.com','60e4d9d3bc7393ef30f87d7accb48603:fHKr1knp6wdh7PFtaXHWaQhOS0ikrk2g','Registered',1,0,18,'2011-04-02 14:00:21','0000-00-00 00:00:00','6fad61a6fa96c55702058792cee508a0','\n'),(992,'asperaHek','asperaHek','ololoshin@gmail.com','b4ead570fc4c972b7fa15fa97ebe6c79:knPUMh5gSBz80qntH4y9xyNpw5TKgB7B','Registered',1,0,18,'2011-04-03 10:25:32','0000-00-00 00:00:00','b90e8523b3aa73301cd795e67e9e3932','\n'),(993,'prertAneteDow091','prertAneteDow091','pocket211343aces@aol.com','23163fbcd0599e2a6d442fede5effee4:Oad0Z67RfZarJn3Y6wpOqbfFToS3T8LA','Registered',1,0,18,'2011-04-03 11:44:03','0000-00-00 00:00:00','85738b900245b0bd533d9b7629bb9e88','\n'),(994,'hauhvandeda','hauhvandeda','ditmieca@gmail.com','c2caeda7c2934ef71d7f7b5cf217cd1d:aiE5A24ZkIATMCpzFjHrepuB2j5Qw4OW','Registered',1,0,18,'2011-04-03 13:09:17','0000-00-00 00:00:00','414c701e251ead0a6c99fb08c37eac75','\n'),(995,'cheaptrxshop','cheaptrxshop','jfe3w@aniub.com','9928028c99d08913188a1545739d8eca:WkmFQ0K8MDbR4Wl4GWNLYFxOcT3mhzdM','Registered',1,0,18,'2011-04-03 22:46:18','0000-00-00 00:00:00','4c0a0e13daa3f24bb64d6440da62525f','\n'),(996,'baisseawaro','baisseawaro','kombohacker@gmail.com','f8024978caf76e8a6eca43f56dff6f04:4lUEGxon71VKN7iPI6Oz5ouaXRVlbA2E','Registered',1,0,18,'2011-04-03 23:07:50','0000-00-00 00:00:00','48389ba6c6e5da49fe90ea5e195cef56','\n'),(997,'bootsuggcheapsale','bootsuggcheapsale','eyf8v@aniub.com','bda59691004851a14c96c7c8afda5f44:NbIZlyt5yKIFz7tO9cLQLCjertxHcXb7','Registered',1,0,18,'2011-04-04 14:54:05','0000-00-00 00:00:00','8307b15dbce2751f9d9090a00957cd18','\n'),(998,'Idollaasywold','Idollaasywold','ciekawypomysl@aol.com','f6ee4bbe59a2c5d77de372ce790b796a:DnYCkHObM5YBX1yhbHA72EOSAeLsBynf','Registered',1,0,18,'2011-04-05 11:51:24','0000-00-00 00:00:00','5494eda781b8708293673c40e5b0fa8d','\n'),(999,'kim_kardashian_k','kim_kardashian_k','jaywyatt7872@aol.com','cf5bc8f11d0ac58637a5898546a26362:Px5B38uzvBTp7pQgZ3cXdnwoPp8OdTrk','Registered',1,0,18,'2011-04-05 16:10:31','0000-00-00 00:00:00','2dcda1c79ec38ee1d6e8c8bb7b2c8701','\n'),(1000,'Paranou','Paranou','annaparanou@hotmail.com','61c1a6558349ddf9d221c471e25b939b:7Qq3hmIxdlUoy5uueIcOV9onlcqlVyk0','Registered',0,0,18,'2011-04-05 16:53:24','2011-04-05 16:58:02','','\n'),(1001,'businessadl','businessadl','businessblog@aim.com','49468d3dfe45d0acfa89f8f8e531f1ef:0LHZZxXIqxE6AVgeZGjysJ7KuO5a70E5','Registered',0,0,18,'2011-04-06 10:41:38','0000-00-00 00:00:00','','\n'),(1002,'freecedig','freecedig','jerry@hostpapa4.info','e468230ff1c058adabbca0ccf8b6517e:ZyVNFeH55nDT5Cf6W1ylcmIYogDwZfub','Registered',0,0,18,'2011-04-06 11:39:55','0000-00-00 00:00:00','','\n'),(1003,'PuhPlagmalo','PuhPlagmalo','dampaethelbon@gmail.com','3befa723a9a13a997d2975a3858e4531:6Ed44tns0IJctnYhcEwH2TsWn3PNuObw','Registered',1,0,18,'2011-04-07 05:39:22','0000-00-00 00:00:00','329f6688bdddddfe745fcbfb07c3315d','\n'),(1004,'rythmseo3','rythmseo3','hroomserv@aol.com','9312303cd7923f52f27b98856391c909:xH4E0cMthbAJDir4GlSkUcyoEoRY0Eop','Registered',1,0,18,'2011-04-07 10:14:07','0000-00-00 00:00:00','eae056a6728daab87ff35f46be573c67','\n'),(1005,'Ridé','Hermine','ride.hermine@gmail.com','694f92cd5049bc54a49e4647b86983ce:vV1SiTuuzqNBheBNIxvXHN7HZsKKmxur','Registered',1,0,18,'2011-04-07 11:58:55','0000-00-00 00:00:00','0ca1534c76b4b18b11ec44acd73d1071','\n'),(1006,'BASCH','hadrien','hadrienbasch@gmail.Com','8dc3402f6d836c83a0965fee7b202acd:BQkZzLYyOqTyzRKN3golznaBaIK2vCnY','Registered',1,0,18,'2011-04-07 15:02:38','0000-00-00 00:00:00','29812e34fa6d242f13621bb986ef58ba','\n'),(1007,'toygun','alioglu','toygunalioglu@yahoo.com','e9c79887cff85259fa4b4d41cbf9acf8:QvMMhENuR67TT8gwwCSjKnBE7YLAkECN','Registered',0,0,18,'2011-04-08 11:41:02','2011-04-08 11:42:57','','\n'),(1008,'jimmie2a\r\n','jimmie2a\r\n','jerrold@doitnow.cz.cc','3d8602bd8389e488b7fd09230b1073df:sPNswjkLBWdwGuuWpn0co3MGpJMHvRXK','Registered',0,0,18,'2011-04-08 15:03:46','0000-00-00 00:00:00','','\n'),(1009,'Downloadx','Downloadx','laine.bazzi@gmail.com','273dd3bb9eae455df99b3155562816d4:qPiwKvGkK9ydpEvlWq64xBMkwOFxtjO3','Registered',1,0,18,'2011-04-08 16:28:40','0000-00-00 00:00:00','d2f4170f7f73e97d719aad974adf032e','\n'),(1010,'SARI','encrenoire','aysen.sari@gmail.com','6fba8a86ba953bf2dfd2103eac3cb719:pO4csbKwuJiV6cr572VKvsDzQG5gj6Ln','Registered',0,0,18,'2011-04-10 23:52:57','2011-04-10 23:56:12','','\n'),(1011,'orgorgorg','orgorgorg','orgorg34@mail.ru','b5a0a21c1ecc6976e0435d4c5c84d120:J7KmAaSodszdfVRlZNM0RtWZCVxkBP1N','Registered',1,0,18,'2011-04-12 00:15:41','0000-00-00 00:00:00','2d53ac3c325918e499db5dcf1afe9401','\n'),(1012,'ZalesCode','ZalesCode','zalesrings@gmail.com','e0209810ed6ab6d3fbfa51072a5bee0f:9yXISZQfIwZhdiWtjCklFxQ7Z2vaYZdy','Registered',1,0,18,'2011-04-12 17:46:57','0000-00-00 00:00:00','397923e9fc03eb355f27197ffdb0d8c0','\n'),(1013,'NusscopsNic','NusscopsNic','goshawkede.xot@gmail.com','19906e9a3d6486325b91c34b79aa106b:OUNGaK5dYwFxyTGA8FWAbkgMaZUjrx9e','Registered',1,0,18,'2011-04-13 04:50:48','0000-00-00 00:00:00','dc46da174c26423033f36321dfff1d7f','\n'),(1014,'meapperie714','meapperie714','pocketpqueens@aol.com','684de0a4a523e67590bf212cbc89762f:UnoEa7um5X4hFfr8la0NbcVoZ5v0ckW8','Registered',1,0,18,'2011-04-14 00:03:42','0000-00-00 00:00:00','dbb6c81cc13d6d482e3a62d0b33a8d70','\n'),(1015,'Downloadd','Downloadd','le.atkison.2011@gmail.com','7aaec04ab0101823fbeb6aa631bea16e:yWkv0Mj02K8esK4xgqgZg9pv80j1wTP0','Registered',1,0,18,'2011-04-14 04:59:19','0000-00-00 00:00:00','bbbf3e6ae1c30d1120e8cd132c5bed14','\n'),(1016,'WeertRiaste','WeertRiaste','gogi777@hotmail.com','111f4930fecd0f15ec99316c6002f5ab:dHTKoPP9KyLyWz93qHHEJf79pubhrXIj','Registered',1,0,18,'2011-04-14 09:50:04','0000-00-00 00:00:00','62be95d57e8821237b8d92a823d2d34d','\n'),(1017,'inandaburassy','inandaburassy','michalek83@wiadomosc.pisz.pl','956277fee7717c39f20b11d2cbf342d0:3kpzAqU62sh0TAnzhQtQahA3Y8Qnn3YV','Registered',0,0,18,'2011-04-15 01:49:00','0000-00-00 00:00:00','','\n'),(1018,'mlcantob8','mlcantob8','dcantollido@aol.co.uk','4575a1540585ff3d8c408d510b00930b:jSPtcrnOJ84UuZipu5SdGwxbjQjJAy5h','Registered',1,0,18,'2011-04-15 07:38:56','0000-00-00 00:00:00','ae4b8b9e1b274d831978f9f95d48c43c','\n'),(1019,'Party-LataaidenPasP','Party-LataaidenPasP','chat-party@yandex.ru','593c6ec41c368344bdfd2ccdf45d240b:qiU4dzYfVACrYGuB0GJID1ciROxNWwAY','Registered',1,0,18,'2011-04-15 10:51:14','0000-00-00 00:00:00','9bd1255788956ac3851458cea8ebf581','\n'),(1020,'craneauscsz','craneauscsz','cranesaustraliax@aol.com','ceaaa1955cb2284df831d4326a8fad0a:sIGIaP0ChKJIyyhMm7nF0pZF0DjdgL6p','Registered',1,0,18,'2011-04-15 14:32:25','0000-00-00 00:00:00','1a73f6ba7ae1fb7c59625902ee6acb03','\n'),(1021,'chusheclollix','chusheclollix','badnoob22@gmail.com','d08679cc18463124fd58097ac9f9f43a:sJyWexrGDu6VkQm24avVaa4yNrCf9UoV','Registered',1,0,18,'2011-04-15 23:21:03','0000-00-00 00:00:00','7e7a3b380911035f4a5b9216df4ae6ef','\n'),(1022,'claluekly','claluekly','d.f.sdf.92@gmail.com','87d2c8c664daafba794b2ffa86f1119c:9qKX7eJB6q1yVr0IykCWlaSASCR0pItl','Registered',1,0,18,'2011-04-16 12:54:43','0000-00-00 00:00:00','ad98bd9a040b10b04ebeb56496397080','\n'),(1023,'firmefirma','firmefirma','firmafirma34@mail.ru','d65b326cbb1aaf45b0d945d6938130f8:K5IEdvwuFRIpW7bP0fSFeg2RczbRvBme','Registered',1,0,18,'2011-04-16 20:19:55','0000-00-00 00:00:00','0710a1d0ae04b6f7474c5bc7c2088918','\n'),(1024,'mvoeilniuvs','mvoeilniuvs','mikeleblanc13@yahoo.co.uk','1ea9ba29fe5fead53ab3814a4c86c0f3:JrwFAUXA6JfwRUQ5yYIWUNNeGUfF15Wr','Registered',1,0,18,'2011-04-18 23:21:41','0000-00-00 00:00:00','fb563ee6df1ad41733d488ac212d8bd6','\n'),(1025,'Plelayjeard','Plelayjeard','cl.arr.ico.a.tzi.j@gmail.com','e94967129ab73050755115e87d3f1bfb:B4pTPdS9vYiUhvaLjjLxZtJm5gbc83fO','Registered',0,0,18,'2011-04-19 16:01:52','0000-00-00 00:00:00','','\n'),(1026,'FriminianyGak','FriminianyGak','hipolos@rambler.ru','bf5038f03115a2cea3b8bac0ed981dbb:O4NvwgM8vV0VxkHguCE1e21dn7tZRhlC','Registered',1,0,18,'2011-04-19 23:09:58','0000-00-00 00:00:00','6c2029efd7322f7007bc0b14c74b2dc7','\n'),(1027,'Freec','Freec','kathi.charter@gmail.com','d912dae7e50d393b919777ad6c5997b6:9UWfS60za7966MCUQfwgbq5gNR3P8I7W','Registered',0,0,18,'2011-04-20 00:01:57','0000-00-00 00:00:00','','\n'),(1028,'Juliewwf','Juliewwf','juliearchmb@aol.com','e1a19e8ca10faf7c68d05e4de410fa93:J62hSeoR8hLFii4zCv7xyKrZ3YJgOdrl','Registered',1,0,18,'2011-04-21 01:13:02','0000-00-00 00:00:00','7a770f6dbd468501b7877a59ee01062d','\n'),(1029,'FColomb','Colomb','francoisecolomb@yahoo.fr','03c4caf48ec0628f9911e69f31786d03:zhMTk6MhkHiAnrTw4MiAtQS01bTs8Mf4','Registered',0,0,18,'2011-04-21 18:47:41','0000-00-00 00:00:00','','\n'),(1030,'1Vutsuerne','1Vutsuerne','ka.i.tob.ra.f.ix.in@gmail.com','5d1b4f79fb900c3056290f6822a14eb2:Gy6DthyTpJZ9ooMQ8w0pmgU1MH8akkPW','Registered',0,0,18,'2011-04-22 04:01:00','0000-00-00 00:00:00','','\n'),(1031,'mehmet deniz','mdeniz','mehmetbakideniz@gmail.com','a2809517e0a600ed3c3769c58ad4ff5a:L9ZTKjKUwZnjQJ48r6CBhZgIzwsX5nyy','Registered',0,0,18,'2011-04-22 11:22:04','2011-04-22 11:24:12','','\n'),(1032,'murielle BERCK','murielle BERCK','murielle.berck@wanadoo.fr','67aa07e3e1184ef11a5e6a1b208dfe16:fVENoEQs8VrIbiWsP7xDabAKKZqwGviQ','Registered',0,0,18,'2011-04-22 16:58:57','2011-05-20 14:36:10','','\n'),(1033,'aPDF_searchm4','aPDF_searchm4','rudystevens7164@aol.com','dd20beb2ba102c44a8e1c0999216314a:4FWAgQLGhlBZNXaW6dO5lLu7gST16iUg','Registered',0,0,18,'2011-04-23 13:13:49','0000-00-00 00:00:00','','\n'),(1034,'Mathpvc','Mathpvc','matbarrettelef@aol.com','6e9fabaf324cb9e4fc269828b09068a2:6Zhve0RNINphSeJOjypJ2fNlAjAbLtyf','Registered',0,0,18,'2011-04-23 13:38:31','0000-00-00 00:00:00','','\n'),(1035,'kentnakliyat','kentnakliyat','esyamkirildi@mail.ru','09133168f0b284aa56be02180e9b0cc8:R8xCeoDe8dicx0qsdC5nGv4td1E0CwHu','Registered',1,0,18,'2011-04-24 13:52:02','0000-00-00 00:00:00','60c5e537cf8d99cc81172a4e5bf570b0','\n'),(1036,'Chat-LataaidenPasP','Chat-LataaidenPasP','zamoskvoreckiy@mail.ru','0939684439e1922a9412ae34e7fa1362:P69Td2K38wOoazp59YfgTuFWzLwCtN5m','Registered',0,0,18,'2011-04-25 07:52:11','0000-00-00 00:00:00','','\n'),(1037,'Hakan Kirkoglu','Hakan','hkirkoglu@ttmail.com','f18ea53dc8c72791b25010435c2332be:6DgMJscuCHUQanWpA2fdd0wEq7gmYgNj','Registered',0,0,18,'2011-04-25 18:39:12','2011-04-25 18:41:15','','\n'),(1039,'fatzboy1','fatzboy1','heyhaeiei@aol.com','d1202f06642571180364f2c0ab8f8b5c:e6jbMzUwg4eka8sbpiECIzEG69VYJ77e','Registered',1,0,18,'2011-04-26 17:01:50','0000-00-00 00:00:00','eeeaf4515add419c40fddbea8885a672','\n'),(1040,'Downloadw','Downloadw','velma.wernimont@gmail.com','1c6e0c4c84a2d8aa424f65cc4f8b9dd2:dxIX9WTKgFhSjBQXLjdBwWnq9i6f64OZ','Registered',0,0,18,'2011-04-26 18:50:25','0000-00-00 00:00:00','','\n'),(1041,'Napsree','Napsree','cnapstermann@aol.com','d4ac99036e715d4fcfe91b221d7d9c7d:1ceWtUl5i31lCMuumc9L9bszd1FJzcIT','Registered',0,0,18,'2011-04-26 19:35:12','0000-00-00 00:00:00','','\n'),(1042,'uHsjeKelh','uHsjeKelh','sick1@seopowa.com','ce7dd63811e817657c8478c22a7660eb:ILmXPEcM8zCr79PCOdOgzqJeASokJqfi','Registered',0,0,18,'2011-04-27 03:17:25','0000-00-00 00:00:00','','\n'),(1043,'RuiniaFruracH','RuiniaFruracH','bosh.a.r.d.r.om.xic@gmail.com','132c106e9c67d2946094f414ef8a0b31:BradziwxwR72MuJ1jaXwjGxPuOOEhySP','Registered',0,0,18,'2011-04-27 19:35:17','0000-00-00 00:00:00','','\n'),(1044,'heviouche','heviouche','emmajdn6@gmail.com','ab5c7ea65f52ef90414e90fb17784570:CwlfP39zp4quDHIn9VqRlPs1xdgDtWYY','Registered',1,0,18,'2011-04-28 07:28:46','0000-00-00 00:00:00','f24b8da90ec1023e7d9f3e7e5da52437','\n'),(1045,'SolvePeeveTed','SolvePeeveTed','jamie.duncan4@gmail.com','27bd94bd311060e88fa0b15bb61c3206:sTDwZ4Mlm1p1dlkvOwVtCU8kxRBvk2TW','Registered',1,0,18,'2011-04-29 16:23:07','0000-00-00 00:00:00','1bf44e3623f6caaab136ad5b9aed7e8b','\n'),(1046,'orgllly','orgllly','cercercer34@mail.ru','6f7e68d6f52899f63c089bfec47bfcbd:eHV7QoqXVQPFa5B71EqYKOCCUFo7M0LD','Registered',1,0,18,'2011-04-30 04:59:18','0000-00-00 00:00:00','b5b03c097eb337f98956eae6e9192851','\n'),(1047,'mahfoudhi','zeynoo','zeineb.mahfoudhi@gmail.com','65c56285aee0c0a6532c4bcd9b232f70:lhGo7Ikscp1OVEmVZLiHxlmV4zEo4pJ9','Registered',1,0,18,'2011-04-30 17:09:16','0000-00-00 00:00:00','dfbddc6b3f0fea6661a527e5a9bd0304','\n'),(1048,'Carojfn','Carojfn','carolinegosselin@aol.com','1bfe20f4f7922158b91c28f536cbc879:VyEnm6c7UwfosfbAfb4xbCP1jW6maq0M','Registered',0,0,18,'2011-04-30 23:04:18','0000-00-00 00:00:00','','\n'),(1049,'Marewcn','Marewcn','marthadipiantii@aol.com','1286f2905c77f995597b47e55b6bcdef:vhNBBXtbqYNrmbKVgYC1g9gM9PnzaJba','Registered',0,0,18,'2011-05-01 01:12:01','0000-00-00 00:00:00','','\n'),(1050,'yWebsite_worthh8','yWebsite_worthh8','brendanowens8695@aol.com','f45c9fbfe5cd689eef17503ced01597c:7qKlUlVC4Qfo2mbYXtMiTwp5WRS49G0q','Registered',0,0,18,'2011-05-01 03:18:01','0000-00-00 00:00:00','','\n'),(1051,'TusJeormsmory','TusJeormsmory','katelampochka@gmail.com','27d4654c55a8d4b7d75183a4b8b17764:w1dzVmsqE4sf35DneqPiRN4bSE9NLUj7','Registered',1,0,18,'2011-05-01 04:05:58','0000-00-00 00:00:00','00c18f9b8d64081932cce98efec68c0e','\n'),(1052,'Smumvelvece','Smumvelvece','mercedesslr1@gmail.com','90b8b2b9f80bee5d95424454d63e5d02:uEV0sCBvOLV5ultOYBoqjltkjTStfLOC','Registered',1,0,18,'2011-05-01 20:59:26','0000-00-00 00:00:00','17fb1e7668073442b886cd2981d53c06','\n'),(1053,'alenallina','alenallina','alenallina@mail.ru','68cbf362f2d769f906c532867dbbc65e:aPkDQ7aZMoHt4CNRh4Y8YWtwDfFupkL0','Registered',1,0,18,'2011-05-01 21:09:49','0000-00-00 00:00:00','cb182866f0748157ebed1ebbd4d7269a','\n'),(1054,'niykmooewu','niykmooewu','pristolakazot@gmail.com','7f58de10d9adcc712dcc15c1496cc639:I2DZDIjd4VdmzKBDOnnFYiNr0d1o5PBQ','Registered',1,0,18,'2011-05-01 23:56:17','0000-00-00 00:00:00','35544d2ee3a0bd32017c746c6703b28e','\n'),(1055,'fairplay','fairplay','fairplay.eu@gmail.com','a458a9bda9f33bc601765a58447b003c:I6grEnSWFeKcE4zyDn6vNvjSF61bzqvs','Registered',1,0,18,'2011-05-02 02:47:11','0000-00-00 00:00:00','b02638989778ed4d3aa601f94bf8b6ff','\n'),(1056,'FullDLk','FullDLk','colene.felio@gmail.com','06ad106e81e4b2b0a408e66c0e489193:AXLNnOERlUOYxrCE7Hfp4w87tj50WfNL','Registered',1,0,18,'2011-05-02 09:31:22','0000-00-00 00:00:00','9d5150743554a1c146a08ce9a0b32f7b','\n'),(1057,'Marieqf','Marieqf','marinaducountu@aol.com','d19f032dfc247a2f8fccc89ff17e4a36:7GJERgIgdfad3oO3ofZPQccAttaoEy58','Registered',0,0,18,'2011-05-02 23:31:46','0000-00-00 00:00:00','','\n'),(1058,'PioxiaHab','PioxiaHab','lopijaeud@gmail.com','3d479764822456b748126c652b775e1b:atKf9VgGNTNivSdPHXHO3oH4qT7stOtU','Registered',0,0,18,'2011-05-03 06:01:55','0000-00-00 00:00:00','','\n'),(1059,'Pregnancy','Pregnancy','travolta709@gmail.com','cab0ce4348805f8f3ce52f8b1437e4aa:1hh9zrQXUl2c2tR1YWX1M2N0BlJrYdYX','Registered',1,0,18,'2011-05-03 08:19:47','0000-00-00 00:00:00','da114067fd35b51959bd6da6f4d21dc4','\n'),(1060,'Zteykitsar','Zteykitsar','zehirli@gmx.com','7b19d3584bbdea3d17814952e2814d1d:SD3VfDdxdOsa4FnFow4g8P4jTRdKbywX','Registered',1,0,18,'2011-05-03 15:19:22','0000-00-00 00:00:00','ff2c57478b096889d4fb78adc54109f1','\n'),(1061,'StoxiaSirlFot','StoxiaSirlFot','barbulya@adcipare.com','c1d3ac6ae70ecd7ddc7af97692c454b6:zP4GBFHPd8OoVIugKwYlVRGGrEPyVzSN','Registered',1,0,18,'2011-05-03 18:17:55','0000-00-00 00:00:00','9d92694046800a0fa85a5dab5209c317','\n'),(1062,'Aviacija-LataaidenPasP','Aviacija-LataaidenPasP','zhutkov@mail.ru','c30420d580a52bef3b75b77965b37b89:dF7PWWDDdQZXkVFDXaEcRDa5L6pq2m8P','Registered',0,0,18,'2011-05-03 22:34:41','0000-00-00 00:00:00','','\n'),(1063,'Intittywheern','Intittywheern','kigaj@undeadforum.com','f69e1e80e492f1c5f63df7ae2018d0e1:lztmWUZ3j4vCIiRKBk12OpBXgOhIQxRS','Registered',0,0,18,'2011-05-04 03:13:53','0000-00-00 00:00:00','','\n'),(1064,'Odonnotly','Odonnotly','koczkodan@elisione.pl','0b137af3a4f87ad5bc5c9d09e4907968:mtJkZgSokFjBymYJW8ecG7GJNaTn6m4B','Registered',0,0,18,'2011-05-04 05:38:42','0000-00-00 00:00:00','','\n'),(1065,'xxekcixve','xxekcixve','bostim343434@mail.ru','3de790f3e0100526d2d04056a9cc4d75:7g6c71vSNQgsF9yuTofMMG8E6c9bIrhk','Registered',1,0,18,'2011-05-04 09:08:57','0000-00-00 00:00:00','d22923b6ec2750edd8342a7dd301d228','\n'),(1066,'Best_Princess5','Best_Princess5','menna.hagglund@gmail.com','2689abc6657be617faca64fd25726ad8:xIoKFjf2f6zMd1kj0VUjrvlQpNgxHX06','Registered',0,0,18,'2011-05-04 13:44:53','0000-00-00 00:00:00','','\n'),(1067,'alizaferra','alizaferra','alizaferra@mail.ru','d9cdb62a345baa7929197deb24bcc29a:dQwiRwRPUrembAJv1HQ5srA4VgWWBXgU','Registered',1,0,18,'2011-05-04 14:31:55','0000-00-00 00:00:00','e01e7f4170bc6afbbf763296fac635c1','\n'),(1068,'GaryHelZJk','GaryHelZJk','15@khanhnhat.com','6a44fb162ff6a1492129c2587daf8359:Wk9suGBcFxLk4qbRFUMf2SClmSeZz2bL','Registered',0,0,18,'2011-05-04 17:13:42','0000-00-00 00:00:00','','\n'),(1069,'zerotyd','zerotyd','willtwlls@aol.com','da299af1ccf3706daf34ccc2da0e995c:jkpVuTsIDCfIRmuqW0Lc3S1HqxxJvWe3','Registered',0,0,18,'2011-05-04 19:01:39','0000-00-00 00:00:00','','\n'),(1070,'resoro79','resoro79','zhosleychabnelle@hotmail.com','d28d81c7cabc8274f804cd6dcb4078a3:fPQ2rF911ncNFcXV5aRUrn8qnk5vpD7A','Registered',0,0,18,'2011-05-05 22:02:08','0000-00-00 00:00:00','','\n'),(1071,'aboniyaa','aboniyaa','aboniyaa@mail.ru','cfa51e4b63de1dfda59887528948d6e8:TJ298AdEIeS6NiHkUvCBMiBovnitjuhw','Registered',1,0,18,'2011-05-06 10:08:58','0000-00-00 00:00:00','9ba37d93f25741658890498b839f679d','\n'),(1072,'Belnwbk','Belnwbk','bellatrionna@aol.com','086f4f4e2f0ee0eef0dee69fe167b414:3Lb5QrGYVAODGAuyqOHDiIGVrtVmYtzw','Registered',0,0,18,'2011-05-06 23:19:10','0000-00-00 00:00:00','','\n'),(1073,'1Apepedsvabs','1Apepedsvabs','pur.u.s.ho.t.ta.d.o.s@gmail.com','f24c7269e92288bd14974421652d04da:XS0Q1jNgXMx56pDq6LOSJC1FWyDNbbyC','Registered',0,0,18,'2011-05-07 00:03:39','0000-00-00 00:00:00','','\n'),(1074,'Conndak','Conndak','conniewallaccio@aol.com','610f5d94e2ea7a4fb40e2123b56443c9:yAso7z8J1UxyX27EQ5tPoSixvoJREZVC','Registered',0,0,18,'2011-05-07 08:25:22','0000-00-00 00:00:00','','\n'),(1075,'daypebootCeby','daypebootCeby','lukas.toja@aol.com','894d1b9636dc4df2622053a660edcac4:8PyGaZOEOsXFgIjhZU9G2Q4cZJQjKnmD','Registered',1,0,18,'2011-05-07 19:23:44','0000-00-00 00:00:00','4a0b25460191b59fe0c89245756a5fd3','\n'),(1076,'TLSubmit','TLSubmit','coolinsw@aol.co.uk','dcf02823c8033228f44e6f06de8cec5f:oVVbwRtfoPVorjgsqsjsYN0dNkgdLJLH','Registered',0,0,18,'2011-05-09 14:33:48','0000-00-00 00:00:00','','\n'),(1077,'mabilochka','mabilochka','mabilka@gmx.com','b85d7c8694fc3691ef16a1e6667df9b2:NXBy9pHAAKXLb7wk3u1Kd9uDLV3sjzni','Registered',0,0,18,'2011-05-09 18:39:15','0000-00-00 00:00:00','','\n'),(1078,'Smumvelvecef','Smumvelvecef','slrslrslrslr@camerabuy.info','ac8383a2f56644cca24a974b7730b568:a1yGrkppTUpPykzwcW3qcuSoliF9cMof','Registered',1,0,18,'2011-05-11 09:43:04','0000-00-00 00:00:00','b40c161ef6a0acf5d5f846a42f6dc38b','\n'),(1079,'bloowleks','bloowleks','ounizwps@mail.ru','89134d89bd656e389c7f7bf796a66d8f:2gfmmWycXcLO9DDMLhqiQcIHjkap0Ysx','Registered',1,0,18,'2011-05-11 12:46:19','0000-00-00 00:00:00','6fe194504c8d03f96292b895be769c50','\n'),(1080,'TobIncock','TobIncock','kinsetaccaziq@gmail.com','c56aeb42c21ebc4e71d8727773998206:siup17xgoNh0YrL1claEQ9gXisY0hEQG','Registered',0,0,18,'2011-05-12 00:12:54','0000-00-00 00:00:00','','\n'),(1081,'wheermasads','wheermasads','gen..esemeliwuq@gmail.com','c01c93e98adc58c3447fb99ae2257cc4:EL5XcBIePJpz5L1okvPEThLyuNDCvtGJ','Registered',0,0,18,'2011-05-12 05:34:58','0000-00-00 00:00:00','','\n'),(1082,'aacerrtssaa','aacerrtssaa','aaa1@ultradrugbuy.com','6143d0014703ee015658e0d5c3ad003b:hVVy3AowM0e76DTRHn2xISdJagtcVcr9','Registered',1,0,18,'2011-05-12 12:53:11','0000-00-00 00:00:00','4bf3dbdfb6f92d77eb7de963a64220ed','\n'),(1083,'Tewoffeme','Tewoffeme','sgnueihuj@gmail.com','882544a3371fd15e5682e1ef6c29fe72:8zxlj7PPQoJ5pHprrGOvu3jeHjKqpdUH','Registered',1,0,18,'2011-05-13 02:27:37','0000-00-00 00:00:00','b103a7c1ecf13c7b45bdadbb3a9d6ee8','\n'),(1084,'roliMeela','roliMeela','heitienty@gmail.com','9897b43533c0619fefdf1b82f6501430:EoCfgsImo61KU9MfzfJA8Rs7o1FDHb6r','Registered',1,0,18,'2011-05-13 10:16:38','0000-00-00 00:00:00','a8d43f12fc29ba16a8e01bf0e0d0dc83','\n'),(1085,'gül deniz','gdnzk','gdenizk@hotmail.com','8a85eb20e81638831dfd038c73341151:9E34ti6QfqIYTwNhHsNGfO4PxFHEUghK','Registered',0,0,18,'2011-05-13 10:17:10','2011-05-13 10:22:15','','\n'),(1086,'intuifese','intuifese','evdokimov.fedor@bk.ru','1615f1f3d1852587c287674e3f4814e4:qWzFc8lxEKotdLRMijIgzTI7Im51BrFG','Registered',0,0,18,'2011-05-13 12:57:58','0000-00-00 00:00:00','','\n'),(1087,'dweviabeariff','dweviabeariff','kcchhmpl@easyjimmy.cz.cc','8977357d33cb9b188425e2f0aa6e07fb:HE4qOc3IWdaIL65WKMniEHsqEyYKMtrZ','Registered',1,0,18,'2011-05-14 05:21:33','0000-00-00 00:00:00','2d604df3e38cb4c4e67d518bb4ea819c','\n'),(1088,'greegomia','greegomia','shivadasadzar@gmail.com','4cc54d318313fc8fcb8f2572e886bd4f:NfdWMCvOe68bcV8wlF33nyxgD0EWeIjP','Registered',0,0,18,'2011-05-14 11:39:40','0000-00-00 00:00:00','','\n'),(1089,'Expacy','Expacy','alvfrie.a.d.as@gmail.com','e584c9d43ae2ae17f37960013d97c2eb:G2KICXUMAW9C5Q46wQ64HezQD39MuyUm','Registered',0,0,18,'2011-05-14 20:31:45','0000-00-00 00:00:00','','\n'),(1090,'neroerals','neroerals','alpetrovskiy@gmail.com','6003c03dc859910ae35b25495f60b407:4q7R5wW2HW9z51lvVSqHLZIIYGCprPjJ','Registered',0,0,18,'2011-05-14 20:44:55','0000-00-00 00:00:00','','\n'),(1091,'liaittemy','liaittemy','branduffbehap@gmail.com','217c6e87a31778f4768eff2dfb72c49b:icbDWcus6ouk6c9sENU5PYcbGy4TnKQU','Registered',1,0,18,'2011-05-16 16:24:52','0000-00-00 00:00:00','be4400cb11e4b718f99ea6892a11a53f','\n'),(1092,'Gentolase','Gentolase','gentolase@phomail.com','6fe70a17186ef1a6f6cc7f3e164b2c8c:ZSJymItewy2b3jK4rw4ullqrc6QErv5K','Registered',0,0,18,'2011-05-16 22:13:05','0000-00-00 00:00:00','','\n'),(1093,'liemlituara','liemlituara','ga.lianobusfab@gmail.com','c8f769f294e413c03cc7a6164b36a175:FdMjzZw8W0zySB8P6JzOAgkxGONnVd4Y','Registered',1,0,18,'2011-05-16 23:02:27','0000-00-00 00:00:00','6d9a254ba2ff44ea928df609738df38a','\n'),(1094,'Paxaslimer','Paxaslimer','abujifequli@gmail.com','980370bf61ae9828b2b24d70efdeeebe:VMfRoTtfQd1PbKtexksk6lihsLxn8d9E','Registered',0,0,18,'2011-05-17 00:20:21','0000-00-00 00:00:00','','\n'),(1095,'ugddviol','ugddviol','lsadjfo.iovjz.jeo.iwjfeklj.so.djfe.w@gmail.com','858fed6b765e6a09e00798f2e1b03711:jBbjdCpJ2dgS5Sda8wHw9RqZ8De7RWu4','Registered',1,0,18,'2011-05-17 16:19:47','0000-00-00 00:00:00','3a3156bd0feb3821f5dba43c9bcc2925','\n'),(1096,'Audrey88','Audrey88','elichatsuba@yahoo.co.uk','8c27085b8986b0a6030e3dfd3973d137:hTil1nv3O6uhrLQLGk2TgahLSyAeGXRw','Registered',1,0,18,'2011-05-17 23:14:40','0000-00-00 00:00:00','c52e7ceba68c252ffa41b943b8f352ab','\n'),(1097,'Cerpemuncer','Cerpemuncer','prom.ome.ha@gmail.com','8e1c76a9bde024a6890da9095cf2e95c:ppCcKzcTRoYvIrjIWFDUIpF85vAfCK2e','Registered',1,0,18,'2011-05-18 00:35:16','0000-00-00 00:00:00','6f18ab36614d22869abc246133f29746','\n'),(1098,'cigduerie','cigduerie','senator3.4234@gmail.com','d4033b1723d283305c80fceb9ec3d206:6uHAStXGVDzB7yxwlytN1XYggA8wTUt7','Registered',1,0,18,'2011-05-18 01:25:58','0000-00-00 00:00:00','a2375fc84c92cf9f95831154fa539ed4','\n'),(1099,'FreeDownl','FreeDownl','hollie.ottman@gmail.com','7d18c9f1e792f072cde56a17ddce305f:2I7CQB6gDvdrURdcfoSdXz45UAq6Qzqv','Registered',0,0,18,'2011-05-18 06:12:12','0000-00-00 00:00:00','','\n'),(1100,'buiputileat','buiputileat','bolboire@gmail.com','e91f0c326cc8689938f502e802a78a60:3tkxPgWztZR1gO3SsCUDq4mHyX0jNKOr','Registered',1,0,18,'2011-05-18 10:05:10','0000-00-00 00:00:00','720a4e76995533a8f15e462aab54270b','\n'),(1101,'snarneksEvase','snarneksEvase','texchhergaco1976@o2.pl','50cb9faa82eb18071cad055044263827:RlaLXLqA0mVMtzmHT3mmRqCbgTVFB3e2','Registered',1,0,18,'2011-05-19 06:01:16','0000-00-00 00:00:00','97db366cb4b7fbf6189d46b529481610','\n'),(1102,'FutHobtrority','FutHobtrority','unteering@gmail.com','8aba33f476141984f42f52513562b1ed:B0VvAZkUyE1u8tzg2w7RkM1xyL3JynFu','Registered',0,0,18,'2011-05-19 15:34:39','0000-00-00 00:00:00','','\n'),(1103,'Opinkigosinge','Opinkigosinge','arbva.scus@gmail.com','fe6399523081dd8853530fcab4f5d265:TMH9c44ajm9JosYUm6g41NqpmzJ939Gy','Registered',1,0,18,'2011-05-19 22:43:21','0000-00-00 00:00:00','595628d9893e421b2968e56c512b89ed','\n'),(1104,'gelsobespoult','gelsobespoult','c.o.r.n.ewel.la.bub@gmail.com','d4fe575d4b0062cb5ca36d2d76a921d5:XALa7KQ1gSi9iN0lHl4x6UrN2vQrnSjR','Registered',0,0,18,'2011-05-20 10:14:59','0000-00-00 00:00:00','','\n'),(1105,'ItaroTrop','ItaroTrop','gnptrv14@gmail.com','a76440b1059842e92f259c2a86c9161c:ZlzD3DrO9zG9p5DNsvhLcZrIVKyOenUS','Registered',0,0,18,'2011-05-20 19:08:01','2011-05-23 22:53:41','','\n'),(1106,'FullDt','FullDt','cherelle.stouer@gmail.com','21932f75f1bcaf762f20832c1fd4bf17:s1b1Hm7036hQPsslYGpfIwNaA3cg6b3N','Registered',0,0,18,'2011-05-21 07:11:45','0000-00-00 00:00:00','','\n'),(1107,'SolomPrent','SolomPrent','lillowganarec@gmail.com','6953515cbc2236b2c2ddb5a887f869dd:wKvTm79wXz11YRyPWeAzggmaR2yGN9XK','Registered',0,0,18,'2011-05-21 14:16:08','0000-00-00 00:00:00','','\n'),(1108,'Mogetheve','Mogetheve','armandafilantbhg@hotmail.com','2abf7f6f046b7328b6ffbcfd0cfb5fe5:JtsYYOzKOgKiNOomJXfLbyqNE5P3fENe','Registered',1,0,18,'2011-05-21 15:29:38','0000-00-00 00:00:00','bb490e752f7529293e2b24d67111995a','\n'),(1109,'Carfoq','Carfoq','carmenccantaloup@aol.com','2ab6b94199923de2cea4f53e900e76bc:U5M9MA7K1mmWlTyoBlJTcJJwsVHRChqD','Registered',1,0,18,'2011-05-21 18:08:21','0000-00-00 00:00:00','ffdec93ddc77f3dbf8ebd6a550201573','\n'),(1110,'Urgerbbes','Urgerbbes','billing@shinjiru.com','b9a0ff5dfbb51fcba1fe3522db12b5f6:TqajhJLe9mX1l7bmfclbna2xQiPg5lfN','Registered',1,0,18,'2011-05-21 18:53:36','0000-00-00 00:00:00','0367875f452230a8cc7d9427e2d0af43','\n'),(1111,'Pepivwf','Pepivwf','ccpeppes@aol.com','18c6271cbf5f8d25f0d7593e8834f0ee:3ev3peZqJ6hrR22JRlVVRu5l9KRhxSrL','Registered',1,0,18,'2011-05-21 20:02:57','0000-00-00 00:00:00','322e3535aa34d92596e0b86523c71c16','\n'),(1112,'Maffediva','Maffediva','vaykule@aol.com','264d6079998bbeb5c46c983983c35c73:WGUGiWmxd5rpNH1D9dqLF7xwKRPJRV4u','Registered',0,0,18,'2011-05-22 00:17:11','0000-00-00 00:00:00','','\n'),(1113,'Allerymourold','Allerymourold','bidzmanager@gmail.com','7aa8c3acda928aef642854983a59bddf:dwom0xwuas8pJb1Xjp6S6FLIn0jayHjF','Registered',1,0,18,'2011-05-22 05:07:57','0000-00-00 00:00:00','67d8d943e74a23152a2f316b549238b9','\n'),(1114,'perfibt5','perfibt5','josep.laughin@gmail.com','5a8cb49b579d6f3935433f6ff0ab664d:esRkCo78yXzz53tPGH9VIxgzEkOgLPLM','Registered',0,0,18,'2011-05-22 10:47:48','0000-00-00 00:00:00','','\n'),(1115,'Tieliggidecef','Tieliggidecef','godent@bestworldfilms.com','356f371ebd7c4f6304217728e47ff060:lpxxwNrz3lu35b1GAKbl0BkHxzVFpRXg','Registered',0,0,18,'2011-05-23 02:06:53','0000-00-00 00:00:00','','\n'),(1116,'linkDrieniBib','linkDrieniBib','sales@shinjiru.com','46083abe08ef5bfcf6b74a9a70e48393:MbjWNrxFILs33urbiLxztusKTNlgtPlo','Registered',1,0,18,'2011-05-23 03:48:57','0000-00-00 00:00:00','309935ed624378738afa2c2ea77dd3e0','\n'),(1117,'FeloArrelsott','FeloArrelsott','rudbkov@mail.ru','80604b931344c74debd51a813baa5e09:kSEjumgev8zkdws4ixCrjuPr9cg6VSra','Registered',0,0,18,'2011-05-23 05:01:27','0000-00-00 00:00:00','','\n'),(1118,'ACCEMSPLANOPS','ACCEMSPLANOPS','p.etya.p.u.p.k.i.n.v.a.s.y.a@gmail.com','a2d056001e9ac7ecc23ff7aa39debce3:AkHA1HY55HocuNZ74INLT6qUqBwYDovp','Registered',1,0,18,'2011-05-23 13:08:30','0000-00-00 00:00:00','81378f4a5a63b8cb3e3345318386efdc','\n'),(1119,'dinozuys','dinozuys','ninuopa@gmail.com','de9256c9bb9f4c075f1e8196af68b429:S8dU1n8QmBApHvbVArIGqSOfekOkYSuB','Registered',0,0,18,'2011-05-23 22:46:06','2011-05-27 17:47:14','','\n'),(1120,'Gefsnefly','Gefsnefly','jamesblunt@dynofusion-developments.com','71d4922d3ba06777012f68b8390c08e9:bQkQXnLc9GsC8XD2he3abRyBzl8oSLMW','Registered',1,0,18,'2011-05-24 10:24:37','0000-00-00 00:00:00','625ec3209f0c0c6e2e057c9a35750461','\n'),(1121,'Aksahantur','Aksahantur','opomaudiju@gmail.com','30dc6520e3e4c9d4c962757be935ec43:PUUcdZz5j9XMjgdQQRSTJjJ2FuJcVvI5','Registered',0,0,18,'2011-05-24 14:00:29','0000-00-00 00:00:00','','\n'),(1122,'chinchvan','chinchvan','sokofs@mail.com','e8b637939004b7692a04996ec8f58994:lP2MWptUjkXrtTTRl8qKB2fsOvO76DcO','Registered',1,0,18,'2011-05-24 22:06:33','0000-00-00 00:00:00','0036e749a2f7eadaa5518639c044a9ec','\n'),(1123,'Pepiwhw','Pepiwhw','concittacpeppes@aol.com','966dc4290c6e811cdb24ffeb9ad95ffd:nJOvANq8yeh05WFutJgwSMqM4jiqkifJ','Registered',0,0,18,'2011-05-25 03:22:10','0000-00-00 00:00:00','','\n'),(1124,'uHsjeKelt','uHsjeKelt','sick2@seopowa.com','337eb99fc17042d4a526b2746e7d232a:FBMUVmBoy54J1cYYJVVm0CHAUH4ta00r','Registered',0,0,18,'2011-05-25 07:38:38','0000-00-00 00:00:00','','\n'),(1125,'Clubpenguinsmm','Clubpenguinsmm','kittymittens12@aol.com','54b182a6e2add4fdc634b6adbb68b277:6SsCBv1nx9odWfip2rqQvD4Swiwjof25','Registered',1,0,18,'2011-05-26 11:05:50','0000-00-00 00:00:00','bea5f8f7a4e51a87121a153c6b12f9fb','\n'),(1126,'Anotrossya','Anotrossya','Staildadvotlya@camerabuy.info','e1806d68320b76409a83e2a90c71cff2:51aL4SOUqgO8749yaC6QcJZBDUVvjBIO','Registered',1,0,18,'2011-05-26 20:43:57','0000-00-00 00:00:00','96c726c93e6c45283f87dc1cd13953ac','\n'),(1127,'poker443akqjР','poker443akqjР','poker327aaab@gtgmail.com','114e371fd9398239efa8602b7d9a4170:IFWyYasS4HZNF5snfSnevkY5ZyrViEk2','Registered',1,0,18,'2011-05-27 02:48:26','0000-00-00 00:00:00','19912d982a38cdccb96c36005e48817d','\n'),(1128,'Nusfrult','Nusfrult','Nusfrult@livejournali.com','ebc7f4791b68844011c801390c14b5d5:hKSUEXtTeRvvNzPtAupW1yQ4tRluz6mO','Registered',1,0,18,'2011-05-28 02:09:57','0000-00-00 00:00:00','562b3920080a8b00bb940586a0fedba7','\n'),(1129,'Gerlww','Gerlww','grldnsalvatore@aol.com','8e086da9f47544884882990582fe0f6b:hAdxRtS2wsaBQZjnj3t0w5JDFijG7CiV','Registered',0,0,18,'2011-05-28 04:16:44','0000-00-00 00:00:00','','\n'),(1130,'StitteKap','StitteKap','janskyefraqar@gmail.com','fb094ae338176fb13a0e32ce6c966570:sFioYVhLRJTwmuRpu8hzfGUuu4HwwNYJ','Registered',1,0,18,'2011-05-29 00:15:53','0000-00-00 00:00:00','6a29b93711e290422cefb8ea83140cb5','\n'),(1131,'LaptopTu','LaptopTu','madelene.seiber@gmail.com','7ce42034371492a02a7fe66d0adf1e18:uFxElTveNB99xhVJnnYwGRKnyS8OWljL','Registered',0,0,18,'2011-05-29 02:01:01','0000-00-00 00:00:00','','\n'),(1132,'Dugigjr','Dugigjr','odugatti@aol.com','23374c58b777c76fedc77fb21fbee639:miWNZKMio5hhY3kks8lqQeyi7w2IfrMZ','Registered',0,0,18,'2011-05-29 08:25:28','0000-00-00 00:00:00','','\n'),(1133,'RiyaButler','RiyaButler','anandriya112@gmail.com','ce1f542ec3608c9789227a019996c7a1:KyrrwX75HiqN7kPMfJowHcYYKOvmNPje','Registered',0,0,18,'2011-05-30 18:40:12','0000-00-00 00:00:00','','\n'),(1134,'avigunba','avigunba','kiddlipscon.u.n@gmail.com','e4aca788e4bb349850f4543de0d01d4f:up41zZUC6nT16Rfh9TQom2sR2hmrEWoC','Registered',0,0,18,'2011-05-30 23:22:15','0000-00-00 00:00:00','','\n'),(1135,'imiplicky','imiplicky','spesBeaky@gmail.com','90d608dab70d1362c73ac1c0bc89336b:Kikk64sX3SSj1e3gGdPJzVibfzmS0HPo','Registered',1,0,18,'2011-05-31 01:17:15','0000-00-00 00:00:00','faaf32c42214d8b9a0aebc90fd7a4373','\n'),(1136,'adodiasnome','adodiasnome','randosyoij12@aol.com','f25a0372cbab56fff0a78c7832a340a2:sboUjxcbYulImpjrWu7gtm9d4n2afaAm','Registered',1,0,18,'2011-05-31 15:02:58','0000-00-00 00:00:00','c33aee2120f23286cf20acf73c653679','\n'),(1137,'fibelotte','fibelotte','pharm@pleasegoheretofinish.com','87519356073b1a70b990b6b9192ac7ae:9iW9F9AwM3X0tdjftBIJL8lOLZprgM37','Registered',1,0,18,'2011-05-31 16:58:11','0000-00-00 00:00:00','9b396328c95814911763bc16c9ec3814','\n'),(1138,'fxpaulasmithu1','fxpaulasmithu1','kirbyiweb@aol.com','ad356a7cc09d20dc73d378999b852187:0f3v0GZJ6Gujraogir5g0SOBc3euYNOX','Registered',0,0,18,'2011-05-31 23:02:43','0000-00-00 00:00:00','','\n'),(1139,'denahetz','denahetz','denahetz@eatial.info','79166e36152f57f41b007f0732885a7f:XRUAxr8QbpFNxehAVoAkxdooY7p1IwdK','Registered',0,0,18,'2011-06-01 05:38:07','0000-00-00 00:00:00','','\n'),(1140,'RernPreosom','RernPreosom','pablodonpablo@yahoo.fr','23b0f542d620e705420dcd887bdbc375:QoJ7jHtgPh2SyJnzYQFEzwsVqXbMG8QK','Registered',1,0,18,'2011-06-01 08:38:30','0000-00-00 00:00:00','adaa497a64d7b62e8c1888e734e94f44','\n'),(1141,'aeyvetara','aeyvetara','loverfdf@mail.ru','56c71143db8bb6a7ddd9d7f87c753fc6:uc11wVWVQIvj21Tatgqwz6sQuK0wjcQl','Registered',1,0,18,'2011-06-01 20:51:08','0000-00-00 00:00:00','e584b8495a0b60fce092a7de73e2b797','\n'),(1142,'SolomOntrep','SolomOntrep','amiranlamapaz@gmail.com','a86cb09bdbcf37feaf233e42b59ca178:HnUfxVCDBTwEcbk6F89doJxwNWuuCVZC','Registered',0,0,18,'2011-06-01 21:14:02','0000-00-00 00:00:00','','\n'),(1143,'Sleelay','Sleelay','blyaschkina@gmail.com','59fe62a81e35f5a5d8f258d4b2538a2a:Ky68rJOLeHIuiYwautndeDn1c18RZvg7','Registered',0,0,18,'2011-06-02 21:22:06','0000-00-00 00:00:00','','\n'),(1144,'taulkclexeret','taulkclexeret','asdfhjn@gmail.com','3c52982413d42774aabbe14522dadb1a:VQWvAKz0mMQfJnGff3UByeEadlF66sKi','Registered',0,0,18,'2011-06-03 07:28:02','0000-00-00 00:00:00','','\n'),(1145,'LaserSc','LaserSc','julieta.holdren@gmail.com','f697a7744f02a50e4fb456c6e0f9beb3:EovizimproRsjiGJoBLHCnbZD345zFvQ','Registered',0,0,18,'2011-06-03 10:26:31','0000-00-00 00:00:00','','\n'),(1146,'Ducurq','Ducurq','ducombine@aol.com','850f1bae7f0693499cafc270d71c9c5c:AbTrBobRGNNJTitw8WNk9VJt7i2vUpj1','Registered',0,0,18,'2011-06-03 10:44:28','0000-00-00 00:00:00','','\n'),(1147,'Gulbin Kiranoglu','gubk','gulbin678@gmail.com','933b593a507a2b039ae7e9df051f5aa8:vSQJ6QcvxdzrRKMUv8ybucwNQaS2AFZz','Registered',0,0,18,'2011-06-03 16:48:31','2011-06-03 16:56:26','','\n'),(1148,'adartylam','adartylam','ghblehjr89@gmail.com','09796eab6bcb85f690a7618ac3e29fa6:bXk9JTEaaKRU1y1kzRnYbOZ9bIFPfpQG','Registered',0,0,18,'2011-06-03 17:55:13','0000-00-00 00:00:00','','\n'),(1149,'alulpastybash','alulpastybash','mail3@hooahartspace.org','5ee536808439a20fb8c719b9d9280109:mO6skJgGGdC7ZzZTIPpOKODIfO26Zs5Q','Registered',0,0,18,'2011-06-03 22:06:57','0000-00-00 00:00:00','','\n'),(1150,'Breerogaiquig','Breerogaiquig','office@expe.co.uk','e2a83492cb7d3e1cf9e7df44a8d74196:dJia8OiwCYb9wcg3OiHmrVyXdNHgYzc0','Registered',0,0,18,'2011-06-04 04:29:27','0000-00-00 00:00:00','','\n'),(1151,'stakisceheach','stakisceheach','atrabic@gmail.com','c90adf8920b5812add5b80eaebd55103:IVCGlTbf33o8SqEuuJF3YdMWg6uMszj4','Registered',0,0,18,'2011-06-04 05:45:24','0000-00-00 00:00:00','','\n'),(1152,'hande kurt','hkurt','handekurt@istanbul.com','c8f8eb49ad5f4f3e80d8e372d6c7120a:hDMsYTA5aiglPeHFcPvvFmlTfkK9tmdV','Registered',0,0,18,'2011-06-05 08:30:16','2011-06-05 08:48:24','','\n'),(1153,'Brightrunner','Brightrunner','shoshannacfab@gmail.com','332d9f9e524a39b44ad270cc8cddeec0:sXfcbfCaRr5VqrbfL9wmxCcEuEqPPatE','Registered',0,0,18,'2011-06-05 10:42:27','0000-00-00 00:00:00','','\n'),(1154,'Erutuathe','Erutuathe','kaivalyanixaj@gmail.com','13f5bbb995716f0497de1f14acdc035c:k4VVNwSTTYY6UAbQQU86smPQEaVWc2r6','Registered',0,0,18,'2011-06-05 17:22:32','0000-00-00 00:00:00','','\n'),(1155,'Crorpf','Crorpf','cronnmak@aol.com','2caca38b34d72036bcf3d0c7cad64339:lcp8MFNQ4lc8wQbIqK20YNs7oKGzqbG0','Registered',0,0,18,'2011-06-06 02:24:09','0000-00-00 00:00:00','','\n'),(1156,'tabexictionna','tabexictionna','asdejhk12.3@gmail.com','f087bd3528ae4c06c75ed63b6ca46d97:OiUTS0lg7MUaDOcoGQdHcA83tcc0hPxx','Registered',0,0,18,'2011-06-06 18:39:40','2011-06-22 23:20:07','','\n'),(1157,'ClezeripLover','ClezeripLover','dasd.sdasd@aol.com','5ed88a8e914572a0e63d4bca38f5eaf8:7gZVOrW1fGA6pUOaChOqvbhYZzSj7JxF','Registered',1,0,18,'2011-06-07 06:05:15','0000-00-00 00:00:00','1e65669c0261383205ed3fcc0d194120','\n'),(1158,'Gosggx','Gosggx','caroline.gossellin@aol.com','6e19e1e7b995241771110e9784c9b6b2:VA8df0fM5qpe1GrF8pCbqTA0rHZECyGi','Registered',0,0,18,'2011-06-07 06:17:07','0000-00-00 00:00:00','','\n'),(1159,'guettaf ','laribi','laribi48@yahoo.fr','06f984fd19c0b41fc693966024ee4cb7:h385N0MPrZ0FSHtBRn2UbJsSynUjL113','Registered',1,0,18,'2011-06-07 07:36:48','0000-00-00 00:00:00','e9dc8bfba5d0cd4c347bf4dd076e7184','\n'),(1160,'Silvia Hugi','Silvia Hugi','silviaat37@yahoo.de','7a9e6b25df6c255746694a2a73dfc80c:XjpDJ9ctevH0D6K0dx07J2gJDlW9XxA7','Registered',0,0,18,'2011-06-07 12:51:44','0000-00-00 00:00:00','','\n'),(1161,'Mopploxybropy','Mopploxybropy','a.r.m.adaboardcom@gmail.com','cae497798563c11c47c2c0db116b45fe:qhDJbEivvp3AA4n8jT6OlNbF3uJsTKXE','Registered',1,0,18,'2011-06-07 19:40:46','0000-00-00 00:00:00','d633e1876b8563b2a2185e012648054e','\n'),(1162,'Plairlplers','Plairlplers','s.at.t.w.ik.agr.de.v@gmail.com','b518420216da73155b76fc0de4bb500d:207x3E9QcPGQTcXNOKoJmkio0PSFXlWK','Registered',0,0,18,'2011-06-08 01:50:01','0000-00-00 00:00:00','','\n'),(1163,'erernTheany','erernTheany','s.hahrazadjcis@gmail.com','72c95e89e9e42af72ed27285bed45c61:KLG8TiN7PouHXtQ9eSoASm1t2ntMV6gq','Registered',1,0,18,'2011-06-08 01:59:33','0000-00-00 00:00:00','ced20aa5a650dd77eb1d0c8dad9c0ab0','\n'),(1164,'Selfexofgep','Selfexofgep','ionigeAntib@Ignigepag.org','3c6e58d057c092bc306b733a444e9500:fwxmdqYw43AogSKwqnIKumrfP5F9fojz','Registered',1,0,18,'2011-06-08 04:47:02','0000-00-00 00:00:00','2b08b7a4cf6e5d7fc2f0320fbb82fe3a','\n'),(1165,'ertugrulates','ertugrulates','ertugrulates1@hotmail.com','8eb6a54cf8d76fe6f02dfec891c65c07:ifHAkWzDuVH0xzn4k5JVxk235YWe5bEK','Registered',1,0,18,'2011-06-08 06:13:44','0000-00-00 00:00:00','e5c73019990e7f3adbc04d7d6d17feb4','\n'),(1166,'VincentlwiNickiMachnbt','VincentlwiNickiMachnbt','pole@glasses88.com','ab34df0425e565f64c50cc03a9798517:TKHlf1ixwUvUy1Wd5l40MjQV2Cn8M5r4','Registered',1,0,18,'2011-06-08 14:20:14','0000-00-00 00:00:00','b25587b83936767595c3d77a20327b45','\n'),(1167,'Downf','Downf','evelynn.mottley@gmail.com','e9e0f713fb20c466590bf2f5525ed08f:gP1qEGgM0PCaMQJpo6JAxba13HPuHSEg','Registered',0,0,18,'2011-06-08 15:23:27','0000-00-00 00:00:00','','\n'),(1168,'Asli Mustanoglu Alten','Aslimus','asli.mustanoglu@gmail.com','c0e372a6999f8143957684c925896fc7:evmBeFlfYx96SNOiCyU48bz3NWNXv8Dr','Registered',0,0,18,'2011-06-08 20:06:00','2011-06-10 13:41:01','','\n'),(1169,'crisuangagere','crisuangagere','ind.ianblogtrick@gmail.com','a991ed9337822049b0862c2bd1a17c40:2ugsTEb372WH4DgGwzXsSLRU0IiFsxex','Registered',1,0,18,'2011-06-08 23:29:18','0000-00-00 00:00:00','7973b7a669fc8226a1442a91e215780c','\n'),(1170,'birlusals','birlusals','adfasdfasdf@gmail.com','20222ec13de6e95ce9d4744c3bbb8e77:Y8FjoSjj7d6zWmBIJASmDrUYu3SJBlmG','Registered',1,0,18,'2011-06-09 10:21:50','0000-00-00 00:00:00','2a84a6b9047c924f522c08d506a896c7','\n'),(1171,'weebata','weebata','virendraesbeb@gmail.com','2654e6e9c1955dd8746c7bb4eb77609a:CM9U8ts4f0TmVQyPzAMV3ngasjl4gzsN','Registered',1,0,18,'2011-06-10 04:26:28','0000-00-00 00:00:00','85eef474c8a2c8c0849e1099ced5643b','\n'),(1172,'Lanchon','Fabien','faabien@live.fr','6ce95b269102e5903e2570bebde45130:3caIMb30tqzp8pzC1tB4g2tpsNKaB8Jl','Registered',0,0,18,'2011-06-10 19:26:00','0000-00-00 00:00:00','','\n'),(1173,'nureblorb','nureblorb','doyleyjarewus@gmail.com','b52e81e265295c18647761502474adf0:2A4tCzM2MWYRU3NPCGl9AEOd7Y35jbzB','Registered',1,0,18,'2011-06-11 20:10:55','0000-00-00 00:00:00','309556105aa75d5e4d74f3740a897ee8','\n'),(1174,'darkfantxt','darkfantxt','lzzhksoy@stylemail.cz.cc','0bcfe99896bf0847c70dc9ed466be3b4:nd8uRXLVuSuqHaL8CcKKHNRejC20GrJU','Registered',1,0,18,'2011-06-12 01:55:04','0000-00-00 00:00:00','2908c3b3c16f21a323bb511209b9fd2a','\n'),(1175,'Ducvzn','Ducvzn','giuseppeduceppe@aol.com','d99bb9cba3a83d59812efd974c2340ac:as6H3j4A8VSpnrydDh8PDkG1AVZaH1zT','Registered',1,0,18,'2011-06-12 09:11:37','0000-00-00 00:00:00','1e0bb0eca757c94c7e872cf90ef5c2a0','\n'),(1176,'ancendy','ancendy','jjljlljjlljj@gmail.com','08c839a8b1cc2387d136a8cc16dc0ce9:PkgwoB6q8cIP0M0vOL5eoqQZGGQhDUqL','Registered',0,0,18,'2011-06-12 23:20:58','2011-06-15 16:50:18','','\n'),(1177,'Anuş Kazan Asaduroğlu','Anuş Kazan Asaduroğlu','anouchekazan@gmail.com','4fb3b579c6e6a1b3d38011043556f9eb:SVeXRoclzgZQWOijqy917PaJ8r3SNGyw','Registered',0,0,18,'2011-06-13 05:26:17','0000-00-00 00:00:00','','\n'),(1178,'UsidkLsmdu','UsidkLsmdu','jeanhomme@seopowa.com','b9a2ce509f3d323ceb9310905302e1ad:LcaGYPKa9nk2EhdUqBT15CNv0JzbE88i','Registered',0,0,18,'2011-06-13 12:45:57','0000-00-00 00:00:00','','\n'),(1179,'Soyptorry','Soyptorry','phuketphiphi@yahoo.fr','6182b98496737a690544f444d7cb5db2:WjW4sAqgAKLrGJ953mtvuQObrCOqZtqP','Registered',1,0,18,'2011-06-13 15:40:52','0000-00-00 00:00:00','7b292137147d0280ff55dede08fc40a9','\n'),(1180,'NeoloCategona','NeoloCategona','misterx.100@aol.com','94d563f69c393396184715abcf645264:KGxNtCWPTLfuvuTpolBF0PNkwOsIbtBG','Registered',0,0,18,'2011-06-13 21:04:13','0000-00-00 00:00:00','','\n'),(1181,'der_panther_1','der_panther_1','sknnreli@aol.com','b3eafb5a96bd8dd46b2b3d0b4fc5959e:rg9oMBJk2s7LyRxKYXMmgS2nvUJdRyyb','Registered',1,0,18,'2011-06-13 23:16:58','0000-00-00 00:00:00','3e0f2327c911f71ab393236727f21f45','\n'),(1182,'advatohofinia','advatohofinia','automateyourworkloadinlesstime@gmail.com','87e0001a3f49ccf2066ddf40e62289d3:GhBJSHoNpzEpV9hJbOqylHAg3u4Nf4gW','Registered',1,0,18,'2011-06-14 12:31:40','0000-00-00 00:00:00','318b2c1a2566e4332fa1f44733a61862','\n'),(1183,'Zonieve','Zonieve','knaggesacixur@gmail.com','8bfc5c919b805caa008ce9428e55030c:pQ66IPEfDkpBHJZ11bfHw6ig49depPVh','Registered',0,0,18,'2011-06-14 13:55:52','0000-00-00 00:00:00','','\n'),(1184,'Aidecdove','Aidecdove','patong.phuket@yahoo.fr','b7d5f9df3ad85dfc99e839aa9b178e82:ElzoahIdxhOw5egyaJOihxqoSO2AW6MK','Registered',1,0,18,'2011-06-15 00:55:53','0000-00-00 00:00:00','05e1090bcac7957a2b2ce4fa5975e4c7','\n'),(1185,'ChussyRhype','ChussyRhype','gdodico33@aol.com','db779ad3cdc210bab6f65a8e3c2f1a4b:mVlV9yBasTUm5f611YRgDbhZaA3lvmYW','Registered',0,0,18,'2011-06-15 07:28:19','0000-00-00 00:00:00','','\n'),(1186,'purple_king_76','purple_king_76','zmrholly2@aol.com','759604cb3b32135c6e93068345a4291a:9RNuuh3wemVBuMt3Cw5wY06BXokAenCi','Registered',1,0,18,'2011-06-15 09:05:57','0000-00-00 00:00:00','16b5f81530626b8284f0700568ed8828','\n'),(1187,'gofsAdott','gofsAdott','znakomstva@internettrends.us','ca11e22907c33d89ff1e1f8c5219f8bc:MBb5YEeNs2G5tPkPRQomnhkHVuTJVN9r','Registered',1,0,18,'2011-06-16 04:50:12','0000-00-00 00:00:00','e529b143edabd960d66c3f4ab4e6a3e4','\n'),(1188,'frozen_bison_90','frozen_bison_90','pughbarney@aol.com','9dacc5f0b45b5d0f5d452f86660cc105:AKH41Ejc6NfVMLfpPXD5gl9JDk4AI0nM','Registered',1,0,18,'2011-06-16 18:00:59','0000-00-00 00:00:00','e0845256da9c37275f1e99e3175ff17d','\n'),(1189,'Attisyinigh','Attisyinigh','bitconor@emailservice2011.info','bde51505cdec9a212c19be194b191648:ysaHuwrHe5Zbv0bL36PFJat6hRNhopX9','Registered',1,0,18,'2011-06-17 01:24:57','0000-00-00 00:00:00','8df31a537fe0ee4c8ea2f90ca7e7356d','\n'),(1190,'whikexy','whikexy','jagdipgringah@gmail.com','c98a224635a3098f81dd60653802d1bc:ksXFC93RoK6llWRe2SdYmRKov6hRg6YO','Registered',0,0,18,'2011-06-17 07:49:12','0000-00-00 00:00:00','','\n'),(1191,'yellow_man_6','yellow_man_6','chapmancarson2@aol.com','18c7fa43ff897a5e988118776ccd5174:0PdwHzEKdNNRbbkvBozFbcmXI00LQOzr','Registered',1,0,18,'2011-06-17 09:48:59','0000-00-00 00:00:00','e44c4c30866b629cfa72096df84fe14a','\n'),(1192,'twitter4oneo','twitter4oneo','tweet2j@twitteraddersoft.com','434c698ca3b4051bd0103f90c34b12bd:m5qGoldUeo2qwPtA2PgQiTGpOC4L9IFe','Registered',0,0,18,'2011-06-17 12:08:52','0000-00-00 00:00:00','','\n'),(1193,'Poellcese','Poellcese','priva.nolatse@gmail.com','0fbb79bf05821e8c61c4debd9d292b3c:YuOLqjPuZ8Z2zeLUMXX1FFhxi1SCDZDw','Registered',0,0,18,'2011-06-17 22:57:33','0000-00-00 00:00:00','','\n'),(1194,'Samembers','Samembers','lolek@keegoharborcookbook.org','4c4c6e1f4b3baf43a81ea1caa43eccf4:TFEXuRcFk1y0UnMjSrjOX8VoCUVAoQSd','Registered',0,0,18,'2011-06-18 01:43:55','0000-00-00 00:00:00','','\n'),(1195,'Harkqn','Harkqn','harrietwilkinson@aol.com','056c737cd677922498948b9d2e13020f:9tYbE9Toh5xkF11qxaWXKdtVrG5DDYzC','Registered',0,0,18,'2011-06-18 10:19:23','0000-00-00 00:00:00','','\n'),(1196,'perninekaro','perninekaro','val4you2011@yandex.com','1369d53d569a0c711b32e21a7e9e2e13:ziYsYFbwm9aAphP9iOkPOZyWGXi5S0qV','Registered',1,0,18,'2011-06-18 14:57:35','0000-00-00 00:00:00','d39fcbfd97a9c0a498b8e1a79c91e2c0','\n'),(1197,'bobsteam','bobsteam','bobsteam31@gmail.com','88d20bbd3ea05aeec4a0e51e46993800:xrGHXBhfuPX84AXBzRWycOUHkJJ6JvFh','Registered',1,0,18,'2011-06-18 23:45:10','0000-00-00 00:00:00','48dd25992c7d20012390a86d73883fb7','\n'),(1198,'santiago92fraser','santiago92fraser','qafdu7@qui-mail.com','336382d42946703f8f4d27df55880249:8e2ZNNXXLMcm3o6ChtjyCOEUrAuUgRUr','Registered',1,0,18,'2011-06-19 16:30:15','0000-00-00 00:00:00','36d1da9a35deb2d9223dea64c2923294','\n'),(1199,'Besourf','Besourf','lanawaymahrin@gmail.com','f514cce5d30d2e3d8a998b4be37b01b8:WUObJHt4Sn6nowOKCF7y1GSvMCB22eCD','Registered',1,0,18,'2011-06-20 02:59:38','0000-00-00 00:00:00','7260712900232486a506c3816ffb1902','\n'),(1200,'nmbkmooeoc','nmbkmooeoc','jakoprigazoda@gmail.com','de29764b2cdda97a4b32f2398082259e:0VoSMLmBwhiOJpwIrGQjBoZqdl3qMwto','Registered',1,0,18,'2011-06-20 05:12:25','0000-00-00 00:00:00','67607dafe64afe04e56c53962142c2cd','\n'),(1201,'Citscoort','Citscoort','phylissvwwla@mail.ru','ca2ae9b120812c440a866555e04da214:a1WwXPQgEgAU7lh7XtzBgow79sljCYge','Registered',1,0,18,'2011-06-20 09:40:49','0000-00-00 00:00:00','2345cc49dc31be0e2d9ef15922ece3f9','\n'),(1202,'student_tinyz','student_tinyz','quintonnwmn@aol.com','d20d65dec94271b40dade7c450560762:PmgsJ4tP8NUYNoE5ddxdP7R1tyerMMH5','Registered',1,0,18,'2011-06-20 17:58:47','0000-00-00 00:00:00','6eae3802552bb3aa619f01b3949faf9c','\n'),(1203,'Adelynebui27','Adelynebui27','elichabui-1@yahoo.co.uk','2931e1309b0851451d9395207ebed7c5:2K8hJ5Jw4Ar9FitAc8MgiQ1Io7W1pq0F','Registered',1,0,18,'2011-06-20 23:05:21','0000-00-00 00:00:00','308f756b6b66f7fc7c29453672bd7f4d','\n'),(1204,'pqoniene','pqoniene','lkjdfgvh.ejfl.eue.jndjs@gmail.com','7b3e6e418d86ab88e6c071f9ee13709d:08xLYRXSbWDrfmvJDIaMrES4RKqv8Mq6','Registered',1,0,18,'2011-06-21 02:08:12','0000-00-00 00:00:00','3e490964e98eef4e748d29b42bbd98e2','\n'),(1205,'apponasyncDog','apponasyncDog','gus1003@gmail.com','1fbb8c2ae4034501ca1a9f71accb1cf0:kMjuJKE6RBQWde3BapMtZ2nLf3GydxcZ','Registered',1,0,18,'2011-06-21 06:19:43','0000-00-00 00:00:00','1433df0add9326edbeceef7fa7247159','\n'),(1206,'demondemon_09','demondemon_09','lacypoole@aol.com','2487ecf2ea10599d80d1df2e98b7e361:QDOm99aq0SAFuDIpGYuhFzDtD3gUHimR','Registered',1,0,18,'2011-06-21 11:52:11','0000-00-00 00:00:00','f46b0c0c9989c8810943752615d04101','\n'),(1207,'brian878','brian878','macmad23421@aol.com','4fcded070a9ef3a5a08970b131990969:MHzaidJF84S1TnhuqPb54ZKAyOtFVMTi','Registered',0,0,18,'2011-06-22 01:00:31','0000-00-00 00:00:00','','\n'),(1208,'cutie_hare_3','cutie_hare_3','rsslprnc@aol.com','0b3a778331d89a62effcd47078737831:LKKIVgvI6lgqhCqMmBv0o2D5VAsy6D0D','Registered',1,0,18,'2011-06-22 03:24:30','0000-00-00 00:00:00','56cb47f3bcf123a382a7e7759ff7d02b','\n'),(1209,'Nuturbaxhat','Nuturbaxhat','Froffdusdraws@Gekcreteleard.info','daa350c3a7fd7e6108db09fcd67d8c80:ZO11SPjclUZedod9JWem1JOv58w8ElMI','Registered',1,0,18,'2011-06-22 03:37:21','0000-00-00 00:00:00','68d3e89bf744a535337f2186577fb7f2','\n'),(1210,'Idetedems','Idetedems','g.o.h.akollove@gmail.com','692361d87fa7ca946595f9073afce609:gsQBR3X91qOCcIisU7DW1BeJiAAGf6uq','Registered',0,0,18,'2011-06-22 03:44:17','0000-00-00 00:00:00','','\n'),(1211,'Metmet Dalmaz','MD','doliadolium@gmail.com','1bfa025f77982561892084ea31d465a4:EmiNqH5b1TvxhWE6AMax7sVJnT6KCtiP','Registered',0,0,18,'2011-06-22 08:47:41','2011-06-22 08:49:48','','\n'),(1212,'Joutteven','Joutteven','koekt.iwan@aol.com','387522efbc6382b67735f90c22ea6353:EHc1XLVRfoS718tQyNreBKALLgoo18WX','Registered',1,0,18,'2011-06-22 19:10:20','0000-00-00 00:00:00','de43ff287e48956abbbb320f29823fee','\n'),(1213,'AnincoxEronna','AnincoxEronna','y_yryr@yahoo.fr','43b61a40705c04e0bc36d2315a4ad696:2t9H1P0Gr056q411ReYpfdKnhuiYjlGQ','Registered',1,0,18,'2011-06-22 22:33:45','0000-00-00 00:00:00','24bf01b9731b6078db91bc5da91e4f15','\n'),(1214,'molly811','molly811','toadface3543@aol.com','8549715fb83ffc25745b9753d88ffc4a:qVt8wfN1jZCKhuMTlmYMNhP4yiUKdTMh','Registered',0,0,18,'2011-06-23 03:04:05','0000-00-00 00:00:00','','\n'),(1215,'IT Versicherungsvergleich','IT Versicherungsvergleich','petinopwlteri@aol.de','7533c73f287e6cd3cd30c1f3cfaf9b9a:UKgaExnLbBrEWBDXc4qY2pWmQYAgcwOB','Registered',1,0,18,'2011-06-23 08:26:30','0000-00-00 00:00:00','fabd63e2c0862b77aea65571e8d203a9','\n'),(1216,'MikaelSmitthgjf','MikaelSmitthgjf','mistertheee@yahoo.co.uk','80e25525c19191a65e565baff428cbb7:VLDybACwCs7pgL3X3jQfpPKO3EvExrqB','Registered',1,0,18,'2011-06-23 08:49:07','0000-00-00 00:00:00','a24c5cf4bf453e611acd922a03f23ee9','\n'),(1217,'aababacacaba','aababacacaba','mmm@ultradrugbuy.com','1d88e176b91aecc59e47ce4e74664c8d:cV0xPVhaEhcRhYcnC3hcaXiGojh92mpM','Registered',0,0,18,'2011-06-23 14:37:44','2011-06-28 16:30:53','','\n'),(1218,'ZamerHQst','ZamerHQst','zamerhu@aol.com','27582d0234c54f58b8742c243c0d314d:6AaNT3zbQdqym5vEaQZboonMX7aU8I1T','Registered',0,0,18,'2011-06-23 22:14:27','0000-00-00 00:00:00','','\n'),(1219,'Gosjhy','Gosjhy','lcowarszsky@aol.com','c1a61447de845aa4e49c401c3548719d:8orfv4iZvPHhkkZTPJqFvxcsho4MeK9w','Registered',0,0,18,'2011-06-25 03:23:29','0000-00-00 00:00:00','','\n'),(1220,'Meelubresee','Meelubresee','taktakitaki@mynet.com','362219e02a69cfb921a2e73d3234bfe5:tWYKXcWVMti11UV8dWUdzXBJrtZnEVU9','Registered',1,0,18,'2011-06-25 04:58:05','0000-00-00 00:00:00','fe27649e394e0c6c0b5b6dbd68a19071','\n'),(1221,'Hardim','Hardim','funnyfgal@aol.com','a52089fe43bde58ab275b1734a67fa22:GKyTWVLlt4h2IaxC2TixI1vhEbFzF9va','Registered',0,0,18,'2011-06-25 06:27:27','0000-00-00 00:00:00','','\n'),(1222,'Akira','Akira','fuensantadpop@gmail.com','1e348b23cc3910c65a4b4a564dc0ac15:jDForgdFOnerm0zXk35G8xm7YSsXLyxD','Registered',0,0,18,'2011-06-25 09:18:54','0000-00-00 00:00:00','','\n'),(1223,'Madme','Madme','conningham5@aol.com','4c8df9dacd01e65a61ddc38ed391d059:DkboMYpQOcA2jEdvJSMAvdI5Lu2SUrzn','Registered',1,0,18,'2011-06-25 11:04:40','0000-00-00 00:00:00','e78825a9a4f187ed2cfe9aa0ed49fb03','\n'),(1224,'cusculpiptuct','cusculpiptuct','ant4teslos@gmail.com','2c83547703a4258ea5122b67c4191512:OOquXC1n8c2vwFkaZyyEqVVtS3wLnuGt','Registered',1,0,18,'2011-06-25 12:13:41','0000-00-00 00:00:00','167e76a18b058a81003d0eaa9f45458c','\n'),(1225,'Balmadyzhit','Balmadyzhit','nesycupojec@gmail.com','3d24acd354ff721569c98b6cbb4b6f9e:6lwuYhFu7UmvqA7Xagu2lSP5vLdLmJXo','Registered',0,0,18,'2011-06-26 17:21:46','0000-00-00 00:00:00','','\n'),(1226,'tadosalu84','tadosalu84','galah@gmaily.tk','a66565012cb8c296c8d23c1f057d1a58:MCmCmZEUrwYwDthLT8vwBSwY8WrnNstE','Registered',1,0,18,'2011-06-27 00:01:07','0000-00-00 00:00:00','a52dfe41007a0d41630b4ef60b7cb348','\n'),(1227,'lkjmqxtxml','lkjmqxtxml','literary8221mxw7@tom.com','e7e2b58c6d3d269a9776024ab80fb7b9:xIsx0ikpOq6BzMF4rGbjACnx7Wr7jpOE','Registered',1,0,18,'2011-06-27 03:55:19','0000-00-00 00:00:00','ae3564badfa17cfe99f2197d3903a1b8','\n'),(1228,'birdie_scarlet_3','birdie_scarlet_3','joannaesperanza@aol.com','8bd2fb7f8204fc212f0ac0aeadd5a7d2:yxMIgjEGBUAtz7Ok4CA9c98xSHyLbWWe','Registered',1,0,18,'2011-06-27 12:14:44','0000-00-00 00:00:00','c865c5f1b4acb02337a609273f5aa785','\n'),(1229,'Tviozg','Tviozg','tvizlermisin@gmx.com','2487566adfc516c891f2c7f530c9e1b1:tM5VACYhj9LZLIBdqNsn0PCMzOltxvzM','Registered',1,0,18,'2011-06-27 14:15:41','0000-00-00 00:00:00','2a4eb3e6480e86c984f3eef9dabfa4a9','\n'),(1230,'selda','adiller','sadiller@hotmail.com','d41393d146714b62d110be99d34eedb0:pIFuljAAaPa2ywEyy1giMIgkqoaap3Ed','Registered',0,0,18,'2011-06-27 14:55:11','0000-00-00 00:00:00','','\n'),(1231,'silver_oxz','silver_oxz','toryramirez@aol.com','1247b778b17ac0020e4977c3f83daf03:MddBv5gAWAuepG133D6iMJtAVJcFwPTd','Registered',1,0,18,'2011-06-28 03:48:34','0000-00-00 00:00:00','608dcd63c3c910017c70a66cf4fa4087','\n'),(1232,'Attifftreve','Attifftreve','mharka@mail.ru','fd6be592b5975963a0fde004dfdf7e94:urSXh983d2QpavR8S4bs0A72wgbCCXdM','Registered',0,0,18,'2011-06-28 05:39:29','0000-00-00 00:00:00','','\n'),(1233,'xzdwaynesmitha7','xzdwaynesmitha7','marissarqd@aol.com','f8410484445e0462e8d693bfd7be59eb:wy8ZrpxFLHPrZilnmLIrTGzpw0YZsaoi','Registered',0,0,18,'2011-06-28 19:48:18','0000-00-00 00:00:00','','\n'),(1234,'totErette','totErette','anna.lapinska@aol.com','9370421042d9ea37f3fec227d4d5cb0d:SybuPIhgrl5yuEspAn2nhdVAYfX8Jf7l','Registered',1,0,18,'2011-06-29 07:30:47','0000-00-00 00:00:00','fd8c203dee96b6a53080014b192172bf','\n'),(1235,'rusty_gazette_92','rusty_gazette_92','maxdaniels1@aol.com','055688efcd613d9e1b9fe2ec9e47f63f:1NLgofEwTMiiV2Szrg2da9cRCjaRjMBo','Registered',1,0,18,'2011-06-29 14:34:44','0000-00-00 00:00:00','e79de67f53f1daa106ffc1db5db7ca67','\n'),(1236,'poptpopxy','poptpopxy','poptpop789@aol.de','c753c90b8613d9d78265de9aa4bd7e07:uybqVSEswuGbPr64jJGGq8AKO8BdhVbg','Registered',0,0,18,'2011-06-29 21:49:10','0000-00-00 00:00:00','','\n'),(1237,'squirrel_running_2','squirrel_running_2','maribelkng@aol.com','9636e9bc3208a15d4353256afc6e6a62:ZJJhy8vmqc6gz9T1F3bdUuKVg7VsA0mM','Registered',1,0,18,'2011-06-30 06:08:33','0000-00-00 00:00:00','f714250fa061345f2b68a9f046b1fe44','\n'),(1238,'aMaryCold','aMaryCold','jamesoreiro@aol.com','870a04a8d3c8afaeb1ea03ec5e4277b6:jtC6kj5VRccgtzRjyVTUnkHsViktEDrt','Registered',1,0,18,'2011-06-30 15:04:05','0000-00-00 00:00:00','25208b750d05a6cb84a882e10688756c','\n'),(1239,'Bluemane','Bluemane','jesperverefuj@gmail.com','e8f8175e0304c7e020137786c6e0aae5:9Dbt6VxCdG0RtuWnVIBYU39GDpoDc1X2','Registered',0,0,18,'2011-06-30 23:50:50','0000-00-00 00:00:00','','\n'),(1240,'minimum_mandrill_22','minimum_mandrill_22','elmopcktt@aol.com','006db784dc03fbc9aff2d75b5427e609:tEEFZvtcNqmVdcW2m87cda5KO0NUBPGc','Registered',1,0,18,'2011-07-01 00:03:22','0000-00-00 00:00:00','bc0a29b46697a9f6a691c3f7d3a87684','\n'),(1241,'Mammyharisma','Mammyharisma','samuellagrinhouse@gmail.com','05f44cb59cc32981b8f4cdad386265a7:js4raQuzD3x3RbeLT8zrB9auJg2alq2U','Registered',1,0,18,'2011-07-01 00:48:52','0000-00-00 00:00:00','8c39ae8b53fc34d8d368c74de291272b','\n'),(1242,'Bosxomdzhi','Bosxomdzhi','teimanambrpuk@gmail.com','70a886eb3c70fafda44b8912f9a53d64:r6pHxBcFjdS5ytgIODvxibt1BWPEu1Mv','Registered',0,0,18,'2011-07-01 21:08:22','0000-00-00 00:00:00','','\n'),(1243,'Daddyharisma','Daddyharisma','samuellahenderson@gmail.com','6b01ac83262bdad744acf1d6cdb8b5f9:w410XHBk9lTsoqohKKx3PJSeDmuNWI4Z','Registered',1,0,18,'2011-07-02 00:07:43','0000-00-00 00:00:00','47aca6dfcfdc9092e91a0a54ddb5d3e7','\n'),(1244,'Samajoselia','Samajoselia','samuellagrindwich@gmail.com','ffc767fba1c19bcb22c01f52b8f6976b:yGk1VQka4A2n0olhc7wwQxJrEzGGTqul','Registered',1,0,18,'2011-07-02 04:37:43','0000-00-00 00:00:00','a04d5945dbacd70bc069cdfe0c18da8e','\n'),(1245,'Futwotrorge','Futwotrorge','realtytotali.n.f.o@gmail.com','a936806775e63d1abb9c2184af6b98b3:SvN7GbR1nVzhGPLB56yRyOEPViAowUJM','Registered',1,0,18,'2011-07-02 12:50:59','0000-00-00 00:00:00','001b774d21063cd7440f231bf0fee66e','\n'),(1246,'Trixypixyx','Trixypixyx','constanslebaw@gmail.com','cbdb45a589744cf85acada7b454df3c5:MVoADejBZaLQA40TUNx5xehWBos20QSN','Registered',0,0,18,'2011-07-03 02:00:16','0000-00-00 00:00:00','','\n'),(1247,'Swiniimmila','Swiniimmila','torpedos@emailservice2011.info','88f55ce9beaa839ce0dfcc7c22a09c26:XA05Kb9kaW4lMYxXTVeod5k9evyY3dmY','Registered',1,0,18,'2011-07-03 06:09:10','0000-00-00 00:00:00','855a8ba2e07a2a428c2726e33b6bb2c7','\n'),(1248,'Bakmealge','Bakmealge','triererat@myrambler.ru','830fabde59f531efba7389bddc62f22c:7ixR1wCgxwI1P36tJdoM6VaWdwvjriNq','Registered',0,0,18,'2011-07-03 15:00:32','0000-00-00 00:00:00','','\n'),(1249,'Cydendorzhi','Cydendorzhi','abjayonicosop@gmail.com','beedcfcd07658f6dcf26b5a0d3fae21f:sOxMLwu3JQqH0VKBwlntLiP3dIN1kcG9','Registered',0,0,18,'2011-07-04 20:15:22','0000-00-00 00:00:00','','\n'),(1250,'wriggler_running_','wriggler_running_','malcolmmacias@aol.com','81abb147c29a0e16e41d8f53fbebd29a:60YmER6IXp5iqURa3f430KnAtr4MI5Mp','Registered',1,0,18,'2011-07-04 21:34:27','0000-00-00 00:00:00','8b34fb18469eafd6585c78621ea747ed','\n'),(1251,'fdskmooehi','fdskmooehi','udxkmooehh@bkikmooero.net','07de195d53ccf812f4d66ef34dbfce8f:Ud9ecmuK6RSyDdQyxVRQag4XQ9AZjFwc','Registered',1,0,18,'2011-07-05 01:18:33','0000-00-00 00:00:00','501a79247b44d00f6a04e8bf6e91ea7d','\n'),(1252,'Tactarsal','Tactarsal','bayram@kiralikotolar.org','890588386534a054a148e47c85d02004:obHzWZKwcdjQLQlfH6x8YxcGoopmrZZb','Registered',1,0,18,'2011-07-05 02:22:59','0000-00-00 00:00:00','0a2f738f396a9d43ec3db46915acdfcc','\n'),(1253,'intense_bear_7','intense_bear_7','carpenterkrs@aol.com','050de19772272a9f0f6f7b7def3a3158:zkG8x57rKyWXsdpgyFHPzC8BISxWLxS7','Registered',1,0,18,'2011-07-05 15:14:42','0000-00-00 00:00:00','c3561562185a32aeb96223452198c496','\n'),(1254,'fleemiNouboli','fleemiNouboli','sad34@interceptorfordogs.info','17f51121135399cb8c5ba27f8bee898f:skMdCUKYOtTmoSo3mMxsmShPQTHJxemx','Registered',0,0,18,'2011-07-05 16:31:33','0000-00-00 00:00:00','','\n'),(1255,'FedidedoInecy','FedidedoInecy','myste.rgrymas@gmail.com','18a63072e07f4895d6f66208b9970395:uLwv4x6xTTVf5U0k8xl5zj4055EWcy3Z','Registered',1,0,18,'2011-07-05 18:44:27','0000-00-00 00:00:00','0f3b5fab9b9479212d49ea29a675be83','\n'),(1256,'mini_chameleon_','mini_chameleon_','nashlyle@aol.com','c24cd7966d9e43ab473c55523813d546:24rqnUHnrjKPPEH51cc3Kx3Mw483vcAP','Registered',1,0,18,'2011-07-06 12:09:16','0000-00-00 00:00:00','4f6efb3bd94db4c75ba6ec6f02a62eb0','\n'),(1257,'supersonic_ranger_46','supersonic_ranger_46','noel.witt@aol.com','04872f727dbf9edaedb2c420592084b4:prYy5ytYD9uRifpubgxz8QET2TEB2JYc','Registered',1,0,18,'2011-07-07 04:10:19','0000-00-00 00:00:00','b5d4b6365f456eeccd6263c30974a763','\n'),(1258,'giraffegiraffe_','giraffegiraffe_','rodjens205@aol.com','e8c56bd478e63bcc763d23c108b5bf5d:LK2FRfT1aEQRMJrVMBCP1l2fZmrxUeO8','Registered',1,0,18,'2011-07-07 19:34:53','0000-00-00 00:00:00','ede5c8641be9da53e3250f538f8fe7a3','\n'),(1259,'cute_purple_deer_','cute_purple_deer_','nolan.grimes@gmail.com','c0200be1f363da99bd802c31ff0c0648:EHHtteAZ7DZg8CXDW4Z3RZDIwmJucAQ1','Registered',1,0,18,'2011-07-08 14:50:21','0000-00-00 00:00:00','71159011cdd6f3c22d7b46434a23500d','\n'),(1260,'pfxkmooevg','pfxkmooevg','xzdkmooebq@ilikmooema.com','fc5b3eea0159099c777937a731a049de:04nn4vkq4pt78pvoPtTXd6LIiGXdPTw8','Registered',1,0,18,'2011-07-08 15:27:21','0000-00-00 00:00:00','ebf7486584ec5a49e8749df81aa261e1','\n'),(1261,'DipseComDes','DipseComDes','adons138@gmail.com','a60e63ee95bab236fccfe6729877c800:hgBmfpp7C7lPF87280gJTPhsaOmamPIl','Registered',1,0,18,'2011-07-08 23:26:19','0000-00-00 00:00:00','e03774d69eb0dc181a44b31175a3704e','\n'),(1262,'running_forgotten_walrus_32','running_forgotten_walrus_32','queenhofman@gmail.com','e7916947a0dc3e8bed069dc5342e9ccd:RsvFTGzX2fP1YRR7LjvxV1Y2Sfld6hr4','Registered',1,0,18,'2011-07-09 06:27:50','0000-00-00 00:00:00','7caa0363eb77900c7ddbfa235effca81','\n'),(1263,'elise38bingham','elise38bingham','pvqkm7@kio-mail.com','4d5741ab76b27768a8311e81777034c1:kLEq8gAJgTM9jvWSv2AJEnnJ18PcKEIT','Registered',1,0,18,'2011-07-09 08:55:52','0000-00-00 00:00:00','1cca5dae82e074ef5b7c5716d43b6aac','\n'),(1264,'Theaskews','Theaskews','justlinkbase@mail.com','82b483e8cd06f3a35cc86a2413fab1cd:HnCRdMbsPf8cjKzKLZeHUkhZ7qUg0atc','Registered',1,0,18,'2011-07-09 14:39:25','0000-00-00 00:00:00','351628c8b174fb1386f9ab66c57d3986','\n'),(1265,'Priexapperm','Priexapperm','levi@noklike.info','ba6f99b0d8d0b9807e0906a7eebf4ab5:Dyw2GyzaBZTjWOKOMxIOYjMNAfScoA7i','Registered',0,0,18,'2011-07-09 16:54:20','0000-00-00 00:00:00','','\n'),(1266,'Alesseulceply','Alesseulceply','kuwelyutinji@gmail.com','ccf5f15cde8f2db5ce65ff0eaab09c0e:S4mqUxXlifo1MwhJbfpxAtJUiMZBxiHj','Registered',0,0,18,'2011-07-10 01:21:38','0000-00-00 00:00:00','','\n'),(1267,'DuaryArrora','DuaryArrora','mwcpyrvvfloa@gmail.com','e95cca8a77a74ec2d5af280a5ac0b8b2:DgTJNs9uSRf3dYSvD9GSmWVHMGLS2K4h','Registered',1,0,18,'2011-07-10 02:35:39','0000-00-00 00:00:00','1c3ad3f9bb6bd960b0bbca16f0feff1d','\n'),(1268,'Offishnon','Offishnon','zygfrytadsensowny@gmail.com','dbfb4279c585e631833a0015d90e5c9d:Bwm7A6R2eRqMHLSzzbMeZ3E81G1ZjbMh','Registered',1,0,18,'2011-07-10 12:28:04','0000-00-00 00:00:00','bfe10d4bfcde71318351697bbfdc754b','\n'),(1269,'ZelaZesebaics','ZelaZesebaics','sesom@mail.ru','e7843aa838ee495637e9715ed7319714:eh4ZzasAS8E7BQ7xonHrs7ANyYXnnNzE','Registered',0,0,18,'2011-07-10 17:09:20','0000-00-00 00:00:00','','\n'),(1270,'shokeHivesoky','shokeHivesoky','arthur.tweed@aol.com','fc1039c3fbc64fb1c198d37b1e56649d:G9AJplzoK5dRmCRx5Ji6b4RMtb6nk869','Registered',0,0,18,'2011-07-12 02:09:04','0000-00-00 00:00:00','','\n'),(1271,'Noffgoffphync','Noffgoffphync','karwrestkam@gmail.com','c5b4d94d007f0bad819766106871b765:00mOFqEO6yENRb7MrAJHvGGrAOO2KLMd','Registered',0,0,18,'2011-07-12 04:18:27','0000-00-00 00:00:00','','\n'),(1272,'pseuttfuh','pseuttfuh','HoinoVedoriem@fullen.in','e7d18c430bf8a68fa02c0d08969fcac7:pzXMubIauItzUdUHSU3wev9tTyZCsosz','Registered',0,0,18,'2011-07-13 18:20:32','0000-00-00 00:00:00','','\n'),(1273,'deropilaw','deropilaw','fidopale@gmail.com','de16749ca26efcfe162cc4ed9f7a7bab:O9unefDTWnzFXRSLb0bnDoq6dCgkPvVJ','Registered',1,0,18,'2011-07-14 06:43:42','0000-00-00 00:00:00','6545f12c11ee9ea06ece7623efe2282f','\n'),(1274,'awaistemife','awaistemife','venugopalbnef@gmail.com','c419f5479fbbb4e3fce452783c119b35:G6HS1z0KfelmRK4BDyL2sDRoxmGhher7','Registered',0,0,18,'2011-07-14 07:36:24','0000-00-00 00:00:00','','\n'),(1275,'HtripxoLis','HtripxoLis','htripxoli@aol.com','05022e3144eb20286372fc03b78d9440:gFinzZUcl0A0Lki6JvMHoAWyCySftBpG','Registered',1,0,18,'2011-07-14 10:22:56','0000-00-00 00:00:00','d4b2a22f066425801ee39c1a88d0dc63','\n'),(1276,'Chimitcyren','Chimitcyren','gyorgyimkeker@gmail.com','6236df2b1c8aa4dc4ce0d8fa04adf703:uBGKZdJRCC7gqJYpvnWoelO10D0qbZUn','Registered',1,0,18,'2011-07-15 17:11:13','0000-00-00 00:00:00','446f78e8851113fa3def4abec4c2c6b1','\n'),(1277,'Kitlitlysob','Kitlitlysob','johnnybowl@rgrocks.com','8a63ef02af71640178133cd5fd268790:2BQxpDgx62X9XtDwstukY6MfCfntrfR2','Registered',1,0,18,'2011-07-17 16:43:38','0000-00-00 00:00:00','8d48b819244343d9708135add48e152d','\n'),(1278,'homachavy','homachavy','ka.rleystanwood@gmail.com','a692d4ddf04d37034ca24ab684075c50:CnVEEnCcBrM5BgrmkHhzB6dtNeZJe2eR','Registered',1,0,18,'2011-07-18 00:58:11','0000-00-00 00:00:00','42adddbeca832cead609701f098d32cf','\n'),(1279,'bunny_spacy_','bunny_spacy_','roman_kozak@10g.pl','46d08845b32084639e1ae0566b56a37a:7HE5bzfFy2QKBMGhWt9ELCz32lYlVuTd','Registered',1,0,18,'2011-07-18 22:57:22','0000-00-00 00:00:00','5d761b325b055168031e01861a66547a','\n'),(1280,'sad_panther_','sad_panther_','goldie.hubbard@cmoki.pl','a5cc5e89fb2c5ac95b7f97e511f8b514:656TG0FeFplNUp2YHpOmtY1aw00s8wEi','Registered',1,0,18,'2011-07-19 17:11:29','0000-00-00 00:00:00','f6be5d811c4a62a549b27e8e7ef908d5','\n'),(1281,'Lessquitssumb','Lessquitssumb','Symnhoini@stylemail.cz.cc','845f4fc631462a615ca966a2d7d751d5:SxcmhauATyBvTfrkyQaUPsOQE40xfgxb','Registered',1,0,18,'2011-07-19 23:04:42','0000-00-00 00:00:00','e1a3273bea26a470f9fd451171345f83','\n'),(1282,'crunchy_empire_92','crunchy_empire_92','carlos.simmons@10g.pl','199b0a6f19fa879dd61620a8d0bb9d8b:djnNhh7VBKueF0F4mRxOOTnQ5l4PKygG','Registered',1,0,18,'2011-07-20 08:32:51','0000-00-00 00:00:00','99fa989c2d1264503e45e775501177b4','\n'),(1283,'diInfrarotheizungn6','diInfrarotheizungn6','infrarotheizung@reggaejamfestival.com','5a0bf3187bff11d48c6dca001b862356:RYFctP2CDcYQvZnQLxrklQzjVmiPeRdr','Registered',0,0,18,'2011-07-20 14:16:40','0000-00-00 00:00:00','','\n'),(1284,'Vofimpoms','Vofimpoms','chickcude@celebslive.net','923f9bed866fbf38c332c2bdfc17b949:ybOOhABDjNKWOkyB6jffUEBtj6dgQFy3','Registered',1,0,18,'2011-07-20 16:39:18','0000-00-00 00:00:00','febf03edaca12806f0b242fd91716ff1','\n'),(1285,'Reareepom','Reareepom','nikirob@mail.com','19001c6369d2e436033e67b1bdffdf1c:QuRydeRGW6twAYIg8gP6UelmGYTUeEQD','Registered',0,0,18,'2011-07-20 20:06:29','0000-00-00 00:00:00','','\n'),(1286,'morbid_squirrel_2','morbid_squirrel_2','erica_hodges@dobramama.pl','f2389bbc56bf24b7488976a6fe64a1ef:Mw0bdUqSKnP5jaQSQkhkHFSMQTtv1iRI','Registered',1,0,18,'2011-07-21 03:38:44','0000-00-00 00:00:00','544afe1b3ebf57f09873ff19ef563ae3','\n'),(1287,'Ambuter','Ambuter','ambuter@out-mail.net','9c71f46288d7aa9425b218583e25f5df:3eSwDLVVQDH4Lk2fdiTLH3bmpv2V2p0J','Registered',1,0,18,'2011-07-21 11:47:28','0000-00-00 00:00:00','b057a1141e667a1701710ff27a7874b2','\n'),(1288,'JigMaster','JigMaster','silvia.lukas7810@gmail.com','cb8d4b28e8ced8573fa51a8758e8688d:ebNrTQfvoJGeOQRkqSvaSMDxlUifs89j','Registered',1,0,18,'2011-07-21 18:37:18','0000-00-00 00:00:00','94ecb72408065f610533de1708e0311f','\n'),(1289,'drunken_honey_ape_','drunken_honey_ape_','lenny-wallace@dobrytata.pl','60d853c084f4e8fcf0d501e0857ce324:6prspVLOpQedPP810MBzR9yOeZg3xkRO','Registered',1,0,18,'2011-07-21 19:09:06','0000-00-00 00:00:00','746c60d9e94f44ebc6209bfc91ecc7b4','\n'),(1290,'Kidealutuaple','Kidealutuaple','Zommonmeptemy@mail.ru','c759102283325219b181d543024689a8:behzssISKFNltZIkjEWF5tcykwderhoM','Registered',1,0,18,'2011-07-22 13:30:55','0000-00-00 00:00:00','9a69e05fd0a5b4061468cf5800a25750','\n'),(1291,'yak_beauz','yak_beauz','hillary.alexandria@fejm.pl','21a722f4eac8dc392b3c3d8f891554f2:0OFFksRRTMzM04u0gH98rw7ePPxh0Orq','Registered',1,0,18,'2011-07-22 17:37:00','0000-00-00 00:00:00','cf6a35ba2d7b2eb56d8094c60a4a05dd','\n'),(1292,'figen','taşkın','figen23taskin@gmail.com','87d8bf0f8b19c25160721b6afd387eb8:azIYA8QGEGS88WZxM3a8Xj1ipuGhrZXN','Registered',0,0,18,'2011-07-22 18:07:17','2011-07-22 18:26:00','','\n'),(1293,'pointless_ivory_sugar_','pointless_ivory_sugar_','wiley.peters@kozacki.pl','87d4b4b706c68de83ecaffbaff2bd607:oU0t7WOz1wNdE0rZwP3TAfqJ3a6wKn1M','Registered',1,0,18,'2011-07-23 08:49:59','0000-00-00 00:00:00','cab722719b139fc4f426d8d73a3e570a','\n'),(1294,'fatty_hamster_','fatty_hamster_','tommie.soto@mailmix.pl','97e517d579d097289b9814d9b8b7b419:9gnAWnjXqX7r66SpCHJv8XbqaRUGn9F4','Registered',1,0,18,'2011-07-24 00:05:12','0000-00-00 00:00:00','fc2a37babba4aadf8af343e9284b5327','\n'),(1295,'lady_sad_17','lady_sad_17','janna.bradley@mailplus.pl','c7dce88beb76d6300744b492b00a47c6:HsZkiGoWmmVQcUg37uONYyk5UpFD4VZf','Registered',1,0,18,'2011-07-25 13:12:37','0000-00-00 00:00:00','6935764aeb06d0b033979dc16ccc45ab','\n'),(1296,'FATMA AKBULUT','ronjalady','ronjalady@gmail.com','fec3781c645ae924d204c9963fa83a79:OvByTEDwy2EMH6Gf07T7CCoQYGfIuaEt','Registered',0,0,18,'2011-07-26 07:59:39','2011-07-26 11:49:27','','\n'),(1297,'thotsOrisse','thotsOrisse','speerihes@gmail.com','4192b97dcbf6e1cedd5dc71ead897e11:ToZL4ibFnmjikNh4IHVn2PZCpHWKUAo9','Registered',1,0,18,'2011-07-26 20:30:28','0000-00-00 00:00:00','c6ad448bfddcdc8a78a1c491271461d3','\n'),(1298,'osteopito','osteopito','ek2@productget.com','ac53e7f3cd4d0370a0caf462c741976f:i1TnS9qdZsTiR4CJT0KSOKWtVTYJcukX','Registered',1,0,18,'2011-07-27 15:25:09','0000-00-00 00:00:00','7a417347797c547e408fcaef542a1d2f','\n'),(1299,'Kristina_Irene_Cobb_','Kristina_Irene_Cobb_','mrkaczka0@o2.pl','9aa0c144d9fa575510bd49d1732a5001:RC1qaXl640FfyEyVQ5CRSjqSmVPpI5Xs','Registered',1,0,18,'2011-07-27 17:36:40','0000-00-00 00:00:00','9d3d3f3ba4ebcdea76f43c2c2b75e7d5','\n'),(1300,'seamJomyoremo','seamJomyoremo','heaniahooff@mail.ru','f524fce0150090622becf500f66e7298:fyZbCNtv4hCbqOUlBecs9nrGQusUh5gQ','Registered',0,0,18,'2011-07-27 17:36:45','0000-00-00 00:00:00','','\n'),(1301,'pyDiskothekc4','pyDiskothekc4','nightlife@reggaejamfestival.com','636fdd33462f767aa2504bb4b2e98683:SeTAg01EcaeM72ohbigUcNr6aFVHUk8E','Registered',0,0,18,'2011-07-27 20:11:33','0000-00-00 00:00:00','','\n'),(1302,'Sheila_Ashlee_Fischer_4','Sheila_Ashlee_Fischer_4','mrkaczka0@go2.pl','3bf4b40dc099222573f14dc28be9f735:VPC7T6kbkM0G6QICvNPkZaXCh76bbQ8R','Registered',1,0,18,'2011-07-28 13:21:54','0000-00-00 00:00:00','12d5967dc9aa408863979b599bc95e4a','\n'),(1303,'markyasu','markyasu','ffx1227+37@gmail.com','652c20eb8463399853bb46cdcc4c4e21:ZbyiHJp9M1Y9eTk7Qt9L7JJbsaAOBzjq','Registered',1,0,18,'2011-07-29 03:45:46','0000-00-00 00:00:00','b92d68e61783e943313d4c289915f03f','\n'),(1304,'shawn75mckay','shawn75mckay','tvjnw2@qui2-mail.com','54acc30e1f446b442b7c9e01c131daad:46Wn2FHnFoocFe318Ay0FMxEa1p8SuVb','Registered',1,0,18,'2011-07-29 06:42:15','0000-00-00 00:00:00','fd197c39adf2e78e088d35cce25d7913','\n'),(1305,'Willy_Cadetz','Willy_Cadetz','stoat@o2.pl','ed125ee8686042c98430976bdd279d30:hrkNqIkR7TvCXwbw9Pf0f6mWdnTKueQK','Registered',1,0,18,'2011-07-29 14:50:04','0000-00-00 00:00:00','b7013220c80698ca2c2bcfc8f343f4af','\n'),(1306,'beignetle','beignetle','norfolknivxib@gmail.com','8ad195c27294e07e4aef7da792bdb320:sbdyVjQbIWUEMqJgnDQxP1dWcfwDEeCx','Registered',0,0,18,'2011-07-29 16:08:59','0000-00-00 00:00:00','','\n'),(1307,'sweesiaastesk','sweesiaastesk','pompowanie-betonu@wp.pl','8d41fb61834cd12293e9c3755388e919:kVImbcjntclOivMztLNVboMPVeLCZKnp','Registered',0,0,18,'2011-07-29 20:38:24','0000-00-00 00:00:00','','\n'),(1308,'Stariabet','Stariabet','alish.ab.udg.kod@gmail.com','283e0a748992c0b6e450aee40095f5a9:uzxLLbzYoxLtH4zIWP5rmAGbxIYXBrGC','Registered',1,0,18,'2011-07-29 22:18:12','0000-00-00 00:00:00','337e36721e25453c3fe6ef7139e9e9a5','\n'),(1309,'lvAfrica_festivalv4','lvAfrica_festivalv4','africa_festival@reggaejamfestival.com','8e1ca6a644309dcf093557bec783f469:HeQER9ZU7DlINqyqZ8xEfwUh5PsVvmVq','Registered',0,0,18,'2011-07-30 17:29:52','0000-00-00 00:00:00','','\n'),(1310,'dingimammamiz','dingimammamiz','IninoSloria@ukr-po-v.co.cc','79996d0ce3f377b39ea98727db0f0b96:gtZp0YurJRod1vebcMjWJVhYgnJpL2Ci','Registered',0,0,18,'2011-07-30 19:39:12','0000-00-00 00:00:00','','\n'),(1311,'_7','_7','karolazap1@o2.pl','36c730ef3b1c6ef757a352934525099b:Gtjjo8tPP0RgHwRgeY7UtSL9ahzeAdwm','Registered',1,0,18,'2011-07-30 20:19:19','0000-00-00 00:00:00','73a55bc6d27683c695c360d92c1c0456','\n'),(1312,'Shirapsynge','Shirapsynge','dedrananetlaj@gmail.com','68109c91d0237ff98ee61b63378ba93e:kYZ9YMsk8WTtbXiOvFwo356yBJwPCWRS','Registered',0,0,18,'2011-07-31 03:01:16','0000-00-00 00:00:00','','\n'),(1313,'Pleadlole','Pleadlole','photos_sur_toile@yahoo.fr','ddf04a8715ba5733061a528c9e305dc8:qOQ46HOr7sJv8BebMX9ZuC5iyKMYfHu1','Registered',1,0,18,'2011-07-31 04:58:00','0000-00-00 00:00:00','d7b295351d3a4fb9ba655a9b55e3e49d','\n'),(1314,'_9','_9','karolazap1@go2.pl','8234fb0d10c506bfc68308aecea6e483:PbxVf0vBNAX6J2rEnVnKlDzMNdx9UHfQ','Registered',1,0,18,'2011-07-31 11:18:13','0000-00-00 00:00:00','3b08fe02814a9bd3706cfca98d0554dc','\n'),(1315,'TaiseeMeknemn','TaiseeMeknemn','avtir@noklike.info','e8bed2e3f10930152d1cb5f51e4347be:ixb0xRUwNXB3wsAd0UflROihlqs4p367','Registered',0,0,18,'2011-07-31 18:26:36','0000-00-00 00:00:00','','\n'),(1316,'lustEsperanza','lustEsperanza','dateTrista@lustlonelygirls.com','0ca9a5dc9fa58fc256a60b6cc525e846:QzRhF1NWknCIH5PZO2bPMfJEUBAC0MMy','Registered',1,0,18,'2011-08-01 00:16:06','0000-00-00 00:00:00','5af75f1d463584f93c21d254432d020a','\n'),(1317,'serretaninna','serretaninna','DuadodabViabe@crufreevideo20123.cz.cc','92125c2b3c6976890a54be0b3e2feda0:rwfAebNOssCHyyKATwmOiBxnsyK6fhtJ','Registered',0,0,18,'2011-08-01 06:52:05','0000-00-00 00:00:00','','\n'),(1318,'_42','_42','zapstat@o2.pl','d8c3ec42f0c617971e3f94e09c611f78:K3LNM73vVkngvsRnHAkGKiqpm2Mb3nGd','Registered',1,0,18,'2011-08-01 11:08:05','0000-00-00 00:00:00','f99bb6583baf95a017bc9e9f16bb3d91','\n'),(1319,'ErypemO','ErypemO','escalevagifil@gmail.com','2991dbf25001e862825cc63d2a8e6fff:lHdYeHpECQJHepTo6gE1CI1qKuvsaRbk','Registered',1,0,18,'2011-08-01 14:12:40','0000-00-00 00:00:00','4e5cfe23f5cb0073e420ccb9211d5e6f','\n'),(1320,'Buiozh','Buiozh','filmo@gmx.com','9a7cf311db4e0be4e150ea30578005aa:brg59x9sKJyLjAIpzvfPRnWIlcwj8pSn','Registered',1,0,18,'2011-08-01 15:45:26','0000-00-00 00:00:00','73d6a20375550bec52b10e77f4f420b8','\n'),(1321,'iorga-laurentiu97a','iorga-laurentiu97a','rt.h.ielge.s+3a@gmail.com','702d4246b0a57b2644316e118996cd0d:123moKtqpAXYWtjU63RfHGzH29hGMqeH','Registered',1,0,18,'2011-08-02 07:10:44','0000-00-00 00:00:00','23e3e53be478906faa91169eca9afa63','\n'),(1322,'MoonMoon_60','MoonMoon_60','sklepjezdz@o2.pl','d073e6033594e04a0996fcd93a7f218b:kaoaB7bK6TyaeIlPoYDosqTbl9QMlWRS','Registered',1,0,18,'2011-08-02 16:36:51','0000-00-00 00:00:00','3dd8dd291d3afc9b37ee9a2b48d1c2dd','\n'),(1323,'beHarper','beHarper','dateDamaris@lustlonelygirls.com','a51702b8132c75492ee4029aae06f673:ho4Zv0DPPqCSkLIFOJSsXEiFPfomsKaM','Registered',1,0,18,'2011-08-03 18:10:11','0000-00-00 00:00:00','7f89adc9853119c030f9821fb075ba29','\n'),(1324,'Hejka23','Hejka23','wingirl.88@prokonto.pl','0e65cc5be11eb0968e429c7ea6d5250b:z7kXlr19695DNo8mcLQ3LLqPP1mCpaSR','Registered',1,0,18,'2011-08-04 18:58:41','0000-00-00 00:00:00','8af3e925c5a60038ea98c6a891e8c7c6','\n'),(1325,'beAmani','beAmani','dateKaylyn@lustlonelygirls.com','4436bac84a2c7cd52c078718bb5b1ed5:R8wm2wZTOQUXPXz7E4rass8nPD3Y8OaF','Registered',1,0,18,'2011-08-05 04:19:21','0000-00-00 00:00:00','2dab32270876c19f6a222abc5f8bc005','\n'),(1326,'straptraincenter','straptraincenter','ymc9w@aniub.com','8e3eab4176724c5bbfefc2d2cf9b485f:O7zZyLOThzHCTTpKn0ah2krcPHmnIpDc','Registered',1,0,18,'2011-08-05 07:40:37','0000-00-00 00:00:00','1f980a916f8698544c6f64f64549d116','\n'),(1327,'enuclinly','enuclinly','zoyaan4@gmail.com','91ce5cb5ddf86883a1549b66123eea1f:jK8tAmmwKUFxiiyQy7usSkus5ZoJD8p7','Registered',1,0,18,'2011-08-06 07:54:15','0000-00-00 00:00:00','b35fc8ca06d8f13aa927db24591fbfbc','\n'),(1328,'Raigannelay','Raigannelay','james.inaalcez@gmail.com','ad8c4bc268551b1028f45ecf52557cb2:Hn6qPwF6mFjfB1jOKTnbuxwNHuhc4i2r','Registered',0,0,18,'2011-08-06 14:59:29','0000-00-00 00:00:00','','\n'),(1329,'ElenorGute76','ElenorGute76','000@earpitchtraining.info','0dd6140c13b61ff801099f0a986dfa81:ab0bqnka5NSDxBDj2M6yFEv6STktFUX3','Registered',1,0,18,'2011-08-06 16:59:49','0000-00-00 00:00:00','bf501aeb5968b10ceff130379cb86fde','\n'),(1330,'FullDownLh','FullDownLh','erika.horgen@gmail.com','9d8f3137013e7bf9f8e1b8ad3022bf9d:VjY9ls4ohTcaCFe0RxIWA2ece2VyZcaG','Registered',1,0,18,'2011-08-06 18:03:45','0000-00-00 00:00:00','0c10de66a96ba4935304c2f9c35bbc06','\n'),(1331,'harriscfbd','harriscfbd','gerald_keller2@aol.com','fb85b522c99bad7ec7630a51d51c0f80:ywkCmVvkdGfuNAAshOKh6OrVpaGK6uFm','Registered',1,0,18,'2011-08-07 05:15:30','0000-00-00 00:00:00','d1034815b67dbf9958f7f2a4d528544f','\n'),(1332,'tokfloano','tokfloano','ohhjopek@elisione.pl','b2b72bbb01ad1e02729b9a8851af4ccf:Ju6qZYbhpzggqLlFCzu7VBZcToMXoXod','Registered',0,0,18,'2011-08-07 06:16:17','0000-00-00 00:00:00','','\n'),(1333,'stivenCatm','stivenCatm','stivenjsmith@aol.com','398f6b2b7cd616ba11eec5970cd9ed6a:HhUpywX8C8m96KObRQAS63kPlL23BUvW','Registered',0,0,18,'2011-08-08 09:57:41','0000-00-00 00:00:00','','\n'),(1334,'pqswitchm5','pqswitchm5','maudienmz@aol.com','98c2557cc2faf2b5046bd229ff077211:92BH422ml13wLZrnuFxkzAMe7Y0QY61M','Registered',0,0,18,'2011-08-08 14:57:01','0000-00-00 00:00:00','','\n'),(1335,'Lemiausenue','Lemiausenue','koszalinek@elisione.pl','dd16b112cfea42efde79feeb6f8c3664:UOL1tzGjOno5ei5HfDwO474yixuu4XHw','Registered',0,0,18,'2011-08-08 17:43:52','0000-00-00 00:00:00','','\n'),(1336,'beSydnee','beSydnee','dateKristin@lustlonelygirls.com','19dd35f77eacf67afa45f7c2c3752497:DQ7OSSMqyFKVmVWS81lelkVSTUTxky9G','Registered',1,0,18,'2011-08-08 20:41:19','0000-00-00 00:00:00','5f488fab7239f5d30367f5fbd7c0199d','\n'),(1337,'Kitusia49','Kitusia49','a_roza@niepodam.pl','2ad6f1d02ee2ccc4f7177fe1adb22c91:6nQFUtgn3LuRAptfxxLT1iwGMdpSneu6','Registered',0,0,18,'2011-08-09 17:52:59','0000-00-00 00:00:00','','\n'),(1338,'objetuect','objetuect','vmaksik14@rambler.ru','0717f7b538f46183f48feb284d1860f7:53nfDyyRA7IEbzeeQLWCTuFq2lzvaWY6','Registered',0,0,18,'2011-08-10 05:27:54','0000-00-00 00:00:00','','\n'),(1339,'Der_Farrow99','Der_Farrow99','gsklep0@tlen.pl','071ca5dc3c2c93fd88fe8286326d5f4b:TxouZwZ8zCFRcWqhr9Ax7MB4B9wpR1dF','Registered',1,0,18,'2011-08-10 11:04:28','0000-00-00 00:00:00','c49234482eaeecd077aaf949c0ea7e65','\n'),(1340,'ladybagsxk','ladybagsxk','web20@ladies-designer-handbags.com','e6884dde546cb30b377d4b75a6be5c47:lrNJGby22waEtpw27M1dWT5g70S5uksp','Registered',1,0,18,'2011-08-10 14:04:54','0000-00-00 00:00:00','c18696e1edaae0813bda2907ab69a672','\n'),(1341,'beJanae','beJanae','dateMaeve@lustlonelygirls.com','f18833e79a91e0b0ba28a59cb40b583a:QQ6DzNnzPDQw2VqjPzdJsX070osG2Tcq','Registered',1,0,18,'2011-08-10 17:36:00','0000-00-00 00:00:00','e8b176cee2255a2acb73a4d1ec35ffa7','\n'),(1342,'Furious_Fish57','Furious_Fish57','gsklep0@o2.pl','479ff9a1f7a1ae459042429ea866d585:nIMbjcYFpLG462fYCCuWkQwli5lB4Y9X','Registered',1,0,18,'2011-08-11 02:27:16','0000-00-00 00:00:00','857f480c59425385ea176d6b5ceeb147','\n'),(1343,'DTmustande','DTmustande','dtmustande@aol.com','9048b7461590c0140195eb48722320d4:inWVMqcZozd2glg6uwYpoAKv0QK7EBbQ','Registered',1,0,18,'2011-08-11 17:42:59','0000-00-00 00:00:00','d0d8f1e30aa2a9d1794d0a1b9b102430','\n'),(1344,'Lone_Rebel_Camel71','Lone_Rebel_Camel71','gsklep0@go2.pl','7bc2fe40ac5a31892099d2215db08b7f:CF1Lnid1xYqgmteyFvvw1dXBxfuOcbKF','Registered',1,0,18,'2011-08-12 13:07:04','0000-00-00 00:00:00','04c84b360fb7c26d1a56a089a8a7f8c1','\n'),(1345,'Yuliya_Jaroslawa\r\n96','Yuliya_Jaroslawa\r\n96','gzymsiarz@prokonto.pl','9456316c2eef5713dda64f6cd7a3c2c8:YsdBcmT2lrKg64MMthFpwoNbkSl2CMXG','Registered',0,0,18,'2011-08-12 17:21:27','0000-00-00 00:00:00','','\n'),(1346,'beElisa','beElisa','dateBelinda@lustlonelygirls.com','21265e05a592a979ed6d97c269fd9fcb:hdkxVpfbWwJ9r9EPugWa8OTocb5kjox3','Registered',1,0,18,'2011-08-12 17:42:29','0000-00-00 00:00:00','d0b735fdcbe930efd398de0faa1838b1','\n'),(1347,'Tywhene','Tywhene','lizethhirwhe@gmail.com','9603343b8e779bba4af928d529422951:UruUbBzyaeywu3cMWgulPC5YoOsOAHzb','Registered',1,0,18,'2011-08-13 03:46:54','0000-00-00 00:00:00','a6252ebd932a1db66c4d0267489c0bd2','\n'),(1348,'OlegKnick','OlegKnick','ole221gmoill@gmail.com','f9db35d9ae0accf6cc2cb9a73694a83c:uOv18qn2K9tE7iJ9fdeSK8yV39mYHrWz','Registered',1,0,18,'2011-08-13 08:31:20','0000-00-00 00:00:00','a20261b3778c2170617e31e353dd0c2c','\n'),(1349,'Supersonic_Hare93','Supersonic_Hare93','zakopczyk1@o2.pl','afa2e1d6be84261f7fece8a761c083a8:Jt4TU0TJuFgUNreHYob8pUnqdlUGTTgi','Registered',1,0,18,'2011-08-14 01:46:16','0000-00-00 00:00:00','b4fd1d072eee651879c1694e7faac878','\n'),(1350,'Litsutins','Litsutins','conactmanager@productget.com','20ba5dc3d227b7ca6d1ff819a8e83fc2:drKkZT5YRdF76un26YPYZinttmsFWVvd','Registered',1,0,18,'2011-08-16 03:36:43','0000-00-00 00:00:00','3369473d208c74dfcc2219fc4bb15750','\n'),(1351,'Fearlessbourne','Fearlessbourne','guddeanthovur@gmail.com','dfc9f5357359ea6b82902e626d66f773:LlB6OhI5D0K5ejVKUgkz6emZPEmciJhB','Registered',1,0,18,'2011-08-16 06:19:24','0000-00-00 00:00:00','32e317f80f7af3a2652e4cbcb15ab505','\n'),(1352,'mitestatt','mitestatt','vadcmgu7ti@gmail.com','1bb2ff98d648316b4feda6f4512bbe13:1ahljQk9dAUIYWUtgoRTTaHuJbXWzS6d','Registered',1,0,18,'2011-08-17 09:39:28','0000-00-00 00:00:00','ac618c272e35ed9e3d3f4128c1166661','\n'),(1353,'Hervet','Filiz','Filiz.hervet@gmail.com','ff5101949b1474f4cba2fbde194b2487:sYhMGoVkrORc8OpOguBBdsmNglls85BN','Registered',1,0,18,'2011-08-17 19:27:51','0000-00-00 00:00:00','e5d6fc934dabfbb2c8c23e300b286fe0','\n'),(1354,'pompalamas','pompalamas','sakir@otokiralamak.info','c0cf05d3fca9eff204c3d1b36621ee9d:Gber7kbTvYFkLGJXH1At8RjJKVtCwTNi','Registered',1,0,18,'2011-08-18 04:16:29','0000-00-00 00:00:00','b2ddc8880e2bf88d3b2947eb7fd2f2c1','\n'),(1355,'morgankhprice','morgankhprice','thelmag83soper@ovi.com','560502aab4c8d16acf7d260674aa77ee:PlsmfIH7T4ykoIHKGj16ndVFC6qecjMP','Registered',0,0,18,'2011-08-18 11:12:45','0000-00-00 00:00:00','','\n'),(1356,'nerbaxioxia','nerbaxioxia','Symnhoini@easyjimmy.cz.cc','a631216316291e3ac09f860ba19a154b:pD56zXCJTRycpyyuvIyBoC69KnWmM6SK','Registered',1,0,18,'2011-08-18 12:01:34','0000-00-00 00:00:00','f0e456541f329d9c28c9863de091327e','\n'),(1357,'lkxmqxgmil','lkxmqxgmil','organismnmq@gmail.com','e918cd0e717b9f81f47fbae35f2f6e99:c8XSdtEMDJH4FA7JJM5g33oH5YZ3iNgA','Registered',1,0,18,'2011-08-19 01:59:59','0000-00-00 00:00:00','a200fde4d2323acf409943677f769d93','\n'),(1358,'Lukeskywalker','Lukeskywalker','armisteadfziq@gmail.com','c7e9c5ee2b8152e3b99ec1a8a741f3f8:doQazlEwHt01YRNOu0H7aSv8avSt6XvF','Registered',0,0,18,'2011-08-19 11:56:36','0000-00-00 00:00:00','','\n'),(1359,'Avedesommaser','Avedesommaser','alaze.ll.a@gmail.com','8d4183a9455b3685a98d5de614878078:quDKZ6hGxAb62IIL0GArj3G0HATkcmdl','Registered',1,0,18,'2011-08-21 04:49:27','0000-00-00 00:00:00','2abda6f3cd4c3edbbd3ab4551525f45c','\n'),(1360,'Attalvalvuddy','Attalvalvuddy','sanny.karlito@aol.com','9a07849998eda265365882302ae2c2a9:2xufdsoN4b2XfpQ1v7eqkmw4n47MxshH','Registered',1,0,18,'2011-08-22 12:53:56','0000-00-00 00:00:00','2edf2e50d98f7b3a09b14e27372b9876','\n'),(1361,'bcdrssgqdstgiqaixs','bcdrssgqdstgiqaixs','derkmooeba@xyukmooesw.com','bd69918c551a23c8139c0abea0670666:UnFkWdEr3MyRlqKLFmwc1Ex8BTuIGwPR','Registered',1,0,18,'2011-08-23 17:36:13','0000-00-00 00:00:00','c22b1db92369ea284e0a80913c1c7664','\n'),(1362,'ankkmooeib','ankkmooeib','vfykmooekw@hogkmooeka.edu','9b188306ce398122dd99cee6ba368860:0GYOhYCNpqIxzDpy7qwJwAs4WZjt46KZ','Registered',1,0,18,'2011-08-23 17:44:52','0000-00-00 00:00:00','dd2e03def96619ecf4c10dbb57046a2e','\n'),(1363,'tmukmooeqe','tmukmooeqe','drvkmooegu@ygokmooesd.net','4525b5b6b2048089c2b6ea5322217a43:3N3RVxoT8Xh3GlxsabIIb5TTBfnx6eSM','Registered',1,0,18,'2011-08-23 22:57:36','0000-00-00 00:00:00','2fdfc7a212b15c7e216c58713dd5e49d','\n'),(1364,'smxpnnteimxzhdquut','smxpnnteimxzhdquut','urykmooeaq@djgkmooefz.com','c035106563bab8b551e6fc9815609f28:gOSl1H46Wn0IjU6ZbGBybZzHocpRD6Zv','Registered',1,0,18,'2011-08-23 23:01:08','0000-00-00 00:00:00','e93e48ac79d6fad5dc0be9f77f6a8c29','\n'),(1365,'Tubyinsinia','Tubyinsinia','zomziife@gmail.com','ce9364d727cd541fe4a4b844048b29c2:k9bkYzviXA2qQD7hV30uXtFw3hQemEy0','Registered',1,0,18,'2011-08-24 12:03:32','0000-00-00 00:00:00','71275c0a33de363103b789b32fa7ef50','\n'),(1366,'LaneWalla','LaneWalla','antonellawilliam@aol.com','d588d17e2a8cbd33f0174ddb34dd1fcb:fTLqxlB8R3grpuwvWqYPuCsKyMyIk1E8','Registered',1,0,18,'2011-08-25 02:00:21','0000-00-00 00:00:00','f57598bc97ff9bd2c9ac6116ff069bfb','\n'),(1367,'symnsquaway','symnsquaway','jeynes.szakte.s@gmail.com','5e0dae25add579d36042af390f3feaa9:37C4xLwjPVHqw7hQwgRY9K38FzWNhO5b','Registered',1,0,18,'2011-08-27 12:50:59','0000-00-00 00:00:00','3ac4baed96c6272e2f7f095dbfaa6300','\n'),(1368,'Ptameres','Ptameres','ptameres@mpese.com','0adf69b5482f26afa96829fd12b4174b:SFmXDaVtM434lFpEF08q5tX9QELWD58A','Registered',0,0,18,'2011-08-28 06:03:54','0000-00-00 00:00:00','','\n'),(1369,'PhisaDiaf','PhisaDiaf','parampapam@gmx.com','dee7fd12a50ab026245059cbb355af4e:RAmp5Kb99AT3efvqhyG54aSmBiAF62Oi','Registered',0,0,18,'2011-08-29 04:14:07','2011-09-30 23:37:43','','\n'),(1370,'nusideten','nusideten','doksda@go2.pl','b147f2f5d583cd06602d40e8a29794ba:fdH69EJpXsaNCLuOfyfHB85xTXZK1fhq','Registered',0,0,18,'2011-08-29 07:39:41','0000-00-00 00:00:00','','\n'),(1371,'sconiccassY','sconiccassY','werygekin@aol.com','17c26b9821f04fceb302e089aa2adfc2:VKvwB9Lr4POvJZD9Rmz97GtG1bIMp2k6','Registered',1,0,18,'2011-08-30 22:39:18','0000-00-00 00:00:00','2864cb784dd7957c249f17d585550323','\n'),(1372,'abutrasia','abutrasia','zeldaand.ri.ve.v@gmail.com','522eb90135260bd55b2fbd02963ec25f:dtSECpTjibVqu7RGe6V4iWMsD4U5NB4K','Registered',0,0,18,'2011-08-31 06:36:15','0000-00-00 00:00:00','','\n'),(1373,'Letha Rahoche\r\n','Letha Rahoche\r\n','taraboia@aol.com','f154419c4f2d46745de655ba1b30e738:NpOfZo5sCA5OOxZdnBsMW07accAywwxO','Registered',1,0,18,'2011-09-01 12:19:46','0000-00-00 00:00:00','c1099874cc20c8ffdeb0df1b2ae45509','\n'),(1374,'piedrania','piedrania','dgfbty7.jui11@gmail.com','14d8f179a6a7a2af87a178f5181e27a9:GFkGerH4UjAPI38DtWIFizShJxz57UTo','Registered',1,0,18,'2011-09-01 16:43:25','0000-00-00 00:00:00','7145c75a68606c4e1614e7794e2ca419','\n'),(1375,'ngoaiko','ngoaiko','high229898@tom.com','2f8c01be091cf3ee6fa16e1e70a99a46:uOEmlHJ83GSh0fVFHeW5if59xnBxFvxf','Registered',0,0,18,'2011-09-03 09:02:40','0000-00-00 00:00:00','','\n'),(1376,'Adereszf71','Adereszf71','eraserschwartz@yahoo.co.uk','d4e22b99172059145b674e3585aeb130:RpCGoxfwPU3ruyXVsGqRf6cr6l3Gk2nR','Registered',1,0,18,'2011-09-06 07:56:10','0000-00-00 00:00:00','af7f91a64a52221f2c68e3ae6884ce23','\n'),(1377,'Aylin de Tapia','AylindeTapia','aylin.detapia@gmail.com','9eea94410056911417bc18e7bd7a64be:V1bpL02fJpQjX9a5lDOb9nF1Ygbexogf','Manager',0,0,23,'2011-09-07 09:36:42','2011-09-24 10:06:25','','admin_language=fr-FR\nlanguage=fr-FR\neditor=\nhelpsite=\ntimezone=0\n\n'),(1378,'tkxkmooemu','tkxkmooemu','pfnkmooenk@reskmooefm.edu','a9a8ff63bf0d98b6ed422f152d356761:ypiRGAiznlf5pYsVDLxgSv2i7qTK9ec7','Registered',1,0,18,'2011-09-07 11:52:21','0000-00-00 00:00:00','a21314fcdf82a181833225b7c9187fd0','\n'),(1379,'WromiJoilia','WromiJoilia','hyuj9.mjj4@gmail.com','4681b3a796d310ffcb1779b296f74b85:0QmFM5QCDLHnFW19gI81G148ipj9zZlz','Registered',1,0,18,'2011-09-07 17:19:44','0000-00-00 00:00:00','0a7bb46137718424608375274a8fa040','\n'),(1380,'BukmaMore','BukmaMore','zakladybukmacherskie87@o2.pl','3c4d62ab095e307e13ad3e654ee67daa:uuZvrdWiizGBsdl29F9vHQJwUA39trEY','Registered',1,0,18,'2011-09-07 17:29:47','0000-00-00 00:00:00','a8909eb77c039b38ec5c644d4f9a2289','\n'),(1381,'Nomasto','Nomasto','mercazzy@aol.com','8b4ab2c8d3faae6eb37c2cf990ba90c7:AnvjjBupBLJko5uszdVadICKj33od98G','Registered',1,0,18,'2011-09-08 07:08:55','0000-00-00 00:00:00','d2e70aa3c19ec5b978b99211c6561c12','\n'),(1382,'ntvkmooegb','ntvkmooegb','gakkmooead@ayukmooeny.com','3f0a0091d6c73f29f5c4ddfd7074d42b:Qyxy7Jil6Bdz3I7yjdL4Fbq4yYv4HF4g','Registered',1,0,18,'2011-09-08 10:41:52','0000-00-00 00:00:00','a43a6198d0e10f01b17de9ee8568feb2','\n'),(1383,'infested_majkel','infested_majkel','oknaokna77@o2.pl','146a56539557b4de98a2cf233bf90d4f:vlgFzDgPH617xjeaJjbVip7vjWupSEFP','Registered',1,0,18,'2011-09-08 16:52:29','0000-00-00 00:00:00','60526b47ddbc1222e55ef7f61a2894c3','\n'),(1384,'Maddie','Maddie','dzieciece77@o2.pl','14c9113c86565c7e11f8661295ec7eab:Oc7OVxo2EBGvmnnp4QE8n8vYFS01ZiAc','Registered',1,0,18,'2011-09-09 00:36:41','0000-00-00 00:00:00','8f49810d5148afd5308ad5c9fe49b46a','\n'),(1385,'Florentino','Florentino','macieyosss@wp.pl','0c651c13a109ef8e453e918f8c09efc1:vvnkPtpwED9DzTAuwpQDXfn0DkmIG3yv','Registered',1,0,18,'2011-09-09 09:37:46','0000-00-00 00:00:00','b3a55b3258000893024025757ce52afd','\n'),(1386,'Antoine','Antoine','kasia.per@o2.pl','9e522256bbe6acd1112d6110b237484f:zraek646IDhJXe86Xd4X3Xd8fQV9vdVf','Registered',1,0,18,'2011-09-10 02:44:25','0000-00-00 00:00:00','c16848f5b99c4eba3ff6069e51755e69','\n'),(1387,'vuddemesainna','vuddemesainna','addservice9@gmail.com','4a92d7b58519e8207519511b89fdec5b:j6CoZBbOS0Wdxj6qbtYa9tCXlm5yo5M5','Registered',1,0,18,'2011-09-10 03:44:58','0000-00-00 00:00:00','f892c1acdbfc1871eeb4c556dfd2be32','\n'),(1388,'Agnieszka','Agnieszka','karolinaper0@o2.pl','98e68d87ac714300a98ae1341c738825:i31vX8TINT2zkVE0Mgekmjkrj8FVJ28k','Registered',1,0,18,'2011-09-10 10:50:30','0000-00-00 00:00:00','5a3ff65af60a05c19cd5fbca29ab22d9','\n'),(1389,'uhjkmooewk','uhjkmooewk','xmrkmooeha@iblkmooeqf.com','7ca7ae2bac4c87d16af494e2ea0ff7b8:NJHTKbA0gX2THrxj92wy93YNdmzf98Zo','Registered',1,0,18,'2011-09-10 18:14:28','0000-00-00 00:00:00','a7b410817b10c338728dc5dafb84c0c0','\n'),(1390,'Wojtomix','Wojtomix','etykiety77@o2.pl','a69bc15874556e5121c4780f1b3fc968:7V6SSSdjHAZq8Sx73AdJS3xCWKQwfB8k','Registered',1,0,18,'2011-09-10 19:27:20','0000-00-00 00:00:00','90b17ea8a16cc30ae69f8ac07c93519b','\n'),(1391,'Ellsworth','Ellsworth','karolina.zap@o2.pl','f46d682be9cac1137481a875955c247e:zaFpA5z13F5nSZmBjDHDwrv93FSzhJwL','Registered',1,0,18,'2011-09-11 00:58:37','0000-00-00 00:00:00','0cdbeff54be379dddb2c78de89fa3a58','\n'),(1392,'NICK_MICK','NICK_MICK','jedynysklep@o2.pl','47aca9f7323a052662edbfa37784ed83:2tmqFyGaW8OZe0XAMtR58PYJwkDDc3Jy','Registered',1,0,18,'2011-09-11 04:04:46','0000-00-00 00:00:00','9ac53df8a6c279375293fe895b3058d3','\n'),(1393,'Claire','Claire','biernus76@interia.pl','86811cbb58448798c36dc8557cdde2d2:KNYoNZRxs1uOWjqwDiWCLItlgMdyqbSJ','Registered',1,0,18,'2011-09-11 22:51:45','0000-00-00 00:00:00','599173f1735802d042dde05976bc6b19','\n'),(1394,'ommkmooedq','ommkmooedq','quikmooedt@ciikmooegs.org','a9ff0c52cd22ff4fc01507061c574425:vBDdn4CrzzbNu5980zJBXEu5r2QucWsK','Registered',1,0,18,'2011-09-11 23:27:00','0000-00-00 00:00:00','6b74e06d721c4b6f65607deb80e48202','\n'),(1395,'doolvinvaxarojc8','doolvinvaxarojc8','rosenberrvzuyyleanna@hotmail.com','25a38943aa7d2df97aad7b0de289a63f:Lw9EWUgftoArK2UiCAigwt8cHQqNUVXf','Registered',0,0,18,'2011-09-12 02:38:23','0000-00-00 00:00:00','','\n'),(1396,'Gilles Authier','gillesauthier','gilles.authier@gmail.com','50dcb5c0f930de98034ea23a4d140390:T7MgJlDnx3RwtM0a6gnk7tUHXyfHx9Av','Manager',0,0,23,'2011-09-12 09:18:35','0000-00-00 00:00:00','','admin_language=fr-FR\nlanguage=fr-FR\neditor=\nhelpsite=\ntimezone=2\n\n'),(1397,'KalekaGazelka','KalekaGazelka','piorawieczne@o2.pl','bf68c79e5499b41ebaa8760203aca909:vzPH8kdnxrMMF1Sx5GCjG5iwt1lgJQGu','Registered',1,0,18,'2011-09-12 09:42:51','0000-00-00 00:00:00','9bca553d9d1aa27ca7808678709c985b','\n'),(1398,'KwasnyJonny','KwasnyJonny','prestigo77@o2.pl','83fcf32a7137e166f760c665306f7072:p4WYt80WyDegnX8Ccuy3tSCB76tOiL2w','Registered',1,0,18,'2011-09-12 18:20:54','0000-00-00 00:00:00','d1bbbabb4402b7097ff95d5e2befaf3b','\n'),(1399,'Ukd10jbuysellseow','Ukd10jbuysellseow','buysellseo@aol.com','8ae28fdc3214052f3aaa6de9e44efdcb:YY5mfi2pmZEE2WSFaKoecdgzNrTJ5L2h','Registered',0,0,18,'2011-09-12 21:21:50','0000-00-00 00:00:00','','\n'),(1400,'vjckmooeoa','vjckmooeoa','mjzkmooetw@vjkkmooeyi.org','4d0c0a98202b85c59c75e62eb88e3a37:P7lGMLE1M2dLxEJqadiokoZVNmRYccyv','Registered',1,0,18,'2011-09-12 21:54:56','0000-00-00 00:00:00','338e5d54536af7fe21fb35007dc56f0c','\n'),(1401,'JamesMorrisoh','JamesMorrisoh','bp4com@o2.pl','16b6b6be92065412e0ec22df99e6c4e6:uFo8FJIVCTA9q6aLoHZbZdVG5GcxKXNl','Registered',1,0,18,'2011-09-13 03:01:50','0000-00-00 00:00:00','bc9d754a6b491b6c5578145e708c4688','\n'),(1402,'Zeltacept','Zeltacept','sdlfkjsdflsdf@gmail.com','7cfc9da028606a56897611da8efc6b5b:71lVA78CmSqmz1aoPRIaJEGony0fJdga','Registered',1,0,18,'2011-09-13 23:11:17','0000-00-00 00:00:00','84299f8cc87f24759d85d520eeca124f','\n'),(1403,'GURSEL','Derya','deryaparis@yahoo.fr','823b46195fce8aa13e53d53ee8c20729:Fi9DuFSG3xqIuj4NYwyzduKEwHDeOSdJ','Registered',0,0,18,'2011-09-14 06:49:05','2011-09-14 06:57:42','','\n'),(1404,'cheapsnowbootsonsale','cheapsnowbootsonsale','cmk5v@trxsuspension.us','5340580e48efa23ef01498eebe6deb20:ACmw1s8XR4Bdu3TKdlikeoaYf9Rye1Cy','Registered',1,0,18,'2011-09-15 00:06:45','0000-00-00 00:00:00','c1b7d5373dc127141fb013359bd3f571','\n'),(1405,'SmokingCamels','SmokingCamels','kwindsurferdude@aol.com','376606f79ee819bbb04f70129ca98ab9:CLRCRytAv2GPyf4E3gqBHHIsNOomGMM0','Registered',0,0,18,'2011-09-15 03:38:34','0000-00-00 00:00:00','','\n'),(1406,'doolvinvaxaroph2','doolvinvaxaroph2','xbbhcirdsallbrittany@hotmail.com','39315a619eabdc1d6d6d663ef3d94bf3:GWPgcc5jQBEulp2xMK4KE1ICJq2en1t4','Registered',0,0,18,'2011-09-15 09:08:09','0000-00-00 00:00:00','','\n'),(1407,'dewnerxu','dewnerxu','ffamilyguy58@blogsphot.com','d075569006ac165067d99266c5fe3b40:5lmA3KVkLXKYErQzGHSBYLeK7qqNNhnB','Registered',0,0,18,'2011-09-16 17:32:14','2011-09-30 02:50:16','','\n'),(1408,'psvkmooewy','psvkmooewy','xgjkmooerw@qchkmooeth.com','c39168673d9a155948288a75c48c4923:iEO6PC3TCrb4R1lR7BTsRCV367b61rC5','Registered',1,0,18,'2011-09-16 21:15:00','0000-00-00 00:00:00','56ee801201711afad0f2b856f95387f2','\n'),(1409,'PICHOT','pichotv','valerie.pichot@cea.com.eg','15c73e8a9432d2be6dc637c6b5322025:KKqzNBBjhZIfGQJc3srUjcVhxn7bz06G','Registered',0,0,18,'2011-09-17 23:23:30','0000-00-00 00:00:00','','\n'),(1410,'Apothekede','Apothekede','vivicadeavbol@gmail.com','f59a4e99fda8b3c02dd27ad0f6dae5ac:aFEQsjQMxVj4Y0Wwl9RUfErsYU9UuSvg','Registered',1,0,18,'2011-09-18 15:10:07','0000-00-00 00:00:00','0dfd53640fd0283a4e54a9e58f11f369','\n'),(1411,'Gosrit','Gosrit','markdumontais@aol.com','8dee317ee9d7d45a1789c6062d49e923:D4N6BhWIUkgOrrSqrC1FZDZ2CfEkO6Qr','Registered',1,0,18,'2011-09-18 19:56:15','0000-00-00 00:00:00','de72b4d1cd085a744991e56687d1ee8a','\n'),(1412,'Perenpie','Perenpie','xremco@xs4all.nl','dae25d9d31953214f1e2d3844bb80ea5:Gjx0T4w0NclCIwd1IEIm0ch54mUgnGd8','Registered',1,0,18,'2011-09-19 09:10:03','0000-00-00 00:00:00','e5140101c48aef82e8cbc8f234010735','\n'),(1413,'trxtrainerreview','trxtrainerreview','azj2n@w3fun.com','8f3f60016c0b8b890d83853d1fe2f934:S8xcgvx0FOZpQV3nH6CyqZFUJicrPcVN','Registered',0,0,18,'2011-09-20 07:18:43','0000-00-00 00:00:00','','\n'),(1414,'9tims','9tims','tim@internetallure.com','b7dca00571151872fc9bd7553b5d63af:GayuMVwBS39kNLeZDb7mQ3X1wjUXMvgN','Registered',0,0,18,'2011-09-20 12:46:22','0000-00-00 00:00:00','','\n'),(1415,'cokaroday','cokaroday','ilklekrlskder@mail.ru','fec0d6ae50a0fa25328c23c66db69f88:CIKnMTLjoLQ5bUc9ECi22aw4mXpTZCue','Registered',1,0,18,'2011-09-20 20:45:59','0000-00-00 00:00:00','e6e93eb40146d6e1e6bbe5776d6ec3be','\n'),(1416,'tutorme','tutorme','tutortutoring@aol.com','6e7c5976e99b28a877957f502a98adf4:U8Jp7eiBia9SkLJYcdtLw1BxjtKuUiaB','Registered',1,0,18,'2011-09-21 06:57:37','0000-00-00 00:00:00','b9753715de07df37e02e9384dec848fd','\n'),(1417,'drckmooeri','drckmooeri','hofkmooewq@rqjkmooeji.com','73a8b4ebcf739b46312fc8eeb6a99f50:8nz5AtszZBjWMUlzhJnqKQAPB8PULqLZ','Registered',1,0,18,'2011-09-21 07:13:39','0000-00-00 00:00:00','4256c16745da252ed5c5c000cf321da4','\n'),(1418,'LE CHENE','Elen','elen_lechene@hotmail.fr','b95a99ae86ca4737582f79195395fd49:LoVNJT3dAnyfhtstmEMV7iCKhq88Uvax','Registered',0,0,18,'2011-09-21 12:07:59','0000-00-00 00:00:00','','\n'),(1419,'Gosfqs','Gosfqs','pizzamansam@mail.com','396b3e869500cefa57fedc8aa54e1323:pAxfkFcrM3IIdRRPUxX2hFgwsaqtVfIL','Registered',0,0,18,'2011-09-21 12:44:52','0000-00-00 00:00:00','','\n'),(1420,'axorceMerz','axorceMerz','anys.say@aol.com','40b46ddbebc93f4eabd8fb1e41c53d55:MQggkMeKvyVNrnF2DsTEHVCff0wpjRvt','Registered',1,0,18,'2011-09-21 14:18:14','0000-00-00 00:00:00','ad153e1448b97888d73f11c5a324d808','\n'),(1421,'PahEmaillw','PahEmaillw','pergonomia@aol.com','49a7348ee597c0844bfe592955dda9ab:1waDgDjJpWkr9dLNluvQyfInuCTEW8s6','Registered',1,0,18,'2011-09-22 00:13:44','0000-00-00 00:00:00','83a3b86115b185125823c8961955e8f2','\n'),(1422,'Prorwrinire','Prorwrinire','a..l.t.e..rdenice252@gmail.com','4bb73b25f5867d0a418159859377e5dd:yYD8DcunhzXbvcRf6q8TC0vdA1WF2nhc','Registered',0,0,18,'2011-09-22 14:35:41','0000-00-00 00:00:00','','\n'),(1423,'PeamtumeFuhd','PeamtumeFuhd','byservion@aol.com','963464632efd9df986165befbd8159b5:0MRdFRNROlrsrh9dFrXTrgRl4Xiz8y1h','Registered',1,0,18,'2011-09-23 12:03:24','0000-00-00 00:00:00','bc6881b6d2c13e2cf9e50427f1b2da08','\n'),(1424,'tamer','tamers','tsaritepe@gmail.com','9501f666597954508d28be47e0ef7cf3:1mlK3QANUZ9HoT5nNFEIPFXWUpZU9QV7','Registered',1,0,18,'2011-09-23 15:27:41','0000-00-00 00:00:00','93c4617332af40412e4c75b11e418ba1','\n'),(1425,'Marlcn','Marlcn','martinachevkosky@mail.com','a32811f2fa4170b18f313df56ac68bee:RVnCidp4n8pJrq8O14B2iO3uJKWz52g8','Registered',0,0,18,'2011-09-23 17:43:56','0000-00-00 00:00:00','','\n'),(1426,'suha','karataş','suhakaratas@hotmail.com','f8780dd0f9d4efd4e5ca541977993341:Rvn6AQbjLpGDsMn90n0SI9d1sR6p1Qxl','Registered',1,0,18,'2011-09-23 20:44:50','0000-00-00 00:00:00','728440cf5e688bb4dcc2822ebbb7540b','\n'),(1427,'Ginuax','Ginuax','ginamaxwellphotographer@mail.com','855e84a8dcbfcfeb42a118e96a37a9d6:VfVGLudWkuXrrKExxHUFPn8nh321bOgp','Registered',0,0,18,'2011-09-24 00:34:19','0000-00-00 00:00:00','','\n'),(1428,'trxsuspensiontrainers','trxsuspensiontrainers','ngo0j@w3fun.com','21f6b79e1643762874342262e62fe131:rspnGtXlrAUmNCohEfh8qzPRjxSu47Wv','Registered',0,0,18,'2011-09-24 15:28:06','0000-00-00 00:00:00','','\n'),(1429,'Hartbz','Hartbz','windsurfinggall@mail.com','12cd7aaa55a78584ef696fc0c2a1b440:oXrxOBCoDh21xI59wPe0kNQgwbtBQNem','Registered',0,0,18,'2011-09-24 20:01:53','0000-00-00 00:00:00','','\n'),(1430,'kicspushike','kicspushike','root@softdesk.net','6ce445b0213f57bc2bef299c97b59fb3:rkc7qRsSgmBaefw8TUnDBA2rAHhv8XxT','Registered',0,0,18,'2011-09-25 19:24:17','0000-00-00 00:00:00','','\n'),(1431,'Gosnvk','Gosnvk','mariacolichiatto@mail.com','cc22d081b25f064d02483acf69280684:BOkdEWt4sK5v4ezmgFA1SkW5Loq4e272','Registered',0,0,18,'2011-09-25 20:06:52','0000-00-00 00:00:00','','\n'),(1432,'BreapartopalS','BreapartopalS','abarkley7+cypeDaurepe@gmail.com','9e9f66ee72013ff7145620e88ce30282:qIEL5Eyn6szra0ihoMqDHqHgxagVz1Kr','Registered',1,0,18,'2011-09-25 22:32:40','0000-00-00 00:00:00','8f3d758012718212c3020b7605749ab6','\n'),(1433,'Svetapruncanyday','Svetapruncanyday','levic.ountqbop@gmail.com','a6fc5d6c4bfa74c1b73f5d77b1d59436:ZkATjPfBqElTVizdHtvTdHRUESxNVP33','Registered',1,0,18,'2011-09-26 02:09:06','0000-00-00 00:00:00','cbbc5d2ff19e74e0bc7a7f458458a843','\n'),(1434,'Marfib','Marfib','martinadavis@mail.com','c7a853820d925fb67b6691c7d7af7c0f:KMAANkJ4MbTlHXzSiab1zFvYlYVHqdyS','Registered',0,0,18,'2011-09-26 04:44:33','0000-00-00 00:00:00','','\n'),(1435,'babagomer','babagomer','baba@otokiralamak.info','fcfe09bc5996b562648488eec374c08a:thFV7kVKe8Q1Fn8exGB0I3Tqjvp7Rixt','Registered',1,0,18,'2011-09-26 09:52:07','0000-00-00 00:00:00','a1e241a4a5ac50df62cac22a35709a96','\n'),(1436,'Jeryvy','Jeryvy','jeraldinacomme@mail.com','fa79dcd14544f3006e7717a3e493b465:r6nuXogu7rj3VYkI7986YnaN4Qn4S8Iv','Registered',0,0,18,'2011-09-26 12:45:17','0000-00-00 00:00:00','','\n'),(1437,'Milubrendibre','Milubrendibre','bni7rb@hotmail.com','3da601dbcffebb7dab20a32293ffa47a:zvxKD8waeOXsKbGlNARyyXagl7XRncSS','Registered',1,0,18,'2011-09-26 12:49:22','0000-00-00 00:00:00','bb3f420a845d5703f5242af487c1fbd7','\n'),(1438,'spoogsAttaigo','spoogsAttaigo','j.ohann4oovacek@gmail.com','2858779d0fb116a9441b79214a232b68:10adEw89QWgXKR83kftiq8DgztGR3e6k','Registered',1,0,18,'2011-09-26 21:36:29','0000-00-00 00:00:00','b211fb1a9e044515abecab566ed44427','\n'),(1439,'suspensiontraincenter','suspensiontraincenter','roq9l@w3fun.com','6be7f2a354aa3195331e1967bd21ee98:I4d79HVdbeQ5njoBEbhFaJT4Ug5NLyna','Registered',1,0,18,'2011-09-27 01:51:08','0000-00-00 00:00:00','82a9db37d2224f77c50cad36ea569807','\n'),(1440,'pruckit','pruckit','arireenug@livejournali.com','da8f43f5369b3d2f1e590ed0111beabf:Cj2YPkkBV3WPFxNsca5h44hroTs9ZcBA','Registered',1,0,18,'2011-09-27 18:33:20','0000-00-00 00:00:00','abe81fab97e9259e73985103c386eb45','\n'),(1441,'Catanu','Catanu','catsbestfriend@mail.com','1577ebd19df9d05a98386556b5243ec0:AGaoJ2CPXwL2suBsw3yLGugIzL7wE4R1','Registered',0,0,18,'2011-09-28 03:32:20','0000-00-00 00:00:00','','\n'),(1442,'replicaw37088','replicaw37088','Laude@basgoo.com','be2f10bf4753fbe7b256d5fed678176e:4RH9wcOeVZnw5IG5rtM4L1rFK4NPdwl4','Registered',0,0,18,'2011-09-28 16:46:34','0000-00-00 00:00:00','','\n'),(1443,'izydorczyk','izydorczyk','izyf@hotmail.com','343cd9f6a8895f3f1a79958239fcb98d:n4tBi1PZZOPIqR7EZmWLWWk54GMQZVrN','Registered',0,0,18,'2011-09-29 17:55:51','2011-09-29 18:03:02','','\n'),(1444,'filiz atay','rabia','atayfiliz@gmail.com','2a27158c7144a190d77b443ade1d5d76:a7ruKNEzv0E1m02zncFczH2Ii2pflQCY','Registered',0,0,18,'2011-09-29 19:48:24','2011-09-29 19:50:29','','\n'),(1445,'fabio salomoni','suleyman','fabiosalomoni@libero.it','89ad47e2f9d66be544fe624ce70bf5a8:B9Y26L2mGzTcvbcpgRCwtKkeEalBSE4Z','Registered',1,0,18,'2011-09-29 19:56:32','0000-00-00 00:00:00','cd439d098f462659acd99f1555cf27cf','\n'),(1446,'Osmont','Osmont','marie_osmont@hotmail.com','2a4e8f053751c56a910404a7cc2f4c08:nl1fwJ10CBw9uOI83g6l0Atc1B4TwC2A','Registered',0,0,18,'2011-09-30 15:36:04','2011-09-30 15:37:04','','\n'),(1447,'Amimbancemn','Amimbancemn','j.d.f.hdh@gmail.com','5afdf8355b83c13a836079ae47947e25:f2eVuiQG1HjlFJs8nRgT4gSD4Mj8rnPA','Registered',1,0,18,'2011-09-30 19:04:36','0000-00-00 00:00:00','7f12bec22f0da2da2d8296d028a74e16','\n'),(1448,'lelmMultprept','lelmMultprept','KewGroowLof@mailyes.co.cc','cd4216a60d38443a04d7a28f28e0dd70:Z4S5OhikiYvE0f7O4LH0lHRA8J08pkCI','Registered',1,0,18,'2011-09-30 20:41:15','0000-00-00 00:00:00','63d8e2cd3f9d2b57fd26094b17e3eead','\n'),(1449,'unipmeronremi','unipmeronremi','vicontreda@np.by','9f0ff4cae8a180937202295c637eaaa6:bAvoPOHeZbsqgz9JzyTnvfaWp6hUPMDM','Registered',1,0,18,'2011-10-01 05:32:22','0000-00-00 00:00:00','3f3a408d50fa430b6d3075dc91694083','\n'),(1450,'Su Erol','sueroll','sueroll@gmail.com','b4e48408bb8e5d21b47925c8caaf53fc:eDjxL3NQwtHniqJJNEDsray4Cg8IznCm','Registered',0,0,18,'2011-10-01 08:54:34','2011-10-01 08:56:52','','\n'),(1451,'8backlinksm','8backlinksm','backlinks@internetallure.com','1d223ddd3dc2115aedc3633d8c1929e6:adUutVUUqACc8WXBYmEBsMbEL3WnuPAA','Registered',0,0,18,'2011-10-01 09:12:32','0000-00-00 00:00:00','','\n');

--
-- Table structure for table `jos_weblinks`
--

CREATE TABLE `jos_weblinks` (
  `id` int(11) unsigned NOT NULL auto_increment,
  `catid` int(11) NOT NULL default '0',
  `sid` int(11) NOT NULL default '0',
  `title` varchar(250) NOT NULL default '',
  `alias` varchar(255) NOT NULL default '',
  `url` varchar(250) NOT NULL default '',
  `description` text NOT NULL,
  `date` datetime NOT NULL default '0000-00-00 00:00:00',
  `hits` int(11) NOT NULL default '0',
  `published` tinyint(1) NOT NULL default '0',
  `checked_out` int(11) NOT NULL default '0',
  `checked_out_time` datetime NOT NULL default '0000-00-00 00:00:00',
  `ordering` int(11) NOT NULL default '0',
  `archived` tinyint(1) NOT NULL default '0',
  `approved` tinyint(1) NOT NULL default '1',
  `params` text NOT NULL,
  PRIMARY KEY  (`id`),
  KEY `catid` (`catid`,`published`,`archived`)
) ENGINE=MyISAM AUTO_INCREMENT=53 DEFAULT CHARSET=utf8;

--
-- Dumping data for table `jos_weblinks`
--

INSERT INTO `jos_weblinks` VALUES (1,94,0,'Ministère Français des Affaires étrangères','ministere-francais-des-affaires-etrangeres','http://www.diplomatie.gouv.fr/','','2010-04-18 15:28:24',119,1,0,'0000-00-00 00:00:00',1,0,1,'target=1\n\n'),(2,94,0,'Ambassade de France en Turquie','ambassade-de-france-en-turquie','http://www.ambafrance-tr.org/','','2010-04-18 15:28:45',176,1,0,'0000-00-00 00:00:00',2,0,1,'target=1\n\n'),(3,94,0,'Consulat Général de France à Istanbul','consulat-general-de-france-a-istanbul','http://www.consulfrance-istanbul.org/','','2010-04-18 15:29:20',129,1,0,'0000-00-00 00:00:00',3,0,1,'target=1\n\n'),(4,94,0,'Ministère Turc des Affaires étrangères','ministere-turc-des-affaires-etrangeres','http://www.mfa.gov.tr/default.fr.mfa','','2010-04-18 15:29:43',370,1,0,'0000-00-00 00:00:00',4,0,1,'target=1\n\n'),(5,94,0,'Chroniques de Beyoglu','chroniques-de-beyoglu','http://istanbuldakitom.blogspot.com/','','2010-04-18 15:30:02',468,1,0,'0000-00-00 00:00:00',5,0,1,'target=1\n\n'),(6,94,0,'Au fil du Bosphore','au-fil-du-bosphore','http://www.istanbul.blog.lemonde.fr/','','2010-04-18 15:30:25',252,1,0,'0000-00-00 00:00:00',6,0,1,'target=1\n\n'),(7,94,0,'INFO-TÜRK (Centre d\'information non-gouvernemantales sur la Turquie)','info-tuerk-centre-dinformation-non-gouvernemantales-sur-la-turquie','http://www.info-turk.be/','','2010-04-18 15:30:47',448,1,0,'0000-00-00 00:00:00',7,0,1,'target=1\n\n'),(8,94,0,'T.E.S.E.V (Türkiye Ekonomik ve Sosyal Etüdler Vakfi) - en turc et anglais','tesev-tuerkiye-ekonomik-ve-sosyal-etuedler-vakfi-en-turc-et-anglais','http://www.tesev.org.tr/','','2010-04-18 15:31:09',138,1,0,'0000-00-00 00:00:00',8,0,1,'target=1\n\n'),(9,94,0,'Site de l\'association Turquie Européenne.','site-de-lassociation-turquie-europeenne','http://www.turquieeuropeenne.eu/','','2010-04-18 15:31:27',421,1,0,'0000-00-00 00:00:00',9,0,1,'target=1\n\n'),(10,94,0,'Insight Turkey - en anglais','insight-turkey-en-anglais','http://www.insightturkey.com/','','2010-04-18 15:31:49',225,1,0,'0000-00-00 00:00:00',10,0,1,'target=1\n\n'),(11,94,0,'CEMOTI (Cahiers d\'Etudes sur la Méditerranée et le Monde Turco-Iranien)','cemoti-cahiers-detudes-sur-la-mediterranee-et-le-monde-turco-iranien','http://cemoti.revues.org/','','2010-04-18 15:32:08',163,1,0,'0000-00-00 00:00:00',11,0,1,'target=1\n\n'),(12,94,0,'European Journal of Turkish Studies (EJTS) - en anglais','european-journal-of-turkish-studies-ejts-en-anglais','http://www.ejts.org/','','2010-04-18 15:32:33',156,1,0,'0000-00-00 00:00:00',12,0,1,'target=1\n\n'),(13,94,0,'Site de l\'Union Européenne - Elargissement à la Turquie - dans toutes les langues européennes','site-de-lunion-europeenne-elargissement-a-la-turquie-dans-toutes-les-langues-europeennes','http://ec.europa.eu/','','2010-04-18 15:33:03',121,1,0,'0000-00-00 00:00:00',13,0,1,'target=1\n\n'),(14,94,0,'Secrétariat général pour les Affaires européennes auprès du 1er Minisrte turc - en turc et anglais','secretariat-general-pour-les-affaires-europeennes-aupres-du-1er-minisrte-turc-en-turc-et-anglais','http://www.euturkey.org.tr/','','2010-04-18 15:33:24',774,1,0,'0000-00-00 00:00:00',14,0,1,'target=1\n\n'),(15,94,0,'Direction de la presse et de l\'information du 1er Ministre - en turc et anglais','direction-de-la-presse-et-de-linformation-du-1er-ministre-en-turc-et-anglais','http://www.byegm.gov.tr/','','2010-04-18 15:33:47',132,1,0,'0000-00-00 00:00:00',15,0,1,'target=1\n\n'),(16,94,0,'Anasayfa (presse, services publics, partis politiques, collectivités territoriales, ambassades...)','anasayfa-presse-services-publics-partis-politiques-collectivites-territoriales-ambassades','http://www.annasayfa.com/','','2010-04-18 15:34:11',258,1,0,'0000-00-00 00:00:00',16,0,1,'target=1\n\n'),(17,157,0,'SIG de la municipalité d\'Istanbul','sig-de-la-municipalite-distanbul','http://sehirrehberi.ibb.gov.tr/map.aspx','cartes, photos aériennes, données SIG','2011-04-20 11:27:11',355,1,0,'0000-00-00 00:00:00',1,0,1,'target=0\n\n'),(19,157,0,'MTA: cartes géologiques de Turquie','mta-cartes-geologiques-de-turquie','http://www.mta.gov.tr/v1.0/daire_baskanliklari/jed/index.php?id=harita_basimi&m=2','MTA (Mineral Research & Exploration General Directorate)','2011-04-20 11:31:23',273,1,0,'0000-00-00 00:00:00',2,0,1,'target=\n\n'),(20,157,0,'cartes thématiques de Turquie','cartes-thematiques-de-turquie','http://www.hoeckmann.de/karten/europa/tuerkei/index-en.htm','','2010-06-13 23:02:38',355,1,0,'0000-00-00 00:00:00',3,0,1,'target=\n\n'),(21,157,0,'MapServer','mapserver','http://www.mapserver.org/','MapServer is an Open Source platform for publishing spatial data and interactive mapping applications to the web','2011-04-20 11:35:05',237,1,0,'0000-00-00 00:00:00',4,0,1,'target=\n\n'),(22,157,0,'Historical guide of istanbul','historical-guide-of-istanbul','http://www.whereist.com/?tag=constantinople','A guide map of istanbul for tourists and locals','2011-04-20 11:40:24',731,1,0,'0000-00-00 00:00:00',5,0,1,'target=\n\n'),(23,157,0,'Maps of Asia Minor','maps-of-asia-minor','http://rbedrosian.com/Maps/','','2010-06-13 23:08:56',232,1,0,'0000-00-00 00:00:00',6,0,1,'target=\n\n'),(24,157,0,'Medieval Maps','medieval-maps','http://turkeyinmaps.com/Medieval.html','','2010-06-13 23:10:03',264,1,0,'0000-00-00 00:00:00',7,0,1,'target=\n\n'),(25,157,0,'some PİRİ REİS maps','some-pr-res-maps','http://www.shodb.gov.tr/pirireis/oturumlar/Hirvatistan_adalari.htm','','2011-04-20 11:42:29',270,1,0,'0000-00-00 00:00:00',8,0,1,'target=\n\n'),(26,157,0,'Dessins de Jules Laurens (1825-1901) sur Istanbul ','dessins-de-jules-laurens-1825-1901-sur-istanbul-','http://www.inha.fr/spip.php?rubrique82','INHA : L’Institut national d’histoire de l’art','2011-04-20 11:48:07',206,1,0,'0000-00-00 00:00:00',9,0,1,'target=\n\n'),(27,157,0,'Georgie map server','georgie-map-server','http://mapy.mk.cvut.cz/list/data/Gruzie-Georgia/Topo_1_100k/K-37','','2010-06-13 23:14:06',205,1,0,'0000-00-00 00:00:00',10,0,1,'target=\n\n'),(28,157,0,'CartoMundi la cartothèque méditerranéenne','cartomundi-la-cartotheque-mediterraneenne','http://cartomed.mmsh.univ-aix.fr/index.html','réseau d’échanges de documents cartographiques','2011-04-20 11:58:28',247,1,0,'0000-00-00 00:00:00',11,0,1,'target=\n\n'),(29,157,0,'Fonds Prost, Henri (1874-1959)','fonds-prost-henri-1874-1959','http://archiwebture.citechaillot.fr/awt/toc.xsp?id=FRAPN02_PROST_fonds-874&fmt=archiwebture&idtoc=FRAPN02_PROST-pleadetoc&base=fa','','2010-06-13 23:17:15',228,1,0,'0000-00-00 00:00:00',12,0,1,'target=\n\n'),(30,157,0,'Landsat 1990/2000','landsat-19902000','http://zulu.ssc.nasa.gov/mrsid/mrsid.pl','','2010-06-13 23:29:02',201,1,0,'0000-00-00 00:00:00',13,0,1,'target=\n\n'),(31,157,0,'mapstor server (russe)','mapstor-server-cartes-russe','http://en.poehali.org/maps','Cartes topographiques russe au 1/50000, 1/100000, 1/200000, 1/500000 disponible en libre téléchargement','2011-04-20 13:29:17',184,1,0,'0000-00-00 00:00:00',14,0,1,'target=\n\n'),(32,157,0,'Imagins - GIS data Istanbul','imagins-gis-data-istanbul','http://www.imagins.com/index.html','Custom Geographic Information Systems (GIS) applications for municipal infrastructure managment','2010-06-15 20:20:37',270,1,0,'0000-00-00 00:00:00',15,0,1,'target=\n\n'),(33,157,0,'Chamber of geological engineers of Turkey','chamber-of-geological-engineers-of-turkey','http://www.jmo.org.tr/','Chambre des ingénieurs géologues de Turquie ','2011-04-20 13:30:15',168,1,0,'0000-00-00 00:00:00',16,0,1,'target=\n\n'),(34,157,0,'National Institute for Statistics of Turkey','statistical-information','http://www.die.gov.tr','Sources Statistiques - Istatistik bilgi  - Statistical Information','2010-06-15 20:27:18',188,1,0,'0000-00-00 00:00:00',17,0,1,'target=\n\n'),(35,157,0,'Eurimage Satellite images','eurimage-satellite-images','http://www.eurimage.com/gallery/webfiles/qb_cities.html','','2010-06-15 20:30:37',297,1,0,'0000-00-00 00:00:00',18,0,1,'target=\n\n'),(36,157,0,'Europeana','europeana','http://www.europeana.eu/portal/index.html','Europeana permet d\'explorer les ressources numériques des musées, des bibliothèques, des archives et des collections audiovisuelles européennes','2011-04-20 13:33:49',140,1,0,'0000-00-00 00:00:00',19,0,1,'target=\n\n'),(37,157,0,'Geoportail','geoportail','http://www.geoportail.fr/','Données cartographiques pour le territoire Français','2011-04-20 13:33:59',126,1,0,'0000-00-00 00:00:00',20,0,1,'target=\n\n'),(39,157,0,'Spotimage','spotimage','http://www.spotimage.com','Les Archives d\'images satellites Spot Image','2011-04-20 13:34:17',52,1,0,'0000-00-00 00:00:00',22,0,1,'target=\n\n'),(40,157,0,'Historical Map Web Sites','historical-map-web-sites','http://www.reisenett.no/map_collection/map_sites/hist_sites.html#balkans','','2011-04-20 13:34:26',59,1,0,'0000-00-00 00:00:00',23,0,1,'target=\n\n'),(41,157,0,'Landsat déclasées','landsat-declasees','http://zulu.ssc.nasa.gov/mrsid/mrsid.pl','Landsat circa 1990/2000 coverage available','2011-04-20 13:35:15',42,1,0,'0000-00-00 00:00:00',24,0,1,'target=\n\n'),(42,157,0,'The British Cartographic Society (BCS)','the-british-cartographic-society-bcs','http://www.cartography.org.uk/','The British Cartographic Society (BCS) is a dynamic association of individuals and organisations dedicated to exploring and developing the world of maps.','2011-04-20 13:35:27',57,1,0,'0000-00-00 00:00:00',25,0,1,'target=\n\n'),(43,157,0,'collector of maps of Turkey','collector-of-maps-of-turkey','http://www.turkeyinmaps.com/','','2011-04-20 13:35:36',77,1,0,'0000-00-00 00:00:00',26,0,1,'target=\n\n'),(44,157,0,'GEOCOMMUNITY FOR GEOIMAGING','geocommunity-for-geoimaging','http://imaging.geocomm.com/','GEOCOMMUNITY FOR GEOIMAGING - a comprehensive resource devoted to Earth Imaging and related technologies. GIS','2011-04-20 13:46:06',243,1,0,'0000-00-00 00:00:00',27,0,1,'target=\n\n'),(45,157,0,'IFPO - Cartothèque (Beyrouth)','ifpo-cartotheque-beyrouth','http://www.ifporient.org/node/53','','2011-04-20 13:50:17',91,1,0,'0000-00-00 00:00:00',28,0,1,'target=\n\n'),(46,157,0,'IFAO (cartothèque)','ifao-cartotheque','http://www.ifao.egnet.net/cartotheque/consulter-cartes/','Institut français d’archéologie orientale\r\nLe Caire, Égypte','2011-04-20 13:53:16',62,1,0,'0000-00-00 00:00:00',29,0,1,'target=\n\n'),(47,157,0,'İnventaire du patrimoine culturel à Istanbul','nventaire-du-patrimoine-culturel-a-istanbul','http://www.istanbulkulturenvanteri.gov.tr/map/index/code/tarihi-haritalar','Participation de l\'atelier de cartographie de l\'IFEA','2011-07-11 08:53:28',33,1,0,'0000-00-00 00:00:00',30,0,1,'target=\n\n'),(48,157,0,'ASTER GDEM','aster-gdem','http://www.gdem.aster.ersdac.or.jp/search.jsp','modèle de terrain mondial 30m de définition (METI and NASA)','2011-07-11 08:59:46',30,1,0,'0000-00-00 00:00:00',31,0,1,'target=\n\n'),(49,157,0,'Réseaux d\'eau à Istanbul','reseaux-deau-a-istanbul','http://harita.iski.gov.tr/','ISKI','2011-07-11 09:03:04',18,1,0,'0000-00-00 00:00:00',32,0,1,'target=\n\n'),(50,157,0,'plans de développement Istanbul','plans-de-developpement-istanbul','http://application2.ibb.gov.tr/IBBWC/ImarPlanlari.aspx','par quartiers','2011-07-11 09:45:01',129,1,0,'0000-00-00 00:00:00',33,0,1,'target=\n\n'),(51,157,0,'cartes routières de Turquie','cartes-routieres-de-turquie','http://www.kgm.gov.tr/Sayfalar/KGM/SiteTr/Root/Haritalar.aspx','site du ministère des routes','2011-09-06 12:19:13',13,1,0,'0000-00-00 00:00:00',34,0,1,'target=\n\n'),(52,157,0,'cartes réseaux ISKI (Istanbul)','cartes-reseaux-iski-istanbul','http://harita.iski.gov.tr/','','2011-09-06 12:21:44',10,1,0,'0000-00-00 00:00:00',35,0,1,'target=\n\n');


