-- Table structure for table `jos_jf_tableinfo`
--

CREATE TABLE `jos_jf_tableinfo` (
  `id` int(11) NOT NULL auto_increment,
  `joomlatablename` varchar(100) NOT NULL default '',
  `tablepkID` varchar(100) NOT NULL default '',
  PRIMARY KEY  (`id`)
) ENGINE=MyISAM AUTO_INCREMENT=45897 DEFAULT CHARSET=utf8;

--
-- Dumping data for table `jos_jf_tableinfo`
--

INSERT INTO `jos_jf_tableinfo` VALUES (45877,'banner','bid'),(45878,'bannerclient','cid'),(45879,'categories','id'),(45880,'contact_details','id'),(45881,'content','id'),(45882,'k2_attachments','id'),(45883,'k2_categories','id'),(45884,'k2_extra_fields','id'),(45885,'k2_items','id'),(45886,'k2_tags','id'),(45887,'k2_users','id'),(45888,'languages','id'),(45889,'menu','id'),(45890,'modules','id'),(45891,'newsfeeds','id'),(45892,'poll_data','id'),(45893,'polls','id'),(45894,'sections','id'),(45895,'users','id'),(45896,'weblinks','id');

--
-- Table structure for table `jos_jseblod_cck_configuration`
--

CREATE TABLE `jos_jseblod_cck_configuration` (
  `id` int(11) NOT NULL auto_increment,
  `jseblod_section` int(11) NOT NULL,
  `jseblod_category_auto` int(11) NOT NULL,
  `jseblod_category_default` int(11) NOT NULL,
  `jseblod_category_default_reg` int(11) NOT NULL,
  `view_access_level` int(11) NOT NULL default '23',
  `edit_access_level` int(11) NOT NULL default '24',
  `article_creation_mode` tinyint(4) NOT NULL,
  `article_edition_mode` tinyint(4) NOT NULL,
  `article_edition2_mode` tinyint(4) NOT NULL,
  `category_creation_mode` tinyint(4) NOT NULL,
  `category_edition_mode` tinyint(4) NOT NULL,
  `category_edition2_mode` tinyint(4) NOT NULL,
  `user_creation_mode` tinyint(4) NOT NULL,
  `user_edition_mode` tinyint(4) NOT NULL,
  `user_edition2_mode` tinyint(4) NOT NULL,
  `categories_fullscreen` text NOT NULL,
  `modal_width` int(11) NOT NULL,
  `modal_height` int(11) NOT NULL,
  `opening` varchar(50) NOT NULL,
  `closing` varchar(50) NOT NULL,
  `template_default_category` tinyint(4) NOT NULL default '0',
  `type_default_category` tinyint(4) NOT NULL default '0',
  `item_default_category` tinyint(4) NOT NULL default '0',
  `template_delete_mode` int(11) NOT NULL default '0',
  `template_category_delete_mode` int(11) NOT NULL default '0',
  `type_delete_mode` int(11) NOT NULL default '0',
  `type_category_delete_mode` int(11) NOT NULL default '0',
  `item_delete_mode` int(11) NOT NULL default '0',
  `item_category_delete_mode` int(11) NOT NULL default '0',
  `template_hidden` text NOT NULL,
  `jtext_on_label` tinyint(4) NOT NULL default '1',
  `adminform_tips` tinyint(4) NOT NULL default '1',
  `siteform_tips` tinyint(4) NOT NULL default '0',
  `notemplate_display` tinyint(4) NOT NULL default '0',
  `import_default_mode` tinyint(4) NOT NULL default '0',
  `export_empty_pack` tinyint(4) NOT NULL default '1',
  `wysiwyg_editor` varchar(50) NOT NULL,
  `login_enable` tinyint(4) NOT NULL default '1',
  `login_typeid` int(11) NOT NULL default '0',
  `login_templateid` int(11) NOT NULL default '0',
  `login_itemid` int(11) NOT NULL default '0',
  `article_typeid` int(11) NOT NULL default '0',
  `article_templateid` int(11) NOT NULL default '0',
  `article_itemid` int(11) NOT NULL default '0',
  `category_typeid` int(11) NOT NULL default '0',
  `category_templateid` int(11) NOT NULL default '0',
  `category_itemid` int(11) NOT NULL default '0',
  `user_typeid` int(11) NOT NULL default '0',
  `user_templateid` int(11) NOT NULL default '0',
  `user_itemid` int(11) NOT NULL default '0',
  `validation_alert` tinyint(4) NOT NULL default '4',
  `system_component` tinyint(4) NOT NULL default '4',
  `system_modules` tinyint(4) NOT NULL default '4',
  `icon_edit` tinyint(4) NOT NULL default '0',
  `icon_pdf` tinyint(4) NOT NULL default '0',
  `icon_print` tinyint(4) NOT NULL default '0',
  `icon_email` tinyint(4) NOT NULL default '0',
  `cek_column` tinyint(4) NOT NULL default '0',
  `cek_column_article` tinyint(4) NOT NULL default '0',
  `cek_column_category` tinyint(4) NOT NULL default '0',
  `cek_column_user` tinyint(4) NOT NULL default '0',
  `bool` tinyint(4) NOT NULL default '0',
  `options` text NOT NULL,
  `login_bool` tinyint(4) NOT NULL default '0',
  `article_bool` tinyint(4) NOT NULL default '0',
  `category_bool` tinyint(4) NOT NULL default '0',
  `user_bool` tinyint(4) NOT NULL default '0',
  `bool_publish` tinyint(4) NOT NULL default '0',
  `bool_hide` tinyint(4) NOT NULL default '0',
  `bool_check` tinyint(4) NOT NULL default '0',
  `checked_out` int(10) unsigned NOT NULL default '0',
  `checked_out_time` datetime NOT NULL,
  PRIMARY KEY  (`id`)
) ENGINE=MyISAM AUTO_INCREMENT=2 DEFAULT CHARSET=utf8;

--
-- Dumping data for table `jos_jseblod_cck_configuration`
--

INSERT INTO `jos_jseblod_cck_configuration` VALUES (1,0,0,0,0,23,24,2,2,1,2,2,1,2,2,1,'',900,550,'::','::',1,1,1,0,0,0,0,0,0,'beez,ja_purity,rhuk_milkyway,system',1,1,0,0,0,1,'o2k7_silver',1,8,0,0,2,0,0,5,0,0,10,0,0,1,1,1,0,0,0,0,2,1,1,1,0,'',0,0,0,0,1,1,0,0,'0000-00-00 00:00:00');

--
-- Table structure for table `jos_jseblod_cck_extra_country`
--

CREATE TABLE `jos_jseblod_cck_extra_country` (
  `id` int(11) NOT NULL auto_increment,
  `country_en` varchar(250) NOT NULL,
  `alpha2` varchar(5) NOT NULL,
  `alpha3` varchar(5) NOT NULL,
  PRIMARY KEY  (`id`)
) ENGINE=MyISAM AUTO_INCREMENT=247 DEFAULT CHARSET=utf8;

--
-- Dumping data for table `jos_jseblod_cck_extra_country`
--

INSERT INTO `jos_jseblod_cck_extra_country` VALUES (1,' Afghanistan','AF','AFG'),(2,' Aland Islands','AX','ALA'),(3,' Albania','AL','ALB'),(4,' Algeria','DZ','DZA'),(5,' American Samoa','AS','ASM'),(6,' Andorra','AD','AND'),(7,' Angola','AO','AGO'),(8,' Anguilla','AI','AIA'),(9,' Antarctica','AQ','ATA'),(10,' Antigua and Barbuda','AG','ATG'),(11,' Argentina','AR','ARG'),(12,' Armenia','AM','ARM'),(13,' Aruba','AW','ABW'),(14,' Australia','AU','AUS'),(15,' Austria','AT','AUT'),(16,' Azerbaijan','AZ','AZE'),(17,' Bahamas','BS','BHS'),(18,' Bahrain','BH','BHR'),(19,' Bangladesh','BD','BGD'),(20,' Barbados','BB','BRB'),(21,' Belarus','BY','BLR'),(22,' Belgium','BE','BEL'),(23,' Belize','BZ','BLZ'),(24,' Benin','BJ','BEN'),(25,' Bermuda','BM','BMU'),(26,' Bhutan','BT','BTN'),(27,' Bolivia, Plurinational State of','BO','BOL'),(28,' Bosnia and Herzegovina','BA','BIH'),(29,' Botswana','BW','BWA'),(30,' Bouvet Island','BV','BVT'),(31,' Brazil','BR','BRA'),(32,' British Indian Ocean Territory','IO','IOT'),(33,' Brunei Darussalam','BN','BRN'),(34,' Bulgaria','BG','BGR'),(35,' Burkina Faso','BF','BFA'),(36,' Burundi','BI','BDI'),(37,' Cambodia','KH','KHM'),(38,' Cameroon','CM','CMR'),(39,' Canada','CA','CAN'),(40,' Cape Verde','CV','CPV'),(41,' Cayman Islands','KY','CYM'),(42,' Central African Republic','CF','CAF'),(43,' Chad','TD','TCD'),(44,' Chile','CL','CHL'),(45,' China','CN','CHN'),(46,' Christmas Island','CX','CXR'),(47,' Cocos (Keeling) Islands','CC','CCK'),(48,' Colombia','CO','COL'),(49,' Comoros','KM','COM'),(50,' Congo','CG','COG'),(51,' Congo, the Democratic Republic of the','CD','COD'),(52,' Cook Islands','CK','COK'),(53,' Costa Rica','CR','CRI'),(54,' Cote d\'Ivoire','CI','CIV'),(55,' Croatia','HR','HRV'),(56,' Cuba','CU','CUB'),(57,' Cyprus','CY','CYP'),(58,' Czech Republic','CZ','CZE'),(59,' Denmark','DK','DNK'),(60,' Djibouti','DJ','DJI'),(61,' Dominica','DM','DMA'),(62,' Dominican Republic','DO','DOM'),(63,' Ecuador','EC','ECU'),(64,' Egypt','EG','EGY'),(65,' El Salvador','SV','SLV'),(66,' Equatorial Guinea','GQ','GNQ'),(67,' Eritrea','ER','ERI'),(68,' Estonia','EE','EST'),(69,' Ethiopia','ET','ETH'),(70,' Falkland Islands (Malvinas)','FK','FLK'),(71,' Faroe Islands','FO','FRO'),(72,' Fiji','FJ','FJI'),(73,' Finland','FI','FIN'),(74,' France','FR','FRA'),(75,' French Guiana','GF','GUF'),(76,' French Polynesia','PF','PYF'),(77,' French Southern Territories','TF','ATF'),(78,' Gabon','GA','GAB'),(79,' Gambia','GM','GMB'),(80,' Georgia','GE','GEO'),(81,' Germany','DE','DEU'),(82,' Ghana','GH','GHA'),(83,' Gibraltar','GI','GIB'),(84,' Greece','GR','GRC'),(85,' Greenland','GL','GRL'),(86,' Grenada','GD','GRD'),(87,' Guadeloupe','GP','GLP'),(88,' Guam','GU','GUM'),(89,' Guatemala','GT','GTM'),(90,' Guernsey','GG','GGY'),(91,' Guinea','GN','GIN'),(92,' Guinea-Bissau','GW','GNB'),(93,' Guyana','GY','GUY'),(94,' Haiti','HT','HTI'),(95,' Heard Island and McDonald Islands','HM','HMD'),(96,' Holy See (Vatican City State)','VA','VAT'),(97,' Honduras','HN','HND'),(98,' Hong Kong','HK','HKG'),(99,' Hungary','HU','HUN'),(100,' Iceland','IS','ISL'),(101,' India','IN','IND'),(102,' Indonesia','ID','IDN'),(103,' Iran, Islamic Republic of','IR','IRN'),(104,' Iraq','IQ','IRQ'),(105,' Ireland','IE','IRL'),(106,' Isle of Man','IM','IMN'),(107,' Israel','IL','ISR'),(108,' Italy','IT','ITA'),(109,' Jamaica','JM','JAM'),(110,' Japan','JP','JPN'),(111,' Jersey','JE','JEY'),(112,' Jordan','JO','JOR'),(113,' Kazakhstan','KZ','KAZ'),(114,' Kenya','KE','KEN'),(115,' Kiribati','KI','KIR'),(116,' Korea, Democratic People\'s Republic of','KP','PRK'),(117,' Korea, Republic of','KR','KOR'),(118,' Kuwait','KW','KWT'),(119,' Kyrgyzstan','KG','KGZ'),(120,' Lao People\'s Democratic Republic','LA','LAO'),(121,' Latvia','LV','LVA'),(122,' Lebanon','LB','LBN'),(123,' Lesotho','LS','LSO'),(124,' Liberia','LR','LBR'),(125,' Libyan Arab Jamahiriya','LY','LBY'),(126,' Liechtenstein','LI','LIE'),(127,' Lithuania','LT','LTU'),(128,' Luxembourg','LU','LUX'),(129,' Macao','MO','MAC'),(130,' Macedonia, the former Yugoslav Republic of','MK','MKD'),(131,' Madagascar','MG','MDG'),(132,' Malawi','MW','MWI'),(133,' Malaysia','MY','MYS'),(134,' Maldives','MV','MDV'),(135,' Mali','ML','MLI'),(136,' Malta','MT','MLT'),(137,' Marshall Islands','MH','MHL'),(138,' Martinique','MQ','MTQ'),(139,' Mauritania','MR','MRT'),(140,' Mauritius','MU','MUS'),(141,' Mayotte','YT','MYT'),(142,' Mexico','MX','MEX'),(143,' Micronesia, Federated States of','FM','FSM'),(144,' Moldova, Republic of','MD','MDA'),(145,' Monaco','MC','MCO'),(146,' Mongolia','MN','MNG'),(147,' Montenegro','ME','MNE'),(148,' Montserrat','MS','MSR'),(149,' Morocco','MA','MAR'),(150,' Mozambique','MZ','MOZ'),(151,' Myanmar','MM','MMR'),(152,' Namibia','NA','NAM'),(153,' Nauru','NR','NRU'),(154,' Nepal','NP','NPL'),(155,' Netherlands','NL','NLD'),(156,' Netherlands Antilles','AN','ANT'),(157,' New Caledonia','NC','NCL'),(158,' New Zealand','NZ','NZL'),(159,' Nicaragua','NI','NIC'),(160,' Niger','NE','NER'),(161,' Nigeria','NG','NGA'),(162,' Niue','NU','NIU'),(163,' Norfolk Island','NF','NFK'),(164,' Northern Mariana Islands','MP','MNP'),(165,' Norway','NO','NOR'),(166,' Oman','OM','OMN'),(167,' Pakistan','PK','PAK'),(168,' Palau','PW','PLW'),(169,' Palestinian Territory, Occupied','PS','PSE'),(170,' Panama','PA','PAN'),(171,' Papua New Guinea','PG','PNG'),(172,' Paraguay','PY','PRY'),(173,' Peru','PE','PER'),(174,' Philippines','PH','PHL'),(175,' Pitcairn','PN','PCN'),(176,' Poland','PL','POL'),(177,' Portugal','PT','PRT'),(178,' Puerto Rico','PR','PRI'),(179,' Qatar','QA','QAT'),(180,' Reunion','RE','REU'),(181,' Romania','RO','ROU'),(182,' Russian Federation','RU','RUS'),(183,' Rwanda','RW','RWA'),(184,' Saint Barthelemy','BL','BLM'),(185,' Saint Helena','SH','SHN'),(186,' Saint Kitts and Nevis','KN','KNA'),(187,' Saint Lucia','LC','LCA'),(188,' Saint Martin (French part)','MF','MAF'),(189,' Saint Pierre and Miquelon','PM','SPM'),(190,' Saint Vincent and the Grenadines','VC','VCT'),(191,' Samoa','WS','WSM'),(192,' San Marino','SM','SMR'),(193,' Sao Tome and Principe','ST','STP'),(194,' Saudi Arabia','SA','SAU'),(195,' Senegal','SN','SEN'),(196,' Serbia','RS','SRB'),(197,' Seychelles','SC','SYC'),(198,' Sierra Leone','SL','SLE'),(199,' Singapore','SG','SGP'),(200,' Slovakia','SK','SVK'),(201,' Slovenia','SI','SVN'),(202,' Solomon Islands','SB','SLB'),(203,' Somalia','SO','SOM'),(204,' South Africa','ZA','ZAF'),(205,' South Georgia and South Sandwich Islands','GS','SGS'),(206,' Spain','ES','ESP'),(207,' Sri Lanka','LK','LKA'),(208,' Sudan','SD','SDN'),(209,' Suriname','SR','SUR'),(210,' Svalbard and Jan Mayen','SJ','SJM'),(211,' Swaziland','SZ','SWZ'),(212,' Sweden','SE','SWE'),(213,' Switzerland','CH','CHE'),(214,' Syrian Arab Republic','SY','SYR'),(215,' Taiwan, Province of China','TW','TWN'),(216,' Tajikistan','TJ','TJK'),(217,' Tanzania, United Republic of','TZ','TZA'),(218,' Thailand','TH','THA'),(219,' Timor-Leste','TL','TLS'),(220,' Togo','TG','TGO'),(221,' Tokelau','TK','TKL'),(222,' Tonga','TO','TON'),(223,' Trinidad and Tobago','TT','TTO'),(224,' Tunisia','TN','TUN'),(225,' Turkey','TR','TUR'),(226,' Turkmenistan','TM','TKM'),(227,' Turks and Caicos Islands','TC','TCA'),(228,' Tuvalu','TV','TUV'),(229,' Uganda','UG','UGA'),(230,' Ukraine','UA','UKR'),(231,' United Arab Emirates','AE','ARE'),(232,' United Kingdom','GB','GBR'),(233,' United States','US','USA'),(234,' United States Minor Outlying Islands','UM','UMI'),(235,' Uruguay','UY','URY'),(236,' Uzbekistan','UZ','UZB'),(237,' Vanuatu','VU','VUT'),(238,' Venezuela, Bolivarian Republic of','VE','VEN'),(239,' Viet Nam','VN','VNM'),(240,' Virgin Islands, British','VG','VGB'),(241,' Virgin Islands, U.S.','VI','VIR'),(242,' Wallis and Futuna','WF','WLF'),(243,' Western Sahara','EH','ESH'),(244,' Yemen','YE','YEM'),(245,' Zambia','ZM','ZMB'),(246,' Zimbabwe','ZW','ZWE');

--
-- Table structure for table `jos_jseblod_cck_items`
--

CREATE TABLE `jos_jseblod_cck_items` (
  `id` int(11) NOT NULL auto_increment,
  `title` varchar(50) NOT NULL,
  `name` varchar(50) NOT NULL,
  `category` int(11) NOT NULL,
  `type` int(11) NOT NULL,
  `description` text NOT NULL,
  `light` tinyint(4) NOT NULL default '0',
  `label` varchar(50) NOT NULL,
  `selectlabel` varchar(50) NOT NULL,
  `display` int(11) NOT NULL default '0',
  `required` tinyint(4) NOT NULL default '0',
  `validation` varchar(50) NOT NULL,
  `defaultvalue` text NOT NULL,
  `options` text NOT NULL,
  `maxlength` int(11) NOT NULL default '50',
  `size` int(11) NOT NULL default '32',
  `cols` int(11) NOT NULL,
  `rows` int(11) NOT NULL,
  `ordering` int(11) NOT NULL,
  `divider` varchar(50) NOT NULL,
  `bool` tinyint(4) NOT NULL,
  `extra` varchar(50) NOT NULL,
  `location` varchar(250) NOT NULL,
  `content` varchar(250) NOT NULL,
  `extended` varchar(50) NOT NULL,
  `style` varchar(250) NOT NULL,
  `message` text NOT NULL,
  `format` varchar(50) NOT NULL,
  `mailto` text NOT NULL,
  `cc` text NOT NULL,
  `bcc` text NOT NULL,
  `elemxtd` varchar(50) NOT NULL,
  `bool2` tinyint(4) NOT NULL default '0',
  `displayfield` tinyint(4) NOT NULL default '0',
  `displayvalue` tinyint(4) NOT NULL default '0',
  `width` int(11) NOT NULL,
  `height` int(11) NOT NULL,
  `codebefore` text NOT NULL,
  `codeafter` text NOT NULL,
  `importer` tinyint(4) NOT NULL default '0',
  `substitute` tinyint(4) NOT NULL default '0',
  `bool3` tinyint(4) NOT NULL default '0',
  `bool4` tinyint(4) NOT NULL default '0',
  `bool5` tinyint(4) NOT NULL default '0',
  `bool6` tinyint(4) NOT NULL default '0',
  `bool7` tinyint(4) NOT NULL default '0',
  `bool8` tinyint(4) NOT NULL default '0',
  `url` varchar(250) NOT NULL,
  `toadmin` varchar(50) NOT NULL,
  `css` varchar(250) NOT NULL,
  `uACL` tinyint(4) NOT NULL default '0',
  `gACL` tinyint(4) NOT NULL default '0',
  `uEACL` tinyint(4) NOT NULL default '0',
  `gEACL` tinyint(4) NOT NULL default '0',
  `beforesave` text NOT NULL,
  `options2` text NOT NULL,
  `checked_out` int(10) unsigned NOT NULL default '0',
  `checked_out_time` datetime NOT NULL,
  PRIMARY KEY  (`id`),
  UNIQUE KEY `name` (`name`),
  KEY `idx_category` (`category`),
  KEY `idx_type` (`type`)
) ENGINE=MyISAM AUTO_INCREMENT=283 DEFAULT CHARSET=utf8;

--
-- Dumping data for table `jos_jseblod_cck_items`
--



--
-- Table structure for table `jos_jseblod_cck_items_categories`
--

CREATE TABLE `jos_jseblod_cck_items_categories` (
  `id` int(11) NOT NULL auto_increment,
  `title` varchar(50) NOT NULL,
  `name` varchar(50) NOT NULL,
  `color` varchar(50) NOT NULL,
  `introchar` varchar(2) NOT NULL,
  `colorchar` varchar(50) NOT NULL,
  `lft` int(11) NOT NULL,
  `rgt` int(11) NOT NULL,
  `display` tinyint(4) NOT NULL,
  `description` text NOT NULL,
  `published` tinyint(4) NOT NULL,
  `checked_out` int(10) unsigned NOT NULL default '0',
  `checked_out_time` datetime NOT NULL,
  PRIMARY KEY  (`id`),
  UNIQUE KEY `name` (`name`)
) ENGINE=MyISAM AUTO_INCREMENT=24 DEFAULT CHARSET=utf8;

--
-- Dumping data for table `jos_jseblod_cck_items_categories`
--

INSERT INTO `jos_jseblod_cck_items_categories` VALUES (1,'Quick Category','quick_category','#ffd700','','',0,0,2,'',1,0,'0000-00-00 00:00:00'),(2,'Top','TOP','','','',1,44,0,'',1,0,'0000-00-00 00:00:00'),(3,'Auto Process','auto_process','','','',2,3,2,'',1,0,'0000-00-00 00:00:00'),(4,'Form','form','#6cc634','','',4,5,3,'',1,0,'0000-00-00 00:00:00'),(5,'Joomla Content','joomla_content','#ff3a20','C+','#ffffff',6,11,2,'',1,0,'0000-00-00 00:00:00'),(6,'Content Fields','content_common','#ff3a20','C.','#ffffff',7,8,1,'',0,0,'0000-00-00 00:00:00'),(7,'Content Construction Fields','construction_content_fields','#ff3a20','.','#ffffff',9,10,0,'',0,0,'0000-00-00 00:00:00'),(8,'Joomla User','joomla_user','#f9a61b','U+','#ffffff',12,17,2,'',1,0,'0000-00-00 00:00:00'),(9,'User Fields','user_fields','#f9a61b','U.','#ffffff',13,14,1,'',0,0,'0000-00-00 00:00:00'),(10,'User Construction Fields','construction_user_fields','#f9a61b','.','#ffffff',15,16,0,'',0,0,'0000-00-00 00:00:00'),(11,'jSeblod','jseblod','#ad0a0a','','',18,29,2,'',1,0,'0000-00-00 00:00:00'),(12,'Blog','blog','#ad0a0a','Bl','#ffffff',21,22,2,'',1,0,'0000-00-00 00:00:00'),(13,'Business','business','#ad0a0a','Bs','#ffffff',23,24,2,'',1,0,'0000-00-00 00:00:00'),(14,'Contact','contact','#ad0a0a','Ct','#ffffff',25,26,2,'',1,0,'0000-00-00 00:00:00'),(15,'Portfolio','portfolio','#ad0a0a','Pf','#ffffff',27,28,2,'',1,0,'0000-00-00 00:00:00'),(16,'Accordion','accordion','#ad0a0a','Ac','#ffffff',19,20,2,'',1,0,'0000-00-00 00:00:00'),(17,'Plugins','plugins','#885fcf','P','#ffffff',30,43,2,'',1,0,'0000-00-00 00:00:00'),(18,'Plg Audio','plg_audio','#885fcf','Pa','#ffffff',31,32,2,'',1,0,'0000-00-00 00:00:00'),(19,'Plg Box','plg_box','#885fcf','Pb','#ffffff',33,34,2,'',1,0,'0000-00-00 00:00:00'),(20,'Plg Image','plg_image','#885fcf','Pi','#ffffff',35,36,2,'',1,0,'0000-00-00 00:00:00'),(21,'Plg Map','plg_map','#885fcf','Pm','#ffffff',37,38,2,'',1,0,'0000-00-00 00:00:00'),(22,'Plg Other','plg_other','#885fcf','Po','#ffffff',39,40,2,'',1,0,'0000-00-00 00:00:00'),(23,'Plg Video','plg_video','#885fcf','Pv','#ffffff',41,42,2,'',1,0,'0000-00-00 00:00:00');

--
-- Table structure for table `jos_jseblod_cck_items_limits`
--

CREATE TABLE `jos_jseblod_cck_items_limits` (
  `id` int(11) NOT NULL auto_increment,
  `opening` varchar(50) NOT NULL,
  `closing` varchar(50) NOT NULL,
  PRIMARY KEY  (`id`)
) ENGINE=MyISAM AUTO_INCREMENT=2 DEFAULT CHARSET=utf8;

--
-- Dumping data for table `jos_jseblod_cck_items_limits`
--

INSERT INTO `jos_jseblod_cck_items_limits` VALUES (1,'::','::');

--
-- Table structure for table `jos_jseblod_cck_items_reserved`
--

CREATE TABLE `jos_jseblod_cck_items_reserved` (
  `id` int(11) NOT NULL auto_increment,
  `name` varchar(50) NOT NULL,
  PRIMARY KEY  (`id`),
  UNIQUE KEY `name` (`name`)
) ENGINE=MyISAM AUTO_INCREMENT=101 DEFAULT CHARSET=utf8;

--
-- Dumping data for table `jos_jseblod_cck_items_reserved`
--

INSERT INTO `jos_jseblod_cck_items_reserved` VALUES (1,'action'),(2,'art_link'),(3,'article'),(4,'articles'),(5,'attribs'),(6,'author_email'),(7,'baseurl'),(8,'bcc'),(9,'bool'),(10,'categories'),(11,'category'),(12,'catslug'),(13,'cc'),(14,'cck'),(15,'cckform'),(16,'cckitems'),(17,'child'),(18,'class'),(19,'code'),(20,'cols'),(21,'container'),(22,'content'),(23,'default'),(24,'default2'),(25,'description'),(26,'display'),(27,'editart_link'),(28,'extended'),(29,'extra'),(30,'field'),(31,'form'),(32,'format'),(33,'from'),(34,'fulltext'),(35,'group'),(36,'groups'),(37,'hits'),(38,'id'),(39,'images'),(40,'introtext'),(41,'item'),(42,'items'),(43,'jseblod'),(44,'label'),(45,'legalextensions'),(46,'link'),(47,'location'),(48,'max'),(49,'maxlength'),(50,'member'),(51,'members'),(52,'menu'),(53,'menus'),(54,'message'),(55,'min'),(59,'onclick'),(60,'options'),(61,'order'),(62,'ordering'),(63,'parent'),(65,'required'),(66,'rooturl'),(67,'row'),(68,'rows'),(69,'seblod'),(70,'selectlabel'),(71,'self'),(72,'separator'),(73,'size'),(74,'slug'),(75,'source'),(76,'step'),(77,'style'),(78,'subject'),(79,'table'),(80,'target'),(81,'template'),(82,'templates'),(83,'text'),(85,'to'),(86,'tooltip'),(87,'type'),(88,'types'),(89,'url'),(90,'urls'),(91,'user'),(92,'users'),(94,'validation'),(95,'value'),(96,'view'),(97,'views'),(98,'cat_link'),(99,'divider'),(100,'fields');

--
-- Table structure for table `jos_jseblod_cck_items_types`
--

CREATE TABLE `jos_jseblod_cck_items_types` (
  `id` int(11) NOT NULL auto_increment,
  `title` varchar(50) NOT NULL,
  `name` varchar(50) NOT NULL,
  PRIMARY KEY  (`id`),
  UNIQUE KEY `name` (`name`)
) ENGINE=MyISAM AUTO_INCREMENT=50 DEFAULT CHARSET=utf8;

--
-- Dumping data for table `jos_jseblod_cck_items_types`
--



--
-- Table structure for table `jos_jseblod_cck_packs`
--

CREATE TABLE `jos_jseblod_cck_packs` (
  `id` int(11) NOT NULL auto_increment,
  `elemid` int(11) NOT NULL,
  `type` varchar(50) NOT NULL,
  `mode` int(11) NOT NULL,
  PRIMARY KEY  (`elemid`,`type`),
  KEY `id` (`id`)
) ENGINE=MyISAM DEFAULT CHARSET=utf8;

--
-- Dumping data for table `jos_jseblod_cck_packs`
--


--
-- Table structure for table `jos_jseblod_cck_template_cat`
--

CREATE TABLE `jos_jseblod_cck_template_cat` (
  `templateid` int(11) NOT NULL,
  `catid` int(11) NOT NULL,
  `type` varchar(50) NOT NULL,
  PRIMARY KEY  (`templateid`,`catid`)
) ENGINE=MyISAM DEFAULT CHARSET=utf8;

--
-- Dumping data for table `jos_jseblod_cck_template_cat`
--


--
-- Table structure for table `jos_jseblod_cck_template_menu`
--

CREATE TABLE `jos_jseblod_cck_template_menu` (
  `templateid` int(11) NOT NULL,
  `menuid` int(11) NOT NULL,
  `type` varchar(50) NOT NULL,
  PRIMARY KEY  (`templateid`,`menuid`)
) ENGINE=MyISAM DEFAULT CHARSET=utf8;

--
-- Dumping data for table `jos_jseblod_cck_template_menu`
--


--
-- Table structure for table `jos_jseblod_cck_template_url`
--

CREATE TABLE `jos_jseblod_cck_template_url` (
  `id` int(11) NOT NULL auto_increment,
  `templateid` int(11) NOT NULL,
  `urlid` int(11) NOT NULL,
  `title` varchar(50) NOT NULL,
  `url` varchar(250) NOT NULL,
  `exact` tinyint(4) NOT NULL,
  `type` varchar(50) NOT NULL,
  PRIMARY KEY  (`id`)
) ENGINE=MyISAM DEFAULT CHARSET=utf8;

--
-- Dumping data for table `jos_jseblod_cck_template_url`
--


--
-- Table structure for table `jos_jseblod_cck_templates`
--

CREATE TABLE `jos_jseblod_cck_templates` (
  `id` int(11) NOT NULL auto_increment,
  `title` varchar(50) NOT NULL,
  `name` varchar(50) NOT NULL,
  `category` int(11) NOT NULL,
  `mode` tinyint(4) NOT NULL,
  `description` text NOT NULL,
  `published` tinyint(4) NOT NULL,
  `checked_out` int(10) unsigned NOT NULL default '0',
  `checked_out_time` datetime NOT NULL,
  PRIMARY KEY  (`id`),
  UNIQUE KEY `name` (`name`),
  KEY `idx_category` (`category`)
) ENGINE=MyISAM AUTO_INCREMENT=12 DEFAULT CHARSET=utf8;

--
-- Dumping data for table `jos_jseblod_cck_templates`
--

INSERT INTO `jos_jseblod_cck_templates` VALUES (1,'[ Default Form ]','default_form',5,1,'Default Form Template. (Auto)',1,0,'0000-00-00 00:00:00'),(2,'[ Simple Form ]','simple_form',5,1,'Simple Form Template. (Auto)',1,0,'0000-00-00 00:00:00'),(3,'[ Default Content ]','default_content',4,1,'Default Content Template. (Auto)',1,0,'0000-00-00 00:00:00'),(4,'[ Advanced Content ]','advanced_content',4,1,'Advanced Content Template. (Auto)',1,0,'0000-00-00 00:00:00'),(5,'Article Blog','article_blog',6,0,'Article Blog Content Template. (Custom)',1,0,'0000-00-00 00:00:00'),(6,'Article Blog Form','article_blog_form',6,0,'Article Blog Form Template. (Custom, 2 Layouts)',1,0,'0000-00-00 00:00:00'),(7,'Category & SubCategories','category_subcategories',7,0,'Category &amp; SubCategories Content Template. (Semi-Auto)',1,0,'0000-00-00 00:00:00'),(8,'User Profile','user_profile',8,0,'User Profile Content Template. (Custom)',1,0,'0000-00-00 00:00:00'),(9,'User Profile Form','user_profile_form',8,0,'User Profile Form Template. (Custom)',1,0,'0000-00-00 00:00:00'),(10,'Portfolio','portfolio',10,0,'Portfolio Content Template. (Custom)',1,0,'0000-00-00 00:00:00'),(11,'Business Card','business_card',11,0,'Business Card Content Template. (Custom)',1,0,'0000-00-00 00:00:00');

--
-- Table structure for table `jos_jseblod_cck_templates_categories`
--

CREATE TABLE `jos_jseblod_cck_templates_categories` (
  `id` int(11) NOT NULL auto_increment,
  `title` varchar(50) NOT NULL,
  `name` varchar(50) NOT NULL,
  `color` varchar(50) NOT NULL,
  `introchar` varchar(2) NOT NULL,
  `colorchar` varchar(50) NOT NULL,
  `lft` int(11) NOT NULL,
  `rgt` int(11) NOT NULL,
  `description` text NOT NULL,
  `published` tinyint(4) NOT NULL,
  `checked_out` int(10) unsigned NOT NULL default '0',
  `checked_out_time` datetime NOT NULL,
  PRIMARY KEY  (`id`),
  UNIQUE KEY `name` (`name`)
) ENGINE=MyISAM AUTO_INCREMENT=19 DEFAULT CHARSET=utf8;

--
-- Dumping data for table `jos_jseblod_cck_templates_categories`
--

INSERT INTO `jos_jseblod_cck_templates_categories` VALUES (1,'Quick Category','quick_category','#ffd700','','',0,0,'',1,0,'0000-00-00 00:00:00'),(2,'Top','TOP','','','',1,34,'',1,0,'0000-00-00 00:00:00'),(3,'Auto Process','auto_process','','','',2,3,'',1,0,'0000-00-00 00:00:00'),(4,'Content (Auto Content)','content_autocontent','#7190c5','','',4,5,'',1,0,'0000-00-00 00:00:00'),(5,'Form (Auto Form)','form_autoform','#6cc634','','',6,7,'',1,0,'0000-00-00 00:00:00'),(6,'Joomla Article','joomla_article','#ff3a20','A','#ffffff',8,9,'',1,0,'0000-00-00 00:00:00'),(7,'Joomla Category','joomla_category','#ff3a20','C','#ffffff',10,11,'',1,0,'0000-00-00 00:00:00'),(8,'Joomla User','joomla_user','#f9a61b','U','#ffffff',12,13,'',1,0,'0000-00-00 00:00:00'),(9,'jSeblod','jseblod','#ad0a0a','','',14,19,'',1,0,'0000-00-00 00:00:00'),(10,'Portfolio','portfolio','#ad0a0a','Pf','#ffffff',17,18,'',1,0,'0000-00-00 00:00:00'),(11,'Business','business','#ad0a0a','Bs','#ffffff',15,16,'',1,0,'0000-00-00 00:00:00'),(12,'Plugins','plugins','#885fcf','P','#ffffff',20,33,'',1,0,'0000-00-00 00:00:00'),(13,'Plg Audio','plg_audio','#885fcf','Pa','#ffffff',21,22,'',1,0,'0000-00-00 00:00:00'),(14,'Plg Box','plg_box','#885fcf','Pb','#ffffff',23,24,'',1,0,'0000-00-00 00:00:00'),(15,'Plg Image','plg_image','#885fcf','Pi','#ffffff',25,26,'',1,0,'0000-00-00 00:00:00'),(16,'Plg Map','plg_map','#885fcf','Pm','#ffffff',27,28,'',1,0,'0000-00-00 00:00:00'),(17,'Plg Other','plg_other','#885fcf','Po','#ffffff',29,30,'',1,0,'0000-00-00 00:00:00'),(18,'Plg Video','plg_video','#885fcf','Pv','#ffffff',31,32,'',1,0,'0000-00-00 00:00:00');

--
-- Table structure for table `jos_jseblod_cck_type_cat`
--

CREATE TABLE `jos_jseblod_cck_type_cat` (
  `typeid` int(11) NOT NULL,
  `catid` int(11) NOT NULL,
  `type` varchar(50) NOT NULL,
  PRIMARY KEY  (`typeid`,`catid`)
) ENGINE=MyISAM DEFAULT CHARSET=utf8;

--
-- Dumping data for table `jos_jseblod_cck_type_cat`
--


--
-- Table structure for table `jos_jseblod_cck_type_item`
--

CREATE TABLE `jos_jseblod_cck_type_item` (
  `typeid` int(11) NOT NULL,
  `itemid` int(11) NOT NULL,
  `client` varchar(50) NOT NULL,
  `ordering` int(11) NOT NULL,
  PRIMARY KEY  (`typeid`,`itemid`,`client`),
  KEY `typeid` (`typeid`),
  KEY `itemid` (`itemid`)
) ENGINE=MyISAM DEFAULT CHARSET=utf8;

--
-- Dumping data for table `jos_jseblod_cck_type_item`
--

INSERT INTO `jos_jseblod_cck_type_item` VALUES (3,156,'site',6),(3,155,'site',5),(1,69,'site',19),(1,68,'site',18),(1,160,'site',17),(1,24,'site',16),(1,27,'site',15),(1,26,'site',14),(1,23,'site',13),(1,15,'site',12),(1,12,'site',11),(1,13,'site',10),(1,14,'site',9),(1,158,'site',8),(1,2,'site',7),(1,127,'site',6),(1,129,'site',5),(1,126,'site',4),(1,10,'site',3),(1,157,'site',2),(1,1,'site',1),(1,71,'admin',40),(1,70,'admin',39),(1,69,'admin',38),(1,68,'admin',37),(1,160,'admin',36),(1,63,'admin',35),(1,62,'admin',34),(1,59,'admin',33),(1,58,'admin',32),(1,57,'admin',31),(1,56,'admin',30),(1,55,'admin',29),(1,54,'admin',28),(1,53,'admin',27),(1,52,'admin',26),(1,51,'admin',25),(1,50,'admin',24),(1,49,'admin',23),(1,48,'admin',22),(1,47,'admin',21),(1,46,'admin',20),(1,159,'admin',19),(1,27,'admin',18),(1,26,'admin',17),(1,25,'admin',16),(1,24,'admin',15),(1,23,'admin',14),(1,22,'admin',13),(1,158,'admin',12),(1,127,'admin',11),(1,129,'admin',10),(1,126,'admin',9),(1,15,'admin',8),(1,13,'admin',7),(1,14,'admin',6),(1,12,'admin',5),(1,11,'admin',4),(1,10,'admin',3),(1,157,'admin',2),(2,2,'site',4),(2,128,'site',3),(2,10,'site',2),(2,1,'site',1),(2,128,'admin',5),(3,154,'site',4),(3,153,'site',3),(3,152,'site',2),(3,272,'site',1),(3,156,'admin',6),(3,155,'admin',5),(4,78,'site',5),(4,79,'site',4),(4,120,'admin',1),(4,10,'admin',2),(4,11,'admin',3),(4,78,'admin',4),(4,79,'admin',5),(4,24,'admin',6),(4,81,'admin',7),(4,82,'admin',8),(4,125,'admin',9),(4,120,'site',1),(4,10,'site',2),(4,125,'site',3),(5,10,'admin',2),(5,120,'site',1),(5,79,'admin',3),(5,120,'admin',1),(6,83,'site',5),(7,113,'site',9),(7,111,'site',8),(7,121,'admin',1),(7,94,'admin',2),(7,95,'admin',3),(7,96,'admin',4),(7,97,'admin',5),(7,98,'admin',6),(7,99,'admin',7),(7,100,'admin',8),(7,101,'admin',9),(7,109,'admin',10),(7,110,'admin',11),(7,111,'admin',12),(8,146,'admin',8),(8,122,'site',8),(8,146,'site',7),(8,97,'site',5),(8,95,'site',3),(8,121,'site',1),(8,99,'admin',7),(8,97,'admin',5),(8,94,'admin',2),(8,95,'admin',3),(8,98,'site',6),(8,96,'site',4),(8,94,'site',2),(8,98,'admin',6),(8,96,'admin',4),(8,121,'admin',1),(9,146,'site',21),(9,122,'site',20),(9,123,'site',19),(9,273,'site',18),(9,144,'site',17),(9,96,'site',16),(9,143,'site',15),(9,142,'site',14),(9,141,'site',13),(9,138,'site',12),(9,140,'site',11),(9,139,'site',10),(9,137,'site',9),(9,136,'site',8),(9,135,'site',7),(9,94,'site',6),(9,98,'site',5),(9,97,'site',4),(9,95,'site',3),(9,134,'site',2),(9,121,'site',1),(9,145,'admin',21),(9,147,'admin',20),(9,146,'admin',19),(9,273,'admin',18),(9,144,'admin',17),(9,96,'admin',16),(9,143,'admin',15),(9,142,'admin',14),(9,141,'admin',13),(9,138,'admin',12),(9,140,'admin',11),(9,139,'admin',10),(9,137,'admin',9),(9,136,'admin',8),(9,135,'admin',7),(1,1,'admin',1),(3,154,'admin',4),(3,153,'admin',3),(3,152,'admin',2),(3,272,'admin',1),(4,24,'site',6),(4,2,'site',7),(7,122,'site',12),(7,124,'site',11),(7,146,'site',10),(7,113,'admin',13),(7,146,'admin',14),(7,121,'site',1),(7,94,'site',2),(7,95,'site',3),(7,96,'site',4),(7,97,'site',5),(7,98,'site',6),(7,110,'site',7),(9,94,'admin',6),(9,98,'admin',5),(9,97,'admin',4),(9,95,'admin',3),(9,134,'admin',2),(9,121,'admin',1),(6,151,'site',6),(6,79,'site',4),(6,161,'admin',3),(2,13,'admin',4),(2,14,'admin',3),(2,10,'admin',2),(2,1,'admin',1),(6,130,'admin',9),(6,120,'site',1),(10,164,'site',3),(10,166,'site',4),(11,2,'site',16),(11,172,'site',15),(11,141,'site',14),(11,140,'site',13),(11,139,'site',12),(11,137,'site',11),(11,142,'site',10),(11,170,'site',9),(11,171,'site',8),(11,144,'site',7),(11,164,'site',6),(11,167,'site',5),(11,135,'site',4),(11,166,'site',3),(11,134,'site',2),(11,165,'site',1),(11,172,'admin',15),(11,141,'admin',14),(11,140,'admin',13),(11,139,'admin',12),(11,137,'admin',11),(11,142,'admin',10),(11,170,'admin',9),(11,171,'admin',8),(11,144,'admin',7),(11,164,'admin',6),(11,167,'admin',5),(11,135,'admin',4),(11,166,'admin',3),(11,134,'admin',2),(12,167,'site',3),(12,166,'site',2),(12,165,'admin',1),(12,166,'admin',2),(12,167,'admin',3),(12,164,'admin',4),(10,163,'admin',1),(10,174,'admin',2),(10,164,'admin',3),(10,166,'admin',4),(10,135,'admin',5),(10,169,'admin',6),(10,282,'admin',7),(10,142,'admin',8),(10,143,'admin',9),(10,168,'admin',10),(10,173,'admin',11),(10,144,'admin',12),(10,281,'admin',13),(11,165,'admin',1),(12,170,'admin',5),(12,171,'admin',6),(12,142,'admin',7),(12,165,'site',1),(13,269,'site',78),(13,268,'site',77),(13,267,'site',76),(13,266,'site',75),(13,265,'site',74),(13,264,'site',73),(13,263,'site',72),(13,262,'site',71),(13,261,'site',70),(13,260,'site',69),(13,259,'site',68),(13,258,'site',67),(13,257,'site',66),(13,256,'site',65),(13,255,'site',64),(13,254,'site',63),(13,253,'site',62),(13,252,'site',61),(13,251,'site',60),(13,250,'site',59),(13,249,'site',58),(13,248,'site',57),(13,247,'site',56),(13,246,'site',55),(13,245,'site',54),(13,244,'site',53),(13,243,'site',52),(13,242,'site',51),(13,241,'site',50),(13,240,'site',49),(13,239,'site',48),(13,238,'site',47),(13,237,'site',46),(13,236,'site',45),(13,235,'site',44),(13,234,'site',43),(13,215,'site',42),(13,214,'site',41),(13,213,'site',40),(13,212,'site',39),(13,211,'site',38),(13,210,'site',37),(13,209,'site',36),(13,208,'site',35),(13,207,'site',34),(13,206,'site',33),(13,205,'site',32),(13,204,'site',31),(13,203,'site',30),(13,202,'site',29),(13,201,'site',28),(13,200,'site',27),(13,199,'site',26),(13,198,'site',25),(13,197,'site',24),(13,196,'site',23),(13,195,'site',22),(13,194,'site',21),(13,193,'site',20),(13,192,'site',19),(13,191,'site',18),(13,190,'site',17),(13,189,'site',16),(13,188,'site',15),(13,187,'site',14),(13,186,'site',13),(13,181,'site',12),(13,180,'site',11),(13,184,'site',10),(13,183,'site',9),(13,182,'site',8),(13,179,'site',7),(13,178,'site',6),(13,177,'site',5),(13,176,'site',4),(13,175,'site',3),(13,271,'site',2),(13,270,'site',1),(13,269,'admin',96),(13,268,'admin',95),(13,267,'admin',94),(13,266,'admin',93),(13,265,'admin',92),(13,264,'admin',91),(13,263,'admin',90),(13,262,'admin',89),(13,261,'admin',88),(13,260,'admin',87),(13,259,'admin',86),(13,258,'admin',85),(13,257,'admin',84),(13,256,'admin',83),(13,255,'admin',82),(13,254,'admin',81),(13,253,'admin',80),(13,252,'admin',79),(13,251,'admin',78),(13,250,'admin',77),(13,249,'admin',76),(13,248,'admin',75),(13,247,'admin',74),(13,246,'admin',73),(13,245,'admin',72),(13,244,'admin',71),(13,243,'admin',70),(13,242,'admin',69),(13,241,'admin',68),(13,240,'admin',67),(13,239,'admin',66),(13,238,'admin',65),(13,237,'admin',64),(13,236,'admin',63),(13,235,'admin',62),(13,234,'admin',61),(13,233,'admin',60),(13,232,'admin',59),(13,231,'admin',58),(13,230,'admin',57),(13,229,'admin',56),(13,228,'admin',55),(13,227,'admin',54),(13,226,'admin',53),(13,225,'admin',52),(13,224,'admin',51),(13,223,'admin',50),(13,222,'admin',49),(13,221,'admin',48),(13,220,'admin',47),(13,219,'admin',46),(13,218,'admin',45),(13,217,'admin',44),(13,216,'admin',43),(13,215,'admin',42),(13,214,'admin',41),(13,213,'admin',40),(13,212,'admin',39),(13,211,'admin',38),(13,210,'admin',37),(13,209,'admin',36),(13,208,'admin',35),(13,207,'admin',34),(13,206,'admin',33),(13,205,'admin',32),(13,204,'admin',31),(13,203,'admin',30),(13,202,'admin',29),(13,201,'admin',28),(13,200,'admin',27),(13,199,'admin',26),(13,198,'admin',25),(13,197,'admin',24),(13,196,'admin',23),(13,195,'admin',22),(13,194,'admin',21),(13,193,'admin',20),(13,192,'admin',19),(13,191,'admin',18),(13,190,'admin',17),(13,189,'admin',16),(13,188,'admin',15),(13,187,'admin',14),(13,186,'admin',13),(13,185,'admin',12),(13,184,'admin',11),(13,183,'admin',10),(13,182,'admin',9),(13,181,'admin',8),(13,180,'admin',7),(13,179,'admin',6),(13,178,'admin',5),(13,177,'admin',4),(13,176,'admin',3),(13,175,'admin',2),(13,270,'admin',1),(6,10,'site',2),(6,151,'admin',6),(6,162,'admin',7),(6,131,'admin',8),(5,10,'site',2),(5,79,'site',3),(5,2,'site',4),(6,79,'admin',4),(6,161,'site',3),(6,83,'admin',5),(6,120,'admin',1),(6,10,'admin',2),(6,162,'site',7),(6,131,'site',8),(6,130,'site',9),(6,2,'site',10),(9,147,'site',22),(9,145,'site',23),(12,164,'site',4),(12,170,'site',5),(12,171,'site',6),(12,142,'site',7),(12,2,'site',8),(14,274,'admin',1),(14,275,'admin',2),(14,278,'admin',3),(14,276,'admin',4),(14,279,'admin',5),(14,277,'admin',6),(14,280,'admin',7),(10,174,'site',2),(10,163,'site',1),(10,135,'site',5),(10,169,'site',6),(10,282,'site',7),(10,142,'site',8),(10,143,'site',9),(10,168,'site',10),(10,173,'site',11),(10,144,'site',12),(10,281,'site',13),(10,2,'site',14);

--
-- Table structure for table `jos_jseblod_cck_type_item_email`
--

CREATE TABLE `jos_jseblod_cck_type_item_email` (
  `typeid` int(11) NOT NULL,
  `itemid` int(11) NOT NULL,
  `client` varchar(50) NOT NULL,
  `ordering` int(11) NOT NULL,
  PRIMARY KEY  (`typeid`,`itemid`,`client`),
  KEY `typeid` (`typeid`),
  KEY `itemid` (`itemid`)
) ENGINE=MyISAM DEFAULT CHARSET=utf8;

--
-- Dumping data for table `jos_jseblod_cck_type_item_email`
--

INSERT INTO `jos_jseblod_cck_type_item_email` VALUES (2,128,'content',1),(3,153,'content',2),(3,152,'content',1),(8,95,'content',2),(8,94,'content',1),(1,126,'content',1),(1,127,'content',2),(4,125,'content',1),(6,161,'content',2),(7,97,'email',4),(7,95,'email',3),(7,96,'email',2),(7,94,'email',1),(7,113,'content',10),(7,111,'content',9),(7,110,'content',8),(7,109,'content',7),(7,101,'content',6),(8,96,'content',3),(8,99,'content',4),(8,95,'email',1),(8,97,'email',2),(7,100,'content',5),(7,99,'content',4),(7,96,'content',3),(7,95,'content',2),(7,94,'content',1),(9,273,'content',15),(9,144,'content',14),(9,96,'content',13),(9,143,'content',12),(9,142,'content',11),(9,141,'content',10),(9,138,'content',9),(9,140,'content',8),(6,10,'content',1),(3,154,'content',3),(6,131,'content',3),(6,162,'content',4),(6,130,'content',5),(11,144,'content',12),(11,164,'content',8),(11,139,'content',10),(11,167,'content',7),(11,142,'content',4),(11,170,'content',5),(11,171,'content',6),(12,164,'content',3),(12,167,'content',2),(10,169,'content',4),(10,282,'content',5),(10,164,'content',1),(10,166,'content',2),(11,140,'content',11),(11,137,'content',9),(11,166,'content',2),(11,135,'content',3),(11,134,'content',1),(12,166,'content',1),(9,139,'content',7),(9,137,'content',6),(9,136,'content',5),(9,135,'content',4),(9,94,'content',3),(9,95,'content',2),(9,134,'content',1),(10,142,'content',6),(11,172,'content',13),(11,141,'content',14),(11,172,'email',1),(12,170,'content',4),(12,142,'content',5),(13,175,'content',1),(13,176,'content',2),(13,177,'content',3),(13,178,'content',4),(13,179,'content',5),(13,180,'content',6),(13,181,'content',7),(13,182,'content',8),(13,183,'content',9),(13,184,'content',10),(13,185,'content',11),(13,186,'content',12),(13,187,'content',13),(13,188,'content',14),(13,189,'content',15),(13,190,'content',16),(13,191,'content',17),(13,192,'content',18),(13,193,'content',19),(13,194,'content',20),(13,195,'content',21),(13,196,'content',22),(13,197,'content',23),(13,198,'content',24),(13,199,'content',25),(13,200,'content',26),(13,201,'content',27),(13,202,'content',28),(13,203,'content',29),(13,204,'content',30),(13,205,'content',31),(13,206,'content',32),(13,207,'content',33),(13,208,'content',34),(13,209,'content',35),(13,210,'content',36),(13,211,'content',37),(13,212,'content',38),(13,213,'content',39),(13,214,'content',40),(13,215,'content',41),(13,216,'content',42),(13,217,'content',43),(13,218,'content',44),(13,219,'content',45),(13,220,'content',46),(13,221,'content',47),(13,222,'content',48),(13,223,'content',49),(13,224,'content',50),(13,225,'content',51),(13,226,'content',52),(13,227,'content',53),(13,228,'content',54),(13,229,'content',55),(13,230,'content',56),(13,231,'content',57),(13,232,'content',58),(13,233,'content',59),(13,234,'content',60),(13,235,'content',61),(13,236,'content',62),(13,237,'content',63),(13,238,'content',64),(13,239,'content',65),(13,240,'content',66),(13,241,'content',67),(13,242,'content',68),(13,243,'content',69),(13,244,'content',70),(13,245,'content',71),(13,246,'content',72),(13,247,'content',73),(13,248,'content',74),(13,249,'content',75),(13,250,'content',76),(13,251,'content',77),(13,252,'content',78),(13,253,'content',79),(13,254,'content',80),(13,255,'content',81),(13,256,'content',82),(13,257,'content',83),(13,258,'content',84),(13,259,'content',85),(13,260,'content',86),(13,261,'content',87),(13,262,'content',88),(13,263,'content',89),(13,264,'content',90),(13,265,'content',91),(13,266,'content',92),(13,267,'content',93),(13,268,'content',94),(13,269,'content',95),(9,94,'email',1),(9,96,'email',2),(9,95,'email',1),(9,97,'email',2),(14,275,'content',1),(14,278,'content',2),(14,276,'content',3),(14,279,'content',4),(14,277,'content',5),(14,280,'content',6),(10,143,'content',7),(10,135,'content',3),(10,168,'content',8),(10,173,'content',9),(10,144,'content',10),(10,281,'content',11);

--
-- Table structure for table `jos_jseblod_cck_type_url`
--

CREATE TABLE `jos_jseblod_cck_type_url` (
  `id` int(11) NOT NULL auto_increment,
  `typeid` int(11) NOT NULL,
  `urlid` int(11) NOT NULL,
  `title` varchar(50) NOT NULL,
  `url` varchar(250) NOT NULL,
  `type` varchar(50) NOT NULL,
  PRIMARY KEY  (`id`)
) ENGINE=MyISAM AUTO_INCREMENT=3 DEFAULT CHARSET=utf8;

--
-- Dumping data for table `jos_jseblod_cck_type_url`
--

INSERT INTO `jos_jseblod_cck_type_url` VALUES (1,7,1,'com_users','com_users','url'),(2,1,1,'com_content','com_content','url_edit');

--
-- Table structure for table `jos_jseblod_cck_types`
--

CREATE TABLE `jos_jseblod_cck_types` (
  `id` int(11) NOT NULL auto_increment,
  `title` varchar(50) NOT NULL,
  `name` varchar(50) NOT NULL,
  `category` int(11) NOT NULL,
  `admintemplate` int(11) NOT NULL default '1',
  `sitetemplate` int(11) NOT NULL default '1',
  `contenttemplate` int(11) NOT NULL default '0',
  `description` text NOT NULL,
  `published` tinyint(4) NOT NULL,
  `checked_out` int(10) unsigned NOT NULL default '0',
  `checked_out_time` datetime NOT NULL,
  PRIMARY KEY  (`id`),
  UNIQUE KEY `name` (`name`),
  KEY `idx_category` (`category`),
  KEY `idx_admintemplate` (`admintemplate`),
  KEY `idx_sitetemplate` (`sitetemplate`),
  KEY `idx_contenttemplate` (`contenttemplate`)
) ENGINE=MyISAM AUTO_INCREMENT=15 DEFAULT CHARSET=utf8;

--
-- Dumping data for table `jos_jseblod_cck_types`
--

INSERT INTO `jos_jseblod_cck_types` VALUES (1,'Article','article',4,1,1,3,'Article Content Type. (all Joomla Article Fields)',1,0,'0000-00-00 00:00:00'),(2,'Article Mini','article_mini',4,1,1,3,'Article Simple Content Type. (minimum Joomla Article Fields)',1,0,'0000-00-00 00:00:00'),(3,'Article Blog','article_blog',4,6,6,5,'Article Blog Content Type. (custom Content Fields - Image, Menu...)',1,0,'0000-00-00 00:00:00'),(4,'Category','category',5,1,1,3,'Category Content Type. (all Joomla Category Fields)',1,0,'0000-00-00 00:00:00'),(5,'Category Mini','category_mini',5,1,1,4,'Category Content Type. (minimum Joomla Category Fields)',1,0,'0000-00-00 00:00:00'),(6,'Category & SubCategories','category_subcategories',5,1,1,7,'Category &amp; SubCategories Content Type. (custom Content Fields, Subcategories)',1,0,'0000-00-00 00:00:00'),(7,'User','user',6,1,1,4,'User Content Type. (all Joomla User Fields)',1,0,'0000-00-00 00:00:00'),(8,'User Mini','user_mini',6,1,1,4,'User Simple Content Type. (minimum Joomla User Fields)',1,0,'0000-00-00 00:00:00'),(9,'User Profile','user_profile',6,9,9,8,'User Profile Content Type. (custom Content Fields - Country, Phone, Website...)',1,0,'0000-00-00 00:00:00'),(10,'Business Card','business_card',9,1,1,11,'Business Card Content Type. [User\'s Submission]',1,0,'0000-00-00 00:00:00'),(11,'Contact','contact',10,1,1,4,'Contact Content Type. (complete Contact Form)',1,0,'0000-00-00 00:00:00'),(12,'Contact Mini','contact_mini',10,2,2,4,'Contact Mini Content Type. (mini Contact Form)',1,0,'0000-00-00 00:00:00'),(13,'Portfolio','portfolio',11,1,1,10,'Portfolio Content Type with photo gallery:&lt;br /&gt;\n&lt;ul&gt;\n&lt;li&gt;introtext template&lt;/li&gt;\n&lt;li&gt;fulltext template&lt;/li&gt;\n&lt;li&gt;nice lightbox&lt;/li&gt;\n&lt;/ul&gt;',1,0,'0000-00-00 00:00:00'),(14,'Accordion Description','accordion_description',8,1,1,4,'Accordion Description Content Type.',1,0,'0000-00-00 00:00:00');

--
-- Table structure for table `jos_jseblod_cck_types_categories`
--

CREATE TABLE `jos_jseblod_cck_types_categories` (
  `id` int(11) NOT NULL auto_increment,
  `title` varchar(50) NOT NULL,
  `name` varchar(50) NOT NULL,
  `color` varchar(50) NOT NULL,
  `introchar` varchar(2) NOT NULL,
  `colorchar` varchar(50) NOT NULL,
  `lft` int(11) NOT NULL,
  `rgt` int(11) NOT NULL,
  `display` tinyint(4) NOT NULL,
  `description` text NOT NULL,
  `published` tinyint(4) NOT NULL,
  `checked_out` int(10) unsigned NOT NULL default '0',
  `checked_out_time` datetime NOT NULL,
  PRIMARY KEY  (`id`),
  UNIQUE KEY `name` (`name`)
) ENGINE=MyISAM AUTO_INCREMENT=19 DEFAULT CHARSET=utf8;

--
-- Dumping data for table `jos_jseblod_cck_types_categories`
--

INSERT INTO `jos_jseblod_cck_types_categories` VALUES (1,'Quick Category','quick_category','#ffd700','','',0,0,2,'',1,0,'0000-00-00 00:00:00'),(2,'Top','TOP','','','',1,34,0,'',1,0,'0000-00-00 00:00:00'),(3,'Auto Process','auto_process','','','',2,3,1,'',1,0,'0000-00-00 00:00:00'),(4,'Joomla Article','joomla_article','#ff3a20','A','#ffffff',4,5,1,'',1,0,'0000-00-00 00:00:00'),(5,'Joomla Category','joomla_category','#ff3a20','C','#ffffff',6,7,1,'',1,0,'0000-00-00 00:00:00'),(6,'Joomla User','joomla_user','#f9a61b','U','#ffffff',8,9,1,'',1,0,'0000-00-00 00:00:00'),(7,'jSeblod','jseblod','#ad0a0a','','',10,19,2,'',1,0,'0000-00-00 00:00:00'),(8,'Accordion','accordion','#ad0a0a','Ac','#ffffff',11,12,2,'',1,0,'0000-00-00 00:00:00'),(9,'Business','business','#ad0a0a','Bs','#ffffff',13,14,2,'',1,0,'0000-00-00 00:00:00'),(10,'Contact Us','contact_us','#ad0a0a','Ct','#ffffff',15,16,2,'',1,0,'0000-00-00 00:00:00'),(11,'Portfolio','portfolio','#ad0a0a','Pf','#ffffff',17,18,2,'',1,0,'0000-00-00 00:00:00'),(12,'Plugins','plugins','#885fcf','P','#ffffff',20,33,2,'',1,0,'0000-00-00 00:00:00'),(13,'Plg Audio','plg_audio','#885fcf','Pa','#ffffff',21,22,2,'',1,0,'0000-00-00 00:00:00'),(14,'Plg Box','plg_box','#885fcf','Pb','#ffffff',23,24,2,'',1,0,'0000-00-00 00:00:00'),(15,'Plg Image','plg_image','#885fcf','Pi','#ffffff',25,26,2,'',1,0,'0000-00-00 00:00:00'),(16,'Plg Map','plg_map','#885fcf','Pm','#ffffff',27,28,2,'',1,0,'0000-00-00 00:00:00'),(17,'Plg Other','plg_other','#885fcf','Po','#ffffff',29,30,2,'',1,0,'0000-00-00 00:00:00'),(18,'Plg Video','plg_video','#885fcf','Pv','#ffffff',31,32,2,'',1,0,'0000-00-00 00:00:00');

--
-- Table structure for table `jos_jseblod_cck_users`
--

CREATE TABLE `jos_jseblod_cck_users` (
  `contentid` int(11) NOT NULL,
  `userid` int(11) NOT NULL,
  `type` varchar(50) NOT NULL,
  `registration` tinyint(4) NOT NULL default '0',
  `state` tinyint(4) NOT NULL default '0',
  PRIMARY KEY  (`contentid`),
  KEY `idx_userid` (`userid`),
  KEY `idx_type` (`type`)
) ENGINE=MyISAM DEFAULT CHARSET=utf8;

--
-- Dumping data for table `jos_jseblod_cck_users`
--


--
-- Table structure for table `jos_languages`
--

CREATE TABLE `jos_languages` (
  `id` int(11) NOT NULL auto_increment,
  `name` varchar(100) NOT NULL default '',
  `active` tinyint(1) NOT NULL default '0',
  `iso` varchar(20) default NULL,
  `code` varchar(20) NOT NULL default '',
  `shortcode` varchar(20) default NULL,
  `image` varchar(100) default NULL,
  `fallback_code` varchar(20) NOT NULL default '',
  `params` text NOT NULL,
  `ordering` int(11) NOT NULL default '0',
  PRIMARY KEY  (`id`)
) ENGINE=MyISAM AUTO_INCREMENT=3 DEFAULT CHARSET=utf8;

--
-- Dumping data for table `jos_languages`
--

INSERT INTO `jos_languages` VALUES (1,'Turkish (Tr)',1,'en_GB.utf8, en_GB.UT','en-GB','tr','','','',2),(2,'French (Fr)',1,'fr_FR.utf8, fr_FR.UT','fr-FR','fr','','','',1);

--
-- Table structure for table `jos_menu`
--

CREATE TABLE `jos_menu` (
  `id` int(11) NOT NULL auto_increment,
  `menutype` varchar(75) default NULL,
  `name` varchar(255) default NULL,
  `alias` varchar(255) NOT NULL default '',
  `link` text,
  `type` varchar(50) NOT NULL default '',
  `published` tinyint(1) NOT NULL default '0',
  `parent` int(11) unsigned NOT NULL default '0',
  `componentid` int(11) unsigned NOT NULL default '0',
  `sublevel` int(11) default '0',
  `ordering` int(11) default '0',
  `checked_out` int(11) unsigned NOT NULL default '0',
  `checked_out_time` datetime NOT NULL default '0000-00-00 00:00:00',
  `pollid` int(11) NOT NULL default '0',
  `browserNav` tinyint(4) default '0',
  `access` tinyint(3) unsigned NOT NULL default '0',
  `utaccess` tinyint(3) unsigned NOT NULL default '0',
  `params` text NOT NULL,
  `lft` int(11) unsigned NOT NULL default '0',
  `rgt` int(11) unsigned NOT NULL default '0',
  `home` int(1) unsigned NOT NULL default '0',
  PRIMARY KEY  (`id`),
  KEY `componentid` (`componentid`,`menutype`,`published`,`access`),
  KEY `menutype` (`menutype`)
) ENGINE=MyISAM AUTO_INCREMENT=202 DEFAULT CHARSET=utf8;

--
-- Dumping data for table `jos_menu`
--

INSERT INTO `jos_menu` VALUES (1,'mainmenu','Accueil','home','index.php?option=com_content&view=frontpage','component',1,0,20,0,2,0,'0000-00-00 00:00:00',0,0,0,3,'num_leading_articles=0\nnum_intro_articles=1000\nnum_columns=2\nnum_links=0\norderby_pri=\norderby_sec=alpha\nmulti_column_order=1\nshow_pagination=2\nshow_pagination_results=1\nshow_feed_link=1\nshow_noauth=\nshow_title=\nlink_titles=\nshow_intro=\nshow_section=1\nlink_section=\nshow_category=1\nlink_category=\nshow_author=0\nshow_create_date=\nshow_modify_date=\nshow_item_navigation=\nshow_readmore=\nshow_vote=\nshow_icons=0\nshow_pdf_icon=0\nshow_print_icon=0\nshow_email_icon=0\nshow_hits=0\nfeed_summary=\npage_title=\nshow_page_title=0\npageclass_sfx=\nmenu_image=-1\nsecure=0\n\n',0,0,1),(110,'mainmenu','Varia Anatolica','varia-anatolica','index.php?option=com_content&view=article&id=297','component',1,109,20,3,1,0,'0000-00-00 00:00:00',0,0,0,0,'show_noauth=\nshow_title=\nlink_titles=\nshow_intro=\nshow_section=\nlink_section=\nshow_category=\nlink_category=\nshow_author=0\nshow_create_date=0\nshow_modify_date=0\nshow_item_navigation=0\nshow_readmore=\nshow_vote=\nshow_icons=0\nshow_pdf_icon=0\nshow_print_icon=0\nshow_email_icon=0\nshow_hits=0\nfeed_summary=\npage_title=\nshow_page_title=1\npageclass_sfx=\nmenu_image=-1\nsecure=0\n\n',0,0,0),(107,'mainmenu','Actualités politique','actualites-vie-politique','index.php?option=com_content&view=section&id=27','component',0,12,20,1,7,0,'0000-00-00 00:00:00',0,0,0,0,'show_description=0\nshow_description_image=0\nshow_categories=1\nshow_empty_categories=0\nshow_cat_num_articles=1\nshow_category_description=1\norderby=\norderby_sec=rdate\nshow_feed_link=1\nshow_noauth=\nshow_title=\nlink_titles=\nshow_intro=\nshow_section=\nlink_section=\nshow_category=\nlink_category=\nshow_author=0\nshow_create_date=0\nshow_modify_date=0\nshow_item_navigation=0\nshow_readmore=\nshow_vote=\nshow_icons=0\nshow_pdf_icon=0\nshow_print_icon=0\nshow_email_icon=0\nshow_hits=0\nfeed_summary=\npage_title=\nshow_page_title=1\npageclass_sfx=\nmenu_image=-1\nsecure=0\n\n',0,0,0),(108,'mainmenu','Publications des chercheurs','publications-des-chercheurs','index.php?option=com_content&view=category&id=108','component',0,80,20,2,4,0,'0000-00-00 00:00:00',0,0,0,0,'display_num=0\nshow_headings=0\nshow_date=0\ndate_format=\nfilter=0\nfilter_type=title\norderby_sec=rdate\nshow_pagination=1\nshow_pagination_limit=0\nshow_feed_link=1\nshow_noauth=\nshow_title=\nlink_titles=\nshow_intro=\nshow_section=\nlink_section=\nshow_category=\nlink_category=\nshow_author=0\nshow_create_date=0\nshow_modify_date=0\nshow_item_navigation=0\nshow_readmore=\nshow_vote=\nshow_icons=0\nshow_pdf_icon=0\nshow_print_icon=0\nshow_email_icon=0\nshow_hits=0\nfeed_summary=\npage_title=\nshow_page_title=1\npageclass_sfx=\nmenu_image=-1\nsecure=0\n\n',0,0,0),(109,'mainmenu','Périodiques','periodiques','index.php?option=com_content&view=category&id=107','component',1,80,20,2,2,0,'0000-00-00 00:00:00',0,0,0,0,'display_num=10\nshow_headings=1\nshow_date=0\ndate_format=\nfilter=1\nfilter_type=title\norderby_sec=\nshow_pagination=1\nshow_pagination_limit=1\nshow_feed_link=1\nshow_noauth=\nshow_title=\nlink_titles=\nshow_intro=\nshow_section=\nlink_section=\nshow_category=\nlink_category=\nshow_author=0\nshow_create_date=0\nshow_modify_date=0\nshow_item_navigation=0\nshow_readmore=\nshow_vote=\nshow_icons=0\nshow_pdf_icon=0\nshow_print_icon=0\nshow_email_icon=0\nshow_hits=0\nfeed_summary=\npage_title=\nshow_page_title=1\npageclass_sfx=\nmenu_image=-1\nsecure=0\n\n',0,0,0),(6,'mainmenu','Archéologie','archeologie','index.php?option=com_content&view=category&layout=blog&id=164','component',1,0,20,0,3,0,'0000-00-00 00:00:00',0,0,0,0,'show_description=0\nshow_description_image=0\nnum_leading_articles=1\nnum_intro_articles=15\nnum_columns=1\nnum_links=4\norderby_pri=\norderby_sec=\nmulti_column_order=0\nshow_pagination=2\nshow_pagination_results=1\nshow_feed_link=1\nshow_noauth=\nshow_title=0\nlink_titles=\nshow_intro=\nshow_section=\nlink_section=\nshow_category=\nlink_category=\nshow_author=\nshow_create_date=\nshow_modify_date=\nshow_item_navigation=\nshow_readmore=\nshow_vote=\nshow_icons=\nshow_pdf_icon=\nshow_print_icon=\nshow_email_icon=\nshow_hits=\nfeed_summary=\npage_title=\nshow_page_title=0\npageclass_sfx=\nmenu_image=-1\nsecure=0\n\n',0,0,0),(7,'mainmenu','Villes','villes','index.php?option=com_content&view=article&id=26','component',1,0,20,0,5,0,'0000-00-00 00:00:00',0,0,0,0,'show_noauth=\nshow_title=\nlink_titles=\nshow_intro=\nshow_section=\nlink_section=\nshow_category=\nlink_category=\nshow_author=\nshow_create_date=\nshow_modify_date=\nshow_item_navigation=\nshow_readmore=\nshow_vote=\nshow_icons=\nshow_pdf_icon=\nshow_print_icon=\nshow_email_icon=\nshow_hits=\nfeed_summary=\npage_title=\nshow_page_title=1\npageclass_sfx=\nmenu_image=-1\nsecure=0\n\n',0,0,0),(8,'mainmenu','Cartographie','cartographie','index.php?option=com_content&view=article&id=29','component',1,0,20,0,9,0,'0000-00-00 00:00:00',0,0,0,0,'show_noauth=\nshow_title=\nlink_titles=\nshow_intro=\nshow_section=\nlink_section=\nshow_category=\nlink_category=\nshow_author=0\nshow_create_date=0\nshow_modify_date=0\nshow_item_navigation=0\nshow_readmore=0\nshow_vote=\nshow_icons=0\nshow_pdf_icon=0\nshow_print_icon=0\nshow_email_icon=0\nshow_hits=0\nfeed_summary=\npage_title=\nshow_page_title=1\npageclass_sfx=\nmenu_image=-1\nsecure=0\n\n',0,0,0),(9,'mainmenu','Médiathèque','bibliotheque','index.php?option=com_content&view=article&id=28','component',1,0,20,0,10,0,'0000-00-00 00:00:00',0,0,0,0,'show_noauth=\nshow_title=\nlink_titles=\nshow_intro=\nshow_section=\nlink_section=\nshow_category=\nlink_category=\nshow_author=0\nshow_create_date=0\nshow_modify_date=0\nshow_item_navigation=0\nshow_readmore=\nshow_vote=\nshow_icons=0\nshow_pdf_icon=0\nshow_print_icon=0\nshow_email_icon=0\nshow_hits=0\nfeed_summary=\npage_title=\nshow_page_title=1\npageclass_sfx=\nmenu_image=-1\nsecure=0\n\n',0,0,0),(10,'mainmenu','Histoire','histoire','index.php?option=com_content&view=article&id=32','component',1,0,20,0,4,0,'0000-00-00 00:00:00',0,0,0,0,'show_noauth=\nshow_title=\nlink_titles=\nshow_intro=\nshow_section=\nlink_section=\nshow_category=\nlink_category=\nshow_author=0\nshow_create_date=0\nshow_modify_date=0\nshow_item_navigation=\nshow_readmore=\nshow_vote=\nshow_icons=0\nshow_pdf_icon=0\nshow_print_icon=0\nshow_email_icon=0\nshow_hits=0\nfeed_summary=\npage_title=\nshow_page_title=1\npageclass_sfx=\nmenu_image=-1\nsecure=0\n\n',0,0,0),(11,'mainmenu','Politiques Culturelles','culture','index.php?option=com_content&view=article&id=31','component',1,0,20,0,7,0,'0000-00-00 00:00:00',0,0,0,0,'show_noauth=\nshow_title=\nlink_titles=\nshow_intro=\nshow_section=\nlink_section=\nshow_category=\nlink_category=\nshow_author=0\nshow_create_date=0\nshow_modify_date=0\nshow_item_navigation=\nshow_readmore=\nshow_vote=\nshow_icons=0\nshow_pdf_icon=0\nshow_print_icon=0\nshow_email_icon=0\nshow_hits=0\nfeed_summary=\npage_title=\nshow_page_title=1\npageclass_sfx=\nmenu_image=-1\nsecure=0\n\n',0,0,0),(12,'mainmenu','Politique','vie-politique','index.php?option=com_content&view=article&id=27','component',1,0,20,0,6,0,'0000-00-00 00:00:00',0,0,0,0,'show_noauth=\nshow_title=\nlink_titles=\nshow_intro=\nshow_section=\nlink_section=\nshow_category=\nlink_category=\nshow_author=\nshow_create_date=\nshow_modify_date=\nshow_item_navigation=\nshow_readmore=\nshow_vote=\nshow_icons=\nshow_pdf_icon=\nshow_print_icon=\nshow_email_icon=\nshow_hits=\nfeed_summary=\npage_title=\nshow_page_title=1\npageclass_sfx=\nmenu_image=-1\nsecure=0\n\n',0,0,0),(13,'mainmenu','Caucase','mer-noire-caucase','index.php?option=com_content&view=article&id=1264','component',1,0,20,0,8,0,'0000-00-00 00:00:00',0,0,0,0,'show_noauth=\nshow_title=\nlink_titles=\nshow_intro=\nshow_section=\nlink_section=\nshow_category=\nlink_category=\nshow_author=0\nshow_create_date=0\nshow_modify_date=0\nshow_item_navigation=0\nshow_readmore=0\nshow_vote=\nshow_icons=0\nshow_pdf_icon=0\nshow_print_icon=0\nshow_email_icon=0\nshow_hits=\nfeed_summary=\npage_title=\nshow_page_title=1\npageclass_sfx=\nmenu_image=-1\nsecure=0\n\n',0,0,0),(14,'mainmenu','L\'institut','lifea','index.php?option=com_content&view=article&id=38','component',1,1,20,1,1,0,'0000-00-00 00:00:00',0,0,0,0,'show_noauth=\nshow_title=\nlink_titles=\nshow_intro=\nshow_section=\nlink_section=\nshow_category=\nlink_category=\nshow_author=\nshow_create_date=\nshow_modify_date=\nshow_item_navigation=\nshow_readmore=\nshow_vote=\nshow_icons=\nshow_pdf_icon=\nshow_print_icon=\nshow_email_icon=\nshow_hits=\nfeed_summary=\npage_title=\nshow_page_title=1\npageclass_sfx=\nmenu_image=-1\nsecure=0\n\n',0,0,0),(15,'mainmenu','Bourses','bourses','index.php?option=com_content&view=category&layout=blog&id=174','component',1,1,20,1,4,0,'0000-00-00 00:00:00',0,0,0,0,'show_description=0\nshow_description_image=0\nnum_leading_articles=0\nnum_intro_articles=4\nnum_columns=2\nnum_links=4\norderby_pri=\norderby_sec=rdate\nmulti_column_order=0\nshow_pagination=2\nshow_pagination_results=1\nshow_feed_link=1\nshow_noauth=\nshow_title=\nlink_titles=\nshow_intro=\nshow_section=\nlink_section=\nshow_category=\nlink_category=\nshow_author=\nshow_create_date=\nshow_modify_date=\nshow_item_navigation=\nshow_readmore=\nshow_vote=\nshow_icons=\nshow_pdf_icon=\nshow_print_icon=\nshow_email_icon=\nshow_hits=\nfeed_summary=\npage_title=\nshow_page_title=1\npageclass_sfx=\nmenu_image=-1\nsecure=0\n\n',0,0,0),(16,'administration','Administration','administration-du-site','http://ifea-istanbul.net/website_2/administrator/index.php?option=com_login&Itemid=2','url',1,0,0,0,1,0,'0000-00-00 00:00:00',0,0,0,0,'menu_image=-1\n\n',0,0,0),(17,'administration','Webmail','webmail','https://ssl0.ovh.net/roundcube/index.php','url',1,0,0,0,6,0,'0000-00-00 00:00:00',0,0,0,0,'menu_image=-1\n\n',0,0,0),(18,'administration','IFEA Online','ifea-online','index.php?option=com_content&view=article&id=34','component',0,0,20,0,5,0,'0000-00-00 00:00:00',0,0,0,0,'show_noauth=\nshow_title=\nlink_titles=\nshow_intro=\nshow_section=\nlink_section=\nshow_category=\nlink_category=\nshow_author=\nshow_create_date=\nshow_modify_date=\nshow_item_navigation=\nshow_readmore=\nshow_vote=\nshow_icons=\nshow_pdf_icon=\nshow_print_icon=\nshow_email_icon=\nshow_hits=\nfeed_summary=\npage_title=\nshow_page_title=1\npageclass_sfx=\nmenu_image=-1\nsecure=0\n\n',0,0,0),(19,'administration','Télécharger le logo de l\'IFEA','telecharger-le-logo-de-lifea','index.php?option=com_content&view=article&id=35','component',1,0,20,0,3,0,'0000-00-00 00:00:00',0,0,0,0,'show_noauth=\nshow_title=\nlink_titles=\nshow_intro=\nshow_section=\nlink_section=\nshow_category=\nlink_category=\nshow_author=\nshow_create_date=\nshow_modify_date=\nshow_item_navigation=\nshow_readmore=\nshow_vote=\nshow_icons=\nshow_pdf_icon=\nshow_print_icon=\nshow_email_icon=\nshow_hits=\nfeed_summary=\npage_title=\nshow_page_title=1\npageclass_sfx=\nmenu_image=-1\nsecure=0\n\n',0,0,0),(20,'administration','2008','archives-2008','index.php?option=com_content&view=section&id=32','component',1,0,20,0,8,0,'0000-00-00 00:00:00',0,0,0,0,'show_description=0\nshow_description_image=0\nshow_categories=1\nshow_empty_categories=1\nshow_cat_num_articles=1\nshow_category_description=1\norderby=\norderby_sec=\nshow_feed_link=1\nshow_noauth=\nshow_title=\nlink_titles=\nshow_intro=\nshow_section=\nlink_section=\nshow_category=\nlink_category=\nshow_author=\nshow_create_date=\nshow_modify_date=\nshow_item_navigation=\nshow_readmore=\nshow_vote=\nshow_icons=\nshow_pdf_icon=\nshow_print_icon=\nshow_email_icon=\nshow_hits=\nfeed_summary=\npage_title=\nshow_page_title=1\npageclass_sfx=\nmenu_image=-1\nsecure=0\n\n',0,0,0),(21,'mainmenu','Colloques','colloques','index.php?option=com_content&view=article&id=1052','component',1,1,20,1,5,0,'0000-00-00 00:00:00',0,0,0,0,'show_noauth=\nshow_title=\nlink_titles=\nshow_intro=\nshow_section=\nlink_section=\nshow_category=\nlink_category=\nshow_author=\nshow_create_date=\nshow_modify_date=\nshow_item_navigation=\nshow_readmore=\nshow_vote=\nshow_icons=\nshow_pdf_icon=\nshow_print_icon=\nshow_email_icon=\nshow_hits=\nfeed_summary=\npage_title=\nshow_page_title=1\npageclass_sfx=\nmenu_image=-1\nsecure=0\n\n',0,0,0),(22,'mainmenu','Contact','contact','index.php?option=com_content&view=article&id=33','component',1,14,20,2,1,0,'0000-00-00 00:00:00',0,0,0,0,'show_noauth=\nshow_title=\nlink_titles=\nshow_intro=\nshow_section=\nlink_section=\nshow_category=\nlink_category=\nshow_author=\nshow_create_date=\nshow_modify_date=\nshow_item_navigation=\nshow_readmore=\nshow_vote=\nshow_icons=\nshow_pdf_icon=\nshow_print_icon=\nshow_email_icon=\nshow_hits=\nfeed_summary=\npage_title=\nshow_page_title=1\npageclass_sfx=\nmenu_image=-1\nsecure=0\n\n',0,0,0),(23,'administration','Evénements passés','evenements-passes','index.php?option=com_content&view=category&layout=blog&id=55','component',1,1,20,1,1,0,'0000-00-00 00:00:00',0,0,0,0,'show_description=0\nshow_description_image=0\nnum_leading_articles=0\nnum_intro_articles=15\nnum_columns=1\nnum_links=0\norderby_pri=\norderby_sec=\nmulti_column_order=0\nshow_pagination=2\nshow_pagination_results=1\nshow_feed_link=1\nshow_noauth=\nshow_title=0\nlink_titles=0\nshow_intro=\nshow_section=0\nlink_section=\nshow_category=\nlink_category=\nshow_author=0\nshow_create_date=0\nshow_modify_date=0\nshow_item_navigation=0\nshow_readmore=0\nshow_vote=0\nshow_icons=0\nshow_pdf_icon=0\nshow_print_icon=0\nshow_email_icon=0\nshow_hits=0\nfeed_summary=\npage_title=\nshow_page_title=1\npageclass_sfx=\nmenu_image=-1\nsecure=0\n\n',0,0,0),(24,'mainmenu','Personnels','personnels','index.php?option=com_content&view=article&id=36','component',1,1,20,1,2,0,'0000-00-00 00:00:00',0,0,0,0,'show_noauth=\nshow_title=\nlink_titles=\nshow_intro=\nshow_section=\nlink_section=\nshow_category=\nlink_category=\nshow_author=\nshow_create_date=\nshow_modify_date=\nshow_item_navigation=\nshow_readmore=\nshow_vote=\nshow_icons=\nshow_pdf_icon=\nshow_print_icon=\nshow_email_icon=\nshow_hits=\nfeed_summary=\npage_title=\nshow_page_title=1\npageclass_sfx=\nmenu_image=-1\nsecure=0\n\n',0,0,0),(25,'mainmenu','Chambres d\'hôtes','services','index.php?option=com_content&view=article&id=56','component',1,1,20,1,7,0,'0000-00-00 00:00:00',0,0,0,0,'show_noauth=\nshow_title=\nlink_titles=\nshow_intro=\nshow_section=\nlink_section=\nshow_category=\nlink_category=\nshow_author=\nshow_create_date=\nshow_modify_date=\nshow_item_navigation=\nshow_readmore=\nshow_vote=\nshow_icons=\nshow_pdf_icon=\nshow_print_icon=\nshow_email_icon=\nshow_hits=\nfeed_summary=\npage_title=\nshow_page_title=1\npageclass_sfx=\nmenu_image=-1\nsecure=0\n\n',0,0,0),(113,'mainmenu','Anatolia Antiqua','anatolia-antiqua','index.php?option=com_content&view=article&id=294','component',1,109,20,3,4,0,'0000-00-00 00:00:00',0,0,0,0,'show_noauth=\nshow_title=\nlink_titles=\nshow_intro=\nshow_section=\nlink_section=\nshow_category=\nlink_category=\nshow_author=0\nshow_create_date=0\nshow_modify_date=0\nshow_item_navigation=0\nshow_readmore=\nshow_vote=\nshow_icons=0\nshow_pdf_icon=0\nshow_print_icon=0\nshow_email_icon=0\nshow_hits=0\nfeed_summary=\npage_title=\nshow_page_title=1\npageclass_sfx=\nmenu_image=-1\nsecure=0\n\n',0,0,0),(114,'mainmenu','Publications de l\'IFEA','publications-de-lifea','index.php?option=com_content&view=category&id=109','component',0,80,20,2,1,0,'0000-00-00 00:00:00',0,0,0,0,'display_num=0\nshow_headings=0\nshow_date=0\ndate_format=\nfilter=0\nfilter_type=title\norderby_sec=rdate\nshow_pagination=1\nshow_pagination_limit=0\nshow_feed_link=1\nshow_noauth=\nshow_title=\nlink_titles=\nshow_intro=\nshow_section=\nlink_section=\nshow_category=\nlink_category=\nshow_author=0\nshow_create_date=0\nshow_modify_date=0\nshow_item_navigation=0\nshow_readmore=\nshow_vote=\nshow_icons=0\nshow_pdf_icon=0\nshow_print_icon=0\nshow_email_icon=0\nshow_hits=0\nfeed_summary=\npage_title=\nshow_page_title=1\npageclass_sfx=\nmenu_image=-1\nsecure=0\n\n',0,0,0),(111,'mainmenu','Varia Anatolica','varia-anatolica','index.php?option=com_content&view=article&id=297','component',0,109,20,3,2,0,'0000-00-00 00:00:00',0,0,0,0,'show_noauth=\nshow_title=\nlink_titles=\nshow_intro=\nshow_section=\nlink_section=\nshow_category=\nlink_category=\nshow_author=0\nshow_create_date=0\nshow_modify_date=0\nshow_item_navigation=0\nshow_readmore=\nshow_vote=\nshow_icons=0\nshow_pdf_icon=0\nshow_print_icon=0\nshow_email_icon=0\nshow_hits=0\nfeed_summary=\npage_title=\nshow_page_title=1\npageclass_sfx=\nmenu_image=-1\nsecure=0\n\n',0,0,0),(112,'mainmenu','Anatolica Moderna','anatolica-moderna','index.php?option=com_content&view=article&id=295','component',0,109,20,3,3,0,'0000-00-00 00:00:00',0,0,0,0,'show_noauth=\nshow_title=\nlink_titles=\nshow_intro=\nshow_section=\nlink_section=\nshow_category=\nlink_category=\nshow_author=0\nshow_create_date=0\nshow_modify_date=0\nshow_item_navigation=0\nshow_readmore=\nshow_vote=\nshow_icons=0\nshow_pdf_icon=0\nshow_print_icon=0\nshow_email_icon=0\nshow_hits=0\nfeed_summary=\npage_title=\nshow_page_title=1\npageclass_sfx=\nmenu_image=-1\nsecure=0\n\n',0,0,0),(28,'mainmenu','Chercheurs associés','chercheurs-associes','index.php?option=com_content&view=category&id=57','component',1,24,20,2,2,0,'0000-00-00 00:00:00',0,0,0,0,'display_num=0\nshow_headings=0\nshow_date=0\ndate_format=\nfilter=0\nfilter_type=title\norderby_sec=alpha\nshow_pagination=1\nshow_pagination_limit=0\nshow_feed_link=1\nshow_noauth=\nshow_title=\nlink_titles=\nshow_intro=\nshow_section=0\nlink_section=0\nshow_category=1\nlink_category=1\nshow_author=0\nshow_create_date=0\nshow_modify_date=0\nshow_item_navigation=0\nshow_readmore=\nshow_vote=0\nshow_icons=0\nshow_pdf_icon=0\nshow_print_icon=0\nshow_email_icon=0\nshow_hits=0\nfeed_summary=\npage_title=\nshow_page_title=1\npageclass_sfx=\nmenu_image=-1\nsecure=0\n\n',0,0,0),(30,'mainmenu','CIMEN Musa','cimen-musa','index.php?option=com_content&view=article&id=58','component',1,28,20,3,2,0,'0000-00-00 00:00:00',0,0,0,0,'show_noauth=\nshow_title=\nlink_titles=\nshow_intro=\nshow_section=\nlink_section=\nshow_category=\nlink_category=\nshow_author=\nshow_create_date=\nshow_modify_date=\nshow_item_navigation=\nshow_readmore=\nshow_vote=\nshow_icons=\nshow_pdf_icon=\nshow_print_icon=\nshow_email_icon=\nshow_hits=\nfeed_summary=\npage_title=\nshow_page_title=1\npageclass_sfx=\nmenu_image=-1\nsecure=0\n\n',0,0,0),(31,'mainmenu','SENI Nora','seni-nora','index.php?option=com_content&view=article&id=85','component',1,36,20,3,1,0,'0000-00-00 00:00:00',0,0,0,0,'show_noauth=\nshow_title=\nlink_titles=\nshow_intro=\nshow_section=\nlink_section=\nshow_category=\nlink_category=\nshow_author=\nshow_create_date=\nshow_modify_date=\nshow_item_navigation=\nshow_readmore=\nshow_vote=\nshow_icons=\nshow_pdf_icon=\nshow_print_icon=\nshow_email_icon=\nshow_hits=\nfeed_summary=\npage_title=\nshow_page_title=1\npageclass_sfx=\nmenu_image=-1\nsecure=0\n\n',0,0,0),(32,'mainmenu','TOUMARKINE Alexandre','toumarkine-alexandre','index.php?option=com_content&view=article&id=60','component',1,28,20,3,3,0,'0000-00-00 00:00:00',0,0,0,0,'show_noauth=\nshow_title=\nlink_titles=\nshow_intro=\nshow_section=\nlink_section=\nshow_category=\nlink_category=\nshow_author=\nshow_create_date=\nshow_modify_date=\nshow_item_navigation=\nshow_readmore=\nshow_vote=\nshow_icons=\nshow_pdf_icon=\nshow_print_icon=\nshow_email_icon=\nshow_hits=\nfeed_summary=\npage_title=\nshow_page_title=1\npageclass_sfx=\nmenu_image=-1\nsecure=0\n\n',0,0,0),(33,'mainmenu','ASTRUC Laurence','astruc-laurence','index.php?option=com_content&view=article&id=61','component',1,36,20,3,3,0,'0000-00-00 00:00:00',0,0,0,0,'show_noauth=\nshow_title=\nlink_titles=\nshow_intro=\nshow_section=\nlink_section=\nshow_category=\nlink_category=\nshow_author=\nshow_create_date=\nshow_modify_date=\nshow_item_navigation=\nshow_readmore=\nshow_vote=\nshow_icons=\nshow_pdf_icon=\nshow_print_icon=\nshow_email_icon=\nshow_hits=\nfeed_summary=\npage_title=\nshow_page_title=1\npageclass_sfx=\nmenu_image=-1\nsecure=0\n\n',0,0,0),(34,'mainmenu','KOHL Markus','kohl-markus','index.php?option=com_content&view=article&id=62','component',1,28,20,3,7,0,'0000-00-00 00:00:00',0,0,0,0,'show_noauth=\nshow_title=\nlink_titles=\nshow_intro=\nshow_section=\nlink_section=\nshow_category=\nlink_category=\nshow_author=\nshow_create_date=\nshow_modify_date=\nshow_item_navigation=\nshow_readmore=\nshow_vote=\nshow_icons=\nshow_pdf_icon=\nshow_print_icon=\nshow_email_icon=\nshow_hits=\nfeed_summary=\npage_title=\nshow_page_title=1\npageclass_sfx=\nmenu_image=-1\nsecure=0\n\n',0,0,0),(35,'mainmenu','MARCOU Jean','marcou-jean','index.php?option=com_content&view=article&id=65','component',1,28,20,3,5,0,'0000-00-00 00:00:00',0,0,0,0,'show_noauth=\nshow_title=\nlink_titles=\nshow_intro=\nshow_section=\nlink_section=\nshow_category=\nlink_category=\nshow_author=\nshow_create_date=\nshow_modify_date=\nshow_item_navigation=\nshow_readmore=\nshow_vote=\nshow_icons=\nshow_pdf_icon=\nshow_print_icon=\nshow_email_icon=\nshow_hits=\nfeed_summary=\npage_title=\nshow_page_title=1\npageclass_sfx=\nmenu_image=-1\nsecure=0\n\n',0,0,0),(36,'mainmenu','Permanents','permanents','index.php?option=com_content&view=category&id=56','component',1,24,20,2,1,0,'0000-00-00 00:00:00',0,0,0,0,'display_num=0\nshow_headings=0\nshow_date=0\ndate_format=\nfilter=0\nfilter_type=title\norderby_sec=alpha\nshow_pagination=1\nshow_pagination_limit=0\nshow_feed_link=1\nshow_noauth=\nshow_title=\nlink_titles=\nshow_intro=\nshow_section=0\nlink_section=0\nshow_category=1\nlink_category=1\nshow_author=0\nshow_create_date=0\nshow_modify_date=0\nshow_item_navigation=0\nshow_readmore=\nshow_vote=0\nshow_icons=0\nshow_pdf_icon=0\nshow_print_icon=0\nshow_email_icon=0\nshow_hits=0\nfeed_summary=\npage_title=\nshow_page_title=1\npageclass_sfx=\nmenu_image=-1\nsecure=0\n\n',0,0,0),(198,'mainmenu','DORSO Franck','dorso-franck','index.php?option=com_content&view=article&id=1239','component',1,28,20,3,15,0,'0000-00-00 00:00:00',0,0,0,0,'show_noauth=\nshow_title=\nlink_titles=\nshow_intro=\nshow_section=\nlink_section=\nshow_category=\nlink_category=\nshow_author=\nshow_create_date=\nshow_modify_date=\nshow_item_navigation=\nshow_readmore=\nshow_vote=\nshow_icons=\nshow_pdf_icon=\nshow_print_icon=\nshow_email_icon=\nshow_hits=\nfeed_summary=\npage_title=\nshow_page_title=1\npageclass_sfx=\nmenu_image=-1\nsecure=0\n\n',0,0,0),(38,'administration','Analytics','analytics','index.php?option=com_ganalytics&view=ganalytics&layout=list','component',1,0,84,0,14,0,'0000-00-00 00:00:00',0,0,0,0,'type=visitsbytraffic\ndaterange=month\nmax=10\ntitleFormat=<h3>{accountname} [{profilename}] {startdate} {dateseparator} {endate}</h3> \nshowVisitors=yes\npagination=yes\ndateFormat=%d.%m.%Y\nwidth=600px\nheight=200px\npageclass_sfx=\ndimensions=ga:date\nmetrics=ga:visits\nsort=\nstartdate=\nenddate=\nga_cache=2\nga_cache_time=3600\nusername=\npassword=\npage_title=\nshow_page_title=1\nmenu_image=-1\nsecure=0\n\n',0,0,0),(39,'administration','Matériel topo','materiel-topo','index.php?option=com_content&view=article&id=76','component',1,25,20,2,1,0,'0000-00-00 00:00:00',0,0,0,0,'show_noauth=\nshow_title=\nlink_titles=\nshow_intro=\nshow_section=\nlink_section=\nshow_category=\nlink_category=\nshow_author=\nshow_create_date=\nshow_modify_date=\nshow_item_navigation=\nshow_readmore=\nshow_vote=\nshow_icons=\nshow_pdf_icon=\nshow_print_icon=\nshow_email_icon=\nshow_hits=\nfeed_summary=\npage_title=\nshow_page_title=1\npageclass_sfx=\nmenu_image=-1\nsecure=0\n\n',0,0,0),(40,'mainmenu','DOST Pinar','dost-pinar','index.php?option=com_content&view=article&id=77','component',1,36,20,3,4,0,'0000-00-00 00:00:00',0,0,0,0,'show_noauth=\nshow_title=\nlink_titles=\nshow_intro=\nshow_section=\nlink_section=\nshow_category=\nlink_category=\nshow_author=\nshow_create_date=\nshow_modify_date=\nshow_item_navigation=\nshow_readmore=\nshow_vote=\nshow_icons=\nshow_pdf_icon=\nshow_print_icon=\nshow_email_icon=\nshow_hits=\nfeed_summary=\npage_title=\nshow_page_title=1\npageclass_sfx=\nmenu_image=-1\nsecure=0\n\n',0,0,0),(41,'mainmenu','JEAN Eric','jean-eric','index.php?option=com_content&view=article&id=78','component',1,28,20,3,6,0,'0000-00-00 00:00:00',0,0,0,0,'show_noauth=\nshow_title=\nlink_titles=\nshow_intro=\nshow_section=\nlink_section=\nshow_category=\nlink_category=\nshow_author=\nshow_create_date=\nshow_modify_date=\nshow_item_navigation=\nshow_readmore=\nshow_vote=\nshow_icons=\nshow_pdf_icon=\nshow_print_icon=\nshow_email_icon=\nshow_hits=\nfeed_summary=\npage_title=\nshow_page_title=1\npageclass_sfx=\nmenu_image=-1\nsecure=0\n\n',0,0,0),(42,'mainmenu','BEYAZIT Deniz','beyazit-deniz','index.php?option=com_content&view=article&id=84','component',1,28,20,3,1,0,'0000-00-00 00:00:00',0,0,0,0,'show_noauth=\nshow_title=\nlink_titles=\nshow_intro=\nshow_section=\nlink_section=\nshow_category=\nlink_category=\nshow_author=\nshow_create_date=\nshow_modify_date=\nshow_item_navigation=\nshow_readmore=\nshow_vote=\nshow_icons=\nshow_pdf_icon=\nshow_print_icon=\nshow_email_icon=\nshow_hits=\nfeed_summary=\npage_title=\nshow_page_title=1\npageclass_sfx=\nmenu_image=-1\nsecure=0\n\n',0,0,0),(43,'mainmenu','DESCAT Raymond','descat-raymond','index.php?option=com_content&view=article&id=1140','component',-2,0,20,3,1,0,'0000-00-00 00:00:00',0,0,0,0,'show_noauth=\nshow_title=0\nlink_titles=\nshow_intro=\nshow_section=\nlink_section=\nshow_category=\nlink_category=\nshow_author=0\nshow_create_date=0\nshow_modify_date=0\nshow_item_navigation=\nshow_readmore=\nshow_vote=\nshow_icons=\nshow_pdf_icon=\nshow_print_icon=\nshow_email_icon=\nshow_hits=\nfeed_summary=\npage_title=\nshow_page_title=1\npageclass_sfx=\nmenu_image=-1\nsecure=0\n\n',0,0,0),(44,'mainmenu','LEBOUTEILLER Pascal','lebouteiller-pascal','index.php?option=com_content&view=article&id=59','component',1,36,20,3,7,0,'0000-00-00 00:00:00',0,0,0,0,'show_noauth=\nshow_title=\nlink_titles=\nshow_intro=\nshow_section=\nlink_section=\nshow_category=\nlink_category=\nshow_author=\nshow_create_date=\nshow_modify_date=\nshow_item_navigation=\nshow_readmore=\nshow_vote=\nshow_icons=\nshow_pdf_icon=\nshow_print_icon=\nshow_email_icon=\nshow_hits=\nfeed_summary=\npage_title=\nshow_page_title=1\npageclass_sfx=\nmenu_image=-1\nsecure=0\n\n',0,0,0),(200,'mainmenu','DE TAPIA Aude Aylin','de-tapia-aylin','index.php?option=com_content&view=article&id=1263','component',1,186,20,3,10,0,'0000-00-00 00:00:00',0,0,0,0,'show_noauth=\nshow_title=\nlink_titles=\nshow_intro=\nshow_section=\nlink_section=\nshow_category=\nlink_category=\nshow_author=\nshow_create_date=\nshow_modify_date=\nshow_item_navigation=\nshow_readmore=\nshow_vote=\nshow_icons=\nshow_pdf_icon=\nshow_print_icon=\nshow_email_icon=\nshow_hits=\nfeed_summary=\npage_title=\nshow_page_title=1\npageclass_sfx=\nmenu_image=-1\nsecure=0\n\n',0,0,0),(46,'mainmenu','TIBET Aksel','astruc-laurence','index.php?option=com_content&view=article&id=91','component',1,36,20,3,8,0,'0000-00-00 00:00:00',0,0,0,0,'show_noauth=\nshow_title=\nlink_titles=\nshow_intro=\nshow_section=\nlink_section=\nshow_category=\nlink_category=\nshow_author=\nshow_create_date=\nshow_modify_date=\nshow_item_navigation=\nshow_readmore=\nshow_vote=\nshow_icons=\nshow_pdf_icon=\nshow_print_icon=\nshow_email_icon=\nshow_hits=\nfeed_summary=\npage_title=\nshow_page_title=1\npageclass_sfx=\nmenu_image=-1\nsecure=0\n\n',0,0,0),(48,'mainmenu','GORDADZE Thornike','gordadze-thornike','index.php?option=com_content&view=article&id=89','component',0,68,20,3,1,0,'0000-00-00 00:00:00',0,0,0,0,'show_noauth=\nshow_title=\nlink_titles=\nshow_intro=\nshow_section=\nlink_section=\nshow_category=\nlink_category=\nshow_author=\nshow_create_date=\nshow_modify_date=\nshow_item_navigation=\nshow_readmore=\nshow_vote=\nshow_icons=\nshow_pdf_icon=\nshow_print_icon=\nshow_email_icon=\nshow_hits=\nfeed_summary=\npage_title=\nshow_page_title=1\npageclass_sfx=\nmenu_image=-1\nsecure=0\n\n',0,0,0),(49,'mainmenu','MORVAN Yoann','morvan-yoann','index.php?option=com_content&view=article&id=87','component',1,28,20,3,8,0,'0000-00-00 00:00:00',0,0,0,0,'show_noauth=\nshow_title=\nlink_titles=\nshow_intro=\nshow_section=\nlink_section=\nshow_category=\nlink_category=\nshow_author=\nshow_create_date=\nshow_modify_date=\nshow_item_navigation=\nshow_readmore=\nshow_vote=\nshow_icons=\nshow_pdf_icon=\nshow_print_icon=\nshow_email_icon=\nshow_hits=\nfeed_summary=\npage_title=\nshow_page_title=1\npageclass_sfx=\nmenu_image=-1\nsecure=0\n\n',0,0,0),(51,'mainmenu','LORAIN Thomas','lorain-thomas','index.php?option=com_content&view=article&id=98','component',1,28,20,3,11,0,'0000-00-00 00:00:00',0,0,0,0,'show_noauth=\nshow_title=\nlink_titles=\nshow_intro=\nshow_section=\nlink_section=\nshow_category=\nlink_category=\nshow_author=\nshow_create_date=\nshow_modify_date=\nshow_item_navigation=\nshow_readmore=\nshow_vote=\nshow_icons=\nshow_pdf_icon=\nshow_print_icon=\nshow_email_icon=\nshow_hits=\nfeed_summary=\npage_title=\nshow_page_title=1\npageclass_sfx=\nmenu_image=-1\nsecure=0\n\n',0,0,0),(52,'mainmenu','DREW-BEAR Thomas','drew-bear-thomas','index.php?option=com_content&view=article&id=97','component',1,28,20,3,4,0,'0000-00-00 00:00:00',0,0,0,0,'show_noauth=\nshow_title=\nlink_titles=\nshow_intro=\nshow_section=\nlink_section=\nshow_category=\nlink_category=\nshow_author=\nshow_create_date=\nshow_modify_date=\nshow_item_navigation=\nshow_readmore=\nshow_vote=\nshow_icons=\nshow_pdf_icon=\nshow_print_icon=\nshow_email_icon=\nshow_hits=\nfeed_summary=\npage_title=\nshow_page_title=1\npageclass_sfx=\nmenu_image=-1\nsecure=0\n\n',0,0,0),(54,'mainmenu','KONUK Koray','konuk-koray','index.php?option=com_content&view=article&id=96','component',1,28,20,3,9,0,'0000-00-00 00:00:00',0,0,0,0,'show_noauth=\nshow_title=\nlink_titles=\nshow_intro=\nshow_section=\nlink_section=\nshow_category=\nlink_category=\nshow_author=\nshow_create_date=\nshow_modify_date=\nshow_item_navigation=\nshow_readmore=\nshow_vote=\nshow_icons=\nshow_pdf_icon=\nshow_print_icon=\nshow_email_icon=\nshow_hits=\nfeed_summary=\npage_title=\nshow_page_title=1\npageclass_sfx=\nmenu_image=-1\nsecure=0\n\n',0,0,0),(196,'mainmenu','HENRY Olivier','henry-olivier','index.php?option=com_content&view=article&id=825','component',1,36,20,3,6,0,'0000-00-00 00:00:00',0,0,0,0,'show_noauth=\nshow_title=\nlink_titles=\nshow_intro=\nshow_section=\nlink_section=\nshow_category=\nlink_category=\nshow_author=\nshow_create_date=\nshow_modify_date=\nshow_item_navigation=\nshow_readmore=\nshow_vote=\nshow_icons=\nshow_pdf_icon=\nshow_print_icon=\nshow_email_icon=\nshow_hits=\nfeed_summary=\npage_title=\nshow_page_title=1\npageclass_sfx=\nmenu_image=-1\nsecure=0\n\n',0,0,0),(55,'mainmenu','LEVY Noémi','levy-noemi','index.php?option=com_content&view=article&id=94','component',1,28,20,3,10,0,'0000-00-00 00:00:00',0,0,0,0,'show_noauth=\nshow_title=\nlink_titles=\nshow_intro=\nshow_section=\nlink_section=\nshow_category=\nlink_category=\nshow_author=\nshow_create_date=\nshow_modify_date=\nshow_item_navigation=\nshow_readmore=\nshow_vote=\nshow_icons=\nshow_pdf_icon=\nshow_print_icon=\nshow_email_icon=\nshow_hits=\nfeed_summary=\npage_title=\nshow_page_title=1\npageclass_sfx=\nmenu_image=-1\nsecure=0\n\n',0,0,0),(56,'mainmenu','MALLET Laurent','mallet-laurent','index.php?option=com_content&view=article&id=93','component',1,28,20,3,12,0,'0000-00-00 00:00:00',0,0,0,0,'show_noauth=\nshow_title=\nlink_titles=\nshow_intro=\nshow_section=\nlink_section=\nshow_category=\nlink_category=\nshow_author=\nshow_create_date=\nshow_modify_date=\nshow_item_navigation=\nshow_readmore=\nshow_vote=\nshow_icons=\nshow_pdf_icon=\nshow_print_icon=\nshow_email_icon=\nshow_hits=\nfeed_summary=\npage_title=\nshow_page_title=1\npageclass_sfx=\nmenu_image=-1\nsecure=0\n\n',0,0,0),(57,'mainmenu','PEROUSE Jean-François','perouse-jean-francois','index.php?option=com_content&view=article&id=92','component',1,28,20,3,13,0,'0000-00-00 00:00:00',0,0,0,0,'show_noauth=\nshow_title=\nlink_titles=\nshow_intro=\nshow_section=\nlink_section=\nshow_category=\nlink_category=\nshow_author=\nshow_create_date=\nshow_modify_date=\nshow_item_navigation=\nshow_readmore=\nshow_vote=\nshow_icons=\nshow_pdf_icon=\nshow_print_icon=\nshow_email_icon=\nshow_hits=\nfeed_summary=\npage_title=\nshow_page_title=1\npageclass_sfx=\nmenu_image=-1\nsecure=0\n\n',0,0,0),(60,'mainmenu','Catalogue en ligne','catalogue-en-ligne','http://85.105.169.157/yordam.htm','url',1,9,0,1,1,0,'0000-00-00 00:00:00',0,0,0,0,'menu_image=-1\n\n',0,0,0),(61,'mainmenu','Catalogue interbibliothèque','catalogue-interbibliotheque','http://libris.bahcesehir.edu.tr/yordamtk.htm','url',1,9,0,1,2,0,'0000-00-00 00:00:00',0,1,0,0,'menu_image=-1\n\n',0,0,0),(62,'mainmenu','Fonds','fonds','index.php?option=com_content&view=article&id=101','component',1,9,20,1,3,0,'0000-00-00 00:00:00',0,0,0,0,'show_noauth=\nshow_title=\nlink_titles=\nshow_intro=\nshow_section=\nlink_section=\nshow_category=\nlink_category=\nshow_author=\nshow_create_date=\nshow_modify_date=\nshow_item_navigation=\nshow_readmore=\nshow_vote=\nshow_icons=\nshow_pdf_icon=\nshow_print_icon=\nshow_email_icon=\nshow_hits=\nfeed_summary=\npage_title=\nshow_page_title=1\npageclass_sfx=\nmenu_image=-1\nsecure=0\n\n',0,0,0),(63,'mainmenu','Archives cartographiques','archives-cartographiques','index.php?option=com_content&view=article&id=102','component',1,9,20,1,4,0,'0000-00-00 00:00:00',0,0,0,0,'show_noauth=\nshow_title=\nlink_titles=\nshow_intro=\nshow_section=\nlink_section=\nshow_category=\nlink_category=\nshow_author=\nshow_create_date=\nshow_modify_date=\nshow_item_navigation=\nshow_readmore=\nshow_vote=\nshow_icons=\nshow_pdf_icon=\nshow_print_icon=\nshow_email_icon=\nshow_hits=\nfeed_summary=\npage_title=\nshow_page_title=1\npageclass_sfx=\nmenu_image=-1\nsecure=0\n\n',0,0,0),(64,'mainmenu','Livres 2010','livres-2010','index.php?option=com_content&view=category&layout=blog&id=63','component',1,9,20,1,5,0,'0000-00-00 00:00:00',0,0,0,0,'show_description=0\nshow_description_image=0\nnum_leading_articles=0\nnum_intro_articles=40\nnum_columns=3\nnum_links=0\norderby_pri=\norderby_sec=\nmulti_column_order=0\nshow_pagination=2\nshow_pagination_results=1\nshow_feed_link=1\nshow_noauth=\nshow_title=0\nlink_titles=\nshow_intro=\nshow_section=\nlink_section=\nshow_category=\nlink_category=\nshow_author=0\nshow_create_date=0\nshow_modify_date=0\nshow_item_navigation=0\nshow_readmore=\nshow_vote=\nshow_icons=\nshow_pdf_icon=\nshow_print_icon=\nshow_email_icon=\nshow_hits=\nfeed_summary=\npage_title=\nshow_page_title=1\npageclass_sfx=\nmenu_image=-1\nsecure=0\n\n',0,0,0),(65,'mainmenu','Livres 2009','livres-2009','index.php?option=com_content&view=category&layout=blog&id=62','component',1,9,20,1,6,0,'0000-00-00 00:00:00',0,0,0,0,'show_description=0\nshow_description_image=0\nnum_leading_articles=0\nnum_intro_articles=20\nnum_columns=3\nnum_links=0\norderby_pri=\norderby_sec=\nmulti_column_order=0\nshow_pagination=2\nshow_pagination_results=1\nshow_feed_link=1\nshow_noauth=\nshow_title=0\nlink_titles=\nshow_intro=\nshow_section=0\nlink_section=0\nshow_category=0\nlink_category=0\nshow_author=0\nshow_create_date=0\nshow_modify_date=0\nshow_item_navigation=1\nshow_readmore=\nshow_vote=0\nshow_icons=0\nshow_pdf_icon=0\nshow_print_icon=0\nshow_email_icon=0\nshow_hits=0\nfeed_summary=\npage_title=\nshow_page_title=1\npageclass_sfx=\nmenu_image=-1\nsecure=0\n\n',0,0,0),(66,'mainmenu','Directeurs','directeurs','index.php?option=com_content&view=article&id=105','component',1,1,20,1,3,0,'0000-00-00 00:00:00',0,0,0,0,'show_noauth=\nshow_title=\nlink_titles=\nshow_intro=\nshow_section=\nlink_section=\nshow_category=\nlink_category=\nshow_author=\nshow_create_date=\nshow_modify_date=\nshow_item_navigation=\nshow_readmore=\nshow_vote=\nshow_icons=\nshow_pdf_icon=\nshow_print_icon=\nshow_email_icon=\nshow_hits=\nfeed_summary=\npage_title=\nshow_page_title=1\npageclass_sfx=\nmenu_image=-1\nsecure=0\n\n',0,0,0),(67,'mainmenu','Dans les médias','dans-les-medias','index.php?option=com_content&view=category&layout=blog&id=64','component',1,14,20,2,2,0,'0000-00-00 00:00:00',0,0,0,0,'show_description=0\nshow_description_image=0\nnum_leading_articles=0\nnum_intro_articles=10\nnum_columns=2\nnum_links=0\norderby_pri=\norderby_sec=order\nmulti_column_order=0\nshow_pagination=2\nshow_pagination_results=1\nshow_feed_link=1\nshow_noauth=\nshow_title=0\nlink_titles=\nshow_intro=\nshow_section=0\nlink_section=0\nshow_category=0\nlink_category=0\nshow_author=0\nshow_create_date=0\nshow_modify_date=0\nshow_item_navigation=0\nshow_readmore=1\nshow_vote=0\nshow_icons=0\nshow_pdf_icon=0\nshow_print_icon=0\nshow_email_icon=0\nshow_hits=0\nfeed_summary=\npage_title=\nshow_page_title=1\npageclass_sfx=\nmenu_image=-1\nsecure=0\n\n',0,0,0),(68,'mainmenu','Anciens membres','anciens-membres','index.php?option=com_content&view=article&id=142','component',0,24,20,2,4,0,'0000-00-00 00:00:00',0,0,0,0,'show_noauth=\nshow_title=\nlink_titles=\nshow_intro=\nshow_section=\nlink_section=\nshow_category=\nlink_category=\nshow_author=0\nshow_create_date=0\nshow_modify_date=0\nshow_item_navigation=0\nshow_readmore=0\nshow_vote=0\nshow_icons=0\nshow_pdf_icon=0\nshow_print_icon=0\nshow_email_icon=0\nshow_hits=0\nfeed_summary=\npage_title=\nshow_page_title=1\npageclass_sfx=\nmenu_image=-1\nsecure=0\n\n',0,0,0),(69,'mainmenu','Activités','activites','index.php?option=com_content&view=category&layout=blog&id=65','component',1,13,20,1,1,0,'0000-00-00 00:00:00',0,0,0,0,'show_description=0\nshow_description_image=0\nnum_leading_articles=1\nnum_intro_articles=0\nnum_columns=1\nnum_links=0\norderby_pri=\norderby_sec=\nmulti_column_order=0\nshow_pagination=2\nshow_pagination_results=1\nshow_feed_link=1\nshow_noauth=\nshow_title=0\nlink_titles=\nshow_intro=\nshow_section=\nlink_section=\nshow_category=\nlink_category=\nshow_author=0\nshow_create_date=0\nshow_modify_date=0\nshow_item_navigation=0\nshow_readmore=\nshow_vote=0\nshow_icons=0\nshow_pdf_icon=0\nshow_print_icon=0\nshow_email_icon=0\nshow_hits=0\nfeed_summary=\npage_title=\nshow_page_title=1\npageclass_sfx=\nmenu_image=-1\nsecure=0\n\n',0,0,0),(70,'mainmenu','Textes en ligne','textes-en-ligne','index.php?option=com_content&view=category&layout=blog&id=68','component',0,13,20,1,2,0,'0000-00-00 00:00:00',0,0,0,0,'show_description=0\nshow_description_image=0\nnum_leading_articles=0\nnum_intro_articles=10\nnum_columns=2\nnum_links=0\norderby_pri=\norderby_sec=\nmulti_column_order=0\nshow_pagination=2\nshow_pagination_results=1\nshow_feed_link=1\nshow_noauth=\nshow_title=0\nlink_titles=\nshow_intro=\nshow_section=\nlink_section=\nshow_category=\nlink_category=\nshow_author=0\nshow_create_date=0\nshow_modify_date=0\nshow_item_navigation=0\nshow_readmore=\nshow_vote=0\nshow_icons=0\nshow_pdf_icon=0\nshow_print_icon=0\nshow_email_icon=0\nshow_hits=0\nfeed_summary=\npage_title=\nshow_page_title=1\npageclass_sfx=\nmenu_image=-1\nsecure=0\n\n',0,0,0),(71,'mainmenu','Colloque Caucase','colloque-caucase','index.php?option=com_content&view=category&layout=blog&id=66','component',1,13,20,1,3,0,'0000-00-00 00:00:00',0,0,0,0,'show_description=0\nshow_description_image=0\nnum_leading_articles=0\nnum_intro_articles=10\nnum_columns=2\nnum_links=0\norderby_pri=\norderby_sec=\nmulti_column_order=0\nshow_pagination=2\nshow_pagination_results=1\nshow_feed_link=1\nshow_noauth=\nshow_title=0\nlink_titles=\nshow_intro=\nshow_section=\nlink_section=\nshow_category=\nlink_category=\nshow_author=0\nshow_create_date=0\nshow_modify_date=0\nshow_item_navigation=0\nshow_readmore=\nshow_vote=0\nshow_icons=0\nshow_pdf_icon=0\nshow_print_icon=0\nshow_email_icon=0\nshow_hits=0\nfeed_summary=\npage_title=\nshow_page_title=1\npageclass_sfx=\nmenu_image=-1\nsecure=0\n\n',0,0,0),(72,'mainmenu','Colloque Mer Noire','textes-en-ligne','index.php?option=com_content&view=category&layout=blog&id=67','component',1,13,20,1,4,0,'0000-00-00 00:00:00',0,0,0,0,'show_description=0\nshow_description_image=0\nnum_leading_articles=0\nnum_intro_articles=10\nnum_columns=2\nnum_links=0\norderby_pri=\norderby_sec=\nmulti_column_order=0\nshow_pagination=2\nshow_pagination_results=1\nshow_feed_link=1\nshow_noauth=\nshow_title=0\nlink_titles=\nshow_intro=\nshow_section=\nlink_section=\nshow_category=\nlink_category=\nshow_author=0\nshow_create_date=0\nshow_modify_date=0\nshow_item_navigation=0\nshow_readmore=\nshow_vote=0\nshow_icons=0\nshow_pdf_icon=0\nshow_print_icon=0\nshow_email_icon=0\nshow_hits=0\nfeed_summary=\npage_title=\nshow_page_title=1\npageclass_sfx=\nmenu_image=-1\nsecure=0\n\n',0,0,0),(73,'mainmenu','Séminaires','seminaires','index.php?option=com_content&view=category&id=72','component',1,11,20,1,1,0,'0000-00-00 00:00:00',0,0,0,0,'display_num=10\nshow_headings=0\nshow_date=0\ndate_format=\nfilter=0\nfilter_type=title\norderby_sec=rdate\nshow_pagination=1\nshow_pagination_limit=0\nshow_feed_link=1\nshow_noauth=\nshow_title=\nlink_titles=\nshow_intro=\nshow_section=\nlink_section=\nshow_category=\nlink_category=\nshow_author=0\nshow_create_date=0\nshow_modify_date=0\nshow_item_navigation=0\nshow_readmore=\nshow_vote=\nshow_icons=0\nshow_pdf_icon=0\nshow_print_icon=0\nshow_email_icon=0\nshow_hits=0\nfeed_summary=\npage_title=\nshow_page_title=1\npageclass_sfx=\nmenu_image=-1\nsecure=0\n\n',0,0,0),(74,'mainmenu','Colloques','colloques','index.php?option=com_content&view=category&id=71','component',1,11,20,1,2,0,'0000-00-00 00:00:00',0,0,0,0,'display_num=10\nshow_headings=0\nshow_date=0\ndate_format=\nfilter=0\nfilter_type=title\norderby_sec=rdate\nshow_pagination=1\nshow_pagination_limit=0\nshow_feed_link=1\nshow_noauth=\nshow_title=\nlink_titles=\nshow_intro=\nshow_section=\nlink_section=\nshow_category=\nlink_category=\nshow_author=0\nshow_create_date=0\nshow_modify_date=0\nshow_item_navigation=0\nshow_readmore=\nshow_vote=\nshow_icons=0\nshow_pdf_icon=0\nshow_print_icon=0\nshow_email_icon=0\nshow_hits=0\nfeed_summary=\npage_title=\nshow_page_title=1\npageclass_sfx=\nmenu_image=-1\nsecure=0\n\n',0,0,0),(75,'mainmenu','Conférences','conferences','index.php?option=com_content&view=category&id=70','component',1,11,20,1,3,0,'0000-00-00 00:00:00',0,0,0,0,'display_num=10\nshow_headings=0\nshow_date=0\ndate_format=\nfilter=0\nfilter_type=title\norderby_sec=rdate\nshow_pagination=1\nshow_pagination_limit=0\nshow_feed_link=1\nshow_noauth=\nshow_title=\nlink_titles=\nshow_intro=\nshow_section=\nlink_section=\nshow_category=\nlink_category=\nshow_author=0\nshow_create_date=0\nshow_modify_date=0\nshow_item_navigation=0\nshow_readmore=\nshow_vote=\nshow_icons=0\nshow_pdf_icon=0\nshow_print_icon=0\nshow_email_icon=0\nshow_hits=0\nfeed_summary=\npage_title=\nshow_page_title=1\npageclass_sfx=\nmenu_image=-1\nsecure=0\n\n',0,0,0),(76,'mainmenu','Projets en cours','projets-en-cours','index.php?option=com_content&view=category&id=74','component',1,11,20,1,5,0,'0000-00-00 00:00:00',0,0,0,0,'display_num=10\nshow_headings=0\nshow_date=0\ndate_format=\nfilter=0\nfilter_type=title\norderby_sec=rdate\nshow_pagination=1\nshow_pagination_limit=0\nshow_feed_link=1\nshow_noauth=\nshow_title=\nlink_titles=\nshow_intro=\nshow_section=\nlink_section=\nshow_category=\nlink_category=\nshow_author=0\nshow_create_date=0\nshow_modify_date=0\nshow_item_navigation=0\nshow_readmore=\nshow_vote=\nshow_icons=0\nshow_pdf_icon=0\nshow_print_icon=0\nshow_email_icon=0\nshow_hits=0\nfeed_summary=\npage_title=\nshow_page_title=1\npageclass_sfx=\nmenu_image=-1\nsecure=0\n\n',0,0,0),(77,'mainmenu','Publications','publications','index.php?option=com_content&view=category&id=73','component',1,11,20,1,6,0,'0000-00-00 00:00:00',0,0,0,0,'display_num=10\nshow_headings=0\nshow_date=0\ndate_format=\nfilter=0\nfilter_type=title\norderby_sec=rdate\nshow_pagination=1\nshow_pagination_limit=0\nshow_feed_link=1\nshow_noauth=\nshow_title=\nlink_titles=\nshow_intro=\nshow_section=\nlink_section=\nshow_category=\nlink_category=\nshow_author=0\nshow_create_date=0\nshow_modify_date=0\nshow_item_navigation=0\nshow_readmore=\nshow_vote=\nshow_icons=0\nshow_pdf_icon=0\nshow_print_icon=0\nshow_email_icon=0\nshow_hits=0\nfeed_summary=\npage_title=\nshow_page_title=1\npageclass_sfx=\nmenu_image=-1\nsecure=0\n\n',0,0,0),(78,'mainmenu','Istanbul 2010','istanbul-2010','index.php?option=com_content&view=article&id=160','component',1,11,20,1,4,0,'0000-00-00 00:00:00',0,0,0,0,'show_noauth=\nshow_title=\nlink_titles=\nshow_intro=\nshow_section=\nlink_section=\nshow_category=\nlink_category=\nshow_author=0\nshow_create_date=0\nshow_modify_date=0\nshow_item_navigation=0\nshow_readmore=\nshow_vote=\nshow_icons=0\nshow_pdf_icon=0\nshow_print_icon=0\nshow_email_icon=0\nshow_hits=0\nfeed_summary=\npage_title=\nshow_page_title=1\npageclass_sfx=\nmenu_image=-1\nsecure=0\n\n',0,0,0),(79,'administration','Nos partenaires','nos-partenaires','index.php?option=com_content&view=article&id=188','component',1,0,20,0,2,0,'0000-00-00 00:00:00',0,0,0,0,'show_noauth=\nshow_title=\nlink_titles=\nshow_intro=\nshow_section=\nlink_section=\nshow_category=\nlink_category=\nshow_author=\nshow_create_date=\nshow_modify_date=\nshow_item_navigation=\nshow_readmore=\nshow_vote=\nshow_icons=\nshow_pdf_icon=\nshow_print_icon=\nshow_email_icon=\nshow_hits=\nfeed_summary=\npage_title=\nshow_page_title=1\npageclass_sfx=\nmenu_image=-1\nsecure=0\n\n',0,0,0),(80,'mainmenu','Publications','publications','index.php?option=com_content&view=article&id=189','component',1,1,20,1,6,0,'0000-00-00 00:00:00',0,0,0,0,'show_noauth=\nshow_title=\nlink_titles=\nshow_intro=\nshow_section=\nlink_section=\nshow_category=\nlink_category=\nshow_author=0\nshow_create_date=0\nshow_modify_date=0\nshow_item_navigation=0\nshow_readmore=\nshow_vote=\nshow_icons=0\nshow_pdf_icon=0\nshow_print_icon=0\nshow_email_icon=0\nshow_hits=0\nfeed_summary=\npage_title=\nshow_page_title=1\npageclass_sfx=\nmenu_image=-1\nsecure=0\n\n',0,0,0),(81,'mainmenu','Cartes et plans','cartes-et-plans','index.php?option=com_content&view=article&id=190','component',1,8,20,1,1,0,'0000-00-00 00:00:00',0,0,0,0,'show_noauth=\nshow_title=\nlink_titles=\nshow_intro=\nshow_section=\nlink_section=\nshow_category=\nlink_category=\nshow_author=0\nshow_create_date=0\nshow_modify_date=0\nshow_item_navigation=0\nshow_readmore=0\nshow_vote=\nshow_icons=0\nshow_pdf_icon=0\nshow_print_icon=0\nshow_email_icon=0\nshow_hits=0\nfeed_summary=\npage_title=\nshow_page_title=1\npageclass_sfx=\nmenu_image=-1\nsecure=0\n\n',0,0,0),(82,'mainmenu','Projets','textes-en-ligne','index.php?option=com_content&view=category&layout=blog&id=76','component',1,8,20,1,2,0,'0000-00-00 00:00:00',0,0,0,0,'show_description=0\nshow_description_image=0\nnum_leading_articles=0\nnum_intro_articles=10\nnum_columns=1\nnum_links=0\norderby_pri=\norderby_sec=\nmulti_column_order=0\nshow_pagination=2\nshow_pagination_results=1\nshow_feed_link=1\nshow_noauth=\nshow_title=0\nlink_titles=\nshow_intro=\nshow_section=\nlink_section=\nshow_category=\nlink_category=\nshow_author=0\nshow_create_date=0\nshow_modify_date=0\nshow_item_navigation=0\nshow_readmore=\nshow_vote=0\nshow_icons=0\nshow_pdf_icon=0\nshow_print_icon=0\nshow_email_icon=0\nshow_hits=0\nfeed_summary=\npage_title=\nshow_page_title=1\npageclass_sfx=\nmenu_image=-1\nsecure=0\n\n',0,0,0),(83,'mainmenu','Les dossiers carto','les-dossiers-carto','index.php?option=com_content&view=category&layout=blog&id=77','component',1,8,20,1,3,0,'0000-00-00 00:00:00',0,0,0,0,'show_description=0\nshow_description_image=0\nnum_leading_articles=0\nnum_intro_articles=10\nnum_columns=1\nnum_links=0\norderby_pri=\norderby_sec=\nmulti_column_order=0\nshow_pagination=2\nshow_pagination_results=1\nshow_feed_link=1\nshow_noauth=\nshow_title=0\nlink_titles=\nshow_intro=\nshow_section=\nlink_section=\nshow_category=\nlink_category=\nshow_author=0\nshow_create_date=0\nshow_modify_date=0\nshow_item_navigation=0\nshow_readmore=\nshow_vote=0\nshow_icons=0\nshow_pdf_icon=0\nshow_print_icon=0\nshow_email_icon=0\nshow_hits=0\nfeed_summary=\npage_title=\nshow_page_title=1\npageclass_sfx=\nmenu_image=-1\nsecure=0\n\n',0,0,0),(84,'mainmenu','La carte de la semaine','la-carte-de-la-semaine','index.php?option=com_content&view=category&layout=blog&id=78','component',1,8,20,1,4,0,'0000-00-00 00:00:00',0,0,0,0,'show_description=0\nshow_description_image=0\nnum_leading_articles=0\nnum_intro_articles=200\nnum_columns=2\nnum_links=0\norderby_pri=order\norderby_sec=rdate\nmulti_column_order=0\nshow_pagination=2\nshow_pagination_results=1\nshow_feed_link=1\nshow_noauth=\nshow_title=0\nlink_titles=\nshow_intro=\nshow_section=\nlink_section=\nshow_category=\nlink_category=\nshow_author=0\nshow_create_date=0\nshow_modify_date=0\nshow_item_navigation=0\nshow_readmore=\nshow_vote=0\nshow_icons=0\nshow_pdf_icon=0\nshow_print_icon=0\nshow_email_icon=0\nshow_hits=0\nfeed_summary=\npage_title=La carte de la semaine (ISTANBUL)\nshow_page_title=1\npageclass_sfx=\nmenu_image=-1\nsecure=0\n\n',0,0,0),(85,'mainmenu','Équipe IFEA','equipe-ifea','index.php?option=com_content&view=article&id=231','component',1,10,20,1,1,0,'0000-00-00 00:00:00',0,0,0,0,'show_noauth=\nshow_title=\nlink_titles=\nshow_intro=\nshow_section=\nlink_section=\nshow_category=\nlink_category=\nshow_author=0\nshow_create_date=0\nshow_modify_date=0\nshow_item_navigation=0\nshow_readmore=0\nshow_vote=\nshow_icons=0\nshow_pdf_icon=0\nshow_print_icon=0\nshow_email_icon=0\nshow_hits=0\nfeed_summary=\npage_title=\nshow_page_title=1\npageclass_sfx=\nmenu_image=-1\nsecure=0\n\n',0,0,0),(86,'mainmenu','Fonds Yerasimos','fonds-yerasimos','index.php?option=com_content&view=article&id=234','component',1,62,20,2,1,0,'0000-00-00 00:00:00',0,0,0,0,'show_noauth=\nshow_title=\nlink_titles=\nshow_intro=\nshow_section=\nlink_section=\nshow_category=\nlink_category=\nshow_author=0\nshow_create_date=0\nshow_modify_date=0\nshow_item_navigation=0\nshow_readmore=0\nshow_vote=\nshow_icons=0\nshow_pdf_icon=0\nshow_print_icon=0\nshow_email_icon=0\nshow_hits=0\nfeed_summary=\npage_title=\nshow_page_title=1\npageclass_sfx=\nmenu_image=-1\nsecure=0\n\n',0,0,0),(87,'mainmenu','Regards sur le fonds','fonds-yerasimos','index.php?option=com_content&view=article&id=235','component',1,86,20,3,1,0,'0000-00-00 00:00:00',0,0,0,0,'show_noauth=\nshow_title=\nlink_titles=\nshow_intro=\nshow_section=\nlink_section=\nshow_category=\nlink_category=\nshow_author=0\nshow_create_date=0\nshow_modify_date=0\nshow_item_navigation=0\nshow_readmore=0\nshow_vote=\nshow_icons=0\nshow_pdf_icon=0\nshow_print_icon=0\nshow_email_icon=0\nshow_hits=0\nfeed_summary=\npage_title=\nshow_page_title=1\npageclass_sfx=\nmenu_image=-1\nsecure=0\n\n',0,0,0),(88,'mainmenu','Publications','publications','index.php?option=com_content&view=category&layout=blog&id=80','component',1,10,20,1,2,0,'0000-00-00 00:00:00',0,0,0,0,'show_description=0\nshow_description_image=0\nnum_leading_articles=1\nnum_intro_articles=4\nnum_columns=2\nnum_links=4\norderby_pri=\norderby_sec=rdate\nmulti_column_order=0\nshow_pagination=1\nshow_pagination_results=0\nshow_feed_link=0\nshow_noauth=\nshow_title=\nlink_titles=\nshow_intro=\nshow_section=\nlink_section=\nshow_category=\nlink_category=\nshow_author=0\nshow_create_date=0\nshow_modify_date=0\nshow_item_navigation=0\nshow_readmore=\nshow_vote=\nshow_icons=0\nshow_pdf_icon=0\nshow_print_icon=0\nshow_email_icon=0\nshow_hits=0\nfeed_summary=\npage_title=\nshow_page_title=0\npageclass_sfx=\nmenu_image=-1\nsecure=0\n\n',0,0,0),(89,'mainmenu','Séminaires','seminaires','index.php?option=com_content&view=category&layout=blog&id=81','component',1,10,20,1,3,0,'0000-00-00 00:00:00',0,0,0,0,'show_description=0\nshow_description_image=0\nnum_leading_articles=0\nnum_intro_articles=10\nnum_columns=1\nnum_links=0\norderby_pri=\norderby_sec=rdate\nmulti_column_order=0\nshow_pagination=1\nshow_pagination_results=1\nshow_feed_link=1\nshow_noauth=\nshow_title=\nlink_titles=\nshow_intro=\nshow_section=0\nlink_section=0\nshow_category=0\nlink_category=0\nshow_author=0\nshow_create_date=0\nshow_modify_date=0\nshow_item_navigation=0\nshow_readmore=\nshow_vote=\nshow_icons=0\nshow_pdf_icon=0\nshow_print_icon=0\nshow_email_icon=0\nshow_hits=0\nfeed_summary=\npage_title=\nshow_page_title=1\npageclass_sfx=\nmenu_image=-1\nsecure=0\n\n',0,0,0),(90,'mainmenu','Équipe','equipe-oui','index.php?option=com_content&view=article&id=245','component',1,7,20,1,1,0,'0000-00-00 00:00:00',0,0,0,0,'show_noauth=\nshow_title=\nlink_titles=\nshow_intro=\nshow_section=0\nlink_section=0\nshow_category=0\nlink_category=\nshow_author=0\nshow_create_date=0\nshow_modify_date=0\nshow_item_navigation=0\nshow_readmore=0\nshow_vote=0\nshow_icons=0\nshow_pdf_icon=0\nshow_print_icon=0\nshow_email_icon=0\nshow_hits=0\nfeed_summary=\npage_title=\nshow_page_title=1\npageclass_sfx=\nmenu_image=-1\nsecure=0\n\n',0,0,0),(91,'mainmenu','Séminaires','seminaires','index.php?option=com_content&view=category&layout=blog&id=82','component',1,7,20,1,2,0,'0000-00-00 00:00:00',0,0,0,0,'show_description=1\nshow_description_image=0\nnum_leading_articles=0\nnum_intro_articles=10\nnum_columns=1\nnum_links=0\norderby_pri=\norderby_sec=\nmulti_column_order=0\nshow_pagination=2\nshow_pagination_results=1\nshow_feed_link=1\nshow_noauth=\nshow_title=1\nlink_titles=\nshow_intro=\nshow_section=0\nlink_section=0\nshow_category=\nlink_category=\nshow_author=0\nshow_create_date=0\nshow_modify_date=0\nshow_item_navigation=0\nshow_readmore=\nshow_vote=0\nshow_icons=0\nshow_pdf_icon=0\nshow_print_icon=0\nshow_email_icon=0\nshow_hits=0\nfeed_summary=\npage_title=\nshow_page_title=0\npageclass_sfx=\nmenu_image=-1\nsecure=0\n\n',0,0,0),(92,'mainmenu','Blog','excursions-urbaines','index.php?option=com_wrapper&view=wrapper','component',1,7,17,1,3,0,'0000-00-00 00:00:00',0,0,0,0,'url=http://oui.hypotheses.org/category/excursions-urbaines\nscrolling=auto\nwidth=105%\nheight=800\nheight_auto=0\nadd_scheme=1\npage_title=\nshow_page_title=1\npageclass_sfx=\nmenu_image=-1\nsecure=0\n\n',0,0,0),(93,'mainmenu','Développement durable','developpement-durable','index.php?option=com_content&view=section&id=25','component',1,7,20,1,4,0,'0000-00-00 00:00:00',0,0,0,0,'show_description=1\nshow_description_image=0\nshow_categories=1\nshow_empty_categories=0\nshow_cat_num_articles=1\nshow_category_description=1\norderby=\norderby_sec=rdate\nshow_feed_link=1\nshow_noauth=\nshow_title=\nlink_titles=\nshow_intro=\nshow_section=\nlink_section=\nshow_category=\nlink_category=\nshow_author=0\nshow_create_date=0\nshow_modify_date=0\nshow_item_navigation=0\nshow_readmore=\nshow_vote=\nshow_icons=0\nshow_pdf_icon=0\nshow_print_icon=0\nshow_email_icon=0\nshow_hits=0\nfeed_summary=\npage_title=\nshow_page_title=1\npageclass_sfx=\nmenu_image=-1\nsecure=0\n\n',0,0,0),(94,'mainmenu','Istanbul 2010','istanbul-2010','index.php?option=com_content&view=article&id=247','component',1,7,20,1,5,0,'0000-00-00 00:00:00',0,0,0,0,'show_noauth=\nshow_title=\nlink_titles=\nshow_intro=\nshow_section=\nlink_section=\nshow_category=\nlink_category=\nshow_author=\nshow_create_date=\nshow_modify_date=\nshow_item_navigation=\nshow_readmore=\nshow_vote=\nshow_icons=\nshow_pdf_icon=\nshow_print_icon=\nshow_email_icon=\nshow_hits=\nfeed_summary=\npage_title=\nshow_page_title=1\npageclass_sfx=\nmenu_image=-1\nsecure=0\n\n',0,0,0),(95,'mainmenu','Actualités urbaines','actualites-urbaines','index.php?option=com_content&view=category&layout=blog&id=86','component',1,7,20,1,6,0,'0000-00-00 00:00:00',0,0,0,0,'show_description=0\nshow_description_image=0\nnum_leading_articles=0\nnum_intro_articles=10\nnum_columns=1\nnum_links=0\norderby_pri=\norderby_sec=rdate\nmulti_column_order=0\nshow_pagination=2\nshow_pagination_results=1\nshow_feed_link=1\nshow_noauth=\nshow_title=1\nlink_titles=\nshow_intro=\nshow_section=\nlink_section=\nshow_category=\nlink_category=\nshow_author=0\nshow_create_date=0\nshow_modify_date=0\nshow_item_navigation=0\nshow_readmore=\nshow_vote=0\nshow_icons=0\nshow_pdf_icon=0\nshow_print_icon=0\nshow_email_icon=0\nshow_hits=0\nfeed_summary=\npage_title=\nshow_page_title=1\npageclass_sfx=\nmenu_image=-1\nsecure=0\n\n',0,0,0),(96,'mainmenu','Liens','liens','index.php?option=com_content&view=category&id=83','component',1,7,20,1,7,0,'0000-00-00 00:00:00',0,0,0,0,'display_num=10\nshow_headings=0\nshow_date=0\ndate_format=\nfilter=0\nfilter_type=title\norderby_sec=rdate\nshow_pagination=1\nshow_pagination_limit=0\nshow_feed_link=1\nshow_noauth=\nshow_title=\nlink_titles=\nshow_intro=\nshow_section=\nlink_section=\nshow_category=\nlink_category=\nshow_author=0\nshow_create_date=0\nshow_modify_date=0\nshow_item_navigation=0\nshow_readmore=\nshow_vote=\nshow_icons=0\nshow_pdf_icon=0\nshow_print_icon=0\nshow_email_icon=0\nshow_hits=0\nfeed_summary=\npage_title=\nshow_page_title=1\npageclass_sfx=\nmenu_image=-1\nsecure=0\n\n',0,0,0),(97,'mainmenu','ROUGMED','rougmed','index.php?option=com_content&view=article&id=246','component',1,96,20,2,1,0,'0000-00-00 00:00:00',0,0,0,0,'show_noauth=\nshow_title=\nlink_titles=\nshow_intro=\nshow_section=\nlink_section=\nshow_category=\nlink_category=\nshow_author=\nshow_create_date=\nshow_modify_date=\nshow_item_navigation=\nshow_readmore=\nshow_vote=\nshow_icons=\nshow_pdf_icon=\nshow_print_icon=\nshow_email_icon=\nshow_hits=\nfeed_summary=\npage_title=\nshow_page_title=1\npageclass_sfx=\nmenu_image=-1\nsecure=0\n\n',0,0,0),(98,'mainmenu','Blog','blog','index.php?option=com_wrapper&view=wrapper','component',1,12,17,1,8,0,'0000-00-00 00:00:00',0,0,0,0,'url=http://ovipot.hypotheses.org/\nscrolling=auto\nwidth=105%\nheight=800\nheight_auto=0\nadd_scheme=1\npage_title=\nshow_page_title=1\npageclass_sfx=\nmenu_image=-1\nsecure=0\n\n',0,0,0),(149,'admin','Administration','administration-du-site','http://ifea-istanbul.net/website_2/administrator/index.php?option=com_login&Itemid=2','url',1,0,0,0,2,0,'0000-00-00 00:00:00',0,0,0,0,'menu_image=-1\n\n',0,0,0),(150,'admin','Webmail','webmail','https://ssl0.ovh.net/roundcube/index.php','url',1,0,0,0,3,0,'0000-00-00 00:00:00',0,0,0,0,'menu_image=-1\n\n',0,0,0),(151,'admin','IFEA Online','ifea-online','index.php?option=com_content&view=article&id=34','component',0,0,20,0,4,0,'0000-00-00 00:00:00',0,0,0,0,'show_noauth=\nshow_title=\nlink_titles=\nshow_intro=\nshow_section=\nlink_section=\nshow_category=\nlink_category=\nshow_author=\nshow_create_date=\nshow_modify_date=\nshow_item_navigation=\nshow_readmore=\nshow_vote=\nshow_icons=\nshow_pdf_icon=\nshow_print_icon=\nshow_email_icon=\nshow_hits=\nfeed_summary=\npage_title=\nshow_page_title=1\npageclass_sfx=\nmenu_image=-1\nsecure=0\n\n',0,0,0),(99,'mainmenu','Équipe','contact','index.php?option=com_content&view=article&id=265','component',1,12,20,1,2,0,'0000-00-00 00:00:00',0,0,0,0,'show_noauth=\nshow_title=\nlink_titles=\nshow_intro=\nshow_section=\nlink_section=\nshow_category=\nlink_category=\nshow_author=0\nshow_create_date=0\nshow_modify_date=0\nshow_item_navigation=0\nshow_readmore=\nshow_vote=\nshow_icons=0\nshow_pdf_icon=0\nshow_print_icon=0\nshow_email_icon=0\nshow_hits=\nfeed_summary=\npage_title=\nshow_page_title=1\npageclass_sfx=\nmenu_image=-1\nsecure=0\n\n',0,0,0),(100,'mainmenu','Projets','programmes','index.php?option=com_content&view=category&id=87','component',0,12,20,1,4,0,'0000-00-00 00:00:00',0,0,0,0,'display_num=10\nshow_headings=0\nshow_date=0\ndate_format=\nfilter=0\nfilter_type=title\norderby_sec=rdate\nshow_pagination=1\nshow_pagination_limit=0\nshow_feed_link=1\nshow_noauth=\nshow_title=\nlink_titles=\nshow_intro=\nshow_section=\nlink_section=\nshow_category=\nlink_category=\nshow_author=0\nshow_create_date=0\nshow_modify_date=0\nshow_item_navigation=0\nshow_readmore=\nshow_vote=\nshow_icons=0\nshow_pdf_icon=0\nshow_print_icon=0\nshow_email_icon=0\nshow_hits=0\nfeed_summary=\npage_title=\nshow_page_title=1\npageclass_sfx=\nmenu_image=-1\nsecure=0\n\n',0,0,0),(101,'mainmenu','Actualités','actualites','index.php?option=com_content&view=category&layout=blog&id=52','component',1,12,20,1,1,0,'0000-00-00 00:00:00',0,0,0,0,'show_description=0\nshow_description_image=0\nnum_leading_articles=0\nnum_intro_articles=25\nnum_columns=1\nnum_links=0\norderby_pri=\norderby_sec=\nmulti_column_order=0\nshow_pagination=2\nshow_pagination_results=1\nshow_feed_link=1\nshow_noauth=\nshow_title=\nlink_titles=\nshow_intro=\nshow_section=\nlink_section=\nshow_category=\nlink_category=\nshow_author=\nshow_create_date=\nshow_modify_date=\nshow_item_navigation=\nshow_readmore=\nshow_vote=\nshow_icons=\nshow_pdf_icon=\nshow_print_icon=\nshow_email_icon=\nshow_hits=\nfeed_summary=\npage_title=\nshow_page_title=1\npageclass_sfx=\nmenu_image=-1\nsecure=0\n\n',0,0,0),(102,'mainmenu','Calendar','calendar','index.php?option=com_gcalendar&view=gcalendar','component',0,1,79,1,8,0,'0000-00-00 00:00:00',0,0,0,0,'show_selection=yes\ndefaultView=month\nweekstart=2\ndateformat=dd/mm/yy\ntextbefore=\ntextafter=\npageclass_sfx=\ncolumnInWeekViewEqual=no\ncache=no\ncache_time=3600\ngoogle_apps_domain=\ntimezone=\nloadJQuery=\npage_title=\nshow_page_title=1\nmenu_image=-1\nsecure=0\n\n',0,0,0),(103,'mainmenu','Liens web','liens-web','index.php?option=com_weblinks&view=category&id=94','component',1,12,4,1,5,0,'0000-00-00 00:00:00',0,0,0,0,'show_feed_link=1\nshow_comp_description=\ncomp_description=\nshow_link_hits=\nshow_link_description=\nshow_other_cats=\nshow_headings=\ntarget=\nlink_icons=\npage_title=\nshow_page_title=1\npageclass_sfx=\nmenu_image=-1\nsecure=0\n\n',0,0,0),(104,'mainmenu','Dossiers','dossiers','index.php?option=com_content&view=category&layout=blog&id=95','component',0,12,20,1,6,0,'0000-00-00 00:00:00',0,0,0,0,'show_description=0\nshow_description_image=0\nnum_leading_articles=0\nnum_intro_articles=25\nnum_columns=1\nnum_links=0\norderby_pri=\norderby_sec=\nmulti_column_order=0\nshow_pagination=2\nshow_pagination_results=1\nshow_feed_link=1\nshow_noauth=\nshow_title=\nlink_titles=\nshow_intro=\nshow_section=\nlink_section=\nshow_category=\nlink_category=\nshow_author=\nshow_create_date=\nshow_modify_date=\nshow_item_navigation=\nshow_readmore=\nshow_vote=\nshow_icons=\nshow_pdf_icon=\nshow_print_icon=\nshow_email_icon=\nshow_hits=\nfeed_summary=\npage_title=\nshow_page_title=1\npageclass_sfx=\nmenu_image=-1\nsecure=0\n\n',0,0,0),(105,'mainmenu','Publications','publications','index.php?option=com_content&view=category&layout=blog&id=96','component',0,12,20,1,9,0,'0000-00-00 00:00:00',0,0,0,0,'show_description=0\nshow_description_image=0\nnum_leading_articles=0\nnum_intro_articles=25\nnum_columns=1\nnum_links=0\norderby_pri=\norderby_sec=\nmulti_column_order=0\nshow_pagination=2\nshow_pagination_results=1\nshow_feed_link=1\nshow_noauth=\nshow_title=\nlink_titles=\nshow_intro=\nshow_section=\nlink_section=\nshow_category=\nlink_category=\nshow_author=\nshow_create_date=\nshow_modify_date=\nshow_item_navigation=\nshow_readmore=\nshow_vote=\nshow_icons=\nshow_pdf_icon=\nshow_print_icon=\nshow_email_icon=\nshow_hits=\nfeed_summary=\npage_title=\nshow_page_title=1\npageclass_sfx=\nmenu_image=-1\nsecure=0\n\n',0,0,0),(106,'mainmenu','Séminaires','seminaires','index.php?option=com_content&view=category&layout=blog&id=97','component',1,12,20,1,3,0,'0000-00-00 00:00:00',0,0,0,0,'show_description=0\nshow_description_image=0\nnum_leading_articles=0\nnum_intro_articles=25\nnum_columns=1\nnum_links=0\norderby_pri=\norderby_sec=\nmulti_column_order=0\nshow_pagination=2\nshow_pagination_results=1\nshow_feed_link=1\nshow_noauth=\nshow_title=\nlink_titles=\nshow_intro=\nshow_section=\nlink_section=\nshow_category=\nlink_category=\nshow_author=\nshow_create_date=\nshow_modify_date=\nshow_item_navigation=\nshow_readmore=\nshow_vote=\nshow_icons=\nshow_pdf_icon=\nshow_print_icon=\nshow_email_icon=\nshow_hits=\nfeed_summary=\npage_title=\nshow_page_title=1\npageclass_sfx=\nmenu_image=-1\nsecure=0\n\n',0,0,0),(115,'mainmenu','Collections','collections','index.php?option=com_content&view=section&id=31','component',1,80,20,2,3,0,'0000-00-00 00:00:00',0,0,0,0,'show_description=0\nshow_description_image=0\nshow_categories=1\nshow_empty_categories=0\nshow_cat_num_articles=1\nshow_category_description=1\norderby=\norderby_sec=\nshow_feed_link=1\nshow_noauth=\nshow_title=\nlink_titles=\nshow_intro=\nshow_section=\nlink_section=\nshow_category=\nlink_category=\nshow_author=\nshow_create_date=\nshow_modify_date=\nshow_item_navigation=\nshow_readmore=\nshow_vote=\nshow_icons=\nshow_pdf_icon=\nshow_print_icon=\nshow_email_icon=\nshow_hits=\nfeed_summary=\npage_title=\nshow_page_title=1\npageclass_sfx=\nmenu_image=-1\nsecure=0\n\n',0,0,0),(116,'mainmenu','Bibliothèque turque','bibliotheque-turque','index.php?option=com_content&view=category&id=110','component',0,115,20,3,1,0,'0000-00-00 00:00:00',0,0,0,0,'display_num=0\nshow_headings=0\nshow_date=0\ndate_format=\nfilter=0\nfilter_type=title\norderby_sec=rdate\nshow_pagination=1\nshow_pagination_limit=0\nshow_feed_link=1\nshow_noauth=\nshow_title=\nlink_titles=\nshow_intro=\nshow_section=\nlink_section=\nshow_category=\nlink_category=\nshow_author=0\nshow_create_date=0\nshow_modify_date=0\nshow_item_navigation=0\nshow_readmore=\nshow_vote=\nshow_icons=0\nshow_pdf_icon=0\nshow_print_icon=0\nshow_email_icon=0\nshow_hits=0\nfeed_summary=\npage_title=\nshow_page_title=1\npageclass_sfx=\nmenu_image=-1\nsecure=0\n\n',0,0,0),(117,'mainmenu','Passé ottoman, présent turc','turquie-contemporaine','index.php?option=com_content&view=category&id=111','component',0,115,20,3,2,0,'0000-00-00 00:00:00',0,0,0,0,'display_num=0\nshow_headings=0\nshow_date=0\ndate_format=\nfilter=0\nfilter_type=title\norderby_sec=rdate\nshow_pagination=1\nshow_pagination_limit=0\nshow_feed_link=1\nshow_noauth=\nshow_title=\nlink_titles=\nshow_intro=\nshow_section=\nlink_section=\nshow_category=\nlink_category=\nshow_author=0\nshow_create_date=0\nshow_modify_date=0\nshow_item_navigation=0\nshow_readmore=\nshow_vote=\nshow_icons=0\nshow_pdf_icon=0\nshow_print_icon=0\nshow_email_icon=0\nshow_hits=0\nfeed_summary=\npage_title=\nshow_page_title=1\npageclass_sfx=\nmenu_image=-1\nsecure=0\n\n',0,0,0),(118,'mainmenu','Rencontre d\'Istanbul','rencontre-distanbul','index.php?option=com_content&view=category&id=112','component',0,115,20,3,3,0,'0000-00-00 00:00:00',0,0,0,0,'display_num=0\nshow_headings=0\nshow_date=0\ndate_format=\nfilter=0\nfilter_type=title\norderby_sec=rdate\nshow_pagination=1\nshow_pagination_limit=0\nshow_feed_link=1\nshow_noauth=\nshow_title=\nlink_titles=\nshow_intro=\nshow_section=\nlink_section=\nshow_category=\nlink_category=\nshow_author=0\nshow_create_date=0\nshow_modify_date=0\nshow_item_navigation=0\nshow_readmore=\nshow_vote=\nshow_icons=0\nshow_pdf_icon=0\nshow_print_icon=0\nshow_email_icon=0\nshow_hits=0\nfeed_summary=\npage_title=\nshow_page_title=1\npageclass_sfx=\nmenu_image=-1\nsecure=0\n\n',0,0,0),(119,'administration','Archives 2007','archives-2007','index.php?option=com_content&view=section&id=33','component',1,0,20,0,7,0,'0000-00-00 00:00:00',0,0,0,0,'show_description=0\nshow_description_image=0\nshow_categories=1\nshow_empty_categories=1\nshow_cat_num_articles=1\nshow_category_description=1\norderby=\norderby_sec=\nshow_feed_link=1\nshow_noauth=\nshow_title=\nlink_titles=\nshow_intro=\nshow_section=\nlink_section=\nshow_category=\nlink_category=\nshow_author=\nshow_create_date=\nshow_modify_date=\nshow_item_navigation=\nshow_readmore=\nshow_vote=\nshow_icons=\nshow_pdf_icon=\nshow_print_icon=\nshow_email_icon=\nshow_hits=\nfeed_summary=\npage_title=\nshow_page_title=1\npageclass_sfx=\nmenu_image=-1\nsecure=0\n\n',0,0,0),(120,'administration','2009','archives-2010','index.php?option=com_content&view=section&id=26','component',1,0,20,0,9,0,'0000-00-00 00:00:00',0,0,0,0,'show_description=0\nshow_description_image=0\nshow_categories=1\nshow_empty_categories=1\nshow_cat_num_articles=1\nshow_category_description=1\norderby=\norderby_sec=\nshow_feed_link=1\nshow_noauth=\nshow_title=\nlink_titles=\nshow_intro=\nshow_section=\nlink_section=\nshow_category=\nlink_category=\nshow_author=\nshow_create_date=\nshow_modify_date=\nshow_item_navigation=\nshow_readmore=\nshow_vote=\nshow_icons=\nshow_pdf_icon=\nshow_print_icon=\nshow_email_icon=\nshow_hits=\nfeed_summary=\npage_title=\nshow_page_title=1\npageclass_sfx=\nmenu_image=-1\nsecure=0\n\n',0,0,0),(122,'administration','Newsletter','newsletter','index.php?option=com_content&view=section&id=34','component',1,0,20,0,13,0,'0000-00-00 00:00:00',0,0,0,0,'show_description=0\nshow_description_image=0\nshow_categories=1\nshow_empty_categories=0\nshow_cat_num_articles=1\nshow_category_description=1\norderby=\norderby_sec=\nshow_feed_link=1\nshow_noauth=\nshow_title=\nlink_titles=\nshow_intro=\nshow_section=\nlink_section=\nshow_category=\nlink_category=\nshow_author=\nshow_create_date=\nshow_modify_date=\nshow_item_navigation=\nshow_readmore=\nshow_vote=\nshow_icons=\nshow_pdf_icon=\nshow_print_icon=\nshow_email_icon=\nshow_hits=\nfeed_summary=\npage_title=\nshow_page_title=1\npageclass_sfx=\nmenu_image=-1\nsecure=0\n\n',0,0,0),(123,'mainmenu','Actualités','actualites','index.php?option=com_content&view=category&layout=blog&id=53','component',0,6,20,1,11,0,'0000-00-00 00:00:00',0,0,0,0,'show_description=0\nshow_description_image=0\nnum_leading_articles=1\nnum_intro_articles=20\nnum_columns=1\nnum_links=4\norderby_pri=\norderby_sec=\nmulti_column_order=0\nshow_pagination=2\nshow_pagination_results=1\nshow_feed_link=1\nshow_noauth=\nshow_title=\nlink_titles=\nshow_intro=\nshow_section=\nlink_section=\nshow_category=\nlink_category=\nshow_author=\nshow_create_date=\nshow_modify_date=\nshow_item_navigation=\nshow_readmore=\nshow_vote=\nshow_icons=\nshow_pdf_icon=\nshow_print_icon=\nshow_email_icon=\nshow_hits=\nfeed_summary=\npage_title=\nshow_page_title=1\npageclass_sfx=\nmenu_image=-1\nsecure=0\n\n',0,0,0),(124,'mainmenu','Séminaires','seminaires','index.php?option=com_content&view=category&layout=blog&id=140','component',1,6,20,1,3,0,'0000-00-00 00:00:00',0,0,0,0,'show_description=0\nshow_description_image=0\nnum_leading_articles=1\nnum_intro_articles=20\nnum_columns=1\nnum_links=4\norderby_pri=\norderby_sec=\nmulti_column_order=0\nshow_pagination=2\nshow_pagination_results=1\nshow_feed_link=1\nshow_noauth=\nshow_title=\nlink_titles=\nshow_intro=\nshow_section=\nlink_section=\nshow_category=\nlink_category=\nshow_author=\nshow_create_date=\nshow_modify_date=\nshow_item_navigation=\nshow_readmore=\nshow_vote=\nshow_icons=\nshow_pdf_icon=\nshow_print_icon=\nshow_email_icon=\nshow_hits=\nfeed_summary=\npage_title=\nshow_page_title=1\npageclass_sfx=\nmenu_image=-1\nsecure=0\n\n',0,0,0),(125,'mainmenu','Missions','missions','index.php?option=com_content&view=category&id=141','component',1,6,20,1,4,0,'0000-00-00 00:00:00',0,0,0,0,'display_num=10\nshow_headings=1\nshow_date=0\ndate_format=\nfilter=1\nfilter_type=title\norderby_sec=\nshow_pagination=0\nshow_pagination_limit=1\nshow_feed_link=1\nshow_noauth=\nshow_title=\nlink_titles=\nshow_intro=\nshow_section=\nlink_section=\nshow_category=\nlink_category=\nshow_author=\nshow_create_date=\nshow_modify_date=\nshow_item_navigation=\nshow_readmore=\nshow_vote=\nshow_icons=\nshow_pdf_icon=\nshow_print_icon=\nshow_email_icon=\nshow_hits=\nfeed_summary=\npage_title=\nshow_page_title=1\npageclass_sfx=\nmenu_image=-1\nsecure=0\n\n',0,0,0),(126,'mainmenu','Peneo','peneo','index.php?option=com_content&view=article&id=1241','component',1,6,20,1,8,0,'0000-00-00 00:00:00',0,0,0,0,'show_noauth=\nshow_title=\nlink_titles=\nshow_intro=\nshow_section=\nlink_section=\nshow_category=\nlink_category=\nshow_author=\nshow_create_date=\nshow_modify_date=\nshow_item_navigation=\nshow_readmore=\nshow_vote=\nshow_icons=\nshow_pdf_icon=\nshow_print_icon=\nshow_email_icon=\nshow_hits=\nfeed_summary=\npage_title=\nshow_page_title=1\npageclass_sfx=\nmenu_image=-1\nsecure=0\n\n',0,0,0),(127,'mainmenu','Préhistoire','prehistoire','index.php?option=com_content&view=category&layout=blog&id=135','component',1,6,20,1,5,0,'0000-00-00 00:00:00',0,0,0,0,'show_description=0\nshow_description_image=0\nnum_leading_articles=1\nnum_intro_articles=20\nnum_columns=1\nnum_links=4\norderby_pri=\norderby_sec=\nmulti_column_order=0\nshow_pagination=2\nshow_pagination_results=1\nshow_feed_link=1\nshow_noauth=\nshow_title=\nlink_titles=\nshow_intro=\nshow_section=\nlink_section=\nshow_category=\nlink_category=\nshow_author=\nshow_create_date=\nshow_modify_date=\nshow_item_navigation=\nshow_readmore=\nshow_vote=\nshow_icons=\nshow_pdf_icon=\nshow_print_icon=\nshow_email_icon=\nshow_hits=\nfeed_summary=\npage_title=\nshow_page_title=1\npageclass_sfx=\nmenu_image=-1\nsecure=0\n\n',0,0,0),(128,'mainmenu','Numismatique','numismatique','index.php?option=com_content&view=category&layout=blog&id=139','component',1,6,20,1,6,0,'0000-00-00 00:00:00',0,0,0,0,'show_description=0\nshow_description_image=0\nnum_leading_articles=1\nnum_intro_articles=20\nnum_columns=1\nnum_links=4\norderby_pri=\norderby_sec=\nmulti_column_order=0\nshow_pagination=2\nshow_pagination_results=1\nshow_feed_link=1\nshow_noauth=\nshow_title=\nlink_titles=\nshow_intro=\nshow_section=\nlink_section=\nshow_category=\nlink_category=\nshow_author=\nshow_create_date=\nshow_modify_date=\nshow_item_navigation=\nshow_readmore=\nshow_vote=\nshow_icons=\nshow_pdf_icon=\nshow_print_icon=\nshow_email_icon=\nshow_hits=\nfeed_summary=\npage_title=\nshow_page_title=1\npageclass_sfx=\nmenu_image=-1\nsecure=0\n\n',0,0,0),(129,'mainmenu','Epigraphie','epigraphie','index.php?option=com_content&view=category&layout=blog&id=138','component',1,6,20,1,7,0,'0000-00-00 00:00:00',0,0,0,0,'show_description=0\nshow_description_image=0\nnum_leading_articles=1\nnum_intro_articles=20\nnum_columns=1\nnum_links=4\norderby_pri=\norderby_sec=\nmulti_column_order=0\nshow_pagination=2\nshow_pagination_results=1\nshow_feed_link=1\nshow_noauth=\nshow_title=\nlink_titles=\nshow_intro=\nshow_section=\nlink_section=\nshow_category=\nlink_category=\nshow_author=\nshow_create_date=\nshow_modify_date=\nshow_item_navigation=\nshow_readmore=\nshow_vote=\nshow_icons=\nshow_pdf_icon=\nshow_print_icon=\nshow_email_icon=\nshow_hits=\nfeed_summary=\npage_title=\nshow_page_title=1\npageclass_sfx=\nmenu_image=-1\nsecure=0\n\n',0,0,0),(130,'mainmenu','matériel topographique','materiel-topographique','index.php?option=com_content&view=category&layout=blog&id=26','component',1,39,20,3,1,0,'0000-00-00 00:00:00',0,0,0,0,'show_description=0\nshow_description_image=0\nnum_leading_articles=1\nnum_intro_articles=20\nnum_columns=1\nnum_links=4\norderby_pri=\norderby_sec=\nmulti_column_order=0\nshow_pagination=2\nshow_pagination_results=1\nshow_feed_link=1\nshow_noauth=\nshow_title=\nlink_titles=\nshow_intro=\nshow_section=\nlink_section=\nshow_category=\nlink_category=\nshow_author=\nshow_create_date=\nshow_modify_date=\nshow_item_navigation=\nshow_readmore=\nshow_vote=\nshow_icons=\nshow_pdf_icon=\nshow_print_icon=\nshow_email_icon=\nshow_hits=\nfeed_summary=\npage_title=\nshow_page_title=1\npageclass_sfx=\nmenu_image=-1\nsecure=0\n\n',0,0,0),(131,'mainmenu','Conférences en ligne','conferences-en-ligne','index.php?option=com_content&view=section&layout=blog&id=20','component',1,1,20,1,9,0,'0000-00-00 00:00:00',0,0,0,0,'show_description=0\nshow_description_image=0\nnum_leading_articles=1\nnum_intro_articles=200\nnum_columns=1\nnum_links=1\norderby_pri=\norderby_sec=rdate\nmulti_column_order=0\nshow_pagination=2\nshow_pagination_results=1\nshow_feed_link=1\nshow_noauth=\nshow_title=0\nlink_titles=\nshow_intro=\nshow_section=\nlink_section=\nshow_category=\nlink_category=\nshow_author=0\nshow_create_date=0\nshow_modify_date=0\nshow_item_navigation=1\nshow_readmore=1\nshow_vote=0\nshow_icons=0\nshow_pdf_icon=0\nshow_print_icon=0\nshow_email_icon=0\nshow_hits=0\nfeed_summary=\npage_title=Conférences en ligne\nshow_page_title=1\npageclass_sfx=\nmenu_image=-1\nsecure=0\n\n',0,0,0),(139,'mainmenu','Images et photos','images-et-photos','index.php?option=com_content&view=category&layout=blog&id=147','component',0,10,20,1,4,0,'0000-00-00 00:00:00',0,0,0,0,'show_description=0\nshow_description_image=0\nnum_leading_articles=1\nnum_intro_articles=50\nnum_columns=1\nnum_links=4\norderby_pri=\norderby_sec=\nmulti_column_order=0\nshow_pagination=2\nshow_pagination_results=1\nshow_feed_link=1\nshow_noauth=\nshow_title=\nlink_titles=\nshow_intro=\nshow_section=\nlink_section=\nshow_category=\nlink_category=\nshow_author=\nshow_create_date=\nshow_modify_date=\nshow_item_navigation=\nshow_readmore=\nshow_vote=\nshow_icons=\nshow_pdf_icon=\nshow_print_icon=\nshow_email_icon=\nshow_hits=\nfeed_summary=\npage_title=\nshow_page_title=1\npageclass_sfx=\nmenu_image=-1\nsecure=0\n\n',0,0,0),(132,'mainmenu','Documents en ligne','documents-en-ligne','index.php?option=com_content&view=section&id=36','component',1,7,20,1,8,0,'0000-00-00 00:00:00',0,0,0,0,'show_description=0\nshow_description_image=0\nshow_categories=1\nshow_empty_categories=0\nshow_cat_num_articles=1\nshow_category_description=1\norderby=\norderby_sec=\nshow_feed_link=1\nshow_noauth=\nshow_title=\nlink_titles=\nshow_intro=\nshow_section=\nlink_section=\nshow_category=\nlink_category=\nshow_author=\nshow_create_date=\nshow_modify_date=\nshow_item_navigation=\nshow_readmore=\nshow_vote=\nshow_icons=\nshow_pdf_icon=\nshow_print_icon=\nshow_email_icon=\nshow_hits=\nfeed_summary=\npage_title=\nshow_page_title=1\npageclass_sfx=\nmenu_image=-1\nsecure=0\n\n',0,0,0),(133,'mainmenu','Séminaires','seminaires','index.php?option=com_content&view=category&id=145','component',1,94,20,2,1,0,'0000-00-00 00:00:00',0,0,0,0,'display_num=20\nshow_headings=0\nshow_date=0\ndate_format=\nfilter=0\nfilter_type=title\norderby_sec=rdate\nshow_pagination=1\nshow_pagination_limit=0\nshow_feed_link=1\nshow_noauth=\nshow_title=\nlink_titles=\nshow_intro=\nshow_section=\nlink_section=\nshow_category=\nlink_category=\nshow_author=0\nshow_create_date=0\nshow_modify_date=0\nshow_item_navigation=0\nshow_readmore=\nshow_vote=\nshow_icons=0\nshow_pdf_icon=0\nshow_print_icon=0\nshow_email_icon=0\nshow_hits=0\nfeed_summary=\npage_title=\nshow_page_title=1\npageclass_sfx=\nmenu_image=-1\nsecure=0\n\n',0,0,0),(134,'mainmenu','Actualités','seminaires','index.php?option=com_content&view=category&id=144','component',1,94,20,2,2,0,'0000-00-00 00:00:00',0,0,0,0,'display_num=20\nshow_headings=0\nshow_date=0\ndate_format=\nfilter=0\nfilter_type=title\norderby_sec=rdate\nshow_pagination=1\nshow_pagination_limit=0\nshow_feed_link=1\nshow_noauth=\nshow_title=\nlink_titles=\nshow_intro=\nshow_section=\nlink_section=\nshow_category=\nlink_category=\nshow_author=0\nshow_create_date=0\nshow_modify_date=0\nshow_item_navigation=0\nshow_readmore=\nshow_vote=\nshow_icons=0\nshow_pdf_icon=0\nshow_print_icon=0\nshow_email_icon=0\nshow_hits=0\nfeed_summary=\npage_title=\nshow_page_title=1\npageclass_sfx=\nmenu_image=-1\nsecure=0\n\n',0,0,0),(135,'mainmenu','Documents en ligne','documents-en-ligne','index.php?option=com_content&view=category&id=146','component',1,94,20,2,3,0,'0000-00-00 00:00:00',0,0,0,0,'display_num=20\nshow_headings=0\nshow_date=0\ndate_format=\nfilter=0\nfilter_type=title\norderby_sec=rdate\nshow_pagination=1\nshow_pagination_limit=0\nshow_feed_link=1\nshow_noauth=\nshow_title=\nlink_titles=\nshow_intro=\nshow_section=\nlink_section=\nshow_category=\nlink_category=\nshow_author=0\nshow_create_date=0\nshow_modify_date=0\nshow_item_navigation=0\nshow_readmore=\nshow_vote=\nshow_icons=0\nshow_pdf_icon=0\nshow_print_icon=0\nshow_email_icon=0\nshow_hits=0\nfeed_summary=\npage_title=\nshow_page_title=1\npageclass_sfx=\nmenu_image=-1\nsecure=0\n\n',0,0,0),(136,'mainmenu','Séminaires','seminaires','index.php?option=com_content&view=category&id=145','component',1,78,20,2,1,0,'0000-00-00 00:00:00',0,0,0,0,'display_num=20\nshow_headings=0\nshow_date=0\ndate_format=\nfilter=0\nfilter_type=title\norderby_sec=rdate\nshow_pagination=1\nshow_pagination_limit=0\nshow_feed_link=1\nshow_noauth=\nshow_title=\nlink_titles=\nshow_intro=\nshow_section=\nlink_section=\nshow_category=\nlink_category=\nshow_author=0\nshow_create_date=0\nshow_modify_date=0\nshow_item_navigation=0\nshow_readmore=\nshow_vote=\nshow_icons=0\nshow_pdf_icon=0\nshow_print_icon=0\nshow_email_icon=0\nshow_hits=0\nfeed_summary=\npage_title=\nshow_page_title=1\npageclass_sfx=\nmenu_image=-1\nsecure=0\n\n',0,0,0),(137,'mainmenu','Actualités','seminaires','index.php?option=com_content&view=category&id=144','component',1,78,20,2,2,0,'0000-00-00 00:00:00',0,0,0,0,'display_num=20\nshow_headings=0\nshow_date=0\ndate_format=\nfilter=0\nfilter_type=title\norderby_sec=rdate\nshow_pagination=1\nshow_pagination_limit=0\nshow_feed_link=1\nshow_noauth=\nshow_title=\nlink_titles=\nshow_intro=\nshow_section=\nlink_section=\nshow_category=\nlink_category=\nshow_author=0\nshow_create_date=0\nshow_modify_date=0\nshow_item_navigation=0\nshow_readmore=\nshow_vote=\nshow_icons=0\nshow_pdf_icon=0\nshow_print_icon=0\nshow_email_icon=0\nshow_hits=0\nfeed_summary=\npage_title=\nshow_page_title=1\npageclass_sfx=\nmenu_image=-1\nsecure=0\n\n',0,0,0),(138,'mainmenu','Documents en ligne','documents-en-ligne','index.php?option=com_content&view=category&id=146','component',1,78,20,2,3,0,'0000-00-00 00:00:00',0,0,0,0,'display_num=20\nshow_headings=0\nshow_date=0\ndate_format=\nfilter=0\nfilter_type=title\norderby_sec=rdate\nshow_pagination=1\nshow_pagination_limit=0\nshow_feed_link=1\nshow_noauth=\nshow_title=\nlink_titles=\nshow_intro=\nshow_section=\nlink_section=\nshow_category=\nlink_category=\nshow_author=0\nshow_create_date=0\nshow_modify_date=0\nshow_item_navigation=0\nshow_readmore=\nshow_vote=\nshow_icons=0\nshow_pdf_icon=0\nshow_print_icon=0\nshow_email_icon=0\nshow_hits=0\nfeed_summary=\npage_title=\nshow_page_title=1\npageclass_sfx=\nmenu_image=-1\nsecure=0\n\n',0,0,0),(140,'mainmenu','Istanbul 2010','istanbul-2010','index.php?option=com_content&view=article&id=160','component',0,11,20,1,7,0,'0000-00-00 00:00:00',0,0,0,0,'show_noauth=\nshow_title=\nlink_titles=\nshow_intro=\nshow_section=\nlink_section=\nshow_category=\nlink_category=\nshow_author=0\nshow_create_date=0\nshow_modify_date=0\nshow_item_navigation=0\nshow_readmore=\nshow_vote=\nshow_icons=0\nshow_pdf_icon=0\nshow_print_icon=0\nshow_email_icon=0\nshow_hits=0\nfeed_summary=\npage_title=\nshow_page_title=1\npageclass_sfx=\nmenu_image=-1\nsecure=0\n\n',0,0,0),(141,'mainmenu','Séminaires','seminaires','index.php?option=com_content&view=category&id=145','component',1,140,20,2,1,0,'0000-00-00 00:00:00',0,0,0,0,'display_num=20\nshow_headings=0\nshow_date=0\ndate_format=\nfilter=0\nfilter_type=title\norderby_sec=rdate\nshow_pagination=1\nshow_pagination_limit=0\nshow_feed_link=1\nshow_noauth=\nshow_title=\nlink_titles=\nshow_intro=\nshow_section=\nlink_section=\nshow_category=\nlink_category=\nshow_author=0\nshow_create_date=0\nshow_modify_date=0\nshow_item_navigation=0\nshow_readmore=\nshow_vote=\nshow_icons=0\nshow_pdf_icon=0\nshow_print_icon=0\nshow_email_icon=0\nshow_hits=0\nfeed_summary=\npage_title=\nshow_page_title=1\npageclass_sfx=\nmenu_image=-1\nsecure=0\n\n',0,0,0),(142,'mainmenu','Actualités','seminaires','index.php?option=com_content&view=category&id=144','component',1,140,20,2,2,0,'0000-00-00 00:00:00',0,0,0,0,'display_num=20\nshow_headings=0\nshow_date=0\ndate_format=\nfilter=0\nfilter_type=title\norderby_sec=rdate\nshow_pagination=1\nshow_pagination_limit=0\nshow_feed_link=1\nshow_noauth=\nshow_title=\nlink_titles=\nshow_intro=\nshow_section=\nlink_section=\nshow_category=\nlink_category=\nshow_author=0\nshow_create_date=0\nshow_modify_date=0\nshow_item_navigation=0\nshow_readmore=\nshow_vote=\nshow_icons=0\nshow_pdf_icon=0\nshow_print_icon=0\nshow_email_icon=0\nshow_hits=0\nfeed_summary=\npage_title=\nshow_page_title=1\npageclass_sfx=\nmenu_image=-1\nsecure=0\n\n',0,0,0),(143,'mainmenu','Documents en ligne','documents-en-ligne','index.php?option=com_content&view=category&id=146','component',1,140,20,2,3,0,'0000-00-00 00:00:00',0,0,0,0,'display_num=20\nshow_headings=0\nshow_date=0\ndate_format=\nfilter=0\nfilter_type=title\norderby_sec=rdate\nshow_pagination=1\nshow_pagination_limit=0\nshow_feed_link=1\nshow_noauth=\nshow_title=\nlink_titles=\nshow_intro=\nshow_section=\nlink_section=\nshow_category=\nlink_category=\nshow_author=0\nshow_create_date=0\nshow_modify_date=0\nshow_item_navigation=0\nshow_readmore=\nshow_vote=\nshow_icons=0\nshow_pdf_icon=0\nshow_print_icon=0\nshow_email_icon=0\nshow_hits=0\nfeed_summary=\npage_title=\nshow_page_title=1\npageclass_sfx=\nmenu_image=-1\nsecure=0\n\n',0,0,0),(144,'mainmenu','Liens carto','liens-carto','index.php?option=com_weblinks&view=category&id=157','component',1,8,4,1,6,0,'0000-00-00 00:00:00',0,0,0,0,'show_feed_link=1\nshow_comp_description=\ncomp_description=\nshow_link_hits=\nshow_link_description=\nshow_other_cats=\nshow_headings=\ntarget=1\nlink_icons=\npage_title=\nshow_page_title=1\npageclass_sfx=\nmenu_image=-1\nsecure=0\n\n',0,0,0),(145,'mainmenu','Procédures','procedures','index.php?option=com_content&view=article&id=760','component',1,6,20,1,9,0,'0000-00-00 00:00:00',0,0,0,0,'show_noauth=\nshow_title=\nlink_titles=\nshow_intro=\nshow_section=\nlink_section=\nshow_category=\nlink_category=\nshow_author=\nshow_create_date=\nshow_modify_date=\nshow_item_navigation=\nshow_readmore=\nshow_vote=\nshow_icons=\nshow_pdf_icon=\nshow_print_icon=\nshow_email_icon=\nshow_hits=\nfeed_summary=\npage_title=\nshow_page_title=1\npageclass_sfx=\nmenu_image=-1\nsecure=0\n\n',0,0,0),(146,'mainmenu','Lettre d\'info','lettre-dinfo','index.php?option=com_content&view=category&id=159','component',1,10,20,1,5,0,'0000-00-00 00:00:00',0,0,0,0,'display_num=10\nshow_headings=0\nshow_date=0\ndate_format=\nfilter=0\nfilter_type=title\norderby_sec=rdate\nshow_pagination=1\nshow_pagination_limit=0\nshow_feed_link=1\nshow_noauth=\nshow_title=\nlink_titles=\nshow_intro=\nshow_section=\nlink_section=\nshow_category=\nlink_category=\nshow_author=\nshow_create_date=\nshow_modify_date=\nshow_item_navigation=\nshow_readmore=\nshow_vote=\nshow_icons=\nshow_pdf_icon=\nshow_print_icon=\nshow_email_icon=\nshow_hits=\nfeed_summary=\npage_title=\nshow_page_title=1\npageclass_sfx=\nmenu_image=-1\nsecure=0\n\n',0,0,0),(147,'mainmenu','Liens','liens','index.php?option=com_weblinks&view=category&id=160','component',0,10,4,1,6,0,'0000-00-00 00:00:00',0,0,0,0,'show_feed_link=1\nshow_comp_description=\ncomp_description=\nshow_link_hits=0\nshow_link_description=0\nshow_other_cats=0\nshow_headings=0\ntarget=\nlink_icons=-1\npage_title=\nshow_page_title=1\npageclass_sfx=\nmenu_image=-1\nsecure=0\n\n',0,0,0),(201,'mainmenu','DÜNDAR Fuat','duendar-fuat','index.php?option=com_content&view=article&id=1251','component',1,28,20,3,16,0,'0000-00-00 00:00:00',0,0,0,0,'show_noauth=\nshow_title=\nlink_titles=\nshow_intro=\nshow_section=\nlink_section=\nshow_category=\nlink_category=\nshow_author=\nshow_create_date=\nshow_modify_date=\nshow_item_navigation=\nshow_readmore=\nshow_vote=\nshow_icons=\nshow_pdf_icon=\nshow_print_icon=\nshow_email_icon=\nshow_hits=\nfeed_summary=\npage_title=\nshow_page_title=1\npageclass_sfx=\nmenu_image=-1\nsecure=0\n\n',0,0,0),(152,'admin','Télécharger le logo de l\'IFEA','telecharger-le-logo-de-lifea','index.php?option=com_content&view=article&id=35','component',1,0,20,0,5,0,'0000-00-00 00:00:00',0,0,0,0,'show_noauth=\nshow_title=\nlink_titles=\nshow_intro=\nshow_section=\nlink_section=\nshow_category=\nlink_category=\nshow_author=\nshow_create_date=\nshow_modify_date=\nshow_item_navigation=\nshow_readmore=\nshow_vote=\nshow_icons=\nshow_pdf_icon=\nshow_print_icon=\nshow_email_icon=\nshow_hits=\nfeed_summary=\npage_title=\nshow_page_title=1\npageclass_sfx=\nmenu_image=-1\nsecure=0\n\n',0,0,0),(153,'admin','2008','archives-2008','index.php?option=com_content&view=section&id=32','component',1,0,20,0,7,0,'0000-00-00 00:00:00',0,0,0,0,'show_description=0\nshow_description_image=0\nshow_categories=1\nshow_empty_categories=1\nshow_cat_num_articles=1\nshow_category_description=1\norderby=\norderby_sec=\nshow_feed_link=1\nshow_noauth=\nshow_title=\nlink_titles=\nshow_intro=\nshow_section=\nlink_section=\nshow_category=\nlink_category=\nshow_author=\nshow_create_date=\nshow_modify_date=\nshow_item_navigation=\nshow_readmore=\nshow_vote=\nshow_icons=\nshow_pdf_icon=\nshow_print_icon=\nshow_email_icon=\nshow_hits=\nfeed_summary=\npage_title=\nshow_page_title=1\npageclass_sfx=\nmenu_image=-1\nsecure=0\n\n',0,0,0),(154,'admin','Nos partenaires','nos-partenaires','index.php?option=com_content&view=article&id=188','component',1,0,20,0,11,0,'0000-00-00 00:00:00',0,0,0,0,'show_noauth=\nshow_title=\nlink_titles=\nshow_intro=\nshow_section=\nlink_section=\nshow_category=\nlink_category=\nshow_author=\nshow_create_date=\nshow_modify_date=\nshow_item_navigation=\nshow_readmore=\nshow_vote=\nshow_icons=\nshow_pdf_icon=\nshow_print_icon=\nshow_email_icon=\nshow_hits=\nfeed_summary=\npage_title=\nshow_page_title=1\npageclass_sfx=\nmenu_image=-1\nsecure=0\n\n',0,0,0),(155,'admin','Archives 2007','archives-2007','index.php?option=com_content&view=section&id=33','component',1,0,20,0,6,0,'0000-00-00 00:00:00',0,0,0,0,'show_description=0\nshow_description_image=0\nshow_categories=1\nshow_empty_categories=1\nshow_cat_num_articles=1\nshow_category_description=1\norderby=\norderby_sec=\nshow_feed_link=1\nshow_noauth=\nshow_title=\nlink_titles=\nshow_intro=\nshow_section=\nlink_section=\nshow_category=\nlink_category=\nshow_author=\nshow_create_date=\nshow_modify_date=\nshow_item_navigation=\nshow_readmore=\nshow_vote=\nshow_icons=\nshow_pdf_icon=\nshow_print_icon=\nshow_email_icon=\nshow_hits=\nfeed_summary=\npage_title=\nshow_page_title=1\npageclass_sfx=\nmenu_image=-1\nsecure=0\n\n',0,0,0),(156,'admin','2009','archives-2010','index.php?option=com_content&view=section&id=26','component',1,0,20,0,8,0,'0000-00-00 00:00:00',0,0,0,0,'show_description=0\nshow_description_image=0\nshow_categories=1\nshow_empty_categories=1\nshow_cat_num_articles=1\nshow_category_description=1\norderby=\norderby_sec=\nshow_feed_link=1\nshow_noauth=\nshow_title=\nlink_titles=\nshow_intro=\nshow_section=\nlink_section=\nshow_category=\nlink_category=\nshow_author=\nshow_create_date=\nshow_modify_date=\nshow_item_navigation=\nshow_readmore=\nshow_vote=\nshow_icons=\nshow_pdf_icon=\nshow_print_icon=\nshow_email_icon=\nshow_hits=\nfeed_summary=\npage_title=\nshow_page_title=1\npageclass_sfx=\nmenu_image=-1\nsecure=0\n\n',0,0,0),(157,'admin','2010','archives-2009','index.php?option=com_content&view=section&id=8','component',1,0,20,0,9,0,'0000-00-00 00:00:00',0,0,0,0,'show_description=0\nshow_description_image=0\nshow_categories=1\nshow_empty_categories=1\nshow_cat_num_articles=1\nshow_category_description=1\norderby=\norderby_sec=\nshow_feed_link=1\nshow_noauth=\nshow_title=\nlink_titles=\nshow_intro=\nshow_section=\nlink_section=\nshow_category=\nlink_category=\nshow_author=\nshow_create_date=\nshow_modify_date=\nshow_item_navigation=\nshow_readmore=\nshow_vote=\nshow_icons=\nshow_pdf_icon=\nshow_print_icon=\nshow_email_icon=\nshow_hits=\nfeed_summary=\npage_title=\nshow_page_title=1\npageclass_sfx=\nmenu_image=-1\nsecure=0\n\n',0,0,0),(158,'admin','Newsletter','newsletter','index.php?option=com_content&view=section&id=34','component',1,0,20,0,12,0,'0000-00-00 00:00:00',0,0,0,0,'show_description=0\nshow_description_image=0\nshow_categories=1\nshow_empty_categories=0\nshow_cat_num_articles=1\nshow_category_description=1\norderby=\norderby_sec=\nshow_feed_link=1\nshow_noauth=\nshow_title=\nlink_titles=\nshow_intro=\nshow_section=\nlink_section=\nshow_category=\nlink_category=\nshow_author=\nshow_create_date=\nshow_modify_date=\nshow_item_navigation=\nshow_readmore=\nshow_vote=\nshow_icons=\nshow_pdf_icon=\nshow_print_icon=\nshow_email_icon=\nshow_hits=\nfeed_summary=\npage_title=\nshow_page_title=1\npageclass_sfx=\nmenu_image=-1\nsecure=0\n\n',0,0,0),(159,'mainmenu','Présentation','presentation','index.php?option=com_content&view=article&id=25','component',1,6,20,1,2,0,'0000-00-00 00:00:00',0,0,0,0,'show_noauth=\nshow_title=0\nlink_titles=\nshow_intro=\nshow_section=\nlink_section=\nshow_category=\nlink_category=\nshow_author=\nshow_create_date=\nshow_modify_date=\nshow_item_navigation=\nshow_readmore=\nshow_vote=\nshow_icons=\nshow_pdf_icon=\nshow_print_icon=\nshow_email_icon=\nshow_hits=\nfeed_summary=\npage_title=\nshow_page_title=1\npageclass_sfx=\nmenu_image=-1\nsecure=0\n\n',0,0,0),(160,'mainmenu','Actualités vie politique','actualites-de-la-vie-politique-turque','index.php?option=com_content&view=section&id=27','component',0,12,20,1,10,0,'0000-00-00 00:00:00',0,0,0,0,'show_description=0\nshow_description_image=0\nshow_categories=1\nshow_empty_categories=0\nshow_cat_num_articles=1\nshow_category_description=1\norderby=\norderby_sec=\nshow_feed_link=1\nshow_noauth=\nshow_title=\nlink_titles=\nshow_intro=\nshow_section=\nlink_section=\nshow_category=\nlink_category=\nshow_author=\nshow_create_date=\nshow_modify_date=\nshow_item_navigation=\nshow_readmore=\nshow_vote=\nshow_icons=\nshow_pdf_icon=\nshow_print_icon=\nshow_email_icon=\nshow_hits=\nfeed_summary=\npage_title=\nshow_page_title=1\npageclass_sfx=\nmenu_image=-1\nsecure=0\n\n',0,0,0),(161,'mainmenu','Europe','actualites-de-la-vie-politique-turque','index.php?option=com_content&view=section&id=28','component',0,12,20,1,11,0,'0000-00-00 00:00:00',0,0,0,0,'show_description=0\nshow_description_image=0\nshow_categories=1\nshow_empty_categories=0\nshow_cat_num_articles=1\nshow_category_description=1\norderby=\norderby_sec=\nshow_feed_link=1\nshow_noauth=\nshow_title=\nlink_titles=\nshow_intro=\nshow_section=\nlink_section=\nshow_category=\nlink_category=\nshow_author=\nshow_create_date=\nshow_modify_date=\nshow_item_navigation=\nshow_readmore=\nshow_vote=\nshow_icons=\nshow_pdf_icon=\nshow_print_icon=\nshow_email_icon=\nshow_hits=\nfeed_summary=\npage_title=\nshow_page_title=1\npageclass_sfx=\nmenu_image=-1\nsecure=0\n\n',0,0,0),(162,'mainmenu','Système politique','actualites-de-la-vie-politique-turque','index.php?option=com_content&view=section&id=29','component',0,12,20,1,12,0,'0000-00-00 00:00:00',0,0,0,0,'show_description=0\nshow_description_image=0\nshow_categories=1\nshow_empty_categories=0\nshow_cat_num_articles=1\nshow_category_description=1\norderby=\norderby_sec=\nshow_feed_link=1\nshow_noauth=\nshow_title=\nlink_titles=\nshow_intro=\nshow_section=\nlink_section=\nshow_category=\nlink_category=\nshow_author=\nshow_create_date=\nshow_modify_date=\nshow_item_navigation=\nshow_readmore=\nshow_vote=\nshow_icons=\nshow_pdf_icon=\nshow_print_icon=\nshow_email_icon=\nshow_hits=\nfeed_summary=\npage_title=\nshow_page_title=1\npageclass_sfx=\nmenu_image=-1\nsecure=0\n\n',0,0,0),(163,'mainmenu','Bourses 2010','bourses-2010','index.php?option=com_content&view=article&id=42','component',0,15,20,2,1,0,'0000-00-00 00:00:00',0,0,0,0,'show_noauth=\nshow_title=\nlink_titles=\nshow_intro=\nshow_section=\nlink_section=\nshow_category=\nlink_category=\nshow_author=\nshow_create_date=\nshow_modify_date=\nshow_item_navigation=\nshow_readmore=\nshow_vote=\nshow_icons=\nshow_pdf_icon=\nshow_print_icon=\nshow_email_icon=\nshow_hits=\nfeed_summary=\npage_title=\nshow_page_title=1\npageclass_sfx=\nmenu_image=-1\nsecure=0\n\n',0,0,0),(164,'mainmenu','Bourse Aide à la Mobilité','bourse-aide-a-la-mobilite','index.php?option=com_content&view=article&id=804','component',0,15,20,2,2,0,'0000-00-00 00:00:00',0,0,0,0,'show_noauth=\nshow_title=\nlink_titles=\nshow_intro=\nshow_section=\nlink_section=\nshow_category=\nlink_category=\nshow_author=\nshow_create_date=\nshow_modify_date=\nshow_item_navigation=\nshow_readmore=\nshow_vote=\nshow_icons=\nshow_pdf_icon=\nshow_print_icon=\nshow_email_icon=\nshow_hits=\nfeed_summary=\npage_title=\nshow_page_title=1\npageclass_sfx=\nmenu_image=-1\nsecure=0\n\n',0,0,0),(165,'mainmenu','Bourses CNRS','bourses-cnrs','index.php?option=com_content&view=article&id=805','component',0,15,20,2,3,0,'0000-00-00 00:00:00',0,0,0,0,'show_noauth=\nshow_title=\nlink_titles=\nshow_intro=\nshow_section=\nlink_section=\nshow_category=\nlink_category=\nshow_author=\nshow_create_date=\nshow_modify_date=\nshow_item_navigation=\nshow_readmore=\nshow_vote=\nshow_icons=\nshow_pdf_icon=\nshow_print_icon=\nshow_email_icon=\nshow_hits=\nfeed_summary=\npage_title=\nshow_page_title=1\npageclass_sfx=\nmenu_image=-1\nsecure=0\n\n',0,0,0),(166,'mainmenu','Bourses Courte Durée','bourses-courte-duree','index.php?option=com_content&view=article&id=806','component',0,15,20,2,4,0,'0000-00-00 00:00:00',0,0,0,0,'show_noauth=\nshow_title=\nlink_titles=\nshow_intro=\nshow_section=\nlink_section=\nshow_category=\nlink_category=\nshow_author=\nshow_create_date=\nshow_modify_date=\nshow_item_navigation=\nshow_readmore=\nshow_vote=\nshow_icons=\nshow_pdf_icon=\nshow_print_icon=\nshow_email_icon=\nshow_hits=\nfeed_summary=\npage_title=\nshow_page_title=1\npageclass_sfx=\nmenu_image=-1\nsecure=0\n\n',0,0,0),(167,'mainmenu','Matériel Topographique','materiel-topographique','index.php?option=com_content&view=article&id=76','component',1,14,20,2,3,0,'0000-00-00 00:00:00',0,0,0,0,'show_noauth=\nshow_title=\nlink_titles=\nshow_intro=\nshow_section=\nlink_section=\nshow_category=\nlink_category=\nshow_author=\nshow_create_date=\nshow_modify_date=\nshow_item_navigation=\nshow_readmore=\nshow_vote=\nshow_icons=\nshow_pdf_icon=\nshow_print_icon=\nshow_email_icon=\nshow_hits=\nfeed_summary=\npage_title=\nshow_page_title=1\npageclass_sfx=\nmenu_image=-1\nsecure=0\n\n',0,0,0),(168,'mainmenu','Matériel topographique','materiel-topographique','index.php?option=com_content&view=article&id=76','component',1,6,20,1,10,0,'0000-00-00 00:00:00',0,0,0,0,'show_noauth=\nshow_title=\nlink_titles=\nshow_intro=\nshow_section=\nlink_section=\nshow_category=\nlink_category=\nshow_author=\nshow_create_date=\nshow_modify_date=\nshow_item_navigation=\nshow_readmore=\nshow_vote=\nshow_icons=\nshow_pdf_icon=\nshow_print_icon=\nshow_email_icon=\nshow_hits=\nfeed_summary=\npage_title=\nshow_page_title=1\npageclass_sfx=\nmenu_image=-1\nsecure=0\n\n',0,0,0),(170,'mainmenu','Accueil','accueil','index.php?option=com_content&view=category&layout=blog&id=164','component',1,6,20,1,1,0,'0000-00-00 00:00:00',0,0,0,0,'show_description=0\nshow_description_image=0\nnum_leading_articles=1\nnum_intro_articles=4\nnum_columns=1\nnum_links=4\norderby_pri=\norderby_sec=\nmulti_column_order=1\nshow_pagination=0\nshow_pagination_results=1\nshow_feed_link=1\nshow_noauth=\nshow_title=0\nlink_titles=\nshow_intro=\nshow_section=\nlink_section=\nshow_category=\nlink_category=\nshow_author=\nshow_create_date=\nshow_modify_date=\nshow_item_navigation=\nshow_readmore=\nshow_vote=\nshow_icons=\nshow_pdf_icon=\nshow_print_icon=\nshow_email_icon=\nshow_hits=\nfeed_summary=\npage_title=\nshow_page_title=0\npageclass_sfx=\nmenu_image=-1\nsecure=0\n\n',0,0,0),(199,'mainmenu','AUTHIER Gilles','authier-gilles','index.php?option=com_content&view=article&id=1262','component',1,36,20,3,2,0,'0000-00-00 00:00:00',0,0,0,0,'show_noauth=\nshow_title=\nlink_titles=\nshow_intro=\nshow_section=\nlink_section=\nshow_category=\nlink_category=\nshow_author=\nshow_create_date=\nshow_modify_date=\nshow_item_navigation=\nshow_readmore=\nshow_vote=\nshow_icons=\nshow_pdf_icon=\nshow_print_icon=\nshow_email_icon=\nshow_hits=\nfeed_summary=\npage_title=\nshow_page_title=1\npageclass_sfx=\nmenu_image=-1\nsecure=0\n\n',0,0,0),(171,'mainmenu','Dossiers de l\'IFEA','dossiers-de-lifea','index.php?option=com_content&view=category&id=155','component',1,115,20,3,4,0,'0000-00-00 00:00:00',0,0,0,0,'display_num=10\nshow_headings=1\nshow_date=0\ndate_format=\nfilter=1\nfilter_type=title\norderby_sec=\nshow_pagination=1\nshow_pagination_limit=1\nshow_feed_link=1\nshow_noauth=\nshow_title=\nlink_titles=\nshow_intro=\nshow_section=\nlink_section=\nshow_category=\nlink_category=\nshow_author=\nshow_create_date=\nshow_modify_date=\nshow_item_navigation=\nshow_readmore=\nshow_vote=\nshow_icons=\nshow_pdf_icon=\nshow_print_icon=\nshow_email_icon=\nshow_hits=\nfeed_summary=\npage_title=\nshow_page_title=1\npageclass_sfx=\nmenu_image=-1\nsecure=0\n\n',0,0,0),(173,'mainmenu','Toplumsal Tarih','toplumsal-tarih','index.php?option=com_content&view=category&id=107','component',1,109,20,3,5,0,'0000-00-00 00:00:00',0,0,0,0,'display_num=10\nshow_headings=1\nshow_date=0\ndate_format=\nfilter=1\nfilter_type=title\norderby_sec=\nshow_pagination=1\nshow_pagination_limit=1\nshow_feed_link=1\nshow_noauth=\nshow_title=\nlink_titles=\nshow_intro=\nshow_section=\nlink_section=\nshow_category=\nlink_category=\nshow_author=\nshow_create_date=\nshow_modify_date=\nshow_item_navigation=\nshow_readmore=\nshow_vote=\nshow_icons=\nshow_pdf_icon=\nshow_print_icon=\nshow_email_icon=\nshow_hits=\nfeed_summary=\npage_title=\nshow_page_title=1\npageclass_sfx=\nmenu_image=-1\nsecure=0\n\n',0,0,0),(174,'mainmenu','FLICHE Benoît','fliche-benoit','index.php?option=com_content&view=category&id=56','component',1,36,20,3,5,0,'0000-00-00 00:00:00',0,0,0,0,'display_num=10\nshow_headings=1\nshow_date=0\ndate_format=\nfilter=1\nfilter_type=title\norderby_sec=\nshow_pagination=1\nshow_pagination_limit=1\nshow_feed_link=1\nshow_noauth=\nshow_title=\nlink_titles=\nshow_intro=\nshow_section=\nlink_section=\nshow_category=\nlink_category=\nshow_author=\nshow_create_date=\nshow_modify_date=\nshow_item_navigation=\nshow_readmore=\nshow_vote=\nshow_icons=\nshow_pdf_icon=\nshow_print_icon=\nshow_email_icon=\nshow_hits=\nfeed_summary=\npage_title=\nshow_page_title=1\npageclass_sfx=\nmenu_image=-1\nsecure=0\n\n',0,0,0),(175,'mainmenu','TOPUZ Umit Sevgi','topuz-umit-sevgi','index.php?option=com_content&view=category&id=56','component',1,36,20,3,9,0,'0000-00-00 00:00:00',0,0,0,0,'display_num=10\nshow_headings=1\nshow_date=0\ndate_format=\nfilter=1\nfilter_type=title\norderby_sec=\nshow_pagination=1\nshow_pagination_limit=1\nshow_feed_link=1\nshow_noauth=\nshow_title=\nlink_titles=\nshow_intro=\nshow_section=\nlink_section=\nshow_category=\nlink_category=\nshow_author=\nshow_create_date=\nshow_modify_date=\nshow_item_navigation=\nshow_readmore=\nshow_vote=\nshow_icons=\nshow_pdf_icon=\nshow_print_icon=\nshow_email_icon=\nshow_hits=\nfeed_summary=\npage_title=\nshow_page_title=1\npageclass_sfx=\nmenu_image=-1\nsecure=0\n\n',0,0,0),(177,'mainmenu','L\'IFEA a 80 ans!','ifea-a-80-ans','index.php?option=com_content&view=section&layout=blog&id=38','component',1,1,20,1,10,0,'0000-00-00 00:00:00',0,0,0,0,'show_description=0\nshow_description_image=0\nnum_leading_articles=1\nnum_intro_articles=4\nnum_columns=2\nnum_links=4\norderby_pri=\norderby_sec=\nmulti_column_order=0\nshow_pagination=0\nshow_pagination_results=1\nshow_feed_link=1\nshow_noauth=\nshow_title=\nlink_titles=\nshow_intro=\nshow_section=\nlink_section=\nshow_category=\nlink_category=\nshow_author=\nshow_create_date=\nshow_modify_date=\nshow_item_navigation=\nshow_readmore=\nshow_vote=\nshow_icons=\nshow_pdf_icon=\nshow_print_icon=\nshow_email_icon=\nshow_hits=\nfeed_summary=\npage_title=\nshow_page_title=1\npageclass_sfx=\nmenu_image=-1\nsecure=0\n\n',0,0,0),(179,'mainmenu','BODET Cedric','bodet-cedric','index.php?option=com_content&view=article&id=1047','component',1,28,20,3,14,0,'0000-00-00 00:00:00',0,0,0,0,'show_noauth=\nshow_title=\nlink_titles=\nshow_intro=\nshow_section=\nlink_section=\nshow_category=\nlink_category=\nshow_author=\nshow_create_date=\nshow_modify_date=\nshow_item_navigation=\nshow_readmore=\nshow_vote=\nshow_icons=\nshow_pdf_icon=\nshow_print_icon=\nshow_email_icon=\nshow_hits=\nfeed_summary=\npage_title=\nshow_page_title=1\npageclass_sfx=\nmenu_image=-1\nsecure=0\n\n',0,0,0),(180,'mainmenu','O.U.T.I.','outi','index.php?option=com_content&view=article&id=1065','component',0,7,20,1,9,0,'0000-00-00 00:00:00',0,0,0,0,'show_noauth=\nshow_title=\nlink_titles=\nshow_intro=\nshow_section=\nlink_section=\nshow_category=\nlink_category=\nshow_author=\nshow_create_date=\nshow_modify_date=\nshow_item_navigation=\nshow_readmore=\nshow_vote=\nshow_icons=\nshow_pdf_icon=\nshow_print_icon=\nshow_email_icon=\nshow_hits=\nfeed_summary=\npage_title=\nshow_page_title=1\npageclass_sfx=\nmenu_image=-1\nsecure=0\n\n',0,0,0),(182,'administration','2010','archives-2010','index.php?option=com_content&view=section&id=8','component',1,0,20,0,11,0,'0000-00-00 00:00:00',0,0,0,0,'show_description=0\nshow_description_image=0\nshow_categories=1\nshow_empty_categories=0\nshow_cat_num_articles=1\nshow_category_description=1\norderby=\norderby_sec=\nshow_feed_link=1\nshow_noauth=\nshow_title=\nlink_titles=\nshow_intro=\nshow_section=\nlink_section=\nshow_category=\nlink_category=\nshow_author=\nshow_create_date=\nshow_modify_date=\nshow_item_navigation=\nshow_readmore=\nshow_vote=\nshow_icons=\nshow_pdf_icon=\nshow_print_icon=\nshow_email_icon=\nshow_hits=\nfeed_summary=\npage_title=\nshow_page_title=1\npageclass_sfx=\nmenu_image=-1\nsecure=0\n\n',0,0,0),(183,'administration','2011','archives-2011','index.php?option=com_content&view=section&id=9','component',1,0,20,0,12,0,'0000-00-00 00:00:00',0,0,0,0,'show_description=0\nshow_description_image=0\nshow_categories=1\nshow_empty_categories=0\nshow_cat_num_articles=1\nshow_category_description=1\norderby=\norderby_sec=\nshow_feed_link=1\nshow_noauth=\nshow_title=\nlink_titles=\nshow_intro=\nshow_section=\nlink_section=\nshow_category=\nlink_category=\nshow_author=\nshow_create_date=\nshow_modify_date=\nshow_item_navigation=\nshow_readmore=\nshow_vote=\nshow_icons=\nshow_pdf_icon=\nshow_print_icon=\nshow_email_icon=\nshow_hits=\nfeed_summary=\npage_title=\nshow_page_title=1\npageclass_sfx=\nmenu_image=-1\nsecure=0\n\n',0,0,0),(185,'admin','2011','2011','index.php?option=com_content&view=section&id=9','component',1,0,20,0,10,0,'0000-00-00 00:00:00',0,0,0,0,'show_description=0\nshow_description_image=0\nshow_categories=1\nshow_empty_categories=0\nshow_cat_num_articles=1\nshow_category_description=1\norderby=\norderby_sec=\nshow_feed_link=1\nshow_noauth=\nshow_title=\nlink_titles=\nshow_intro=\nshow_section=\nlink_section=\nshow_category=\nlink_category=\nshow_author=\nshow_create_date=\nshow_modify_date=\nshow_item_navigation=\nshow_readmore=\nshow_vote=\nshow_icons=\nshow_pdf_icon=\nshow_print_icon=\nshow_email_icon=\nshow_hits=\nfeed_summary=\npage_title=\nshow_page_title=1\npageclass_sfx=\nmenu_image=-1\nsecure=0\n\n',0,0,0),(186,'mainmenu','Doctorants / Boursiers','doctorants-boursiers','index.php?option=com_content&view=category&id=171','component',1,24,20,2,3,0,'0000-00-00 00:00:00',0,0,0,0,'display_num=10\nshow_headings=1\nshow_date=0\ndate_format=\nfilter=1\nfilter_type=title\norderby_sec=\nshow_pagination=1\nshow_pagination_limit=1\nshow_feed_link=1\nshow_noauth=\nshow_title=\nlink_titles=\nshow_intro=\nshow_section=\nlink_section=\nshow_category=\nlink_category=\nshow_author=\nshow_create_date=\nshow_modify_date=\nshow_item_navigation=\nshow_readmore=\nshow_vote=\nshow_icons=\nshow_pdf_icon=\nshow_print_icon=\nshow_email_icon=\nshow_hits=\nfeed_summary=\npage_title=\nshow_page_title=1\npageclass_sfx=\nmenu_image=-1\nsecure=0\n\n',0,0,0),(187,'mainmenu','CHAUVEL Brian','chauvel-brian','index.php?option=com_content&view=article&id=902','component',1,186,20,3,1,0,'0000-00-00 00:00:00',0,0,0,0,'show_noauth=\nshow_title=\nlink_titles=\nshow_intro=\nshow_section=\nlink_section=\nshow_category=\nlink_category=\nshow_author=\nshow_create_date=\nshow_modify_date=\nshow_item_navigation=\nshow_readmore=\nshow_vote=\nshow_icons=\nshow_pdf_icon=\nshow_print_icon=\nshow_email_icon=\nshow_hits=\nfeed_summary=\npage_title=\nshow_page_title=1\npageclass_sfx=\nmenu_image=-1\nsecure=0\n\n',0,0,0),(188,'mainmenu','DUMAS Juliette','dumas-juliette','index.php?option=com_content&view=article&id=90','component',1,186,20,3,2,0,'0000-00-00 00:00:00',0,0,0,0,'show_noauth=\nshow_title=\nlink_titles=\nshow_intro=\nshow_section=\nlink_section=\nshow_category=\nlink_category=\nshow_author=\nshow_create_date=\nshow_modify_date=\nshow_item_navigation=\nshow_readmore=\nshow_vote=\nshow_icons=\nshow_pdf_icon=\nshow_print_icon=\nshow_email_icon=\nshow_hits=\nfeed_summary=\npage_title=\nshow_page_title=1\npageclass_sfx=\nmenu_image=-1\nsecure=0\n\n',0,0,0),(189,'mainmenu','LAMESA Anaïs','lamesa-anais','index.php?option=com_content&view=article&id=95','component',1,186,20,3,4,0,'0000-00-00 00:00:00',0,0,0,0,'show_noauth=\nshow_title=\nlink_titles=\nshow_intro=\nshow_section=\nlink_section=\nshow_category=\nlink_category=\nshow_author=\nshow_create_date=\nshow_modify_date=\nshow_item_navigation=\nshow_readmore=\nshow_vote=\nshow_icons=\nshow_pdf_icon=\nshow_print_icon=\nshow_email_icon=\nshow_hits=\nfeed_summary=\npage_title=\nshow_page_title=1\npageclass_sfx=\nmenu_image=-1\nsecure=0\n\n',0,0,0),(190,'mainmenu','LAMRHARI Loubna','lamrhari-loubna','index.php?option=com_content&view=article&id=868','component',1,186,20,3,5,0,'0000-00-00 00:00:00',0,0,0,0,'show_noauth=\nshow_title=\nlink_titles=\nshow_intro=\nshow_section=\nlink_section=\nshow_category=\nlink_category=\nshow_author=\nshow_create_date=\nshow_modify_date=\nshow_item_navigation=\nshow_readmore=\nshow_vote=\nshow_icons=\nshow_pdf_icon=\nshow_print_icon=\nshow_email_icon=\nshow_hits=\nfeed_summary=\npage_title=\nshow_page_title=1\npageclass_sfx=\nmenu_image=-1\nsecure=0\n\n',0,0,0),(191,'mainmenu','MARTIN Cilia','martin-cilia','index.php?option=com_content&view=article&id=867','component',1,186,20,3,6,0,'0000-00-00 00:00:00',0,0,0,0,'show_noauth=\nshow_title=\nlink_titles=\nshow_intro=\nshow_section=\nlink_section=\nshow_category=\nlink_category=\nshow_author=\nshow_create_date=\nshow_modify_date=\nshow_item_navigation=\nshow_readmore=\nshow_vote=\nshow_icons=\nshow_pdf_icon=\nshow_print_icon=\nshow_email_icon=\nshow_hits=\nfeed_summary=\npage_title=\nshow_page_title=1\npageclass_sfx=\nmenu_image=-1\nsecure=0\n\n',0,0,0),(192,'mainmenu','MONTMAYEUR Lisa','montmayeur-lisa','index.php?option=com_content&view=article&id=66','component',1,186,20,3,7,0,'0000-00-00 00:00:00',0,0,0,0,'show_noauth=\nshow_title=\nlink_titles=\nshow_intro=\nshow_section=\nlink_section=\nshow_category=\nlink_category=\nshow_author=\nshow_create_date=\nshow_modify_date=\nshow_item_navigation=\nshow_readmore=\nshow_vote=\nshow_icons=\nshow_pdf_icon=\nshow_print_icon=\nshow_email_icon=\nshow_hits=\nfeed_summary=\npage_title=\nshow_page_title=1\npageclass_sfx=\nmenu_image=-1\nsecure=0\n\n',0,0,0),(193,'mainmenu','PARIS Julien','paris-julien','index.php?option=com_content&view=article&id=1146','component',1,186,20,3,8,0,'0000-00-00 00:00:00',0,0,0,0,'show_noauth=\nshow_title=\nlink_titles=\nshow_intro=\nshow_section=\nlink_section=\nshow_category=\nlink_category=\nshow_author=\nshow_create_date=\nshow_modify_date=\nshow_item_navigation=\nshow_readmore=\nshow_vote=\nshow_icons=\nshow_pdf_icon=\nshow_print_icon=\nshow_email_icon=\nshow_hits=\nfeed_summary=\npage_title=\nshow_page_title=1\npageclass_sfx=\nmenu_image=-1\nsecure=0\n\n',0,0,0),(194,'mainmenu','SARMIS Dilek','sarmis-dilek','index.php?option=com_content&view=article&id=86','component',1,186,20,3,9,0,'0000-00-00 00:00:00',0,0,0,0,'show_noauth=\nshow_title=\nlink_titles=\nshow_intro=\nshow_section=\nlink_section=\nshow_category=\nlink_category=\nshow_author=\nshow_create_date=\nshow_modify_date=\nshow_item_navigation=\nshow_readmore=\nshow_vote=\nshow_icons=\nshow_pdf_icon=\nshow_print_icon=\nshow_email_icon=\nshow_hits=\nfeed_summary=\npage_title=\nshow_page_title=1\npageclass_sfx=\nmenu_image=-1\nsecure=0\n\n',0,0,0),(195,'mainmenu','ELIAS Nicolas','elias-nicolas','index.php?option=com_content&view=article&id=1120','component',1,186,20,3,3,0,'0000-00-00 00:00:00',0,0,0,0,'show_noauth=\nshow_title=\nlink_titles=\nshow_intro=\nshow_section=\nlink_section=\nshow_category=\nlink_category=\nshow_author=\nshow_create_date=\nshow_modify_date=\nshow_item_navigation=\nshow_readmore=\nshow_vote=\nshow_icons=\nshow_pdf_icon=\nshow_print_icon=\nshow_email_icon=\nshow_hits=\nfeed_summary=\npage_title=\nshow_page_title=1\npageclass_sfx=\nmenu_image=-1\nsecure=0\n\n',0,0,0),(197,'mainmenu','Cartes utiles','cartes-utiles','index.php?option=com_content&view=category&layout=blog&id=173','component',1,8,20,1,5,0,'0000-00-00 00:00:00',0,0,0,0,'show_description=0\nshow_description_image=0\nnum_leading_articles=1\nnum_intro_articles=4\nnum_columns=2\nnum_links=4\norderby_pri=\norderby_sec=\nmulti_column_order=0\nshow_pagination=2\nshow_pagination_results=1\nshow_feed_link=1\nshow_noauth=\nshow_title=\nlink_titles=\nshow_intro=\nshow_section=\nlink_section=\nshow_category=\nlink_category=\nshow_author=\nshow_create_date=\nshow_modify_date=\nshow_item_navigation=\nshow_readmore=\nshow_vote=\nshow_icons=\nshow_pdf_icon=\nshow_print_icon=\nshow_email_icon=\nshow_hits=\nfeed_summary=\npage_title=\nshow_page_title=1\npageclass_sfx=\nmenu_image=-1\nsecure=0\n\n',0,0,0);

--
-- Table structure for table `jos_menu_types`
--

CREATE TABLE `jos_menu_types` (
  `id` int(10) unsigned NOT NULL auto_increment,
  `menutype` varchar(75) NOT NULL default '',
  `title` varchar(255) NOT NULL default '',
  `description` varchar(255) NOT NULL default '',
  PRIMARY KEY  (`id`),
  UNIQUE KEY `menutype` (`menutype`)
) ENGINE=MyISAM AUTO_INCREMENT=4 DEFAULT CHARSET=utf8;

--
-- Dumping data for table `jos_menu_types`
--

INSERT INTO `jos_menu_types` VALUES (1,'mainmenu','Main Menu','The main menu for the site'),(2,'administration','Administration','Administration'),(3,'admin','Admin','Admin');

--
-- Table structure for table `jos_messages`
--

CREATE TABLE `jos_messages` (
  `message_id` int(10) unsigned NOT NULL auto_increment,
  `user_id_from` int(10) unsigned NOT NULL default '0',
  `user_id_to` int(10) unsigned NOT NULL default '0',
  `folder_id` int(10) unsigned NOT NULL default '0',
  `date_time` datetime NOT NULL default '0000-00-00 00:00:00',
  `state` int(11) NOT NULL default '0',
  `priority` int(1) unsigned NOT NULL default '0',
  `subject` text NOT NULL,
  `message` text NOT NULL,
  PRIMARY KEY  (`message_id`),
  KEY `useridto_state` (`user_id_to`,`state`)
) ENGINE=MyISAM AUTO_INCREMENT=3 DEFAULT CHARSET=utf8;

--
-- Dumping data for table `jos_messages`
--


--
-- Table structure for table `jos_messages_cfg`
--

CREATE TABLE `jos_messages_cfg` (
  `user_id` int(10) unsigned NOT NULL default '0',
  `cfg_name` varchar(100) NOT NULL default '',
  `cfg_value` varchar(255) NOT NULL default '',
  UNIQUE KEY `idx_user_var_name` (`user_id`,`cfg_name`)
) ENGINE=MyISAM DEFAULT CHARSET=utf8;

--
-- Dumping data for table `jos_messages_cfg`
--


--
-- Table structure for table `jos_migration_backlinks`
--

CREATE TABLE `jos_migration_backlinks` (
  `itemid` int(11) NOT NULL,
  `name` varchar(100) NOT NULL,
  `url` text NOT NULL,
  `sefurl` text NOT NULL,
  `newurl` text NOT NULL,
  PRIMARY KEY  (`itemid`)
) ENGINE=MyISAM DEFAULT CHARSET=utf8;

--
-- Dumping data for table `jos_migration_backlinks`
--


--
-- Table structure for table `jos_modules`
--

CREATE TABLE `jos_modules` (
  `id` int(11) NOT NULL auto_increment,
  `title` text NOT NULL,
  `content` text NOT NULL,
  `ordering` int(11) NOT NULL default '0',
  `position` varchar(50) default NULL,
  `checked_out` int(11) unsigned NOT NULL default '0',
  `checked_out_time` datetime NOT NULL default '0000-00-00 00:00:00',
  `published` tinyint(1) NOT NULL default '0',
  `module` varchar(50) default NULL,
  `numnews` int(11) NOT NULL default '0',
  `access` tinyint(3) unsigned NOT NULL default '0',
  `showtitle` tinyint(3) unsigned NOT NULL default '1',
  `params` text NOT NULL,
  `iscore` tinyint(4) NOT NULL default '0',
  `client_id` tinyint(4) NOT NULL default '0',
  `control` text NOT NULL,
  PRIMARY KEY  (`id`),
  KEY `published` (`published`,`access`),
  KEY `newsfeeds` (`module`,`published`)
) ENGINE=MyISAM AUTO_INCREMENT=87 DEFAULT CHARSET=utf8;

--
-- Dumping data for table `jos_modules`
--

INSERT INTO `jos_modules` VALUES (1,'Menu principal','',3,'left',0,'0000-00-00 00:00:00',0,'mod_mainmenu',0,0,1,'menutype=mainmenu\nmenu_style=list\nstartLevel=0\nendLevel=0\nshowAllChildren=0\nwindow_open=\nshow_whitespace=0\ncache=1\ntag_id=\nclass_sfx=\nmoduleclass_sfx=_menu\nmaxdepth=10\nmenu_images=0\nmenu_images_align=0\nmenu_images_link=0\nexpand_menu=0\nactivate_parent=0\nfull_active_id=0\nindent_image=0\nindent_image1=\nindent_image2=\nindent_image3=\nindent_image4=\nindent_image5=\nindent_image6=\nspacer=\nend_spacer=\n\n',1,0,''),(2,'Identification','',1,'login',0,'0000-00-00 00:00:00',1,'mod_login',0,0,1,'',1,1,''),(3,'Articles populaires','',3,'cpanel',0,'0000-00-00 00:00:00',1,'mod_popular',0,2,1,'',0,1,''),(4,'Articles les plus récents','',4,'cpanel',0,'0000-00-00 00:00:00',1,'mod_latest',0,2,1,'ordering=c_dsc\nuser_id=0\ncache=0\n\n',0,1,''),(5,'Statistiques','',5,'cpanel',0,'0000-00-00 00:00:00',1,'mod_stats',0,2,1,'',0,1,''),(6,'Messages non-lus','',1,'header',0,'0000-00-00 00:00:00',1,'mod_unread',0,2,1,'',1,1,''),(7,'Utilisateurs connectés','',2,'header',0,'0000-00-00 00:00:00',1,'mod_online',0,2,1,'',1,1,''),(8,'Barre d\'outils','',1,'toolbar',0,'0000-00-00 00:00:00',1,'mod_toolbar',0,2,1,'',1,1,''),(9,'Icônes des raccourcis','',1,'icon',0,'0000-00-00 00:00:00',1,'mod_quickicon',0,2,1,'',1,1,''),(10,'Utilisateurs enregistrés','',2,'cpanel',0,'0000-00-00 00:00:00',1,'mod_logged',0,2,1,'',0,1,''),(11,'Bas de page','',0,'footer',0,'0000-00-00 00:00:00',1,'mod_footer',0,0,1,'',1,1,''),(12,'Menu administrateur backend','',1,'menu',0,'0000-00-00 00:00:00',1,'mod_menu',0,2,1,'',0,1,''),(13,'Sous-menu administration backend','',1,'submenu',0,'0000-00-00 00:00:00',1,'mod_submenu',0,2,1,'',0,1,''),(14,'Statut des utilisateurs connectés','',1,'status',0,'0000-00-00 00:00:00',1,'mod_status',0,2,1,'',0,1,''),(15,'Titre','',1,'title',0,'0000-00-00 00:00:00',1,'mod_title',0,2,1,'',0,1,''),(35,'Recherche','',2,'top',0,'0000-00-00 00:00:00',1,'mod_search',0,0,1,'moduleclass_sfx=\nwidth=20\ntext=\nbutton=\nbutton_pos=right\nimagebutton=\nbutton_text=\nset_itemid=\ncache=1\ncache_time=900\n\n',0,0,''),(34,'banner accueil','',0,'showcase',0,'0000-00-00 00:00:00',1,'mod_flashmod',0,0,0,'moduleclass_sfx=\nfm_path=images/stories/flash/banners/\nfm_source=accueil.swf\nfm_width=930\nfm_height=130\nfm_name=\nfm_version=8.0.22.0\nfm_quality=high\nfm_loop=yes\nfm_wmode=window\nfm_usejs=yes\nfm_noscript=flashmovie\nfm_noflash=\n\n',0,0,''),(26,'Language Selection','',1,'top',0,'0000-00-00 00:00:00',1,'mod_jflanguageselection',0,0,0,'type=rawimages\nshow_active=1\ninc_jf_css=1\nmoduleclass_sfx=\ncache_href=1\n\n',0,0,''),(27,'Direct Translation','',0,'status',0,'0000-00-00 00:00:00',1,'mod_translate',0,2,0,'',0,1,''),(59,'Publications','',0,'left',0,'0000-00-00 00:00:00',1,'mod_newsflash',0,0,1,'catid=60\nlayout=vert\nimage=1\nlink_titles=\nshowLastSeparator=1\nreadmore=1\nitem_title=0\nitems=3\nmoduleclass_sfx=\ncache=0\ncache_time=900\n\n',0,0,''),(57,'Stats','',2,'left',0,'0000-00-00 00:00:00',1,'mod_ganalytics_stats',0,0,1,'accountids=1\ntype=visitsbytraffic\ndaterange=month\nmax=10\ntitleFormat=<p>{startdate} {dateseparator} {endate} <br/> Dimension: {dimension} <br/> Metric: {metric}</p>\ndateFormat=%d.%m.%Y\npagination=yes\nwidth=120px\nheight=200px\nmode=list\nmoduleclass_sfx=\nstartdate=\nenddate=\nga_cache=2\nga_cache_time=3600\n\n',0,0,''),(58,'COUNT STATS','',7,'left',0,'0000-00-00 00:00:00',1,'mod_ganalytics_stats_count',0,0,1,'accountids=1\nselectTotalVisitors=yes\nselectVisitorsDay=yes\nmoduleclass_sfx=\nga_cache=2\nga_cache_time=3600\n\n',0,0,''),(54,'Calendrier Evénements','',0,'left',0,'0000-00-00 00:00:00',0,'mod_gcalendar',0,0,0,'calendarids=1\nweekstart=2\nmoduleclass_sfx=\ngccache=1\ngccache_time=900\n\n',0,0,''),(31,'AllVideos Reloaded','',4,'left',0,'0000-00-00 00:00:00',0,'mod_avreloaded',0,0,1,'pwidth=320\npheight=180\n',0,0,''),(32,'The Flash Module','',5,'left',0,'0000-00-00 00:00:00',0,'mod_flashmod',0,0,1,'moduleclass_sfx=\nfm_path=images/flash/\nfm_source=\nfm_width=\nfm_height=\nfm_name=\nfm_version=8.0.22.0\nfm_quality=high\nfm_loop=yes\nfm_wmode=window\nfm_usejs=yes\nfm_noscript=flashmovie\nfm_noflash=\n\n',0,0,''),(33,'RokNewsRotator News','',6,'left',0,'0000-00-00 00:00:00',0,'mod_roknewsrotator',0,0,1,'linktitle=1\nlinkimage=1\nshow_front=1\ncount=5\njslib=true\nreadmore=Read More\nduration=800\ndelay=7000\nautoplay=1\npreview_count=300\ncontrols=1\nautohide=1\nshownopacity=0.7\n',0,0,''),(36,'Administration','',2,'bottom',0,'0000-00-00 00:00:00',0,'mod_mainmenu',0,0,0,'menutype=administration\nmenu_style=horiz_flat\nstartLevel=0\nendLevel=0\nshowAllChildren=0\nwindow_open=\nshow_whitespace=0\ncache=1\ntag_id=\nclass_sfx=\nmoduleclass_sfx=\nmaxdepth=10\nmenu_images=0\nmenu_images_align=0\nmenu_images_link=0\nexpand_menu=0\nactivate_parent=0\nfull_active_id=0\nindent_image=0\nindent_image1=\nindent_image2=\nindent_image3=\nindent_image4=\nindent_image5=\nindent_image6=\nspacer=\nend_spacer=\n\n',0,0,''),(37,'Livre de la semaine','',1,'right',0,'0000-00-00 00:00:00',1,'mod_random_image',0,0,1,'type=jpg\nfolder=images\\stories\\bibliotheque\\livredelasemaine\\\nlink=\nwidth=130\nheight=200\nmoduleclass_sfx=\ncache=0\ncache_time=900\n\n',0,0,''),(38,'Connexion en ligne','',8,'right',0,'0000-00-00 00:00:00',1,'mod_login',0,0,1,'cache=0\nmoduleclass_sfx=\npretext=\nposttext=\nlogin=\nlogout=\ngreeting=1\nname=0\nusesecure=0\n\n',0,0,''),(39,'Carte de la semaine','',0,'right',0,'0000-00-00 00:00:00',1,'mod_random_image',0,0,1,'type=jpg\nfolder=images/stories/carto/cartesemaine/\nlink=\nwidth=200\nheight=185\nmoduleclass_sfx=\ncache=0\ncache_time=900\n\n',0,0,''),(40,'Programmation','',0,'user1',0,'0000-00-00 00:00:00',1,'mod_newsflash',0,0,1,'catid=24\nlayout=vert\nimage=1\nlink_titles=\nshowLastSeparator=1\nreadmore=1\nitem_title=0\nitems=30\nmoduleclass_sfx=\ncache=0\ncache_time=900\n\n',0,0,''),(41,' A la une de l\'IFEA','',0,'user2',0,'0000-00-00 00:00:00',1,'mod_newsflash',0,0,1,'catid=25\nlayout=vert\nimage=1\nlink_titles=\nshowLastSeparator=1\nreadmore=1\nitem_title=0\nitems=32\nmoduleclass_sfx=\ncache=0\ncache_time=900\n\n',0,0,''),(45,'HISTOIRE - Actualités','',1,'user13',0,'0000-00-00 00:00:00',0,'mod_latestnews',0,0,0,'count=5\nordering=c_dsc\nuser_id=0\nshow_front=0\nsecid=\ncatid=54\nmoduleclass_sfx=\ncache=1\ncache_time=900\n\n',0,0,''),(44,'OVIPOT - Actualités','',1,'user12',0,'0000-00-00 00:00:00',0,'mod_latestnews',0,0,0,'count=5\nordering=c_dsc\nuser_id=0\nshow_front=0\nsecid=\ncatid=52\nmoduleclass_sfx=\ncache=1\ncache_time=900\n\n',0,0,''),(43,'OUI - Actualités','',1,'user11',0,'0000-00-00 00:00:00',0,'mod_latestnews',0,0,0,'count=5\nordering=c_dsc\nuser_id=0\nshow_front=0\nsecid=\ncatid=51\nmoduleclass_sfx=\ncache=1\ncache_time=900\n\n',0,0,''),(47,'Banner archéologie','',0,'showcase',0,'0000-00-00 00:00:00',1,'mod_random_image',0,0,0,'type=jpg\nfolder=images/stories/banniere/banniere-archeologie\nlink=\nwidth=958\nheight=130\nmoduleclass_sfx=\ncache=0\ncache_time=900\n\n',0,0,''),(48,'Banner cartographie','',3,'showcase',0,'0000-00-00 00:00:00',1,'mod_random_image',0,0,0,'type=jpg\nfolder=images/stories/banniere/banniere-cartographie\nlink=\nwidth=958\nheight=130\nmoduleclass_sfx=\ncache=0\ncache_time=900\n\n',0,0,''),(49,'Banner oui','',6,'showcase',0,'0000-00-00 00:00:00',1,'mod_random_image',0,0,0,'type=jpg\nfolder=images/stories/banniere/banniere-oui\nlink=\nwidth=958\nheight=130\nmoduleclass_sfx=\ncache=0\ncache_time=900\n\n',0,0,''),(50,'Banner histoire','',0,'showcase',0,'0000-00-00 00:00:00',1,'mod_random_image',0,0,0,'type=jpg\nfolder=images/stories/banniere/banniere-histoire\nlink=\nwidth=958\nheight=130\nmoduleclass_sfx=\ncache=0\ncache_time=900\n\n',0,0,''),(51,'Banner Ovipot','',4,'showcase',0,'0000-00-00 00:00:00',1,'mod_random_image',0,0,0,'type=jpg\nfolder=images/stories/banniere/banniere-ovipot\nlink=\nwidth=958\nheight=130\nmoduleclass_sfx=\ncache=0\ncache_time=900\n\n',0,0,''),(60,'Conférences en ligne','',9,'right',0,'0000-00-00 00:00:00',0,'mod_latestnews',0,0,1,'count=25\nordering=c_dsc\nuser_id=0\nshow_front=1\nsecid=20\ncatid=\nmoduleclass_sfx=\ncache=1\ncache_time=900\n\n',0,0,''),(61,'Conférences en ligne','',7,'right',0,'0000-00-00 00:00:00',1,'mod_newsflash',0,0,1,'catid=167\nlayout=vert\nimage=1\nlink_titles=1\nshowLastSeparator=1\nreadmore=1\nitem_title=0\nitems=12\nmoduleclass_sfx=\ncache=0\ncache_time=900\n\n',0,0,''),(63,'Séminaires','',2,'user1',0,'0000-00-00 00:00:00',0,'mod_newsflash',0,0,1,'catid=142\nlayout=vert\nimage=1\nlink_titles=\nshowLastSeparator=1\nreadmore=1\nitem_title=0\nitems=10\nmoduleclass_sfx=\ncache=0\ncache_time=900\n\n',0,0,''),(64,'Prehistoire - droite','',3,'right',0,'0000-00-00 00:00:00',1,'mod_latestnews',0,0,0,'count=5\nordering=c_dsc\nuser_id=0\nshow_front=1\nsecid=\ncatid=136\nmoduleclass_sfx=\ncache=1\ncache_time=900\n\n',0,0,''),(65,'Admin','',0,'bottom',0,'0000-00-00 00:00:00',1,'mod_mainmenu',0,0,0,'menutype=admin\nmenu_style=horiz_flat\nstartLevel=0\nendLevel=0\nshowAllChildren=0\nwindow_open=\nshow_whitespace=0\ncache=1\ntag_id=\nclass_sfx=\nmoduleclass_sfx=\nmaxdepth=10\nmenu_images=0\nmenu_images_align=0\nmenu_images_link=0\nexpand_menu=0\nactivate_parent=0\nfull_active_id=0\nindent_image=0\nindent_image1=\nindent_image2=\nindent_image3=\nindent_image4=\nindent_image5=\nindent_image6=\nspacer=\nend_spacer=\n\n',0,0,''),(66,'PREHISTOIRE - Colonne de droite','',4,'right',0,'0000-00-00 00:00:00',1,'mod_newsflash',0,0,1,'catid=162\nlayout=horiz\nimage=1\nlink_titles=0\nshowLastSeparator=1\nreadmore=1\nitem_title=0\nitems=15\nmoduleclass_sfx=\ncache=0\ncache_time=900\n\n',0,0,''),(67,'Facebook Like Button','',5,'right',0,'0000-00-00 00:00:00',0,'mod_facebook_like_box',0,0,1,'pageID=123961057630124\nwidth=292\nheight=255\nconnection=10\nstreams=yes\nheader=yes\nmoduleBy=yes\n\n',0,0,''),(68,'Facebook FanBox','',8,'left',0,'0000-00-00 00:00:00',0,'mod_fbfanbox',0,0,1,'script_call=1\ninclude_stream=1\nnumber_of_fans=10\nboxwidth=300\nboxheight=550\n',0,0,''),(70,'Bourses/Fellowships','',6,'right',0,'0000-00-00 00:00:00',1,'mod_newsflash',0,0,1,'catid=174\nlayout=vert\nimage=1\nlink_titles=1\nshowLastSeparator=1\nreadmore=1\nitem_title=0\nitems=2\nmoduleclass_sfx=\ncache=1\ncache_time=900\n\n',0,0,''),(74,'Ninja Ajax Banner','',9,'left',0,'0000-00-00 00:00:00',0,'mod_ninja_ajax_banner',0,0,1,'inc_mootools=2\nforceValid=1\nincCSS=1\nincJS=1\nfull_width=785\nfull_height=200\nbackground_color=#ffffff\nfull_width_over=500\nsmall_width=142\nnormal_width=260\nduration=500\nopacity=0.25\npic1_enabled=1\npic1=/modules/mod_ninja_ajax_banner/mod_ninja_ajax_banner/banners/banner1.jpg\npica1=left\nlink1=http://ninjoomla.com\npic2_enabled=1\npic2=/modules/mod_ninja_ajax_banner/mod_ninja_ajax_banner/banners/banner2.jpg\npica2=left\nlink2=http://ninjoomla.com\npic3=/modules/mod_ninja_ajax_banner/mod_ninja_ajax_banner/banners/banner3.jpg\npica3=left\nlink3=http://ninjoomla.com\npic4=/modules/mod_ninja_ajax_banner/mod_ninja_ajax_banner/banners/banner4.jpg\npica4=left\nlink4=http://ninjoomla.com\npic5_enabled=1\npic5=/modules/mod_ninja_ajax_banner/mod_ninja_ajax_banner/banners/banner5.jpg\npica5=right\nlink5=http://ninjoomla.com\n',0,0,''),(78,' Renat running text','',0,'showcase',0,'0000-00-00 00:00:00',0,'mod_running_text',0,0,0,'cache=0\nmoduleclass_sfx=\nshowtext=Notre institut et sa bibliothèque seront fermés du 15 août au 5 septembre / Enstitümüz ve kütüphanemiz 15 Ağustos - 5 Eylül tarihleri arasında kapalı olacaktır.\nbgcolor=\nwidth=1000px\nheight=18px\nspeed=2\npause=1\nfontsize=13px\ncreatedby=1\n\n',0,0,''),(85,'googleMaps','',16,'left',0,'0000-00-00 00:00:00',0,'mod_googleMaps',0,0,0,'moduleclass_sfx=\ncontent=\n\n',0,0,''),(86,'Akeeba Backup Notification Module','',97,'icon',0,'0000-00-00 00:00:00',1,'mod_akadmin',0,2,1,'',0,1,'');

--
-- Table structure for table `jos_modules_menu`
--

CREATE TABLE `jos_modules_menu` (
  `moduleid` int(11) NOT NULL default '0',
  `menuid` int(11) NOT NULL default '0',
  PRIMARY KEY  (`moduleid`,`menuid`)
) ENGINE=MyISAM DEFAULT CHARSET=utf8;

--
-- Dumping data for table `jos_modules_menu`
--

INSERT INTO `jos_modules_menu` VALUES (1,0),(26,0),(31,0),(32,0),(33,0),(34,1),(35,0),(36,0),(37,9),(38,1),(38,14),(38,22),(39,8),(40,1),(41,1),(43,1),(44,1),(45,1),(47,6),(48,8),(49,7),(49,90),(49,91),(49,93),(49,94),(49,95),(49,96),(49,97),(50,10),(50,85),(50,86),(50,87),(50,88),(50,89),(51,12),(54,1),(57,38),(58,38),(59,1),(60,1),(61,1),(63,1),(64,127),(65,0),(66,127),(67,0),(68,0),(70,1),(70,177),(74,0),(78,0),(85,1),(86,0);

--
-- Table structure for table `jos_myapi_users`
--

CREATE TABLE `jos_myapi_users` (
  `userId` int(255) NOT NULL auto_increment,
  `uid` int(255) NOT NULL,
  `update_status` int(1) NOT NULL,
  `status_text` text NOT NULL,
  PRIMARY KEY  (`userId`)
) ENGINE=MyISAM DEFAULT CHARSET=latin1;

--
-- Dumping data for table `jos_myapi_users`
--


--
-- Table structure for table `jos_newsfeeds`
--

CREATE TABLE `jos_newsfeeds` (
  `catid` int(11) NOT NULL default '0',
  `id` int(11) NOT NULL auto_increment,
  `name` text NOT NULL,
  `alias` varchar(255) NOT NULL default '',
  `link` text NOT NULL,
  `filename` varchar(200) default NULL,
  `published` tinyint(1) NOT NULL default '0',
  `numarticles` int(11) unsigned NOT NULL default '1',
  `cache_time` int(11) unsigned NOT NULL default '3600',
  `checked_out` tinyint(3) unsigned NOT NULL default '0',
  `checked_out_time` datetime NOT NULL default '0000-00-00 00:00:00',
  `ordering` int(11) NOT NULL default '0',
  `rtl` tinyint(4) NOT NULL default '0',
  PRIMARY KEY  (`id`),
  KEY `published` (`published`),
  KEY `catid` (`catid`)
) ENGINE=MyISAM DEFAULT CHARSET=utf8;

--
-- Dumping data for table `jos_newsfeeds`
--


--
-- Table structure for table `jos_ninjarsssyndicator`
--

CREATE TABLE `jos_ninjarsssyndicator` (
  `id` tinyint(4) NOT NULL auto_increment,
  `msg` varchar(100) default NULL,
  `defaultType` varchar(4) default NULL,
  `count` varchar(4) default NULL,
  `orderby` varchar(10) default NULL,
  `numWords` tinyint(4) unsigned default NULL,
  `cache` smallint(9) default NULL,
  `imgUrl` varchar(100) default NULL,
  `renderAuthorFormat` varchar(10) default 'NAME',
  `renderHTML` tinyint(1) default '1',
  `FPItemsOnly` tinyint(1) default '0',
  `description` text,
  PRIMARY KEY  (`id`)
) ENGINE=MyISAM AUTO_INCREMENT=2 DEFAULT CHARSET=latin1;

--
-- Dumping data for table `jos_ninjarsssyndicator`
--

INSERT INTO `jos_ninjarsssyndicator` VALUES (1,'','1.0','20','rdate',0,3600,'','0',1,0,'');

--
-- Table structure for table `jos_ninjarsssyndicator_feeds`
--

CREATE TABLE `jos_ninjarsssyndicator_feeds` (
  `id` tinyint(4) NOT NULL auto_increment,
  `feed_name` varchar(150) default NULL,
  `feed_description` text,
  `feed_type` varchar(10) default NULL,
  `feed_cache` smallint(9) default NULL,
  `feed_imgUrl` varchar(100) default NULL,
  `feed_button` varchar(100) default NULL,
  `feed_renderAuthorFormat` varchar(10) default '0',
  `feed_renderHTML` tinyint(1) default '0',
  `feed_renderImages` int(1) NOT NULL,
  `msg_count` varchar(4) default NULL,
  `msg_orderby` varchar(10) default NULL,
  `msg_numWords` tinyint(4) unsigned default NULL,
  `msg_FPItemsOnly` tinyint(1) default '1',
  `msg_sectlist` varchar(50) default NULL,
  `msg_excatlist` varchar(100) default NULL,
  `msg_includeCats` tinyint(1) default NULL,
  `msg_fulltext` tinyint(1) default NULL,
  `msg_exitems` varchar(250) default NULL,
  `msg_includetags` varchar(250) default NULL,
  `msg_contentPlugins` tinyint(1) default NULL,
  `published` tinyint(1) default NULL,
  PRIMARY KEY  (`id`)
) ENGINE=MyISAM AUTO_INCREMENT=6 DEFAULT CHARSET=latin1;

--
-- Dumping data for table `jos_ninjarsssyndicator_feeds`
--


--
-- Table structure for table `jos_plugins`
--

CREATE TABLE `jos_plugins` (
  `id` int(11) NOT NULL auto_increment,
  `name` varchar(100) NOT NULL default '',
  `element` varchar(100) NOT NULL default '',
  `folder` varchar(100) NOT NULL default '',
  `access` tinyint(3) unsigned NOT NULL default '0',
  `ordering` int(11) NOT NULL default '0',
  `published` tinyint(3) NOT NULL default '0',
  `iscore` tinyint(3) NOT NULL default '0',
  `client_id` tinyint(3) NOT NULL default '0',
  `checked_out` int(11) unsigned NOT NULL default '0',
  `checked_out_time` datetime NOT NULL default '0000-00-00 00:00:00',
  `params` text NOT NULL,
  PRIMARY KEY  (`id`),
  KEY `idx_folder` (`published`,`client_id`,`access`,`folder`)
) ENGINE=MyISAM AUTO_INCREMENT=76 DEFAULT CHARSET=utf8;

--
-- Dumping data for table `jos_plugins`
--

INSERT INTO `jos_plugins` VALUES (1,'Authentication - Joomla','joomla','authentication',0,1,1,1,0,0,'0000-00-00 00:00:00',''),(2,'Authentication - LDAP','ldap','authentication',0,2,0,1,0,0,'0000-00-00 00:00:00','host=\nport=389\nuse_ldapV3=0\nnegotiate_tls=0\nno_referrals=0\nauth_method=bind\nbase_dn=\nsearch_string=\nusers_dn=\nusername=\npassword=\nldap_fullname=fullName\nldap_email=mail\nldap_uid=uid\n\n'),(3,'Authentication - GMail','gmail','authentication',0,4,0,0,0,0,'0000-00-00 00:00:00',''),(4,'Authentication - OpenID','openid','authentication',0,3,0,0,0,0,'0000-00-00 00:00:00',''),(5,'User - Joomla!','joomla','user',0,0,1,0,0,0,'0000-00-00 00:00:00','autoregister=1\n\n'),(6,'Search - Content','content','search',0,1,1,1,0,0,'0000-00-00 00:00:00','search_limit=50\nsearch_content=1\nsearch_uncategorised=1\nsearch_archived=1\n\n'),(7,'Search - Contacts','contacts','search',0,3,1,1,0,0,'0000-00-00 00:00:00','search_limit=50\n\n'),(8,'Search - Categories','categories','search',0,4,1,0,0,0,'0000-00-00 00:00:00','search_limit=50\n\n'),(9,'Search - Sections','sections','search',0,5,1,0,0,0,'0000-00-00 00:00:00','search_limit=50\n\n'),(10,'Search - Newsfeeds','newsfeeds','search',0,6,1,0,0,0,'0000-00-00 00:00:00','search_limit=50\n\n'),(11,'Search - Weblinks','weblinks','search',0,2,1,1,0,0,'0000-00-00 00:00:00','search_limit=50\n\n'),(12,'Content - Pagebreak','pagebreak','content',0,10000,1,1,0,0,'0000-00-00 00:00:00','enabled=1\ntitle=1\nmultipage_toc=1\nshowall=1\n\n'),(13,'Content - Rating','vote','content',0,4,1,1,0,0,'0000-00-00 00:00:00',''),(14,'Content - Email Cloaking','emailcloak','content',0,5,1,0,0,0,'0000-00-00 00:00:00','mode=1\n\n'),(15,'Content - Code Hightlighter (GeSHi)','geshi','content',0,5,0,0,0,0,'0000-00-00 00:00:00',''),(16,'Content - Load Module','loadmodule','content',0,6,1,0,0,0,'0000-00-00 00:00:00','enabled=1\nstyle=0\n\n'),(17,'Content - Page Navigation','pagenavigation','content',0,2,1,1,0,0,'0000-00-00 00:00:00','position=1\n\n'),(18,'Editor - No Editor','none','editors',0,0,1,1,0,0,'0000-00-00 00:00:00',''),(19,'Editor - TinyMCE','tinymce','editors',0,0,1,1,0,0,'0000-00-00 00:00:00','mode=extended\nskin=0\ncompressed=0\ncleanup_startup=0\ncleanup_save=2\nentity_encoding=raw\nlang_mode=0\nlang_code=fr\ntext_direction=ltr\ncontent_css=1\ncontent_css_custom=\nrelative_urls=1\nnewlines=1\ninvalid_elements=applet\nextended_elements=\ntoolbar=top\ntoolbar_align=left\nhtml_height=550\nhtml_width=750\nelement_path=1\nfonts=1\npaste=1\nsearchreplace=1\ninsertdate=1\nformat_date=%Y-%m-%d\ninserttime=1\nformat_time=%H:%M:%S\ncolors=1\ntable=1\nsmilies=1\nmedia=1\nhr=1\ndirectionality=1\nfullscreen=1\nstyle=1\nlayer=1\nxhtmlxtras=0\nvisualchars=1\nnonbreaking=1\nblockquote=1\ntemplate=0\nadvimage=1\nadvlink=1\nautosave=0\ncontextmenu=1\ninlinepopups=1\nsafari=0\ncustom_plugin=\ncustom_button=\n\n'),(20,'Editor - XStandard Lite 2.0','xstandard','editors',0,0,0,1,0,0,'0000-00-00 00:00:00',''),(21,'Editor Button - Image','image','editors-xtd',0,0,1,0,0,0,'0000-00-00 00:00:00',''),(22,'Editor Button - Pagebreak','pagebreak','editors-xtd',0,0,1,0,0,0,'0000-00-00 00:00:00',''),(23,'Editor Button - Readmore','readmore','editors-xtd',0,0,1,0,0,0,'0000-00-00 00:00:00',''),(24,'XML-RPC - Joomla','joomla','xmlrpc',0,7,0,1,0,0,'0000-00-00 00:00:00',''),(25,'XML-RPC - Blogger API','blogger','xmlrpc',0,7,0,1,0,0,'0000-00-00 00:00:00','catid=1\nsectionid=0\n\n'),(27,'System - SEF','sef','system',0,1,1,0,0,0,'0000-00-00 00:00:00',''),(28,'System - Debug','debug','system',0,2,1,0,0,0,'0000-00-00 00:00:00','queries=1\nmemory=1\nlangauge=1\n\n'),(29,'System - Legacy','legacy','system',0,3,1,1,0,0,'0000-00-00 00:00:00','route=0\n\n'),(30,'System - Cache','cache','system',0,4,0,1,0,0,'0000-00-00 00:00:00','browsercache=0\ncachetime=15\n\n'),(31,'System - Log','log','system',0,5,0,1,0,0,'0000-00-00 00:00:00',''),(32,'System - Remember Me','remember','system',0,6,1,1,0,0,'0000-00-00 00:00:00',''),(33,'System - Backlink','backlink','system',0,7,0,1,0,0,'0000-00-00 00:00:00',''),(34,'Plugin - GMAccess','plugmaccess','system',0,0,1,1,0,0,'0000-00-00 00:00:00',''),(74,'System - One Click Action','oneclickaction','system',0,-31000,0,0,0,0,'0000-00-00 00:00:00',''),(73,'System - System Restore Points','srp','system',0,0,1,0,0,0,'0000-00-00 00:00:00',''),(71,'googleMaps','googleMaps','content',0,0,1,0,0,0,'0000-00-00 00:00:00','api_key=ABQIAAAA7QdO3_Al1-4vB7V2YlHPlxQew-55l2ZiHlxKD427WCF1ieDZKhQ0qS2Lm1L50Lq5gSebTJnMbCY7QA\nwidth=640\nheight=480\nzoom=15\n\n'),(72,'Akeeba Backup Lazy Scheduling','aklazy','system',0,0,0,0,0,0,'0000-00-00 00:00:00','daysfreq=1\nbackuptime=00:00\nprofile=1\n'),(65,'','jce','editors',0,0,1,0,0,0,'0000-00-00 00:00:00',''),(40,'Community builder integration for tracks plugin','cb','tracks',0,0,0,0,0,0,'0000-00-00 00:00:00',''),(41,'System - Jfdatabase','jfdatabase','system',0,-100,1,0,0,0,'0000-00-00 00:00:00',''),(42,'System - Jfrouter','jfrouter','system',0,-101,1,0,0,0,'0000-00-00 00:00:00',''),(43,'Contenu - Jfalternative','jfalternative','content',0,0,1,0,0,0,'0000-00-00 00:00:00',''),(44,'Recherche - Jfcategories','jfcategories','search',0,0,1,0,0,0,'0000-00-00 00:00:00',''),(45,'Recherche - Jfcontacts','jfcontacts','search',0,0,1,0,0,0,'0000-00-00 00:00:00',''),(46,'Recherche - Jfcontent','jfcontent','search',0,0,1,0,0,0,'0000-00-00 00:00:00',''),(47,'Recherche - Jfnewsfeeds','jfnewsfeeds','search',0,0,1,0,0,0,'0000-00-00 00:00:00',''),(48,'Recherche - Jfsections','jfsections','search',0,0,1,0,0,0,'0000-00-00 00:00:00',''),(49,'Recherche - Jfweblinks','jfweblinks','search',0,0,1,0,0,0,'0000-00-00 00:00:00',''),(50,'Joomfish - Missing_translation','missing_translation','joomfish',0,0,1,0,0,0,'0000-00-00 00:00:00',''),(60,'System - GAnalytics Tracking','ganalyticstrcode','system',0,0,1,0,0,0,'0000-00-00 00:00:00',''),(52,'Content - AllVideos Reloaded','avreloaded','content',0,0,1,0,0,0,'0000-00-00 00:00:00','avcss=allvideos\nwidth=400\nheight=320\nvdir=videos\nwmode=window\nbgcolor=#FFFFFF\nadir=audio\nawidth=300\naheight=20\nripcache=1\ncache_time=3600\n'),(53,'Button - AllVideos Reloaded','avreloaded','editors-xtd',0,0,1,0,0,0,'0000-00-00 00:00:00',''),(54,'System - AllVideos Reloaded','avreloaded','system',0,0,1,0,0,0,'0000-00-00 00:00:00',''),(67,'System - Mootools Upgrade','mtupgrade','system',0,0,0,0,0,0,'0000-00-00 00:00:00',''),(75,'System - Akeeba Backup Update Check','akeebaupdatecheck','system',0,0,0,0,0,0,'0000-00-00 00:00:00',''),(59,'Search - GCalendar','gcalendar','search',0,0,0,0,0,0,'0000-00-00 00:00:00','search_limit=50\n');

--
-- Table structure for table `jos_poll_data`
--

CREATE TABLE `jos_poll_data` (
  `id` int(11) NOT NULL auto_increment,
  `pollid` int(11) NOT NULL default '0',
  `text` text NOT NULL,
  `hits` int(11) NOT NULL default '0',
  PRIMARY KEY  (`id`),
  KEY `pollid` (`pollid`,`text`(1))
) ENGINE=MyISAM DEFAULT CHARSET=utf8;

--
-- Dumping data for table `jos_poll_data`
--


--
-- Table structure for table `jos_poll_date`
--

CREATE TABLE `jos_poll_date` (
  `id` bigint(20) NOT NULL auto_increment,
  `date` datetime NOT NULL default '0000-00-00 00:00:00',
  `vote_id` int(11) NOT NULL default '0',
  `poll_id` int(11) NOT NULL default '0',
  PRIMARY KEY  (`id`),
  KEY `poll_id` (`poll_id`)
) ENGINE=MyISAM DEFAULT CHARSET=utf8;

--
-- Dumping data for table `jos_poll_date`
--


--
-- Table structure for table `jos_poll_menu`
--

CREATE TABLE `jos_poll_menu` (
  `pollid` int(11) NOT NULL default '0',
  `menuid` int(11) NOT NULL default '0',
  PRIMARY KEY  (`pollid`,`menuid`)
) ENGINE=MyISAM DEFAULT CHARSET=utf8;

--
-- Dumping data for table `jos_poll_menu`
--


--
-- Table structure for table `jos_polls`
--

CREATE TABLE `jos_polls` (
  `id` int(11) unsigned NOT NULL auto_increment,
  `title` varchar(255) NOT NULL default '',
  `alias` varchar(255) NOT NULL default '',
  `voters` int(9) NOT NULL default '0',
  `checked_out` int(11) NOT NULL default '0',
  `checked_out_time` datetime NOT NULL default '0000-00-00 00:00:00',
  `published` tinyint(1) NOT NULL default '0',
  `access` int(11) NOT NULL default '0',
  `lag` int(11) NOT NULL default '0',
  PRIMARY KEY  (`id`)
) ENGINE=MyISAM DEFAULT CHARSET=utf8;

--
-- Dumping data for table `jos_polls`
--


--
-- Table structure for table `jos_rd_rss`
--

CREATE TABLE `jos_rd_rss` (
  `id` int(11) unsigned NOT NULL auto_increment,
  `catids` text NOT NULL,
  `name` varchar(255) NOT NULL default '',
  `published` tinyint(1) NOT NULL default '0',
  `created` datetime NOT NULL default '0000-00-00 00:00:00',
  `created_by` int(11) unsigned NOT NULL default '0',
  `modified` datetime NOT NULL default '0000-00-00 00:00:00',
  `modified_by` int(11) unsigned NOT NULL default '0',
  `checked_out_time` datetime NOT NULL default '0000-00-00 00:00:00',
  `checked_out` int(11) unsigned NOT NULL default '0',
  `state` tinyint(3) NOT NULL default '0',
  `params` text NOT NULL,
  PRIMARY KEY  (`id`)
) ENGINE=MyISAM AUTO_INCREMENT=2 DEFAULT CHARSET=latin1;

--
-- Dumping data for table `jos_rd_rss`
--

INSERT INTO `jos_rd_rss` VALUES (1,'58','Actus',0,'0000-00-00 00:00:00',0,'2011-03-15 16:51:51',62,'0000-00-00 00:00:00',0,0,'cache=1\ncache_time=3600\ncount=10\ntitle=Powered by Joomla! 1.0\ndescription=Joomla! site syndication\nimage_file=\nimage_alt=Powered by Joomla! 1.0\nlimit_text=1\ntext_length=20\norderby=front');

--
-- Table structure for table `jos_sections`
--

CREATE TABLE `jos_sections` (
  `id` int(11) NOT NULL auto_increment,
  `title` varchar(255) NOT NULL default '',
  `name` varchar(255) NOT NULL default '',
  `alias` varchar(255) NOT NULL default '',
  `image` text NOT NULL,
  `scope` varchar(50) NOT NULL default '',
  `image_position` varchar(30) NOT NULL default '',
  `description` text NOT NULL,
  `published` tinyint(1) NOT NULL default '0',
  `checked_out` int(11) unsigned NOT NULL default '0',
  `checked_out_time` datetime NOT NULL default '0000-00-00 00:00:00',
  `ordering` int(11) NOT NULL default '0',
  `access` tinyint(3) unsigned NOT NULL default '0',
  `count` int(11) NOT NULL default '0',
  `params` text NOT NULL,
  PRIMARY KEY  (`id`),
  KEY `idx_scope` (`scope`)
) ENGINE=MyISAM AUTO_INCREMENT=39 DEFAULT CHARSET=utf8;

--
-- Dumping data for table `jos_sections`
--

INSERT INTO `jos_sections` VALUES (6,'IFEA - Colloques','','ifea-colloques','','content','left','',1,0,'0000-00-00 00:00:00',16,0,4,''),(5,'IFEA - Général','','ifea-general','','content','left','',1,0,'0000-00-00 00:00:00',13,0,5,''),(4,'ARCHEOLOGIE','','archeologie','','content','left','',1,0,'0000-00-00 00:00:00',1,0,22,''),(7,'IFEA - Programmation','','ifea-evements-a-venir','','content','left','',1,0,'0000-00-00 00:00:00',15,0,7,''),(8,'ARCHIVES ACTUALITES - 2010','','archives-actualites-2010','','content','left','',1,0,'0000-00-00 00:00:00',5,0,8,''),(9,'ARCHIVES ACTUALITES - 2011','','archives-actualites-2011','','content','left','',1,0,'0000-00-00 00:00:00',6,0,7,''),(10,'BIBLIOTHEQUE - Général','','bibliotheque','','content','left','',1,0,'0000-00-00 00:00:00',8,0,1,''),(11,'CARTOGRAPHIE','','cartographie','','content','left','',1,0,'0000-00-00 00:00:00',9,0,6,''),(12,'HISTOIRE','','histoire','','content','left','',1,0,'0000-00-00 00:00:00',11,0,14,''),(13,'OBSERVATOIRE DU CAUCASE','','observatoire-du-caucase','','content','left','',1,0,'0000-00-00 00:00:00',18,0,5,''),(14,'OUI','','oui','','content','left','',1,0,'0000-00-00 00:00:00',20,0,8,''),(15,'OVIPOT','','ovipot','','content','left','',1,0,'0000-00-00 00:00:00',23,0,6,''),(16,'CULTURE','','culture','','content','left','',1,0,'0000-00-00 00:00:00',10,0,7,''),(27,'OVIPOT - Actualité de la vie politique turque','','ovipot-actualite-de-la-vie-politique-turque','','content','left','',1,0,'0000-00-00 00:00:00',25,0,3,''),(18,'IFEA - Personnels','','ifea-personnels','','content','left','',1,0,'0000-00-00 00:00:00',14,0,4,''),(19,'IFEA - Publications','','ifea-publications','','content','left','',1,0,'0000-00-00 00:00:00',17,0,3,''),(20,'MULTIMEDIA','','multimedia','','content','left','',1,0,'0000-00-00 00:00:00',24,0,8,''),(21,'BIBLIOTHEQUE - Livres de la semaine','','bibliotheque-livres-de-la-semaine','','content','left','',1,0,'0000-00-00 00:00:00',7,0,2,''),(22,'IFEA - Dans les médias','','ifea-dans-les-medias','','content','left','',1,0,'0000-00-00 00:00:00',12,0,3,''),(32,'ARCHIVES ACTUALITES - 2008','ARCHIVES ACTUALITES - 2008','archives-actualites-2010','','content','left','',1,0,'0000-00-00 00:00:00',3,0,1,''),(25,'OUI - Développement durable','','oui-developpement-durable','','content','left','<p><span style=\"font-size: 10pt; color: #808080; font-family: arial,helvetica,sans-serif;\">L\'un des objectifs prioritaires de l\'<strong>O</strong>bservatoire  <strong>U</strong>rbain d\'<strong>I</strong>stanbul :</span></p>\r\n<p><span style=\"font-size: 10pt; color: #808080; font-family: arial,helvetica,sans-serif;\">le <strong>développement durable</strong></span> <span style=\"font-size: 10pt; color: #999999; font-family: arial,helvetica,sans-serif;\">auquel l\'OUI consacre plusieurs de ses  activités scientifiques.</span></p>',1,0,'0000-00-00 00:00:00',22,0,2,''),(26,'ARCHIVES ACTUALITES - 2009','ARCHIVES ACTUALITES 2009','archives-actualites-2010','','content','left','',1,0,'0000-00-00 00:00:00',4,0,2,''),(28,'OVIPOT - Europe et questions internationales','','ovipot-europe-et-questions-internationales','','content','left','',1,0,'0000-00-00 00:00:00',26,0,4,''),(29,'OVIPOT - Système politique turc','','ovipot-systeme-politique-turc','','content','left','',1,0,'0000-00-00 00:00:00',27,0,3,''),(30,'PUBLICATIONS','','publications','','content','left','',1,0,'0000-00-00 00:00:00',29,0,6,''),(31,'PUBLICATIONS - Collections','','publications-collections','','content','left','',1,0,'0000-00-00 00:00:00',30,0,4,''),(33,'ARCHIVES ACTUALITES - 2007','ARCHIVES ACTUALITES - 2007','archives-actualites-2010','','content','left','',1,0,'0000-00-00 00:00:00',2,0,3,''),(34,'NEWSLETTER','','newsletter','','content','left','',1,0,'0000-00-00 00:00:00',28,0,3,''),(35,'OUI - 2010','','oui-2010','','content','left','',1,0,'0000-00-00 00:00:00',21,0,3,''),(36,'OUI - Documents en ligne ','','oui-documents-en-ligne-','','content','left','',1,0,'0000-00-00 00:00:00',19,0,12,''),(37,'ETHNO/ANTHROPOLOGİE','','ethnoanthropologe','','content','left','',1,0,'0000-00-00 00:00:00',31,0,1,''),(38,'IFEA a 80 ans!','','ifea-a-80-ans','','content','left','',1,0,'0000-00-00 00:00:00',32,0,4,'');

--
-- Table structure for table `jos_stats_agents`
--

CREATE TABLE `jos_stats_agents` (
  `agent` varchar(255) NOT NULL default '',
  `type` tinyint(1) unsigned NOT NULL default '0',
  `hits` int(11) unsigned NOT NULL default '1'
) ENGINE=MyISAM DEFAULT CHARSET=utf8;

--
-- Dumping data for table `jos_stats_agents`
--


--
-- Table structure for table `jos_templates_menu`
--

CREATE TABLE `jos_templates_menu` (
  `template` varchar(255) NOT NULL default '',
  `menuid` int(11) NOT NULL default '0',
  `client_id` tinyint(4) NOT NULL default '0',
  PRIMARY KEY  (`menuid`,`client_id`,`template`)
) ENGINE=MyISAM DEFAULT CHARSET=utf8;

--
-- Dumping data for table `jos_templates_menu`
--

INSERT INTO `jos_templates_menu` VALUES ('rt_versatility4_j15',0,0),('khepri',0,1);

--
-- Table structure for table `jos_tracks_clubs`
--

CREATE TABLE `jos_tracks_clubs` (
  `id` int(11) NOT NULL auto_increment,
  `full_name` varchar(40) NOT NULL,
  `alias` varchar(100) NOT NULL default '',
  `picture` varchar(100) default NULL,
  `picture_small` varchar(100) default NULL,
  `address` text,
  `postcode` varchar(10) default NULL,
  `city` varchar(50) default NULL,
  `state` varchar(20) default NULL,
  `country_code` varchar(3) default NULL,
  `description` text,
  `admin_id` int(11) NOT NULL,
  `checked_out` int(11) NOT NULL,
  `checked_out_time` datetime NOT NULL,
  PRIMARY KEY  (`id`)
) ENGINE=MyISAM DEFAULT CHARSET=utf8;

--
-- Dumping data for table `jos_tracks_clubs`
--


--
-- Table structure for table `jos_tracks_competitions`
--

CREATE TABLE `jos_tracks_competitions` (
  `id` int(11) NOT NULL auto_increment,
  `name` varchar(40) NOT NULL,
  `alias` varchar(100) NOT NULL default '',
  `ordering` int(11) NOT NULL,
  `checked_out` int(11) NOT NULL,
  `checked_out_time` datetime NOT NULL,
  `published` tinyint(1) NOT NULL,
  PRIMARY KEY  (`id`)
) ENGINE=MyISAM AUTO_INCREMENT=3 DEFAULT CHARSET=utf8;

--
-- Dumping data for table `jos_tracks_competitions`
--

INSERT INTO `jos_tracks_competitions` VALUES (1,'IBU Biathlon','biathlon-2010',1,0,'0000-00-00 00:00:00',1),(2,'IBU Biathlon History Total Points','ibu-biathlon-history-total-points',2,0,'2010-02-28 12:02:36',1);

--
-- Table structure for table `jos_tracks_individuals`
--

CREATE TABLE `jos_tracks_individuals` (
  `id` int(11) NOT NULL auto_increment,
  `last_name` varchar(40) NOT NULL,
  `first_name` varchar(20) NOT NULL,
  `alias` varchar(100) NOT NULL default '',
  `nickname` varchar(20) NOT NULL,
  `height` varchar(10) default NULL,
  `weight` varchar(10) default NULL,
  `dob` date default NULL,
  `hometown` varchar(50) default NULL,
  `country_code` varchar(3) default NULL,
  `user_id` int(11) NOT NULL,
  `picture` varchar(250) default NULL,
  `picture_small` varchar(250) default NULL,
  `address` text,
  `postcode` varchar(10) default NULL,
  `city` varchar(50) default NULL,
  `state` varchar(20) default NULL,
  `country` varchar(20) default NULL,
  `description` text,
  `checked_out` int(11) NOT NULL,
  `checked_out_time` datetime NOT NULL,
  PRIMARY KEY  (`id`)
) ENGINE=MyISAM AUTO_INCREMENT=200 DEFAULT CHARSET=utf8;

--
-- Dumping data for table `jos_tracks_individuals`
--

INSERT INTO `jos_tracks_individuals` VALUES (1,'BJORNDALEN','Ole Einar','ole-einar-bjorndalen','','','','0000-00-00','','NOR',0,'','','','','','',NULL,'',0,'0000-00-00 00:00:00'),(2,'ANDRESEN','Frode','andresen-frode','','','','0000-00-00','','NOR',0,'','','','','','',NULL,'',0,'0000-00-00 00:00:00'),(3,'HANEVOLD','Halvard','halvard-hanevold','','','','0000-00-00','','NOR',0,'','','','','','',NULL,'',0,'0000-00-00 00:00:00'),(4,'SVENDSEN','Emil Hegle','emil-hegle-svendsen','','','','0000-00-00','','NOR',0,'','','','','','',NULL,'',0,'0000-00-00 00:00:00'),(5,'SIKORA','Tomasz','tomasz-sikora','','','','0000-00-00','','POL',0,'','','','','','',NULL,'',0,'0000-00-00 00:00:00'),(6,'GREIS','Michael','michael-greis','','','','0000-00-00','','DEU',0,'','','','','','',NULL,'',0,'0000-00-00 00:00:00'),(7,'OS','Alexander','alexander-os','','','','0000-00-00','','NOR',0,'','','','','','',NULL,'',0,'0000-00-00 00:00:00'),(10,'TCHOUDOV','Maxim','maxim-tchoudov','','','','0000-00-00','','RUS',0,'','','','','','',NULL,'',0,'2010-02-28 12:35:05'),(11,'SUMANN','Christoph','christoph-sumann','','','','0000-00-00','','AUT',0,'','','','','','',NULL,'',0,'2010-02-28 12:35:39'),(12,'TCHEREZOV','Ivan','ivan-tcherezov','','','','0000-00-00','','RUS',0,'','','','','','',NULL,'',0,'2010-02-28 12:36:10'),(13,'BERGMAN','Carl Johann','carl-johann-bergman','','','','0000-00-00','','SWE',0,'','','','','','',NULL,'',0,'2010-02-28 12:36:52'),(14,'FERRY','Bjorn','bjorn-ferry','','','','0000-00-00','','SWE',0,'','','','','','',NULL,'',0,'2010-02-28 12:37:20'),(15,'LANDERTINGER','Dominik','dominik-landertinger','','','','0000-00-00','','AUT',0,'','','','','','',NULL,'',0,'2010-02-28 12:37:46'),(16,'EDER','Simon','simon-eder','','','','0000-00-00','','AUT',0,'','','','','','',NULL,'',0,'2010-02-28 12:38:01'),(17,'MESOTITSCH','Daniel','daniel-mesotitsch','','','','0000-00-00','','AUT',0,'','','','','','',NULL,'',0,'2010-02-28 12:38:26'),(18,'FOURCADE','Simon','simon-fourcade','','','','0000-00-00','','FRA',0,'','','','','','',NULL,'',0,'2010-02-28 12:38:48'),(19,'ROESCH','Michael','michael-roesch','','','','0000-00-00','','DEU',0,'','','','','','',NULL,'',0,'2010-02-28 12:39:10'),(20,'BERGER','Lars','lars-berger','','','','0000-00-00','','NOR',0,'','','','','','',NULL,'',0,'0000-00-00 00:00:00'),(21,'STEPHAN','Christoph','christoph-stephan','','','','0000-00-00','','DEU',0,'','','','','','',NULL,'',0,'2010-02-28 12:40:04'),(22,'WOLF','Alexander','alexander-wolf','','','','0000-00-00','','DEU',0,'','','','','','',NULL,'',0,'2010-02-28 12:40:29'),(23,'SLESINGR ','Michal','michal-slesingr-','','','','0000-00-00','','CZE',0,'','','','','','',NULL,'',0,'2010-02-28 12:41:57'),(24,'DERYZEMLYA ','Andriy','andriy-deryzemlya-','','','','0000-00-00','','UKR',0,'','','','','','',NULL,'',0,'2010-02-28 12:42:21'),(25,'PINTER','Friedrich','friedrich-pinter','','','','0000-00-00','','AUT',0,'','','','','','',NULL,'',0,'2010-02-28 12:43:12'),(26,'DE LORENZI ','Christian','christian-de-lorenzi-','','','','0000-00-00','','ITA',0,'','','','','','',NULL,'',0,'2010-02-28 12:44:56'),(27,'FOURCADE','Martin','martin-fourcade','','','','0000-00-00','','FRA',0,'','','','','','',NULL,'',0,'2010-02-28 12:45:59'),(28,'BURKE','Tim','tim-burke','','','','0000-00-00','','USA',0,'','','','','','',NULL,'',0,'2010-02-28 12:46:34'),(29,'WINDISCH','Markus','markus-windisch','','','','0000-00-00','','ITA',0,'','','','','','',NULL,'',0,'2010-02-28 12:47:19'),(30,'BIRNBACHER','Andreas','andreas-birnbacher','','','','0000-00-00','','DEU',0,'','','','','','',NULL,'',0,'2010-02-28 12:48:30'),(31,'MAKOVEEV','Andrei','andrei-makoveev','','','','0000-00-00','','RUS',0,'','','','','','',NULL,'',0,'2010-02-28 12:48:57'),(32,'JAY','Vincent','vincent-jay','','','','0000-00-00','','FRA',0,'','','','','','',NULL,'',0,'2010-02-28 12:49:11'),(33,'VALIULLIN ','Rustam','rustam-valiullin-','','','','0000-00-00','','BLR',0,'','','','','','',NULL,'',0,'2010-02-28 12:49:39'),(34,'KRUGLOV','Nikolay','nikolay-kruglov','','','','0000-00-00','','RUS',0,'','','','','','',NULL,'',0,'2010-02-28 12:49:56'),(35,'LEGUELLEC','Jean Philippe','jean-philippe-leguellec','','','','0000-00-00','','CAN',0,'','','','','','',NULL,'',0,'2010-02-28 12:50:22'),(36,'USTYUGOV','Evgeny','evgeny-ustyugov','','','','0000-00-00','','RUS',0,'','','','','','',NULL,'',0,'2010-02-28 12:50:49'),(37,'NILSSON','Mattias','mattias-nilsson','','','','0000-00-00','','SWE',0,'','','','','','',NULL,'',0,'2010-02-28 12:51:07'),(38,'DEFRASNE','Vincent ','vincent-defrasne','','','','0000-00-00','','FRA',0,'','','','','','',NULL,'',0,'0000-00-00 00:00:00'),(39,'HALLENBARTER','Simon','simon-hallenbarter','','','','0000-00-00','','CHE',0,'','','','','','',NULL,'',0,'2010-02-28 12:51:51'),(40,'EBERHARD','Tobias','tobias-eberhard','','','','0000-00-00','','AUT',0,'','','','','','',NULL,'',0,'2010-02-28 12:52:11'),(41,'PEIFFER','Arnd','arnd-peiffer','','','','0000-00-00','','DEU',0,'','','','','','',NULL,'',0,'2010-02-28 12:52:43'),(42,'DERKACH','Vyacheslav','vyacheslav-derkach','','','','0000-00-00','','UKR',0,'','','','','','',NULL,'',0,'2010-02-28 12:53:10'),(43,'HAFSAS','Ronny','ronny-hafsas','','','','0000-00-00','','NOR',0,'','','','','','',NULL,'',0,'2010-02-28 12:53:31'),(46,'NOVIKOV','Sergey','sergey-novikov','','','','0000-00-00','','BLR',0,'','','','','','',NULL,'',0,'2010-02-28 12:55:30'),(45,'MARIC','Janez','janez-maric','','','','0000-00-00','','SVN',0,'','','','','','',NULL,'',0,'0000-00-00 00:00:00'),(47,'SOUKUP','Jaroslav','jaroslav-soukup','','','','0000-00-00','','CZE',0,'','','','','','',NULL,'',0,'2010-02-28 12:56:24'),(48,'FAK','Jakov','jakov-fak','','','','0000-00-00','','HRV',0,'','','','','','',NULL,'',0,'2010-02-28 12:56:44'),(49,'HAKKINEN','Jay','jay-hakkinen','','','','0000-00-00','','USA',0,'','','','','','',NULL,'',0,'2010-02-28 12:57:00'),(50,'SEDNEV','Serguei','serguei-sednev','','','','0000-00-00','','UKR',0,'','','','','','',NULL,'',0,'2010-02-28 12:57:27'),(51,'VITEK','Zdenek','zdenek-vitek','','','','0000-00-00','','CZE',0,'','','','','','',NULL,'',0,'2010-02-28 12:57:59'),(52,'PRYMA','Roman ','roman-pryma','','','','0000-00-00','','UKR',0,'','','','','','',NULL,'',0,'2010-02-28 12:58:27'),(53,'BAUER','Klemen','klemen-bauer','','','','0000-00-00','','SVN',0,'','','','','','',NULL,'',0,'0000-00-00 00:00:00'),(54,'BAILEY','Lowell','lowell-bailey','','','','0000-00-00','','USA',0,'','','','','','',NULL,'',0,'2010-02-28 12:59:27'),(55,'HURAJT ','Pavol','pavol-hurajt-','','','','0000-00-00','','SVK',0,'','','','','','',NULL,'',0,'2010-02-28 13:00:36'),(56,'HOLUBEC','Tomas','tomas-holubec','','','','0000-00-00','','CZE',0,'','','','','','',NULL,'',0,'2010-02-28 13:00:57'),(57,'EKHOLM','David','david-ekholm','','','','0000-00-00','','SWE',0,'','','','','','',NULL,'',0,'2010-02-28 13:01:18'),(58,'BILANENKO','Olexander','olexander-bilanenko','','','','0000-00-00','','UKR',0,'','','','','','',NULL,'',0,'2010-02-28 13:01:44'),(59,'JONSSON','Magnus','magnus-jonsson','','','','0000-00-00','','SWE',0,'','','','','','',NULL,'',0,'2010-02-28 13:02:01'),(60,'DOSTAL','Roman','roman-dostal','','','','0000-00-00','','CZE',0,'','','','','','',NULL,'',0,'2010-02-28 13:02:19'),(61,'MAKSIMOV','Maxim','maxim-maksimov','','','','0000-00-00','','RUS',0,'','','','','','',NULL,'',0,'2010-02-28 13:02:43'),(62,'BOHM','Daniel','daniel-bohm','','','','0000-00-00','','DEU',0,'','','','','','',NULL,'',0,'2010-02-28 13:03:02'),(63,'SCHEMPP','Simon','simon-schempp','','','','0000-00-00','','DEU',0,'','','','','','',NULL,'',0,'2010-02-28 13:03:21'),(64,'LESSING','Roland','roland-lessing','','','','0000-00-00','','EST',0,'','','','','','',NULL,'',0,'2010-02-28 13:03:51'),(65,'JOLLER','Ivan','ivan-joller','','','','0000-00-00','','CHE',0,'','','','','','',NULL,'',0,'2010-02-28 13:04:06'),(66,'VUILLERMOZ','Rene Laurent','rene-laurent-vuillermoz','','','','0000-00-00','','ITA',0,'','','','','','',NULL,'',0,'2010-02-28 13:04:25'),(67,'GJEDREM','Hans Martin','hans-martin-gjedrem','','','','0000-00-00','','NOR',0,'','','','','','',NULL,'',0,'2010-02-28 13:04:45'),(68,'LANG','Toni','toni-lang','','','','0000-00-00','','DEU',0,'','','','','','',NULL,'',0,'2010-02-28 13:05:05'),(69,'SYMAN','Alexandr','alexandr-syman','','','','0000-00-00','','BLR',0,'','','','','','',NULL,'',0,'2010-02-28 13:05:24'),(70,'ECKHOFF','Stian','stian-eckhoff','','','','0000-00-00','','NOR',0,'','','','','','',NULL,'',0,'2010-02-28 13:05:55'),(71,'SIMMEN','Matthias','matthias-simmen','','','','0000-00-00','','CHE',0,'','','','','','',NULL,'',0,'2010-02-28 13:06:11'),(72,'BRINK','Jorgen ','jorgen-bring','','','','0000-00-00','','SWE',0,'','','','','','',NULL,'',0,'0000-00-00 00:00:00'),(73,'MARTINELLI','Christian','christian-martinelli','','','','0000-00-00','','ITA',0,'','','','','','',NULL,'',0,'2010-02-28 13:06:46'),(74,'TEELA','Jeremy','jeremy-teela','','','','0000-00-00','','USA',0,'','','','','','',NULL,'',0,'2010-02-28 13:07:01'),(75,'ZHANG','Chengye ','chengye-zhang','','','','0000-00-00','','CHN',0,'','','','','','',NULL,'',0,'2010-02-28 13:07:21'),(76,'BRATTSVEEN','Rune','rune-brattsveen','','','','0000-00-00','','NOR',0,'','','','','','',NULL,'',0,'2010-02-28 13:07:40'),(77,'BEATRIX','Jean Guillaume','jean-guillaume-beatrix','','','','0000-00-00','','FRA',0,'','','','','','',NULL,'',0,'2010-02-28 13:08:05'),(78,'PUURUNEN','Paavo','paavo-puurunen','','','','0000-00-00','','FIN',0,'','','','','','',NULL,'',0,'2010-02-28 13:08:32'),(79,'GUSEV','Artem','artem-gusev','','','','0000-00-00','','RUS',0,'','','','','','',NULL,'',0,'2010-02-28 13:08:50'),(80,'FREI','Thomas','thomas-frei','','','','0000-00-00','','CHE',0,'','','','','','',NULL,'',0,'2010-02-28 13:09:05'),(81,'ISA','Hidenori','hidenori-isa','','','','0000-00-00','','JPN',0,'','','','','','',NULL,'',0,'2010-02-28 13:09:24'),(82,'CLEGG','Robin','robin-clegg','','','','0000-00-00','','CAN',0,'','','','','','',NULL,'',0,'2010-02-28 13:09:36'),(83,'BRICIS','Ilmars','ilmars-bricis','','','','0000-00-00','','LVA',0,'','','','','','',NULL,'',0,'2010-02-28 13:10:25'),(84,'LINDSTROM','Fredrik','fredrik-lindstrom','','','','0000-00-00','','SWE',0,'','','','','','',NULL,'',0,'2010-02-28 13:11:47'),(85,'BOEUF','Alexis ','alexis-boeuf','','','','0000-00-00','','FRA',0,'','','','','','',NULL,'',0,'2010-02-28 13:12:03'),(86,'BEREZHNOY ','Oleg','oleg-berezhnoy-','','','','0000-00-00','','UKR',0,'','','','','','',NULL,'',0,'2010-02-28 13:12:20'),(87,'SADOVNIKOV ','Sergey','sergey-sadovnikov-','','','','0000-00-00','','BLR',0,'','','','','','',NULL,'',0,'2010-02-28 13:12:45'),(88,'GRAF','Daniel','daniel-graf','','','','0000-00-00','','DEU',0,'','','','','','',NULL,'',0,'2010-02-28 13:12:59'),(89,'SIMOCKO','Dusan','dusan-simocko','','','','0000-00-00','','SVK',0,'','','','','','',NULL,'',0,'2010-02-28 13:13:16'),(90,'HABERT','Lois','lois-habert','','','','0000-00-00','','FRA',0,'','','','','','',NULL,'',0,'2010-02-28 13:13:34'),(91,'EBERHARD','Julian','julian-eberhard','','','','0000-00-00','','AUT',0,'','','','','','',NULL,'',0,'2010-02-28 13:13:50'),(92,'NAUMIK','Sergey','sergey-naumik','','','','0000-00-00','','KAZ',0,'','','','','','',NULL,'',0,'2010-02-28 13:14:10'),(93,'POZZI','Nicola','nicola-pozzi','','','','0000-00-00','','ITA',0,'','','','','','',NULL,'',0,'2010-02-28 13:14:29'),(94,'COLA','Mattia','mattia-cola','','','','0000-00-00','','ITA',0,'','','','','','',NULL,'',0,'2010-02-28 13:14:46'),(95,'MATIASKO','Marek','marek-matiasko','','','','0000-00-00','','SVK',0,'','','','','','',NULL,'',0,'2010-02-28 13:15:20'),(96,'SHIPULIN','Anton','anton-shipulin','','','','0000-00-00','','RUS',0,'','','','','','',NULL,'',0,'2010-02-28 13:15:47'),(97,'BALANDIN','Sergey','sergey-balandin','','','','0000-00-00','','RUS',0,'','','','','','',NULL,'',0,'2010-02-28 13:16:07'),(98,'ZHANG','Qing','qing-zhang','','','','0000-00-00','','CHN',0,'','','','','','',NULL,'',0,'2010-02-28 13:16:23'),(99,'KNIE','Christoph','christoph-knie','','','','0000-00-00','','DEU',0,'','','','','','',NULL,'',0,'2010-02-28 13:16:39'),(100,'ANEV','Krasimir','krasimir-anev','','','','0000-00-00','','EST',0,'','','','','','',NULL,'',0,'2010-02-28 13:16:52'),(101,'TROBELUTS','Indrek','indrek-trobeluts','','','','0000-00-00','','EST',0,'','','','','','',NULL,'',0,'2010-02-28 13:17:15'),(102,'MORAVEC','Ondrej','ondrej-moravec','','','','0000-00-00','','CZE',0,'','','','','','',NULL,'',0,'2010-02-28 13:17:41'),(103,'ILIEV','Vladimir','vladimir-iliev','','','','0000-00-00','','BGR',0,'','','','','','',NULL,'',0,'2010-02-28 13:18:03'),(104,'CHERVYHKOV ','Alexsandr','alexsandr-chervyhkov-','','','','0000-00-00','','KAZ',0,'','','','','','',NULL,'',0,'2010-02-28 13:18:31'),(105,'KENESHEV','Dias','dias-keneshev','','','','0000-00-00','','KAZ',0,'','','','','','',NULL,'',0,'2010-02-28 13:18:53'),(106,'MATIASKO','Miroslav','miroslav-matiasko','','','','0000-00-00','','SVK',0,'','','','','','',NULL,'',0,'2010-02-28 13:19:24'),(107,'LIBIETIS ','Kristaps','kristaps-libietis-','','','','0000-00-00','','LVA',0,'','','','','','',NULL,'',0,'2010-02-28 13:19:42'),(108,'VIKS','Pritt','pritt-viks','','','','0000-00-00','','EST',0,'','','','','','',NULL,'',0,'2010-02-28 13:20:33'),(109,'KOIV','Kauri','kauri-koiv','','','','0000-00-00','','EST',0,'','','','','','',NULL,'',0,'2010-02-28 13:20:47'),(110,'ABRAMENKO','Evgeny','evgeny-abramenko','','','','0000-00-00','','BLR',0,'','','','','','',NULL,'',0,'2010-02-28 13:21:06'),(111,'YAROSHENKO ','Dmitri','dmitri-yaroshenko-','','','','0000-00-00','','RUS',0,'','','','','','',NULL,'',0,'2010-02-28 15:23:11'),(112,'PUMP','Carsten','carsten-pump','','','','0000-00-00','','RUS',0,'','','','','','',NULL,'',0,'2010-02-28 15:24:55'),(113,'PLYWACZYK ','Krzysztof','krzysztof-plywaczyk-','','','','0000-00-00','','POL',0,'','','','','','',NULL,'',0,'2010-02-28 15:43:39'),(114,'AIDAROV','Alexei','alexei-aidarov','','','','0000-00-00','','UKR',0,'','','','','','',NULL,'',0,'2010-02-28 15:59:58'),(115,'PROKUNIN','Andrei','andrei-prokunin','','','','0000-00-00','','RUS',0,'','','','','','',NULL,'',0,'2010-02-28 16:00:16'),(116,'CHURINE','Alexey','alexey-churine','','','','0000-00-00','','RUS',0,'','','','','','',NULL,'',0,'2010-02-28 16:00:44'),(118,'ROSKHOV','Serguei','serguei-roskhov','','','','0000-00-00','','RUS',0,'','','','','','',NULL,'',0,'2010-02-28 16:01:37'),(119,'ANTILA','Timo','timo-antila','','','','0000-00-00','','FIN',0,'','','','','','',NULL,'',0,'2010-02-28 16:01:55'),(120,'ROBERT','Julien','julien-robert','','','','0000-00-00','','FRA',0,'','','','','','',NULL,'',0,'2010-02-28 16:02:14'),(121,'CANNARD','Ferreol','ferreol-cannard','','','','0000-00-00','','FRA',0,'','','','','','',NULL,'',0,'2010-02-28 16:02:27'),(122,'KAUPPINEN','Jarko','jarko-kauppinen','','','','0000-00-00','','FIN',0,'','','','','','',NULL,'',0,'2010-02-28 16:02:43'),(123,'GREDLER','Ludwig','ludwig-gredler','','','','0000-00-00','','AUT',0,'','','','','','',NULL,'',0,'2010-02-28 16:03:05'),(124,'KAZAR','Matej','matej-kazar','','','','0000-00-00','','SVK',0,'','','','','','',NULL,'',0,'2010-02-28 16:03:25'),(125,'LONG','Ren','ren-long','','','','0000-00-00','','CHN',0,'','','','','','',NULL,'',0,'2010-02-28 16:03:38'),(126,'BOCKLI','Claudio','claudio-bockli','','','','0000-00-00','','CHE',0,'','','','','','',NULL,'',0,'2010-02-28 16:04:07'),(127,'POIREE','Raphael','raphael-poiree','','','','0000-00-00','','FRA',0,'','','','','','',NULL,'',0,'2010-02-28 16:45:29'),(128,'FISCHER','Sven','sven-fischer','','','','0000-00-00','','DEU',0,'','','','','','',NULL,'',0,'2010-02-28 16:45:41'),(129,'GROSS','Ricco','ricco-gross','','','','0000-00-00','','DEU',0,'','','','','','',NULL,'',0,'2010-02-28 16:45:52'),(130,'SHULMAN','Filipp','filipp-shulman','','','','0000-00-00','','RUS',0,'','','','','','',NULL,'',0,'2010-02-28 16:46:11'),(131,'PALLHUBER','Wilfried','wilfried-pallhuber','','','','0000-00-00','','ITA',0,'','','','','','',NULL,'',0,'2010-02-28 16:46:32'),(132,'TCHEPIKOV','Sergei','sergei-tchepikov','','','','0000-00-00','','RUS',0,'','','','','','',NULL,'',0,'2010-02-28 16:46:51'),(133,'GJELLAND','Egil','egil-gjelland','','','','0000-00-00','','NOR',0,'','','','','','',NULL,'',0,'2010-02-28 16:47:07'),(134,'RONNING','Magne Thorleiv','magne-thorleiv-ronning','','','','0000-00-00','','NOR',0,'','','','','','',NULL,'',0,'2010-02-28 16:47:55'),(135,'KOROBEYNIKOV ','Alexei','alexei-korobeynikov-','','','','0000-00-00','','RUS',0,'','','','','','',NULL,'',0,'2010-02-28 16:48:11'),(136,'BERZINS','Jans','jans-berzins','','','','0000-00-00','','LVA',0,'','','','','','',NULL,'',0,'2010-02-28 16:48:35'),(137,'WOLLSCHLAGER ','Jorn','jorn-wollschlager-','','','','0000-00-00','','DEU',0,'','','','','','',NULL,'',0,'2010-02-28 16:49:03'),(138,'KOCHKIN','Mikhail','mikhail-kochkin','','','','0000-00-00','','RUS',0,'','','','','','',NULL,'',0,'2010-02-28 16:49:25'),(139,'AUBERT','Alexandre','alexandre-aubert','','','','0000-00-00','','FRA',0,'','','','','','',NULL,'',0,'2010-02-28 16:49:42'),(140,'KLETCHEROV','Michail','michail-kletcherov','','','','0000-00-00','','BGR',0,'','','','','','',NULL,'',0,'2010-02-28 16:49:59'),(141,'DRACHEV','Vladimir','vladimir-drachev','','','','0000-00-00','','BLR',0,'','','','','','',NULL,'',0,'2010-02-28 17:36:22'),(142,'ROSTOVTSEV','Pavel','pavel-rostovtsev','','','','0000-00-00','','RUS',0,'','','','','','',NULL,'',0,'2010-02-28 17:36:46'),(143,'ROTTMANN','Wolfgang','wolfgang-rottmann','','','','0000-00-00','','AUT',0,'','','','','','',NULL,'',0,'2010-02-28 17:37:44'),(144,'RYZHENKOV','Oleg','oleg-ryzhenkov','','','','0000-00-00','','BLR',0,'','','','','','',NULL,'',0,'2010-02-28 17:38:25'),(145,'LYSENKO','Ruslan','ruslan-lysenko','','','','0000-00-00','','UKR',0,'','','','','','',NULL,'',0,'2010-02-28 17:38:50'),(146,'BACHKIROV','Sergei','sergei-bachkirov','','','','0000-00-00','','RUS',0,'','','','','','',NULL,'',0,'2010-02-28 17:39:08'),(147,'PERNER','Wolfgang','wolfgang-perner','','','','0000-00-00','','AUT',0,'','','','','','',NULL,'',0,'2010-02-28 17:39:44'),(148,'SUGA','Kyoji','kyoji-suga','','','','0000-00-00','','JPN',0,'','','','','','',NULL,'',0,'2010-02-28 17:40:01'),(149,'MYKLAND','Anstein','anstein-mykland','','','','0000-00-00','','NOR',0,'','','','','','',NULL,'',0,'2010-02-28 17:40:19'),(150,'ZIEMIANIN','Wieslaw','wieslaw-ziemianin','','','','0000-00-00','','POL',0,'','','','','','',NULL,'',0,'2010-02-28 17:40:57'),(151,'GREBOT','Lionel','lionel-grebot','','','','0000-00-00','','FRA',0,'','','','','','',NULL,'',0,'2010-02-28 17:41:12'),(152,'POKLUKAR','Matjaz','matjaz-poklukar','','','','0000-00-00','','SVN',0,'','','','','','',NULL,'',0,'2010-02-28 17:41:55'),(153,'RUDENCHYK','Vitaliy','vitaliy-rudenchyk','','','','0000-00-00','','UKR',0,'','','','','','',NULL,'',0,'2010-02-28 17:42:17'),(154,'ANDERSEN','Haakon','haakon-andersen','','','','0000-00-00','','NOR',0,'','','','','','',NULL,'',0,'2010-02-28 17:42:35'),(155,'BORJESSON','Jakob','jakob-borjesson','','','','0000-00-00','','SWE',0,'','','','','','',NULL,'',0,'2010-02-28 17:42:55'),(156,'SASHURIN','Vadim','vadim-sashurin','','','','0000-00-00','','BLR',0,'','','','','','',NULL,'',0,'2010-02-28 17:43:28'),(157,'BOROVIK','Dimitri','dimitri-borovik','','','','0000-00-00','','EST',0,'','','','','','',NULL,'',0,'2010-02-28 17:43:44'),(158,'LUCK','Franck','franck-luck','','','','0000-00-00','','DEU',0,'','','','','','',NULL,'',0,'2010-02-28 18:23:58'),(159,'SENDEL','Peter','peter-sendel','','','','0000-00-00','','DEU',0,'','','','','','',NULL,'',0,'2010-02-28 18:24:22'),(160,'CATTARINUSSI','Rene','rene-cattarinussi','','','','0000-00-00','','ITA',0,'','','','','','',NULL,'',0,'2010-02-28 18:24:46'),(161,'HIETALAHTI ','Vesa','vesa-hietalahti-','','','','0000-00-00','','FIN',0,'','','','','','',NULL,'',0,'2010-02-28 18:25:03'),(162,'MALUHINS','Olegs','olegs-maluhins','','','','0000-00-00','','LVA',0,'','','','','','',NULL,'',0,'2010-02-28 18:25:39'),(163,'GLIMSDAL','Sylfest','sylfest-glimsdal','','','','0000-00-00','','NOR',0,'','','','','','',NULL,'',0,'2010-02-28 18:26:28'),(164,'HEYMANN','Carsten','carsten-heymann','','','','0000-00-00','','DEU',0,'','','','','','',NULL,'',0,'2010-02-28 18:26:52'),(165,'BJORNDALEN','Dag','dag-bjorndalen','','','','0000-00-00','','NOR',0,'','','','','','',NULL,'',0,'2010-02-28 18:27:09'),(166,'MAIGOUROV','Viktor ','viktor-maigourov','','','','0000-00-00','','RUS',0,'','','','','','',NULL,'',0,'0000-00-00 00:00:00'),(168,'FAVRE','Patrick','patrick-favre','','','','0000-00-00','','ITA',0,'','','','','','',NULL,'',0,'2010-02-28 18:27:58'),(169,'MASARIK','Ivan','ivan-masarik','','','','0000-00-00','','CZE',0,'','','','','','',NULL,'',0,'2010-02-28 18:28:17'),(170,'AZAMBRE','Stephan','stephan-azambre','','','','0000-00-00','','FRA',0,'','','','','','',NULL,'',0,'2010-02-28 18:28:30'),(171,'WUSTENFELD','Jan','jan-wustenfeld','','','','0000-00-00','','DEU',0,'','','','','','',NULL,'',0,'2010-02-28 18:28:51'),(172,'CHABLOZ','Jean Marc','jean-marc-chabloz','','','','0000-00-00','','SWE',0,'','','','','','',NULL,'',0,'2010-02-28 18:29:11'),(173,'RAIKKONEN','Ville','ville-raikkonen','','','','0000-00-00','','FIN',0,'','','','','','',NULL,'',0,'2010-02-28 18:29:25'),(174,'KOUNAEV','Viatcheslav','viatcheslav-kounaev','','','','0000-00-00','','RUS',0,'','','','','','',NULL,'',0,'2010-02-28 18:29:49'),(175,'OZBOLT','Janez','janez-ozbolt','','','','0000-00-00','','SVN',0,'','','','','','',NULL,'',0,'2010-02-28 18:30:14'),(176,'VAVILOV','Pavel','pavel-vavilov','','','','0000-00-00','','RUS',0,'','','','','','',NULL,'',0,'2010-02-28 18:30:34'),(177,'KONOVALOV','Sergei','sergei-konovalov','','','','0000-00-00','','RUS',0,'','','','','','',NULL,'',0,'2010-02-28 18:30:59'),(178,'GARABIK','Petr','petr-garabik','','','','0000-00-00','','USA',0,'','','','','','',NULL,'',0,'2010-02-28 18:31:18'),(179,'MOCHIZUKI','Yukio','yukio-mochizuki','','','','0000-00-00','','JPN',0,'','','','','','',NULL,'',0,'2010-02-28 18:31:48'),(180,'GLOBOCNIK ','Tomas','tomas-globocnik-','','','','0000-00-00','','SVN',0,'','','','','','',NULL,'',0,'2010-02-28 18:32:21'),(181,'TACH','Enrico','enrico-tach','','','','0000-00-00','','ITA',0,'','','','','','',NULL,'',0,'2010-02-28 18:32:46'),(182,'NAKUMS','Jekabs','jekabs-nakums','','','','0000-00-00','','LVA',0,'','','','','','',NULL,'',0,'2010-02-28 18:33:05'),(183,'KOZUB ','Wojciech','wojciech-kozub-','','','','0000-00-00','','POL',0,'','','','','','',NULL,'',0,'2010-02-28 18:33:27'),(184,'KUOPPA','Fredrik','fredrik-kuoppa','','','','0000-00-00','','SWE',0,'','','','','','',NULL,'',0,'2010-02-28 18:34:01'),(185,'GRAJF','Aleksander','aleksander-grajf','','','','0000-00-00','','SVN',0,'','','','','','',NULL,'',0,'2010-02-28 18:34:25'),(186,'DA CANAL','Devis ','devis-da-canal','','','','0000-00-00','','ITA',0,'','','','','','',NULL,'',0,'2010-02-28 18:34:52'),(187,'HEYMANN','Andreas','andreas-heymann','','','','0000-00-00','','FRA',0,'','','','','','',NULL,'',0,'2010-02-28 18:35:15'),(188,'UPENIEKS','Gundars','gundars-upenieks','','','','0000-00-00','','LVA',0,'','','','','','',NULL,'',0,'2010-02-28 18:35:42'),(189,'IVASHKO','Petr','petr-ivashko','','','','0000-00-00','','BLR',0,'','','','','','',NULL,'',0,'2010-02-28 18:36:09'),(190,'CARRARA','Pieralberto','pieralberto-carrara','','','','0000-00-00','','ITA',0,'','','','','','',NULL,'',0,'2010-02-28 18:36:31'),(191,'ACHORNER','Hans','hans-achorner','','','','0000-00-00','','AUT',0,'','','','','','',NULL,'',0,'2010-02-28 18:36:56'),(192,'UUSIPAIKKA ','Mikko','mikko-uusipaikka-','','','','0000-00-00','','FIN',0,'','','','','','',NULL,'',0,'2010-02-28 18:37:19'),(193,'WIKSTEN','Tord','tord-wiksten','','','','0000-00-00','','GBR',0,'','','','','','',NULL,'',0,'2010-02-28 18:38:00'),(194,'ELORANTA ','Harri','harri-eloranta-','','','','0000-00-00','','FIN',0,'','','','','','',NULL,'',0,'2010-02-28 18:38:21'),(195,'NEUNER','Reinhard','reinhard-neuner','','','','0000-00-00','','AUT',0,'','','','','','',NULL,'',0,'2010-02-28 18:38:46'),(196,'KROUPNIK','Nikolai','nikolai-kroupnik','','','','0000-00-00','','UKR',0,'','','','','','',NULL,'',0,'2010-02-28 18:39:07'),(197,'MEGURO','Hiranao','hiranao-meguro','','','','0000-00-00','','JPN',0,'','','','','','',NULL,'',0,'2010-02-28 18:39:29'),(198,'NOBERIUS ','Rickard','rickard-noberius-','','','','0000-00-00','','SWE',0,'','','','','','',NULL,'',0,'2010-02-28 18:39:49'),(199,'MALEK','Marian','marian-malek','','','','0000-00-00','','CZE',0,'','','','','','',NULL,'',0,'2010-02-28 18:40:03');

--
-- Table structure for table `jos_tracks_project_settings`
--

CREATE TABLE `jos_tracks_project_settings` (
  `id` int(11) NOT NULL auto_increment,
  `project_id` int(11) NOT NULL,
  `xml` varchar(50) NOT NULL default '',
  `settings` text,
  `checked_out` int(11) NOT NULL,
  `checked_out_time` datetime NOT NULL,
  PRIMARY KEY  (`id`)
) ENGINE=MyISAM AUTO_INCREMENT=2 DEFAULT CHARSET=utf8;

--
-- Dumping data for table `jos_tracks_project_settings`
--

INSERT INTO `jos_tracks_project_settings` VALUES (1,1,'competition.xml',NULL,0,'0000-00-00 00:00:00');

--
-- Table structure for table `jos_tracks_projects`
--

CREATE TABLE `jos_tracks_projects` (
  `id` int(11) NOT NULL auto_increment,
  `name` varchar(40) NOT NULL,
  `alias` varchar(100) NOT NULL default '',
  `competition_id` int(11) NOT NULL,
  `season_id` int(11) NOT NULL,
  `admin_id` int(11) NOT NULL,
  `type` tinyint(4) NOT NULL,
  `params` text NOT NULL,
  `ordering` int(11) NOT NULL,
  `checked_out` int(11) NOT NULL,
  `checked_out_time` datetime NOT NULL,
  `published` tinyint(1) NOT NULL,
  PRIMARY KEY  (`id`)
) ENGINE=MyISAM AUTO_INCREMENT=2 DEFAULT CHARSET=utf8;

--
-- Dumping data for table `jos_tracks_projects`
--

INSERT INTO `jos_tracks_projects` VALUES (1,'IBU Biathlon','ibu-biathlon',1,1,62,0,'auto_time=1440\nproject_type=0\nshownumber=1\nshowflag=1\nshowteams=1\n\n',1,0,'0000-00-00 00:00:00',1);

--
-- Table structure for table `jos_tracks_projects_individuals`
--

CREATE TABLE `jos_tracks_projects_individuals` (
  `id` int(11) NOT NULL auto_increment,
  `individual_id` int(11) NOT NULL,
  `project_id` int(11) NOT NULL,
  `team_id` int(11) NOT NULL,
  `number` varchar(8) default NULL,
  `initial_points` int(11) NOT NULL,
  `checked_out` int(11) NOT NULL,
  `checked_out_time` datetime NOT NULL,
  PRIMARY KEY  (`id`)
) ENGINE=MyISAM AUTO_INCREMENT=203 DEFAULT CHARSET=utf8;

--
-- Dumping data for table `jos_tracks_projects_individuals`
--

INSERT INTO `jos_tracks_projects_individuals` VALUES (9,6,1,2,'0',0,0,'0000-00-00 00:00:00'),(8,1,1,1,'0',0,0,'0000-00-00 00:00:00'),(10,110,1,3,'0',0,0,'2010-02-28 13:28:37'),(6,2,1,1,'0',0,0,'0000-00-00 00:00:00'),(11,54,1,17,'0',0,0,'2010-02-28 13:28:56'),(12,97,1,3,'0',0,0,'2010-02-28 13:29:15'),(13,53,1,13,'0',0,0,'0000-00-00 00:00:00'),(14,77,1,5,'0',0,0,'0000-00-00 00:00:00'),(15,86,1,21,'0',0,0,'2010-02-28 13:30:08'),(16,20,1,1,'0',0,0,'2010-02-28 13:30:18'),(17,13,1,4,'0',0,0,'2010-02-28 13:30:26'),(18,58,1,21,'0',0,0,'2010-02-28 13:30:42'),(19,30,1,2,'0',0,0,'2010-02-28 13:30:50'),(20,85,1,5,'0',0,0,'2010-02-28 13:31:00'),(21,62,1,2,'0',0,0,'2010-02-28 13:31:25'),(22,76,1,1,'0',0,0,'2010-02-28 13:31:32'),(23,83,1,15,'0',0,0,'2010-02-28 13:31:47'),(24,72,1,4,'0',0,0,'2010-02-28 13:32:05'),(25,28,1,17,'0',0,0,'2010-02-28 13:32:16'),(26,104,1,10,'0',0,0,'2010-02-28 13:32:33'),(27,82,1,23,'0',0,0,'2010-02-28 13:32:49'),(28,94,1,6,'0',0,0,'2010-02-28 13:32:59'),(29,26,1,6,'0',0,0,'2010-02-28 13:33:05'),(30,38,1,5,'0',0,0,'2010-02-28 13:33:15'),(31,42,1,21,'0',0,0,'2010-02-28 13:33:30'),(32,24,1,21,'0',0,0,'2010-02-28 13:33:48'),(33,60,1,14,'0',0,0,'2010-02-28 13:33:59'),(34,91,1,20,'0',0,0,'2010-02-28 13:34:06'),(35,40,1,20,'0',0,0,'2010-02-28 13:34:14'),(36,70,1,1,'0',0,0,'2010-02-28 13:34:33'),(37,16,1,20,'0',0,0,'2010-02-28 13:34:43'),(38,57,1,4,'0',0,0,'2010-02-28 13:34:52'),(39,48,1,24,'0',0,0,'0000-00-00 00:00:00'),(40,14,1,4,'0',0,0,'2010-02-28 13:36:00'),(41,27,1,5,'0',0,0,'2010-02-28 13:36:11'),(42,18,1,5,'0',0,0,'2010-02-28 13:36:20'),(43,80,1,16,'0',0,0,'2010-02-28 13:36:38'),(44,67,1,1,'0',0,0,'2010-02-28 13:36:51'),(45,88,1,2,'0',0,0,'2010-02-28 13:37:06'),(46,79,1,3,'0',0,0,'2010-02-28 13:37:28'),(47,90,1,5,'0',0,0,'2010-02-28 13:37:37'),(48,43,1,1,'0',0,0,'2010-02-28 13:37:51'),(49,49,1,17,'0',0,0,'2010-02-28 13:38:01'),(50,39,1,16,'0',0,0,'2010-02-28 13:38:17'),(51,56,1,14,'0',0,0,'2010-02-28 13:38:34'),(52,55,1,12,'0',0,0,'2010-02-28 13:38:57'),(53,103,1,7,'0',0,0,'2010-02-28 13:39:12'),(54,81,1,9,'0',0,0,'2010-02-28 13:39:23'),(55,32,1,5,'0',0,0,'2010-02-28 13:39:32'),(58,59,1,4,'0',0,0,'2010-02-28 13:40:13'),(57,65,1,16,'0',0,0,'2010-02-28 13:39:52'),(59,105,1,10,'0',0,0,'2010-02-28 13:40:38'),(60,99,1,2,'0',0,0,'2010-02-28 13:41:01'),(61,109,1,11,'0',0,0,'2010-02-28 13:41:17'),(62,34,1,3,'0',0,0,'2010-02-28 13:41:27'),(63,15,1,20,'0',0,0,'2010-02-28 13:41:36'),(64,68,1,2,'0',0,0,'2010-02-28 13:41:57'),(65,35,1,23,'0',0,0,'2010-02-28 13:42:07'),(66,64,1,11,'0',0,0,'2010-02-28 13:42:21'),(67,107,1,15,'0',0,0,'2010-02-28 13:42:40'),(68,84,1,4,'0',0,0,'2010-02-28 13:42:54'),(69,31,1,3,'0',0,0,'2010-02-28 13:43:13'),(70,61,1,3,'0',0,0,'2010-02-28 13:43:29'),(71,45,1,13,'0',0,0,'2010-02-28 13:43:43'),(72,73,1,6,'0',0,0,'2010-02-28 13:43:54'),(73,95,1,12,'0',0,0,'2010-02-28 13:44:12'),(74,106,1,12,'0',0,0,'2010-02-28 13:44:25'),(75,17,1,20,'0',0,0,'2010-02-28 13:44:33'),(76,102,1,14,'0',0,0,'2010-02-28 13:44:44'),(77,92,1,10,'0',0,0,'2010-02-28 13:45:02'),(78,37,1,4,'0',0,0,'2010-02-28 13:45:12'),(79,46,1,18,'0',0,0,'2010-02-28 13:45:28'),(80,7,1,1,'0',0,0,'2010-02-28 13:45:37'),(81,41,1,2,'0',0,0,'2010-02-28 13:45:45'),(82,25,1,20,'0',0,0,'2010-02-28 13:46:01'),(83,93,1,6,'0',0,0,'2010-02-28 13:46:11'),(84,52,1,21,'0',0,0,'2010-02-28 13:46:27'),(85,78,1,22,'0',0,0,'2010-02-28 13:46:34'),(86,19,1,2,'0',0,0,'2010-02-28 13:46:43'),(87,87,1,18,'0',0,0,'2010-02-28 13:46:59'),(88,96,1,3,'0',0,0,'2010-02-28 13:47:23'),(89,63,1,2,'0',0,0,'2010-02-28 13:47:53'),(90,50,1,21,'0',0,0,'2010-02-28 13:48:20'),(91,5,1,19,'0',0,0,'2010-02-28 13:48:40'),(92,71,1,16,'0',0,0,'2010-02-28 13:48:55'),(100,69,1,18,'0',0,0,'2010-02-28 13:50:56'),(94,89,1,12,'0',0,0,'2010-02-28 13:49:10'),(95,23,1,14,'0',0,0,'2010-02-28 13:49:24'),(96,47,1,14,'0',0,0,'2010-02-28 13:49:51'),(97,21,1,2,'0',0,0,'2010-02-28 13:50:01'),(98,11,1,20,'0',0,0,'2010-02-28 13:50:08'),(99,4,1,1,'0',0,0,'2010-02-28 13:50:21'),(101,12,1,3,'0',0,0,'2010-02-28 13:51:05'),(102,10,1,3,'0',0,0,'2010-02-28 13:51:14'),(103,74,1,17,'0',0,0,'2010-02-28 13:51:25'),(104,101,1,11,'0',0,0,'2010-02-28 13:51:39'),(105,36,1,3,'0',0,0,'2010-02-28 13:51:47'),(106,33,1,18,'0',0,0,'2010-02-28 13:52:01'),(107,108,1,11,'0',0,0,'2010-02-28 13:52:16'),(108,51,1,14,'0',0,0,'2010-02-28 13:52:29'),(109,66,1,6,'0',0,0,'2010-02-28 13:52:37'),(110,29,1,6,'0',0,0,'2010-02-28 13:52:56'),(111,22,1,2,'0',0,0,'2010-02-28 13:53:05'),(112,75,1,8,'0',0,0,'2010-02-28 13:53:13'),(113,98,1,8,'0',0,0,'2010-02-28 13:53:21'),(114,3,1,1,'0',0,0,'2010-02-28 14:00:58'),(115,100,1,7,'0',0,0,'2010-02-28 14:33:06'),(116,111,1,3,'0',0,0,'2010-02-28 15:23:25'),(118,113,1,19,'0',0,0,'2010-02-28 15:43:52'),(119,114,1,21,'0',0,0,'2010-02-28 16:04:26'),(120,115,1,3,'0',0,0,'2010-02-28 16:04:47'),(121,116,1,3,'0',0,0,'2010-02-28 16:04:57'),(122,112,1,2,'0',0,0,'2010-02-28 16:05:10'),(123,118,1,3,'0',0,0,'2010-02-28 16:05:26'),(124,119,1,22,'0',0,0,'2010-02-28 16:05:34'),(125,120,1,5,'0',0,0,'2010-02-28 16:05:46'),(126,121,1,5,'0',0,0,'2010-02-28 16:05:55'),(127,122,1,22,'0',0,0,'2010-02-28 16:06:07'),(128,123,1,20,'0',0,0,'2010-02-28 16:06:18'),(129,124,1,12,'0',0,0,'2010-02-28 16:06:27'),(130,125,1,8,'0',0,0,'2010-02-28 16:06:37'),(131,126,1,16,'0',0,0,'2010-02-28 16:06:47'),(132,127,1,5,'0',0,0,'2010-02-28 16:50:18'),(133,128,1,2,'0',0,0,'2010-02-28 16:50:28'),(134,129,1,2,'0',0,0,'2010-02-28 16:50:38'),(135,130,1,3,'0',0,0,'2010-02-28 16:50:51'),(136,131,1,6,'0',0,0,'2010-02-28 16:51:01'),(137,132,1,3,'0',0,0,'2010-02-28 16:51:22'),(138,133,1,1,'0',0,0,'2010-02-28 16:51:35'),(139,134,1,1,'0',0,0,'2010-02-28 16:51:45'),(140,135,1,21,'0',0,0,'2010-02-28 16:52:00'),(141,136,1,15,'0',0,0,'2010-02-28 16:52:08'),(142,137,1,2,'0',0,0,'2010-02-28 16:52:17'),(143,138,1,3,'0',0,0,'2010-02-28 16:52:27'),(144,139,1,5,'0',0,0,'2010-02-28 16:52:35'),(145,140,1,7,'0',0,0,'2010-02-28 16:52:46'),(146,142,1,3,'0',0,0,'2010-02-28 17:44:18'),(147,141,1,18,'0',0,0,'2010-02-28 17:44:47'),(148,143,1,20,'0',0,0,'2010-02-28 17:45:33'),(149,144,1,18,'0',0,0,'2010-02-28 17:45:45'),(150,145,1,21,'0',0,0,'2010-02-28 17:45:58'),(151,146,1,3,'0',0,0,'2010-02-28 17:46:09'),(152,147,1,20,'0',0,0,'2010-02-28 17:46:19'),(153,148,1,9,'0',0,0,'2010-02-28 17:46:34'),(154,149,1,1,'0',0,0,'2010-02-28 17:46:45'),(155,150,1,19,'0',0,0,'2010-02-28 17:46:57'),(156,151,1,5,'0',0,0,'2010-02-28 17:47:07'),(157,152,1,13,'0',0,0,'2010-02-28 17:47:20'),(158,153,1,21,'0',0,0,'2010-02-28 17:47:32'),(159,154,1,1,'0',0,0,'2010-02-28 17:47:44'),(160,155,1,4,'0',0,0,'2010-02-28 17:47:57'),(161,156,1,18,'0',0,0,'2010-02-28 17:48:11'),(162,157,1,11,'0',0,0,'2010-02-28 17:48:24'),(163,158,1,2,'0',0,0,'0000-00-00 00:00:00'),(164,159,1,2,'0',0,0,'2010-02-28 18:41:26'),(165,160,1,6,'0',0,0,'2010-02-28 18:41:38'),(166,161,1,22,'0',0,0,'2010-02-28 18:41:47'),(167,162,1,15,'0',0,0,'2010-02-28 18:41:55'),(168,163,1,1,'0',0,0,'2010-02-28 18:42:07'),(169,164,1,0,'0',0,0,'2010-02-28 18:42:19'),(170,165,1,0,'0',0,0,'2010-02-28 18:42:27'),(171,166,1,3,'0',0,0,'2010-02-28 18:43:33'),(172,168,1,6,'0',0,0,'2010-02-28 18:43:44'),(173,169,1,14,'0',0,0,'2010-02-28 18:43:54'),(174,170,1,5,'0',0,0,'2010-02-28 18:44:08'),(175,171,1,2,'0',0,0,'2010-02-28 18:44:19'),(176,172,1,4,'0',0,0,'2010-02-28 18:44:29'),(177,173,1,22,'0',0,0,'2010-02-28 18:44:52'),(178,174,1,3,'0',0,0,'2010-02-28 18:45:05'),(179,175,1,13,'0',0,0,'2010-02-28 18:45:15'),(180,176,1,3,'0',0,0,'2010-02-28 18:45:24'),(181,177,1,3,'0',0,0,'2010-02-28 18:46:27'),(182,178,1,17,'0',0,0,'2010-02-28 18:46:42'),(183,179,1,9,'0',0,0,'2010-02-28 18:46:55'),(184,180,1,13,'0',0,0,'2010-02-28 18:47:17'),(185,181,1,6,'0',0,0,'2010-02-28 18:47:28'),(186,182,1,15,'0',0,0,'2010-02-28 18:47:41'),(187,183,1,19,'0',0,0,'2010-02-28 18:48:00'),(188,184,1,4,'0',0,0,'2010-02-28 18:48:18'),(189,185,1,13,'0',0,0,'2010-02-28 18:48:32'),(190,187,1,5,'0',0,0,'2010-02-28 18:48:54'),(191,186,1,6,'0',0,0,'2010-02-28 18:49:10'),(192,188,1,15,'0',0,0,'2010-02-28 18:49:28'),(193,189,1,18,'0',0,0,'2010-02-28 18:49:44'),(194,190,1,6,'0',0,0,'2010-02-28 18:49:56'),(195,191,1,20,'0',0,0,'2010-02-28 18:50:13'),(196,192,1,22,'0',0,0,'2010-02-28 18:50:33'),(197,193,1,25,'0',0,0,'2010-02-28 18:51:09'),(198,194,1,22,'0',0,0,'2010-02-28 18:51:28'),(199,195,1,20,'0',0,0,'2010-02-28 18:51:42'),(200,196,1,21,'0',0,0,'2010-02-28 18:51:56'),(201,197,1,9,'0',0,0,'2010-02-28 18:52:06'),(202,199,1,14,'0',0,0,'2010-02-28 18:52:15');

--
-- Table structure for table `jos_tracks_projects_rounds`
--

CREATE TABLE `jos_tracks_projects_rounds` (
  `id` int(11) NOT NULL auto_increment,
  `round_id` int(11) NOT NULL,
  `project_id` int(11) NOT NULL,
  `ordering` int(11) NOT NULL,
  `start_date` datetime default NULL,
  `end_date` datetime default NULL,
  `description` text,
  `comment` text,
  `checked_out` int(11) NOT NULL,
  `checked_out_time` datetime NOT NULL,
  `published` tinyint(1) NOT NULL,
  PRIMARY KEY  (`id`)
) ENGINE=MyISAM AUTO_INCREMENT=2 DEFAULT CHARSET=utf8;

--
-- Dumping data for table `jos_tracks_projects_rounds`
--

INSERT INTO `jos_tracks_projects_rounds` VALUES (1,1,1,1,'2010-02-28 13:46:07','2010-02-28 13:46:09',NULL,NULL,0,'2010-02-28 11:46:11',0);

--
-- Table structure for table `jos_tracks_projects_subrounds`
--

CREATE TABLE `jos_tracks_projects_subrounds` (
  `id` int(11) NOT NULL auto_increment,
  `projectround_id` int(11) NOT NULL,
  `type` int(11) NOT NULL,
  `ordering` int(11) NOT NULL,
  `start_date` datetime default NULL,
  `end_date` datetime default NULL,
  `description` text,
  `comment` text,
  `checked_out` int(11) NOT NULL,
  `checked_out_time` datetime NOT NULL,
  `published` tinyint(1) NOT NULL,
  PRIMARY KEY  (`id`)
) ENGINE=MyISAM AUTO_INCREMENT=8 DEFAULT CHARSET=utf8;

--
-- Dumping data for table `jos_tracks_projects_subrounds`
--

INSERT INTO `jos_tracks_projects_subrounds` VALUES (4,1,4,4,'0000-00-00 00:00:00','0000-00-00 00:00:00','','',0,'2010-02-28 15:26:49',0),(2,1,3,3,'0000-00-00 00:00:00','0000-00-00 00:00:00','','',0,'0000-00-00 00:00:00',0),(7,1,14,7,'0000-00-00 00:00:00','0000-00-00 00:00:00','','',0,'0000-00-00 00:00:00',0),(5,1,5,5,'0000-00-00 00:00:00','0000-00-00 00:00:00','','',0,'2010-02-28 16:16:44',0),(6,1,6,6,'0000-00-00 00:00:00','0000-00-00 00:00:00','','',0,'0000-00-00 00:00:00',0);

--
-- Table structure for table `jos_tracks_projects_teams`
--

CREATE TABLE `jos_tracks_projects_teams` (
  `id` int(11) NOT NULL auto_increment,
  `team_id` int(11) NOT NULL,
  `project_id` int(11) NOT NULL,
  `description` text,
  `initial_points` int(11) NOT NULL,
  `checked_out` int(11) NOT NULL,
  `checked_out_time` datetime NOT NULL,
  PRIMARY KEY  (`id`)
) ENGINE=MyISAM DEFAULT CHARSET=utf8;

--
-- Dumping data for table `jos_tracks_projects_teams`
--


--
-- Table structure for table `jos_tracks_rounds`
--

CREATE TABLE `jos_tracks_rounds` (
  `id` int(11) NOT NULL auto_increment,
  `name` varchar(40) NOT NULL,
  `alias` varchar(100) NOT NULL default '',
  `description` text,
  `ordering` int(11) NOT NULL,
  `checked_out` int(11) NOT NULL,
  `checked_out_time` datetime NOT NULL,
  `published` tinyint(1) NOT NULL,
  PRIMARY KEY  (`id`)
) ENGINE=MyISAM AUTO_INCREMENT=2 DEFAULT CHARSET=utf8;

--
-- Dumping data for table `jos_tracks_rounds`
--

INSERT INTO `jos_tracks_rounds` VALUES (1,'Total Points','ostersund-ind','',0,0,'0000-00-00 00:00:00',0);

--
-- Table structure for table `jos_tracks_rounds_results`
--

CREATE TABLE `jos_tracks_rounds_results` (
  `id` int(11) NOT NULL auto_increment,
  `individual_id` int(11) NOT NULL,
  `team_id` int(11) NOT NULL,
  `number` varchar(8) NOT NULL,
  `subround_id` int(11) NOT NULL,
  `rank` int(11) NOT NULL,
  `performance` varchar(30) NOT NULL default '',
  `bonus_points` float NOT NULL,
  `comment` text,
  `checked_out` int(11) NOT NULL,
  `checked_out_time` datetime NOT NULL,
  PRIMARY KEY  (`id`),
  UNIQUE KEY `pr_ind` (`individual_id`,`subround_id`)
) ENGINE=MyISAM AUTO_INCREMENT=724 DEFAULT CHARSET=utf8;

--
-- Dumping data for table `jos_tracks_rounds_results`
--

INSERT INTO `jos_tracks_rounds_results` VALUES (14,2,1,'',2,0,'',143,'',0,'0000-00-00 00:00:00'),(12,1,1,'',2,0,'',980,'',0,'0000-00-00 00:00:00'),(13,110,3,'',2,0,'',1,'',0,'0000-00-00 00:00:00'),(11,6,2,'',2,0,'',804,'',0,'0000-00-00 00:00:00'),(15,54,17,'',2,0,'',121,'',0,'0000-00-00 00:00:00'),(16,97,3,'',2,0,'',11,'',0,'0000-00-00 00:00:00'),(17,53,13,'',2,0,'',133,'',0,'0000-00-00 00:00:00'),(18,77,5,'',2,0,'',43,'',0,'0000-00-00 00:00:00'),(19,86,21,'',2,0,'',27,'',0,'0000-00-00 00:00:00'),(20,20,1,'',2,0,'',444,'',0,'0000-00-00 00:00:00'),(21,13,4,'',2,0,'',643,'',0,'0000-00-00 00:00:00'),(22,58,21,'',2,0,'',107,'',0,'0000-00-00 00:00:00'),(23,30,2,'',2,0,'',314,'',0,'0000-00-00 00:00:00'),(24,85,5,'',2,0,'',28,'',0,'0000-00-00 00:00:00'),(25,62,2,'',2,0,'',94,'',0,'0000-00-00 00:00:00'),(26,76,1,'',2,0,'',45,'',0,'0000-00-00 00:00:00'),(27,83,15,'',2,0,'',31,'',0,'0000-00-00 00:00:00'),(28,72,4,'',2,0,'',64,'',0,'0000-00-00 00:00:00'),(29,28,17,'',2,0,'',330,'',0,'0000-00-00 00:00:00'),(30,104,10,'',2,0,'',8,'',0,'0000-00-00 00:00:00'),(31,82,23,'',2,0,'',32,'',0,'0000-00-00 00:00:00'),(32,94,6,'',2,0,'',13,'',0,'0000-00-00 00:00:00'),(33,26,6,'',2,0,'',350,'',0,'0000-00-00 00:00:00'),(34,38,5,'',2,0,'',222,'',0,'0000-00-00 00:00:00'),(35,42,21,'',2,0,'',205,'',0,'0000-00-00 00:00:00'),(36,24,21,'',2,0,'',357,'',0,'0000-00-00 00:00:00'),(37,60,14,'',2,0,'',102,'',0,'0000-00-00 00:00:00'),(38,91,20,'',2,0,'',18,'',0,'0000-00-00 00:00:00'),(39,40,20,'',2,0,'',222,'',0,'0000-00-00 00:00:00'),(40,70,1,'',2,0,'',72,'',0,'0000-00-00 00:00:00'),(41,16,20,'',2,0,'',581,'',0,'0000-00-00 00:00:00'),(42,57,4,'',2,0,'',110,'',0,'0000-00-00 00:00:00'),(43,48,24,'',2,0,'',164,'',0,'0000-00-00 00:00:00'),(44,14,4,'',2,0,'',642,'',0,'0000-00-00 00:00:00'),(45,27,5,'',2,0,'',345,'',0,'0000-00-00 00:00:00'),(46,18,5,'',2,0,'',536,'',0,'0000-00-00 00:00:00'),(47,80,16,'',2,0,'',35,'',0,'0000-00-00 00:00:00'),(48,67,1,'',2,0,'',80,'',0,'0000-00-00 00:00:00'),(49,88,2,'',2,0,'',18,'',0,'0000-00-00 00:00:00'),(50,79,3,'',2,0,'',38,'',0,'0000-00-00 00:00:00'),(51,90,5,'',2,0,'',18,'',0,'0000-00-00 00:00:00'),(52,43,1,'',2,0,'',203,'',0,'0000-00-00 00:00:00'),(53,49,17,'',2,0,'',159,'',0,'0000-00-00 00:00:00'),(54,39,16,'',2,0,'',222,'',0,'0000-00-00 00:00:00'),(55,56,14,'',2,0,'',118,'',0,'0000-00-00 00:00:00'),(56,55,12,'',2,0,'',120,'',0,'0000-00-00 00:00:00'),(57,103,7,'',2,0,'',9,'',0,'0000-00-00 00:00:00'),(58,81,9,'',2,0,'',33,'',0,'0000-00-00 00:00:00'),(59,32,5,'',2,0,'',293,'',0,'0000-00-00 00:00:00'),(60,59,4,'',2,0,'',104,'',0,'0000-00-00 00:00:00'),(61,65,16,'',2,0,'',84,'',0,'0000-00-00 00:00:00'),(62,105,10,'',2,0,'',8,'',0,'0000-00-00 00:00:00'),(63,99,2,'',2,0,'',10,'',0,'0000-00-00 00:00:00'),(64,109,11,'',2,0,'',2,'',0,'0000-00-00 00:00:00'),(65,34,3,'',2,0,'',256,'',0,'0000-00-00 00:00:00'),(66,15,20,'',2,0,'',587,'',0,'0000-00-00 00:00:00'),(67,68,2,'',2,0,'',79,'',0,'0000-00-00 00:00:00'),(68,35,23,'',2,0,'',252,'',0,'0000-00-00 00:00:00'),(69,64,11,'',2,0,'',84,'',0,'0000-00-00 00:00:00'),(70,107,15,'',2,0,'',4,'',0,'0000-00-00 00:00:00'),(71,84,4,'',2,0,'',28,'',0,'0000-00-00 00:00:00'),(72,31,3,'',2,0,'',311,'',0,'0000-00-00 00:00:00'),(73,61,3,'',2,0,'',95,'',0,'0000-00-00 00:00:00'),(74,45,13,'',2,0,'',200,'',0,'0000-00-00 00:00:00'),(75,73,6,'',2,0,'',53,'',0,'0000-00-00 00:00:00'),(76,95,12,'',2,0,'',12,'',0,'0000-00-00 00:00:00'),(77,106,12,'',2,0,'',6,'',0,'0000-00-00 00:00:00'),(78,17,20,'',2,0,'',553,'',0,'0000-00-00 00:00:00'),(79,102,14,'',2,0,'',9,'',0,'0000-00-00 00:00:00'),(80,92,10,'',2,0,'',18,'',0,'0000-00-00 00:00:00'),(81,37,4,'',2,0,'',228,'',0,'0000-00-00 00:00:00'),(82,46,18,'',2,0,'',182,'',0,'0000-00-00 00:00:00'),(83,7,1,'',2,0,'',580,'',0,'0000-00-00 00:00:00'),(84,41,2,'',2,0,'',209,'',0,'0000-00-00 00:00:00'),(85,25,20,'',2,0,'',354,'',0,'0000-00-00 00:00:00'),(86,93,6,'',2,0,'',16,'',0,'0000-00-00 00:00:00'),(87,52,21,'',2,0,'',135,'',0,'0000-00-00 00:00:00'),(88,78,22,'',2,0,'',41,'',0,'0000-00-00 00:00:00'),(89,19,2,'',2,0,'',530,'',0,'0000-00-00 00:00:00'),(90,87,18,'',2,0,'',21,'',0,'0000-00-00 00:00:00'),(91,96,3,'',2,0,'',12,'',0,'0000-00-00 00:00:00'),(92,63,2,'',2,0,'',86,'',0,'0000-00-00 00:00:00'),(93,50,21,'',2,0,'',148,'',0,'0000-00-00 00:00:00'),(94,5,19,'',2,0,'',870,'',0,'0000-00-00 00:00:00'),(95,71,16,'',2,0,'',65,'',0,'0000-00-00 00:00:00'),(96,69,18,'',2,0,'',73,'',0,'0000-00-00 00:00:00'),(97,89,12,'',2,0,'',18,'',0,'0000-00-00 00:00:00'),(98,23,14,'',2,0,'',423,'',0,'0000-00-00 00:00:00'),(99,47,14,'',2,0,'',175,'',0,'0000-00-00 00:00:00'),(100,21,2,'',2,0,'',436,'',0,'0000-00-00 00:00:00'),(101,11,20,'',2,0,'',759,'',0,'0000-00-00 00:00:00'),(102,4,1,'',2,0,'',844,'',0,'0000-00-00 00:00:00'),(103,12,3,'',2,0,'',730,'',0,'0000-00-00 00:00:00'),(104,10,3,'',2,0,'',780,'',0,'0000-00-00 00:00:00'),(105,74,17,'',2,0,'',49,'',0,'0000-00-00 00:00:00'),(106,101,11,'',2,0,'',9,'',0,'0000-00-00 00:00:00'),(107,36,3,'',2,0,'',247,'',0,'0000-00-00 00:00:00'),(108,33,18,'',2,0,'',279,'',0,'0000-00-00 00:00:00'),(109,108,11,'',2,0,'',3,'',0,'0000-00-00 00:00:00'),(110,51,14,'',2,0,'',136,'',0,'0000-00-00 00:00:00'),(111,66,6,'',2,0,'',82,'',0,'0000-00-00 00:00:00'),(112,29,6,'',2,0,'',326,'',0,'0000-00-00 00:00:00'),(113,22,2,'',2,0,'',429,'',0,'0000-00-00 00:00:00'),(114,75,8,'',2,0,'',48,'',0,'0000-00-00 00:00:00'),(115,98,8,'',2,0,'',11,'',0,'0000-00-00 00:00:00'),(227,3,1,'',4,0,'',512,'',0,'2010-02-28 15:32:39'),(117,100,7,'',2,0,'',10,'',0,'2010-02-28 14:33:50'),(118,6,2,'',4,0,'',596,'',0,'0000-00-00 00:00:00'),(119,1,1,'',4,1,'',869,'',0,'0000-00-00 00:00:00'),(120,110,3,'',4,0,'',0,'',0,'0000-00-00 00:00:00'),(121,2,1,'',4,0,'',166,'',0,'0000-00-00 00:00:00'),(122,54,17,'',4,0,'',31,'',0,'0000-00-00 00:00:00'),(123,97,3,'',4,0,'',0,'',0,'0000-00-00 00:00:00'),(124,53,13,'',4,0,'',82,'',0,'0000-00-00 00:00:00'),(125,77,5,'',4,0,'',0,'',0,'0000-00-00 00:00:00'),(126,86,21,'',4,0,'',40,'',0,'0000-00-00 00:00:00'),(127,20,1,'',4,0,'',14,'',0,'0000-00-00 00:00:00'),(128,13,4,'',4,0,'',176,'',0,'0000-00-00 00:00:00'),(129,58,21,'',4,0,'',40,'',0,'0000-00-00 00:00:00'),(130,30,2,'',4,0,'',481,'',0,'0000-00-00 00:00:00'),(131,85,5,'',4,0,'',15,'',0,'0000-00-00 00:00:00'),(132,62,2,'',4,0,'',0,'',0,'0000-00-00 00:00:00'),(133,76,1,'',4,0,'',283,'',0,'0000-00-00 00:00:00'),(134,83,15,'',4,0,'',115,'',0,'0000-00-00 00:00:00'),(135,72,4,'',4,0,'',0,'',0,'0000-00-00 00:00:00'),(136,28,17,'',4,0,'',171,'',0,'0000-00-00 00:00:00'),(137,104,10,'',4,0,'',3,'',0,'0000-00-00 00:00:00'),(138,82,23,'',4,0,'',30,'',0,'0000-00-00 00:00:00'),(139,94,6,'',4,0,'',3,'',0,'0000-00-00 00:00:00'),(140,26,6,'',4,0,'',122,'',0,'0000-00-00 00:00:00'),(141,38,5,'',4,0,'',399,'',0,'0000-00-00 00:00:00'),(142,42,21,'',4,0,'',65,'',0,'0000-00-00 00:00:00'),(143,24,21,'',4,0,'',68,'',0,'0000-00-00 00:00:00'),(144,60,14,'',4,0,'',15,'',0,'0000-00-00 00:00:00'),(145,91,20,'',4,0,'',0,'',0,'0000-00-00 00:00:00'),(146,40,20,'',4,0,'',11,'',0,'0000-00-00 00:00:00'),(147,70,1,'',4,0,'',86,'',0,'0000-00-00 00:00:00'),(148,16,20,'',4,0,'',348,'',0,'0000-00-00 00:00:00'),(149,57,4,'',4,0,'',23,'',0,'0000-00-00 00:00:00'),(150,48,24,'',4,0,'',0,'',0,'0000-00-00 00:00:00'),(151,14,4,'',4,0,'',568,'',0,'0000-00-00 00:00:00'),(152,27,5,'',4,0,'',0,'',0,'0000-00-00 00:00:00'),(153,18,5,'',4,0,'',350,'',0,'0000-00-00 00:00:00'),(154,80,16,'',4,0,'',0,'',0,'0000-00-00 00:00:00'),(155,67,1,'',4,0,'',57,'',0,'0000-00-00 00:00:00'),(156,88,2,'',4,0,'',444,'',0,'0000-00-00 00:00:00'),(157,79,3,'',4,0,'',37,'',0,'0000-00-00 00:00:00'),(158,90,5,'',4,0,'',46,'',0,'0000-00-00 00:00:00'),(159,43,1,'',4,0,'',88,'',0,'0000-00-00 00:00:00'),(160,49,17,'',4,0,'',75,'',0,'0000-00-00 00:00:00'),(161,39,16,'',4,0,'',236,'',0,'0000-00-00 00:00:00'),(162,56,14,'',4,0,'',33,'',0,'0000-00-00 00:00:00'),(163,55,12,'',4,0,'',44,'',0,'0000-00-00 00:00:00'),(164,103,7,'',4,0,'',0,'',0,'0000-00-00 00:00:00'),(165,81,9,'',4,0,'',0,'',0,'0000-00-00 00:00:00'),(166,32,5,'',4,0,'',9,'',0,'0000-00-00 00:00:00'),(167,59,4,'',4,0,'',28,'',0,'0000-00-00 00:00:00'),(168,65,16,'',4,0,'',0,'',0,'0000-00-00 00:00:00'),(169,105,10,'',4,0,'',0,'',0,'0000-00-00 00:00:00'),(170,99,2,'',4,0,'',0,'',0,'0000-00-00 00:00:00'),(171,109,11,'',4,0,'',0,'',0,'0000-00-00 00:00:00'),(172,34,3,'',4,0,'',493,'',0,'0000-00-00 00:00:00'),(173,15,20,'',4,0,'',37,'',0,'0000-00-00 00:00:00'),(174,68,2,'',4,0,'',0,'',0,'0000-00-00 00:00:00'),(175,35,23,'',4,0,'',15,'',0,'0000-00-00 00:00:00'),(176,64,11,'',4,0,'',27,'',0,'0000-00-00 00:00:00'),(177,107,15,'',4,0,'',0,'',0,'0000-00-00 00:00:00'),(178,84,4,'',4,0,'',0,'',0,'0000-00-00 00:00:00'),(179,31,3,'',4,0,'',307,'',0,'0000-00-00 00:00:00'),(180,61,3,'',4,0,'',155,'',0,'0000-00-00 00:00:00'),(181,45,13,'',4,0,'',0,'',0,'0000-00-00 00:00:00'),(182,73,6,'',4,0,'',27,'',0,'0000-00-00 00:00:00'),(183,95,12,'',4,0,'',16,'',0,'0000-00-00 00:00:00'),(184,106,12,'',4,0,'',0,'',0,'0000-00-00 00:00:00'),(185,17,20,'',4,0,'',217,'',0,'0000-00-00 00:00:00'),(186,102,14,'',4,0,'',81,'',0,'0000-00-00 00:00:00'),(187,92,10,'',4,0,'',0,'',0,'0000-00-00 00:00:00'),(188,37,4,'',4,0,'',283,'',0,'0000-00-00 00:00:00'),(189,46,18,'',4,0,'',58,'',0,'0000-00-00 00:00:00'),(190,7,1,'',4,0,'',259,'',0,'0000-00-00 00:00:00'),(191,41,2,'',4,0,'',0,'',0,'0000-00-00 00:00:00'),(192,25,20,'',4,0,'',365,'',0,'0000-00-00 00:00:00'),(193,93,6,'',4,0,'',0,'',0,'0000-00-00 00:00:00'),(194,52,21,'',4,0,'',0,'',0,'0000-00-00 00:00:00'),(195,78,22,'',4,0,'',0,'',0,'0000-00-00 00:00:00'),(196,19,2,'',4,0,'',475,'',0,'0000-00-00 00:00:00'),(197,87,18,'',4,0,'',0,'',0,'0000-00-00 00:00:00'),(198,96,3,'',4,0,'',0,'',0,'0000-00-00 00:00:00'),(199,63,2,'',4,0,'',0,'',0,'0000-00-00 00:00:00'),(200,50,21,'',4,0,'',75,'',0,'0000-00-00 00:00:00'),(201,5,19,'',4,0,'',461,'',0,'0000-00-00 00:00:00'),(202,71,16,'',4,0,'',94,'',0,'0000-00-00 00:00:00'),(203,69,18,'',4,0,'',10,'',0,'0000-00-00 00:00:00'),(204,89,12,'',4,0,'',0,'',0,'0000-00-00 00:00:00'),(205,23,14,'',4,0,'',325,'',0,'0000-00-00 00:00:00'),(206,47,14,'',4,0,'',50,'',0,'0000-00-00 00:00:00'),(207,21,2,'',4,0,'',165,'',0,'0000-00-00 00:00:00'),(208,11,20,'',4,0,'',159,'',0,'0000-00-00 00:00:00'),(209,4,1,'',4,0,'',687,'',0,'0000-00-00 00:00:00'),(210,12,3,'',4,0,'',573,'',0,'0000-00-00 00:00:00'),(211,10,3,'',4,0,'',541,'',0,'0000-00-00 00:00:00'),(212,74,17,'',4,0,'',0,'',0,'0000-00-00 00:00:00'),(213,101,11,'',4,0,'',8,'',0,'0000-00-00 00:00:00'),(214,36,3,'',4,0,'',0,'',0,'0000-00-00 00:00:00'),(215,33,18,'',4,0,'',58,'',0,'0000-00-00 00:00:00'),(216,108,11,'',4,0,'',0,'',0,'0000-00-00 00:00:00'),(217,51,14,'',4,0,'',140,'',0,'0000-00-00 00:00:00'),(218,66,6,'',4,0,'',18,'',0,'0000-00-00 00:00:00'),(219,29,6,'',4,0,'',17,'',0,'0000-00-00 00:00:00'),(220,22,2,'',4,0,'',423,'',0,'0000-00-00 00:00:00'),(221,75,8,'',4,0,'',292,'',0,'0000-00-00 00:00:00'),(222,98,8,'',4,0,'',12,'',0,'0000-00-00 00:00:00'),(226,3,0,'',2,0,'',600,'',0,'2010-02-28 15:32:00'),(224,100,7,'',4,0,'',0,'',0,'0000-00-00 00:00:00'),(225,111,3,'',4,0,'',696,'',0,'0000-00-00 00:00:00'),(228,113,19,'',4,0,'',116,'',0,'2010-02-28 15:44:20'),(229,114,21,'',4,0,'',96,'',0,'2010-02-28 16:07:54'),(230,115,3,'',4,0,'',90,'',0,'2010-02-28 16:08:06'),(231,116,3,'',4,0,'',181,'',0,'2010-02-28 16:08:16'),(232,112,2,'',4,0,'',155,'',0,'2010-02-28 16:08:26'),(233,118,3,'',4,0,'',58,'',0,'2010-02-28 16:08:37'),(234,119,22,'',4,0,'',38,'',0,'2010-02-28 16:08:47'),(235,120,5,'',4,0,'',36,'',0,'2010-02-28 16:08:58'),(236,121,5,'',4,0,'',18,'',0,'2010-02-28 16:09:14'),(237,122,22,'',4,0,'',17,'',0,'2010-02-28 16:09:25'),(238,123,20,'',4,0,'',10,'',0,'2010-02-28 16:09:36'),(239,124,12,'',4,0,'',8,'',0,'2010-02-28 16:09:46'),(240,125,8,'',4,0,'',5,'',0,'2010-02-28 16:09:57'),(241,126,16,'',4,0,'',3,'',0,'2010-02-28 16:10:06'),(242,6,2,'',5,0,'',794,NULL,0,'0000-00-00 00:00:00'),(243,1,1,'',5,0,'',736,NULL,0,'0000-00-00 00:00:00'),(244,110,3,'',5,0,'',0,NULL,0,'0000-00-00 00:00:00'),(245,2,1,'',5,0,'',308,NULL,0,'0000-00-00 00:00:00'),(246,54,17,'',5,0,'',13,NULL,0,'0000-00-00 00:00:00'),(247,97,3,'',5,0,'',0,NULL,0,'0000-00-00 00:00:00'),(248,53,13,'',5,0,'',44,NULL,0,'0000-00-00 00:00:00'),(249,77,5,'',5,0,'',0,NULL,0,'0000-00-00 00:00:00'),(250,86,21,'',5,0,'',0,NULL,0,'0000-00-00 00:00:00'),(251,20,1,'',5,0,'',236,NULL,0,'0000-00-00 00:00:00'),(252,13,4,'',5,0,'',268,NULL,0,'0000-00-00 00:00:00'),(253,58,21,'',5,0,'',53,NULL,0,'0000-00-00 00:00:00'),(254,30,2,'',5,0,'',514,NULL,0,'0000-00-00 00:00:00'),(255,85,5,'',5,0,'',0,NULL,0,'0000-00-00 00:00:00'),(256,62,2,'',5,0,'',0,NULL,0,'0000-00-00 00:00:00'),(257,76,1,'',5,0,'',0,NULL,0,'0000-00-00 00:00:00'),(258,83,15,'',5,0,'',72,NULL,0,'0000-00-00 00:00:00'),(259,72,4,'',5,0,'',0,NULL,0,'0000-00-00 00:00:00'),(260,28,17,'',5,0,'',267,NULL,0,'0000-00-00 00:00:00'),(261,104,10,'',5,0,'',0,NULL,0,'0000-00-00 00:00:00'),(262,82,23,'',5,0,'',4,NULL,0,'0000-00-00 00:00:00'),(263,94,6,'',5,0,'',0,NULL,0,'0000-00-00 00:00:00'),(264,26,6,'',5,0,'',181,NULL,0,'0000-00-00 00:00:00'),(265,38,5,'',5,0,'',440,NULL,0,'0000-00-00 00:00:00'),(266,42,21,'',5,0,'',0,NULL,0,'0000-00-00 00:00:00'),(267,24,21,'',5,0,'',196,NULL,0,'0000-00-00 00:00:00'),(268,60,14,'',5,0,'',52,NULL,0,'0000-00-00 00:00:00'),(269,91,20,'',5,0,'',0,NULL,0,'0000-00-00 00:00:00'),(270,40,20,'',5,0,'',0,NULL,0,'0000-00-00 00:00:00'),(271,70,1,'',5,0,'',306,NULL,0,'0000-00-00 00:00:00'),(272,16,20,'',5,0,'',20,NULL,0,'0000-00-00 00:00:00'),(273,57,4,'',5,0,'',20,NULL,0,'0000-00-00 00:00:00'),(274,48,24,'',5,0,'',0,NULL,0,'0000-00-00 00:00:00'),(275,14,4,'',5,0,'',608,NULL,0,'0000-00-00 00:00:00'),(276,27,5,'',5,0,'',0,NULL,0,'0000-00-00 00:00:00'),(277,18,5,'',5,0,'',273,NULL,0,'0000-00-00 00:00:00'),(278,80,16,'',5,0,'',0,NULL,0,'0000-00-00 00:00:00'),(279,67,1,'',5,0,'',65,NULL,0,'0000-00-00 00:00:00'),(280,88,2,'',5,0,'',42,NULL,0,'0000-00-00 00:00:00'),(281,79,3,'',5,0,'',0,NULL,0,'0000-00-00 00:00:00'),(282,90,5,'',5,0,'',36,NULL,0,'0000-00-00 00:00:00'),(283,43,1,'',5,0,'',0,NULL,0,'0000-00-00 00:00:00'),(284,49,17,'',5,0,'',65,NULL,0,'0000-00-00 00:00:00'),(285,39,16,'',5,0,'',46,NULL,0,'0000-00-00 00:00:00'),(286,56,14,'',5,0,'',17,NULL,0,'0000-00-00 00:00:00'),(287,55,12,'',5,0,'',0,NULL,0,'0000-00-00 00:00:00'),(288,103,7,'',5,0,'',0,NULL,0,'0000-00-00 00:00:00'),(289,81,9,'',5,0,'',8,NULL,0,'0000-00-00 00:00:00'),(290,32,5,'',5,0,'',0,NULL,0,'0000-00-00 00:00:00'),(291,59,4,'',5,0,'',1,NULL,0,'0000-00-00 00:00:00'),(292,65,16,'',5,0,'',18,NULL,0,'0000-00-00 00:00:00'),(293,105,10,'',5,0,'',0,NULL,0,'0000-00-00 00:00:00'),(294,99,2,'',5,0,'',0,NULL,0,'0000-00-00 00:00:00'),(295,109,11,'',5,0,'',0,NULL,0,'0000-00-00 00:00:00'),(296,34,3,'',5,0,'',586,NULL,0,'0000-00-00 00:00:00'),(297,15,20,'',5,0,'',0,NULL,0,'0000-00-00 00:00:00'),(298,68,2,'',5,0,'',0,NULL,0,'0000-00-00 00:00:00'),(299,35,23,'',5,0,'',0,NULL,0,'0000-00-00 00:00:00'),(300,64,11,'',5,0,'',24,NULL,0,'0000-00-00 00:00:00'),(301,107,15,'',5,0,'',0,NULL,0,'0000-00-00 00:00:00'),(302,84,4,'',5,0,'',0,NULL,0,'0000-00-00 00:00:00'),(303,31,3,'',5,0,'',62,NULL,0,'0000-00-00 00:00:00'),(304,61,3,'',5,0,'',0,NULL,0,'0000-00-00 00:00:00'),(305,45,13,'',5,0,'',152,NULL,0,'0000-00-00 00:00:00'),(306,73,6,'',5,0,'',0,NULL,0,'0000-00-00 00:00:00'),(307,95,12,'',5,0,'',7,NULL,0,'0000-00-00 00:00:00'),(308,106,12,'',5,0,'',0,NULL,0,'0000-00-00 00:00:00'),(309,17,20,'',5,0,'',147,NULL,0,'0000-00-00 00:00:00'),(310,102,14,'',5,0,'',42,NULL,0,'0000-00-00 00:00:00'),(311,92,10,'',5,0,'',0,NULL,0,'0000-00-00 00:00:00'),(312,37,4,'',5,0,'',108,NULL,0,'0000-00-00 00:00:00'),(313,46,18,'',5,0,'',33,NULL,0,'0000-00-00 00:00:00'),(314,7,1,'',5,0,'',144,NULL,0,'0000-00-00 00:00:00'),(315,41,2,'',5,0,'',0,NULL,0,'0000-00-00 00:00:00'),(316,25,20,'',5,0,'',351,NULL,0,'0000-00-00 00:00:00'),(317,93,6,'',5,0,'',0,NULL,0,'0000-00-00 00:00:00'),(318,52,21,'',5,0,'',0,NULL,0,'0000-00-00 00:00:00'),(319,78,22,'',5,0,'',0,NULL,0,'0000-00-00 00:00:00'),(320,19,2,'',5,0,'',539,NULL,0,'0000-00-00 00:00:00'),(321,87,18,'',5,0,'',0,NULL,0,'0000-00-00 00:00:00'),(322,96,3,'',5,0,'',0,NULL,0,'0000-00-00 00:00:00'),(323,63,2,'',5,0,'',0,NULL,0,'0000-00-00 00:00:00'),(324,50,21,'',5,0,'',0,NULL,0,'0000-00-00 00:00:00'),(325,5,19,'',5,0,'',376,NULL,0,'0000-00-00 00:00:00'),(326,71,16,'',5,0,'',207,NULL,0,'0000-00-00 00:00:00'),(327,69,18,'',5,0,'',32,NULL,0,'0000-00-00 00:00:00'),(328,89,12,'',5,0,'',0,NULL,0,'0000-00-00 00:00:00'),(329,23,14,'',5,0,'',390,NULL,0,'0000-00-00 00:00:00'),(330,47,14,'',5,0,'',29,NULL,0,'0000-00-00 00:00:00'),(331,21,2,'',5,0,'',64,NULL,0,'0000-00-00 00:00:00'),(332,11,20,'',5,0,'',552,NULL,0,'0000-00-00 00:00:00'),(333,4,1,'',5,0,'',381,NULL,0,'0000-00-00 00:00:00'),(334,12,3,'',5,0,'',673,NULL,0,'0000-00-00 00:00:00'),(335,10,3,'',5,0,'',518,NULL,0,'0000-00-00 00:00:00'),(336,74,17,'',5,0,'',10,NULL,0,'0000-00-00 00:00:00'),(337,101,11,'',5,0,'',29,NULL,0,'0000-00-00 00:00:00'),(338,36,3,'',5,0,'',0,NULL,0,'0000-00-00 00:00:00'),(339,33,18,'',5,0,'',61,NULL,0,'0000-00-00 00:00:00'),(340,108,11,'',5,0,'',0,NULL,0,'0000-00-00 00:00:00'),(341,51,14,'',5,0,'',141,NULL,0,'0000-00-00 00:00:00'),(342,66,6,'',5,0,'',211,NULL,0,'0000-00-00 00:00:00'),(343,29,6,'',5,0,'',0,NULL,0,'0000-00-00 00:00:00'),(344,22,2,'',5,0,'',347,NULL,0,'0000-00-00 00:00:00'),(345,75,8,'',5,0,'',77,NULL,0,'0000-00-00 00:00:00'),(346,98,8,'',5,0,'',24,NULL,0,'0000-00-00 00:00:00'),(347,3,1,'',5,0,'',550,NULL,0,'0000-00-00 00:00:00'),(348,100,7,'',5,0,'',0,NULL,0,'0000-00-00 00:00:00'),(349,111,3,'',5,0,'',619,NULL,0,'0000-00-00 00:00:00'),(350,113,19,'',5,0,'',5,NULL,0,'0000-00-00 00:00:00'),(351,114,21,'',5,0,'',3,NULL,0,'0000-00-00 00:00:00'),(352,115,3,'',5,0,'',0,NULL,0,'0000-00-00 00:00:00'),(353,116,3,'',5,0,'',13,NULL,0,'0000-00-00 00:00:00'),(354,112,2,'',5,0,'',51,NULL,0,'0000-00-00 00:00:00'),(355,118,3,'',5,0,'',501,NULL,0,'0000-00-00 00:00:00'),(356,119,22,'',5,0,'',10,NULL,0,'0000-00-00 00:00:00'),(357,120,5,'',5,0,'',43,NULL,0,'0000-00-00 00:00:00'),(358,121,5,'',5,0,'',47,NULL,0,'0000-00-00 00:00:00'),(359,122,22,'',5,0,'',0,NULL,0,'0000-00-00 00:00:00'),(360,123,20,'',5,0,'',61,NULL,0,'0000-00-00 00:00:00'),(361,124,12,'',5,0,'',0,NULL,0,'0000-00-00 00:00:00'),(362,125,8,'',5,0,'',0,NULL,0,'0000-00-00 00:00:00'),(363,126,16,'',5,0,'',0,NULL,0,'0000-00-00 00:00:00'),(364,127,0,'',5,0,'',709,'',0,'2010-02-28 16:53:16'),(365,128,0,'',5,0,'',618,'',0,'2010-02-28 16:53:28'),(366,129,0,'',5,0,'',243,'',0,'2010-02-28 16:53:38'),(367,130,0,'',5,0,'',101,'',0,'2010-02-28 16:53:50'),(368,131,0,'',5,0,'',58,'',0,'2010-02-28 16:53:59'),(369,132,0,'',5,0,'',33,'',0,'2010-02-28 16:54:11'),(370,133,0,'',5,0,'',30,'',0,'2010-02-28 16:54:22'),(371,134,0,'',5,0,'',23,'',0,'2010-02-28 16:54:31'),(372,135,0,'',5,0,'',22,'',0,'2010-02-28 16:54:40'),(373,136,0,'',5,0,'',17,'',0,'2010-02-28 16:55:15'),(374,137,0,'',5,0,'',14,'',0,'2010-02-28 16:55:25'),(375,138,0,'',5,0,'',11,'',0,'2010-02-28 16:55:35'),(376,139,0,'',5,0,'',5,'',0,'2010-02-28 16:55:45'),(377,140,0,'',5,0,'',1,'',0,'2010-02-28 16:55:54'),(378,6,2,'',6,0,'',470,'',0,'0000-00-00 00:00:00'),(379,1,1,'',6,0,'',814,'',0,'0000-00-00 00:00:00'),(380,110,3,'',6,0,'',0,NULL,0,'0000-00-00 00:00:00'),(381,2,1,'',6,0,'',510,NULL,0,'0000-00-00 00:00:00'),(382,54,17,'',6,0,'',6,'',0,'0000-00-00 00:00:00'),(383,97,3,'',6,0,'',0,'',0,'0000-00-00 00:00:00'),(384,53,13,'',6,0,'',0,'',0,'0000-00-00 00:00:00'),(385,77,5,'',6,0,'',0,'',0,'0000-00-00 00:00:00'),(386,86,21,'',6,0,'',0,'',0,'0000-00-00 00:00:00'),(387,20,1,'',6,0,'',143,'',0,'0000-00-00 00:00:00'),(388,13,4,'',6,0,'',437,'',0,'0000-00-00 00:00:00'),(389,58,21,'',6,0,'',4,'',0,'0000-00-00 00:00:00'),(390,30,2,'',6,0,'',371,'',0,'0000-00-00 00:00:00'),(391,85,5,'',6,0,'',0,'',0,'0000-00-00 00:00:00'),(392,62,2,'',6,0,'',0,'',0,'0000-00-00 00:00:00'),(393,76,1,'',6,0,'',0,'',0,'0000-00-00 00:00:00'),(394,83,15,'',6,0,'',360,'',0,'0000-00-00 00:00:00'),(395,72,4,'',6,0,'',0,'',0,'0000-00-00 00:00:00'),(396,28,17,'',6,0,'',0,'',0,'0000-00-00 00:00:00'),(397,104,10,'',6,0,'',0,'',0,'0000-00-00 00:00:00'),(398,82,23,'',6,0,'',0,'',0,'0000-00-00 00:00:00'),(399,94,6,'',6,0,'',0,'',0,'0000-00-00 00:00:00'),(400,26,6,'',6,0,'',86,'',0,'0000-00-00 00:00:00'),(401,38,5,'',6,0,'',556,'',0,'0000-00-00 00:00:00'),(402,42,21,'',6,0,'',7,'',0,'0000-00-00 00:00:00'),(403,24,21,'',6,0,'',48,'',0,'0000-00-00 00:00:00'),(404,60,14,'',6,0,'',283,'',0,'0000-00-00 00:00:00'),(405,91,20,'',6,0,'',0,'',0,'0000-00-00 00:00:00'),(406,40,20,'',6,0,'',0,'',0,'0000-00-00 00:00:00'),(407,70,1,'',6,0,'',339,'',0,'0000-00-00 00:00:00'),(408,16,20,'',6,0,'',0,'',0,'0000-00-00 00:00:00'),(409,57,4,'',6,0,'',29,'',0,'0000-00-00 00:00:00'),(410,48,24,'',6,0,'',0,'',0,'0000-00-00 00:00:00'),(411,14,4,'',6,0,'',250,'',0,'0000-00-00 00:00:00'),(412,27,5,'',6,0,'',0,'',0,'0000-00-00 00:00:00'),(413,18,5,'',6,0,'',73,'',0,'0000-00-00 00:00:00'),(414,80,16,'',6,0,'',0,'',0,'0000-00-00 00:00:00'),(415,67,1,'',6,0,'',2,'',0,'0000-00-00 00:00:00'),(416,88,2,'',6,0,'',52,'',0,'0000-00-00 00:00:00'),(417,79,3,'',6,0,'',0,'',0,'0000-00-00 00:00:00'),(418,90,5,'',6,0,'',0,'',0,'0000-00-00 00:00:00'),(419,43,1,'',6,0,'',0,'',0,'0000-00-00 00:00:00'),(420,49,17,'',6,0,'',120,'',0,'0000-00-00 00:00:00'),(421,39,16,'',6,0,'',48,'',0,'0000-00-00 00:00:00'),(422,56,14,'',6,0,'',29,'',0,'0000-00-00 00:00:00'),(423,55,12,'',6,0,'',11,'',0,'0000-00-00 00:00:00'),(424,103,7,'',6,0,'',0,'',0,'0000-00-00 00:00:00'),(425,81,9,'',6,0,'',26,'',0,'0000-00-00 00:00:00'),(426,32,5,'',6,0,'',0,'',0,'0000-00-00 00:00:00'),(427,59,4,'',6,0,'',0,'',0,'0000-00-00 00:00:00'),(428,65,16,'',6,0,'',0,'',0,'0000-00-00 00:00:00'),(429,105,10,'',6,0,'',0,'',0,'0000-00-00 00:00:00'),(430,99,2,'',6,0,'',0,'',0,'0000-00-00 00:00:00'),(431,109,11,'',6,0,'',0,'',0,'0000-00-00 00:00:00'),(432,34,3,'',6,0,'',323,'',0,'0000-00-00 00:00:00'),(433,15,20,'',6,0,'',0,'',0,'0000-00-00 00:00:00'),(434,68,2,'',6,0,'',0,'',0,'0000-00-00 00:00:00'),(435,35,23,'',6,0,'',0,'',0,'0000-00-00 00:00:00'),(436,64,11,'',6,0,'',44,'',0,'0000-00-00 00:00:00'),(437,107,15,'',6,0,'',0,'',0,'0000-00-00 00:00:00'),(438,84,4,'',6,0,'',0,'',0,'0000-00-00 00:00:00'),(439,31,3,'',6,0,'',57,'',0,'0000-00-00 00:00:00'),(440,61,3,'',6,0,'',0,'',0,'0000-00-00 00:00:00'),(441,45,13,'',6,0,'',55,'',0,'0000-00-00 00:00:00'),(442,73,6,'',6,0,'',0,'',0,'0000-00-00 00:00:00'),(443,95,12,'',6,0,'',77,'',0,'0000-00-00 00:00:00'),(444,106,12,'',6,0,'',0,'',0,'0000-00-00 00:00:00'),(445,17,20,'',6,0,'',79,'',0,'0000-00-00 00:00:00'),(446,102,14,'',6,0,'',59,'',0,'0000-00-00 00:00:00'),(447,92,10,'',6,0,'',0,'',0,'0000-00-00 00:00:00'),(448,37,4,'',6,0,'',197,'',0,'0000-00-00 00:00:00'),(449,46,18,'',6,0,'',79,'',0,'0000-00-00 00:00:00'),(450,7,1,'',6,0,'',92,'',0,'0000-00-00 00:00:00'),(451,41,2,'',6,0,'',0,'',0,'0000-00-00 00:00:00'),(452,25,20,'',6,0,'',74,'',0,'0000-00-00 00:00:00'),(453,93,6,'',6,0,'',0,'',0,'0000-00-00 00:00:00'),(454,52,21,'',6,0,'',4,'',0,'0000-00-00 00:00:00'),(455,78,22,'',6,0,'',86,'',0,'0000-00-00 00:00:00'),(456,19,2,'',6,0,'',573,'',0,'0000-00-00 00:00:00'),(457,87,18,'',6,0,'',0,'',0,'0000-00-00 00:00:00'),(458,96,3,'',6,0,'',0,'',0,'0000-00-00 00:00:00'),(459,63,2,'',6,0,'',0,'',0,'0000-00-00 00:00:00'),(460,50,21,'',6,0,'',0,'',0,'0000-00-00 00:00:00'),(461,5,19,'',6,0,'',606,'',0,'0000-00-00 00:00:00'),(462,71,16,'',6,0,'',19,'',0,'0000-00-00 00:00:00'),(463,69,18,'',6,0,'',1,'',0,'0000-00-00 00:00:00'),(464,89,12,'',6,0,'',0,'',0,'0000-00-00 00:00:00'),(465,23,14,'',6,0,'',194,'',0,'0000-00-00 00:00:00'),(466,47,14,'',6,0,'',12,'',0,'0000-00-00 00:00:00'),(467,21,2,'',6,0,'',0,'',0,'0000-00-00 00:00:00'),(468,11,20,'',6,0,'',372,'',0,'0000-00-00 00:00:00'),(469,4,1,'',6,0,'',289,'',0,'0000-00-00 00:00:00'),(470,12,3,'',6,0,'',408,'',0,'0000-00-00 00:00:00'),(471,10,3,'',6,0,'',429,'',0,'0000-00-00 00:00:00'),(472,74,17,'',6,0,'',1,'',0,'0000-00-00 00:00:00'),(473,101,11,'',6,0,'',5,'',0,'0000-00-00 00:00:00'),(474,36,3,'',6,0,'',0,'',0,'0000-00-00 00:00:00'),(475,33,18,'',6,0,'',161,'',0,'0000-00-00 00:00:00'),(476,108,11,'',6,0,'',0,'',0,'0000-00-00 00:00:00'),(477,51,14,'',6,0,'',136,'',0,'0000-00-00 00:00:00'),(478,66,6,'',6,0,'',218,'',0,'0000-00-00 00:00:00'),(479,29,6,'',6,0,'',0,'',0,'0000-00-00 00:00:00'),(480,22,2,'',6,0,'',431,'',0,'0000-00-00 00:00:00'),(481,75,8,'',6,0,'',93,'',0,'0000-00-00 00:00:00'),(482,98,8,'',6,0,'',0,'',0,'0000-00-00 00:00:00'),(483,3,1,'',6,0,'',548,'',0,'0000-00-00 00:00:00'),(484,100,7,'',6,0,'',0,NULL,0,'0000-00-00 00:00:00'),(485,111,3,'',6,0,'',43,'',0,'0000-00-00 00:00:00'),(486,113,19,'',6,0,'',0,'',0,'0000-00-00 00:00:00'),(487,114,21,'',6,0,'',169,NULL,0,'0000-00-00 00:00:00'),(488,115,3,'',6,0,'',0,'',0,'0000-00-00 00:00:00'),(489,116,3,'',6,0,'',0,'',0,'0000-00-00 00:00:00'),(490,112,2,'',6,0,'',65,'',0,'0000-00-00 00:00:00'),(491,118,3,'',6,0,'',290,'',0,'0000-00-00 00:00:00'),(492,119,22,'',6,0,'',2,NULL,0,'0000-00-00 00:00:00'),(493,120,5,'',6,0,'',255,'',0,'0000-00-00 00:00:00'),(494,121,5,'',6,0,'',17,'',0,'0000-00-00 00:00:00'),(495,122,22,'',6,0,'',0,'',0,'0000-00-00 00:00:00'),(496,123,20,'',6,0,'',93,'',0,'0000-00-00 00:00:00'),(497,124,12,'',6,0,'',0,'',0,'0000-00-00 00:00:00'),(498,125,8,'',6,0,'',0,'',0,'0000-00-00 00:00:00'),(499,126,16,'',6,0,'',0,'',0,'0000-00-00 00:00:00'),(500,127,5,'',6,0,'',695,'',0,'0000-00-00 00:00:00'),(501,128,2,'',6,0,'',674,'',0,'0000-00-00 00:00:00'),(502,129,2,'',6,0,'',519,'',0,'0000-00-00 00:00:00'),(503,130,3,'',6,0,'',10,'',0,'0000-00-00 00:00:00'),(504,131,6,'',6,0,'',78,'',0,'0000-00-00 00:00:00'),(505,132,3,'',6,0,'',424,'',0,'0000-00-00 00:00:00'),(506,133,1,'',6,0,'',48,'',0,'0000-00-00 00:00:00'),(507,134,1,'',6,0,'',24,'',0,'0000-00-00 00:00:00'),(508,135,21,'',6,0,'',1,'',0,'0000-00-00 00:00:00'),(509,136,15,'',6,0,'',6,'',0,'0000-00-00 00:00:00'),(510,137,2,'',6,0,'',22,'',0,'0000-00-00 00:00:00'),(511,138,3,'',6,0,'',0,'',0,'0000-00-00 00:00:00'),(512,139,5,'',6,0,'',20,NULL,0,'0000-00-00 00:00:00'),(513,140,7,'',6,0,'',0,'',0,'0000-00-00 00:00:00'),(514,142,3,'',6,0,'',234,'',0,'2010-02-28 17:50:04'),(515,141,18,'',6,0,'',175,'',0,'2010-02-28 17:50:26'),(516,143,20,'',6,0,'',145,'',0,'2010-02-28 17:50:36'),(517,144,18,'',6,0,'',140,'',0,'2010-02-28 17:50:45'),(518,145,21,'',6,0,'',82,'',0,'2010-02-28 17:50:56'),(519,146,3,'',6,0,'',56,'',0,'2010-02-28 17:51:31'),(520,147,20,'',6,0,'',41,'',0,'2010-02-28 17:51:40'),(521,148,9,'',6,0,'',27,'',0,'2010-02-28 17:52:02'),(522,149,1,'',6,0,'',24,'',0,'0000-00-00 00:00:00'),(523,150,19,'',6,0,'',14,'',0,'0000-00-00 00:00:00'),(524,151,5,'',6,0,'',13,'',0,'0000-00-00 00:00:00'),(525,152,13,'',6,0,'',12,'',0,'0000-00-00 00:00:00'),(526,153,21,'',6,0,'',11,'',0,'0000-00-00 00:00:00'),(527,154,1,'',6,0,'',7,NULL,0,'0000-00-00 00:00:00'),(528,155,4,'',6,0,'',5,'',0,'0000-00-00 00:00:00'),(529,156,18,'',6,0,'',4,'',0,'0000-00-00 00:00:00'),(530,157,11,'',6,0,'',2,'',0,'0000-00-00 00:00:00'),(531,6,2,'',7,0,'',0,'',0,'0000-00-00 00:00:00'),(532,1,1,'',7,0,'',397,NULL,0,'0000-00-00 00:00:00'),(533,110,3,'',7,0,'',0,NULL,0,'0000-00-00 00:00:00'),(534,2,1,'',7,0,'',260,NULL,0,'0000-00-00 00:00:00'),(535,54,17,'',7,0,'',0,NULL,0,'0000-00-00 00:00:00'),(536,97,3,'',7,0,'',0,NULL,0,'0000-00-00 00:00:00'),(537,53,13,'',7,0,'',0,NULL,0,'0000-00-00 00:00:00'),(538,77,5,'',7,0,'',0,NULL,0,'0000-00-00 00:00:00'),(539,86,21,'',7,0,'',0,NULL,0,'0000-00-00 00:00:00'),(540,20,1,'',7,0,'',0,NULL,0,'0000-00-00 00:00:00'),(541,13,4,'',7,0,'',0,NULL,0,'0000-00-00 00:00:00'),(542,58,21,'',7,0,'',0,NULL,0,'0000-00-00 00:00:00'),(543,30,2,'',7,0,'',0,NULL,0,'0000-00-00 00:00:00'),(544,85,5,'',7,0,'',0,'',0,'0000-00-00 00:00:00'),(545,62,2,'',7,0,'',0,'',0,'0000-00-00 00:00:00'),(546,76,1,'',7,0,'',0,'',0,'0000-00-00 00:00:00'),(547,83,15,'',7,0,'',131,'',0,'0000-00-00 00:00:00'),(548,72,4,'',7,0,'',0,'',0,'0000-00-00 00:00:00'),(549,28,17,'',7,0,'',0,'',0,'0000-00-00 00:00:00'),(550,104,10,'',7,0,'',0,'',0,'0000-00-00 00:00:00'),(551,82,23,'',7,0,'',0,'',0,'0000-00-00 00:00:00'),(552,94,6,'',7,0,'',0,'',0,'0000-00-00 00:00:00'),(553,26,6,'',7,0,'',0,'',0,'0000-00-00 00:00:00'),(554,38,5,'',7,0,'',0,'',0,'0000-00-00 00:00:00'),(555,42,21,'',7,0,'',10,'',0,'0000-00-00 00:00:00'),(556,24,21,'',7,0,'',43,'',0,'0000-00-00 00:00:00'),(557,60,14,'',7,0,'',14,'',0,'0000-00-00 00:00:00'),(558,91,20,'',7,0,'',0,'',0,'0000-00-00 00:00:00'),(559,40,20,'',7,0,'',0,'',0,'0000-00-00 00:00:00'),(560,70,1,'',7,0,'',0,'',0,'0000-00-00 00:00:00'),(561,16,20,'',7,0,'',0,'',0,'0000-00-00 00:00:00'),(562,57,4,'',7,0,'',0,'',0,'0000-00-00 00:00:00'),(563,48,24,'',7,0,'',0,'',0,'0000-00-00 00:00:00'),(564,14,4,'',7,0,'',0,'',0,'0000-00-00 00:00:00'),(565,27,5,'',7,0,'',0,'',0,'0000-00-00 00:00:00'),(566,18,5,'',7,0,'',0,'',0,'0000-00-00 00:00:00'),(567,80,16,'',7,0,'',0,'',0,'0000-00-00 00:00:00'),(568,67,1,'',7,0,'',0,'',0,'0000-00-00 00:00:00'),(569,88,2,'',7,0,'',0,'',0,'0000-00-00 00:00:00'),(570,79,3,'',7,0,'',0,'',0,'0000-00-00 00:00:00'),(571,90,5,'',7,0,'',0,'',0,'0000-00-00 00:00:00'),(572,43,1,'',7,0,'',0,'',0,'0000-00-00 00:00:00'),(573,49,17,'',7,0,'',44,'',0,'0000-00-00 00:00:00'),(574,39,16,'',7,0,'',0,'',0,'0000-00-00 00:00:00'),(575,56,14,'',7,0,'',0,'',0,'0000-00-00 00:00:00'),(576,55,12,'',7,0,'',0,'',0,'0000-00-00 00:00:00'),(577,103,7,'',7,0,'',0,'',0,'0000-00-00 00:00:00'),(578,81,9,'',7,0,'',0,'',0,'0000-00-00 00:00:00'),(579,32,5,'',7,0,'',0,'',0,'0000-00-00 00:00:00'),(580,59,4,'',7,0,'',0,'',0,'0000-00-00 00:00:00'),(581,65,16,'',7,0,'',0,'',0,'0000-00-00 00:00:00'),(582,105,10,'',7,0,'',0,'',0,'0000-00-00 00:00:00'),(583,99,2,'',7,0,'',0,'',0,'0000-00-00 00:00:00'),(584,109,11,'',7,0,'',0,'',0,'0000-00-00 00:00:00'),(585,34,3,'',7,0,'',0,'',0,'0000-00-00 00:00:00'),(586,15,20,'',7,0,'',0,'',0,'0000-00-00 00:00:00'),(587,68,2,'',7,0,'',0,'',0,'0000-00-00 00:00:00'),(588,35,23,'',7,0,'',0,'',0,'0000-00-00 00:00:00'),(589,64,11,'',7,0,'',0,'',0,'0000-00-00 00:00:00'),(590,107,15,'',7,0,'',0,'',0,'0000-00-00 00:00:00'),(591,84,4,'',7,0,'',0,'',0,'0000-00-00 00:00:00'),(592,31,3,'',7,0,'',0,'',0,'0000-00-00 00:00:00'),(593,61,3,'',7,0,'',0,'',0,'0000-00-00 00:00:00'),(594,45,13,'',7,0,'',0,'',0,'0000-00-00 00:00:00'),(595,73,6,'',7,0,'',0,'',0,'0000-00-00 00:00:00'),(596,95,12,'',7,0,'',0,'',0,'0000-00-00 00:00:00'),(597,106,12,'',7,0,'',0,'',0,'0000-00-00 00:00:00'),(598,17,20,'',7,0,'',0,'',0,'0000-00-00 00:00:00'),(599,102,14,'',7,0,'',0,'',0,'0000-00-00 00:00:00'),(600,92,10,'',7,0,'',0,'',0,'0000-00-00 00:00:00'),(601,37,4,'',7,0,'',0,'',0,'0000-00-00 00:00:00'),(602,46,18,'',7,0,'',0,'',0,'0000-00-00 00:00:00'),(603,7,1,'',7,0,'',0,'',0,'0000-00-00 00:00:00'),(604,41,2,'',7,0,'',0,'',0,'0000-00-00 00:00:00'),(605,25,20,'',7,0,'',0,'',0,'0000-00-00 00:00:00'),(606,93,6,'',7,0,'',0,'',0,'0000-00-00 00:00:00'),(607,52,21,'',7,0,'',0,'',0,'0000-00-00 00:00:00'),(608,78,22,'',7,0,'',100,'',0,'0000-00-00 00:00:00'),(609,19,2,'',7,0,'',0,'',0,'0000-00-00 00:00:00'),(610,87,18,'',7,0,'',0,'',0,'0000-00-00 00:00:00'),(611,96,3,'',7,0,'',0,'',0,'0000-00-00 00:00:00'),(612,63,2,'',7,0,'',0,'',0,'0000-00-00 00:00:00'),(613,50,21,'',7,0,'',0,'',0,'0000-00-00 00:00:00'),(614,5,19,'',7,0,'',12,'',0,'0000-00-00 00:00:00'),(615,71,16,'',7,0,'',0,'',0,'0000-00-00 00:00:00'),(616,69,18,'',7,0,'',0,'',0,'0000-00-00 00:00:00'),(617,89,12,'',7,0,'',0,'',0,'0000-00-00 00:00:00'),(618,23,14,'',7,0,'',0,'',0,'0000-00-00 00:00:00'),(619,47,14,'',7,0,'',0,'',0,'0000-00-00 00:00:00'),(620,21,2,'',7,0,'',0,'',0,'0000-00-00 00:00:00'),(621,11,20,'',7,0,'',0,'',0,'0000-00-00 00:00:00'),(622,4,1,'',7,0,'',0,'',0,'0000-00-00 00:00:00'),(623,12,3,'',7,0,'',0,'',0,'0000-00-00 00:00:00'),(624,10,3,'',7,0,'',0,'',0,'0000-00-00 00:00:00'),(625,74,17,'',7,0,'',0,'',0,'0000-00-00 00:00:00'),(626,101,11,'',7,0,'',0,'',0,'0000-00-00 00:00:00'),(627,36,3,'',7,0,'',0,'',0,'0000-00-00 00:00:00'),(628,33,18,'',7,0,'',0,'',0,'0000-00-00 00:00:00'),(629,108,11,'',7,0,'',0,'',0,'0000-00-00 00:00:00'),(630,51,14,'',7,0,'',5,'',0,'0000-00-00 00:00:00'),(631,66,6,'',7,0,'',0,'',0,'0000-00-00 00:00:00'),(632,29,6,'',7,0,'',0,'',0,'0000-00-00 00:00:00'),(633,22,2,'',7,0,'',0,'',0,'0000-00-00 00:00:00'),(634,75,8,'',7,0,'',0,'',0,'0000-00-00 00:00:00'),(635,98,8,'',7,0,'',0,'',0,'0000-00-00 00:00:00'),(636,3,1,'',7,0,'',322,'',0,'0000-00-00 00:00:00'),(637,100,7,'',7,0,'',0,NULL,0,'0000-00-00 00:00:00'),(638,111,3,'',7,0,'',0,'',0,'0000-00-00 00:00:00'),(639,113,19,'',7,0,'',0,'',0,'0000-00-00 00:00:00'),(640,114,21,'',7,0,'',238,NULL,0,'0000-00-00 00:00:00'),(641,115,3,'',7,0,'',0,'',0,'0000-00-00 00:00:00'),(642,116,3,'',7,0,'',0,'',0,'0000-00-00 00:00:00'),(643,112,2,'',7,0,'',0,'',0,'0000-00-00 00:00:00'),(644,118,3,'',7,0,'',168,'',0,'0000-00-00 00:00:00'),(645,119,22,'',7,0,'',0,NULL,0,'0000-00-00 00:00:00'),(646,120,5,'',7,0,'',16,'',0,'0000-00-00 00:00:00'),(647,121,5,'',7,0,'',0,'',0,'0000-00-00 00:00:00'),(648,122,22,'',7,0,'',0,'',0,'0000-00-00 00:00:00'),(649,123,20,'',7,0,'',178,'',0,'0000-00-00 00:00:00'),(650,124,12,'',7,0,'',0,'',0,'0000-00-00 00:00:00'),(651,125,8,'',7,0,'',0,'',0,'0000-00-00 00:00:00'),(652,126,16,'',7,0,'',0,'',0,'0000-00-00 00:00:00'),(653,127,5,'',7,0,'',365,'',0,'0000-00-00 00:00:00'),(654,128,2,'',7,0,'',443,'',0,'0000-00-00 00:00:00'),(655,129,2,'',7,0,'',367,'',0,'0000-00-00 00:00:00'),(656,130,3,'',7,0,'',0,'',0,'0000-00-00 00:00:00'),(657,131,6,'',7,0,'',112,'',0,'0000-00-00 00:00:00'),(658,132,3,'',7,0,'',0,'',0,'0000-00-00 00:00:00'),(659,133,1,'',7,0,'',0,'',0,'0000-00-00 00:00:00'),(660,134,1,'',7,0,'',0,'',0,'0000-00-00 00:00:00'),(661,135,21,'',7,0,'',0,'',0,'0000-00-00 00:00:00'),(662,136,15,'',7,0,'',0,NULL,0,'0000-00-00 00:00:00'),(663,137,2,'',7,0,'',0,'',0,'0000-00-00 00:00:00'),(664,138,3,'',7,0,'',0,'',0,'0000-00-00 00:00:00'),(665,139,5,'',7,0,'',0,NULL,0,'0000-00-00 00:00:00'),(666,140,7,'',7,0,'',0,'',0,'0000-00-00 00:00:00'),(667,142,3,'',7,0,'',330,'',0,'0000-00-00 00:00:00'),(668,141,18,'',7,0,'',237,'',0,'0000-00-00 00:00:00'),(669,143,20,'',7,0,'',100,'',0,'0000-00-00 00:00:00'),(670,144,18,'',7,0,'',218,'',0,'0000-00-00 00:00:00'),(671,145,21,'',7,0,'',0,'',0,'0000-00-00 00:00:00'),(672,146,3,'',7,0,'',0,NULL,0,'0000-00-00 00:00:00'),(673,147,20,'',7,0,'',159,'',0,'0000-00-00 00:00:00'),(674,148,9,'',7,0,'',3,'',0,'0000-00-00 00:00:00'),(675,149,1,'',7,0,'',0,'',0,'0000-00-00 00:00:00'),(676,150,19,'',7,0,'',38,'',0,'0000-00-00 00:00:00'),(677,151,5,'',7,0,'',0,'',0,'0000-00-00 00:00:00'),(678,152,13,'',7,0,'',4,'',0,'0000-00-00 00:00:00'),(679,153,21,'',7,0,'',0,'',0,'0000-00-00 00:00:00'),(680,154,1,'',7,0,'',0,NULL,0,'0000-00-00 00:00:00'),(681,155,4,'',7,0,'',0,'',0,'0000-00-00 00:00:00'),(682,156,18,'',7,0,'',303,'',0,'0000-00-00 00:00:00'),(683,157,11,'',7,0,'',0,'',0,'0000-00-00 00:00:00'),(684,158,2,'',7,0,'',390,'',0,'0000-00-00 00:00:00'),(685,159,2,'',7,0,'',291,'',0,'0000-00-00 00:00:00'),(686,160,6,'',7,0,'',290,'',0,'0000-00-00 00:00:00'),(687,161,22,'',7,0,'',0,'',0,'0000-00-00 00:00:00'),(688,162,15,'',7,0,'',191,'',0,'0000-00-00 00:00:00'),(689,163,1,'',7,0,'',173,'',0,'0000-00-00 00:00:00'),(690,164,0,'',7,0,'',146,'',0,'0000-00-00 00:00:00'),(691,165,0,'',7,0,'',139,'',0,'0000-00-00 00:00:00'),(692,166,3,'',7,0,'',110,'',0,'0000-00-00 00:00:00'),(693,168,6,'',7,0,'',104,'',0,'0000-00-00 00:00:00'),(694,169,14,'',7,0,'',98,'',0,'0000-00-00 00:00:00'),(695,170,5,'',7,0,'',86,NULL,0,'0000-00-00 00:00:00'),(696,171,2,'',7,0,'',78,'',0,'0000-00-00 00:00:00'),(697,172,4,'',7,0,'',60,'',0,'0000-00-00 00:00:00'),(698,173,22,'',7,0,'',55,'',0,'0000-00-00 00:00:00'),(699,174,3,'',7,0,'',53,'',0,'0000-00-00 00:00:00'),(700,175,13,'',7,0,'',52,'',0,'0000-00-00 00:00:00'),(701,176,3,'',7,0,'',50,'',0,'0000-00-00 00:00:00'),(702,177,3,'',7,0,'',47,'',0,'0000-00-00 00:00:00'),(703,178,17,'',7,0,'',46,'',0,'0000-00-00 00:00:00'),(704,179,9,'',7,0,'',37,'',0,'0000-00-00 00:00:00'),(705,180,13,'',7,0,'',32,'',0,'0000-00-00 00:00:00'),(706,181,6,'',7,0,'',27,'',0,'0000-00-00 00:00:00'),(707,182,15,'',7,0,'',26,'',0,'0000-00-00 00:00:00'),(708,183,19,'',7,0,'',25,'',0,'0000-00-00 00:00:00'),(709,184,4,'',7,0,'',24,'',0,'0000-00-00 00:00:00'),(710,185,13,'',7,0,'',24,'',0,'0000-00-00 00:00:00'),(711,187,5,'',7,0,'',22,'',0,'0000-00-00 00:00:00'),(712,186,6,'',7,0,'',22,'',0,'0000-00-00 00:00:00'),(713,188,15,'',7,0,'',18,'',0,'0000-00-00 00:00:00'),(714,189,18,'',7,0,'',15,'',0,'0000-00-00 00:00:00'),(715,190,6,'',7,0,'',13,'',0,'0000-00-00 00:00:00'),(716,191,20,'',7,0,'',9,NULL,0,'0000-00-00 00:00:00'),(717,192,22,'',7,0,'',8,'',0,'0000-00-00 00:00:00'),(718,193,25,'',7,0,'',6,'',0,'0000-00-00 00:00:00'),(719,194,22,'',7,0,'',3,'',0,'0000-00-00 00:00:00'),(720,195,20,'',7,0,'',0,'',0,'0000-00-00 00:00:00'),(721,196,21,'',7,0,'',0,'',0,'0000-00-00 00:00:00'),(722,197,9,'',7,0,'',0,'',0,'0000-00-00 00:00:00'),(723,199,14,'',7,0,'',0,'',0,'0000-00-00 00:00:00');

--
-- Table structure for table `jos_tracks_seasons`
--

CREATE TABLE `jos_tracks_seasons` (
  `id` int(11) NOT NULL auto_increment,
  `name` varchar(40) NOT NULL,
  `alias` varchar(100) NOT NULL default '',
  `ordering` int(11) NOT NULL,
  `checked_out` int(11) NOT NULL,
  `checked_out_time` datetime NOT NULL,
  `published` tinyint(1) NOT NULL,
  PRIMARY KEY  (`id`)
) ENGINE=MyISAM AUTO_INCREMENT=3 DEFAULT CHARSET=utf8;

--
-- Dumping data for table `jos_tracks_seasons`
--

INSERT INTO `jos_tracks_seasons` VALUES (1,'IBU Total Points','ibu-total-points',1,0,'0000-00-00 00:00:00',0);

--
-- Table structure for table `jos_tracks_subroundtypes`
--

CREATE TABLE `jos_tracks_subroundtypes` (
  `id` int(11) NOT NULL auto_increment,
  `name` varchar(40) NOT NULL,
  `alias` varchar(100) NOT NULL default '',
  `note` varchar(100) NOT NULL,
  `points_attribution` varchar(250) NOT NULL,
  `description` text,
  `checked_out` int(11) NOT NULL,
  `checked_out_time` datetime NOT NULL,
  PRIMARY KEY  (`id`)
) ENGINE=MyISAM AUTO_INCREMENT=15 DEFAULT CHARSET=utf8;

--
-- Dumping data for table `jos_tracks_subroundtypes`
--

INSERT INTO `jos_tracks_subroundtypes` VALUES (1,'2010/2011','20102011','','','',0,'0000-00-00 00:00:00'),(2,'2009/2010','20092010','','','',0,'0000-00-00 00:00:00'),(3,'2008/2009','20082009','','100','',0,'0000-00-00 00:00:00'),(4,'2007/2008','20072008','','','',0,'0000-00-00 00:00:00'),(5,'2006/2007','2006/2007','','','',0,'0000-00-00 00:00:00'),(6,'2005/2006','20052006','','','',0,'0000-00-00 00:00:00'),(7,'2004/2005','2004','','','',0,'0000-00-00 00:00:00'),(8,'2003/2004','20032004','','','',0,'0000-00-00 00:00:00'),(9,'2002/2003','20022003','','','',0,'0000-00-00 00:00:00'),(10,'2001/2002','20012002','','','',0,'0000-00-00 00:00:00'),(11,'2000/2001','20002001','','','',0,'0000-00-00 00:00:00'),(12,'1999/2000','19992000','','','',0,'0000-00-00 00:00:00'),(13,'1997/1998','19971998','','','',0,'0000-00-00 00:00:00'),(14,'1998/1999','19981999','','','',0,'2010-02-28 17:56:21');

--
-- Table structure for table `jos_tracks_teams`
--

CREATE TABLE `jos_tracks_teams` (
  `id` int(11) NOT NULL auto_increment,
  `club_id` int(11) NOT NULL,
  `name` varchar(40) NOT NULL,
  `alias` varchar(100) NOT NULL default '',
  `short_name` varchar(20) NOT NULL,
  `acronym` varchar(6) NOT NULL,
  `picture` varchar(100) default NULL,
  `picture_small` varchar(100) default NULL,
  `country_code` varchar(3) default NULL,
  `description` text NOT NULL,
  `admin_id` int(11) NOT NULL,
  `checked_out` int(11) NOT NULL,
  `checked_out_time` datetime NOT NULL,
  PRIMARY KEY  (`id`)
) ENGINE=MyISAM AUTO_INCREMENT=26 DEFAULT CHARSET=utf8;

--
-- Dumping data for table `jos_tracks_teams`
--

INSERT INTO `jos_tracks_teams` VALUES (1,0,'NOR','norway','','','','','NOR','',0,0,'0000-00-00 00:00:00'),(2,0,'GER','germany','','','','','DEU','',0,0,'0000-00-00 00:00:00'),(3,0,'RUS','rus','','','','','RUS','',0,0,'0000-00-00 00:00:00'),(4,0,'SWE','sweden','','','','','SWE','',0,0,'0000-00-00 00:00:00'),(5,0,'FRA','france','','','','','FRA','',0,0,'0000-00-00 00:00:00'),(6,0,'ITA','ita','','','','','ITA','',0,0,'2010-02-28 13:22:12'),(7,0,'BUL','bul','','','','','BGR','',0,0,'2010-02-28 13:23:00'),(8,0,'CHN','chn','','','','','CHN','',0,0,'2010-02-28 13:23:12'),(9,0,'JPN','jpn','','','','','JPN','',0,0,'2010-02-28 13:23:23'),(10,0,'KAZ','kaz','','','','','KAZ','',0,0,'2010-02-28 13:23:33'),(11,0,'EST','est','','','','','EST','',0,0,'2010-02-28 13:23:41'),(12,0,'SVK','svk','','','','','SVK','',0,0,'2010-02-28 13:23:51'),(13,0,'SLO','slo','','','','','SVN','',0,0,'2010-02-28 13:24:04'),(14,0,'CZE','cze','','','','','CZE','',0,0,'2010-02-28 13:24:14'),(15,0,'LAT','lat','','','','','LVA','',0,0,'2010-02-28 13:24:28'),(16,0,'SUI','sui','','','','','CHE','',0,0,'2010-02-28 13:25:13'),(17,0,'USA','usa','','','','','USA','',0,0,'2010-02-28 13:25:29'),(18,0,'BLR','bel','','','','','BLR','',0,0,'0000-00-00 00:00:00'),(19,0,'POL','pol','','','','','POL','',0,0,'2010-02-28 13:25:57'),(20,0,'AUT','aut','','','','','AUT','',0,0,'2010-02-28 13:26:16'),(21,0,'UKR','ukr','','','','','UKR','',0,0,'2010-02-28 13:26:31'),(22,0,'FIN','fin','','','','','FIN','',0,0,'2010-02-28 13:27:10'),(23,0,'CAN','can','','','','','CAN','',0,0,'2010-02-28 13:27:31'),(24,0,'CRO','cro','','','','','HRV','',0,0,'2010-02-28 13:35:31'),(25,0,'GBR','gbr','','','','','GBR','',0,0,'2010-02-28 18:40:51');

--
-- Table structure for table `jos_weblinks`
--

CREATE TABLE `jos_weblinks` (
  `id` int(11) unsigned NOT NULL auto_increment,
  `catid` int(11) NOT NULL default '0',
  `sid` int(11) NOT NULL default '0',
  `title` varchar(250) NOT NULL default '',
  `alias` varchar(255) NOT NULL default '',
  `url` varchar(250) NOT NULL default '',
  `description` text NOT NULL,
  `date` datetime NOT NULL default '0000-00-00 00:00:00',
  `hits` int(11) NOT NULL default '0',
  `published` tinyint(1) NOT NULL default '0',
  `checked_out` int(11) NOT NULL default '0',
  `checked_out_time` datetime NOT NULL default '0000-00-00 00:00:00',
  `ordering` int(11) NOT NULL default '0',
  `archived` tinyint(1) NOT NULL default '0',
  `approved` tinyint(1) NOT NULL default '1',
  `params` text NOT NULL,
  PRIMARY KEY  (`id`),
  KEY `catid` (`catid`,`published`,`archived`)
) ENGINE=MyISAM AUTO_INCREMENT=53 DEFAULT CHARSET=utf8;

--
-- Dumping data for table `jos_weblinks`
--

INSERT INTO `jos_weblinks` VALUES (1,94,0,'Ministère Français des Affaires étrangères','ministere-francais-des-affaires-etrangeres','http://www.diplomatie.gouv.fr/','','2010-04-18 15:28:24',119,1,0,'0000-00-00 00:00:00',1,0,1,'target=1\n\n'),(2,94,0,'Ambassade de France en Turquie','ambassade-de-france-en-turquie','http://www.ambafrance-tr.org/','','2010-04-18 15:28:45',176,1,0,'0000-00-00 00:00:00',2,0,1,'target=1\n\n'),(3,94,0,'Consulat Général de France à Istanbul','consulat-general-de-france-a-istanbul','http://www.consulfrance-istanbul.org/','','2010-04-18 15:29:20',129,1,0,'0000-00-00 00:00:00',3,0,1,'target=1\n\n'),(4,94,0,'Ministère Turc des Affaires étrangères','ministere-turc-des-affaires-etrangeres','http://www.mfa.gov.tr/default.fr.mfa','','2010-04-18 15:29:43',370,1,0,'0000-00-00 00:00:00',4,0,1,'target=1\n\n'),(5,94,0,'Chroniques de Beyoglu','chroniques-de-beyoglu','http://istanbuldakitom.blogspot.com/','','2010-04-18 15:30:02',468,1,0,'0000-00-00 00:00:00',5,0,1,'target=1\n\n'),(6,94,0,'Au fil du Bosphore','au-fil-du-bosphore','http://www.istanbul.blog.lemonde.fr/','','2010-04-18 15:30:25',252,1,0,'0000-00-00 00:00:00',6,0,1,'target=1\n\n'),(7,94,0,'INFO-TÜRK (Centre d\'information non-gouvernemantales sur la Turquie)','info-tuerk-centre-dinformation-non-gouvernemantales-sur-la-turquie','http://www.info-turk.be/','','2010-04-18 15:30:47',448,1,0,'0000-00-00 00:00:00',7,0,1,'target=1\n\n'),(8,94,0,'T.E.S.E.V (Türkiye Ekonomik ve Sosyal Etüdler Vakfi) - en turc et anglais','tesev-tuerkiye-ekonomik-ve-sosyal-etuedler-vakfi-en-turc-et-anglais','http://www.tesev.org.tr/','','2010-04-18 15:31:09',138,1,0,'0000-00-00 00:00:00',8,0,1,'target=1\n\n'),(9,94,0,'Site de l\'association Turquie Européenne.','site-de-lassociation-turquie-europeenne','http://www.turquieeuropeenne.eu/','','2010-04-18 15:31:27',421,1,0,'0000-00-00 00:00:00',9,0,1,'target=1\n\n'),(10,94,0,'Insight Turkey - en anglais','insight-turkey-en-anglais','http://www.insightturkey.com/','','2010-04-18 15:31:49',225,1,0,'0000-00-00 00:00:00',10,0,1,'target=1\n\n'),(11,94,0,'CEMOTI (Cahiers d\'Etudes sur la Méditerranée et le Monde Turco-Iranien)','cemoti-cahiers-detudes-sur-la-mediterranee-et-le-monde-turco-iranien','http://cemoti.revues.org/','','2010-04-18 15:32:08',163,1,0,'0000-00-00 00:00:00',11,0,1,'target=1\n\n'),(12,94,0,'European Journal of Turkish Studies (EJTS) - en anglais','european-journal-of-turkish-studies-ejts-en-anglais','http://www.ejts.org/','','2010-04-18 15:32:33',156,1,0,'0000-00-00 00:00:00',12,0,1,'target=1\n\n'),(13,94,0,'Site de l\'Union Européenne - Elargissement à la Turquie - dans toutes les langues européennes','site-de-lunion-europeenne-elargissement-a-la-turquie-dans-toutes-les-langues-europeennes','http://ec.europa.eu/','','2010-04-18 15:33:03',121,1,0,'0000-00-00 00:00:00',13,0,1,'target=1\n\n'),(14,94,0,'Secrétariat général pour les Affaires européennes auprès du 1er Minisrte turc - en turc et anglais','secretariat-general-pour-les-affaires-europeennes-aupres-du-1er-minisrte-turc-en-turc-et-anglais','http://www.euturkey.org.tr/','','2010-04-18 15:33:24',774,1,0,'0000-00-00 00:00:00',14,0,1,'target=1\n\n'),(15,94,0,'Direction de la presse et de l\'information du 1er Ministre - en turc et anglais','direction-de-la-presse-et-de-linformation-du-1er-ministre-en-turc-et-anglais','http://www.byegm.gov.tr/','','2010-04-18 15:33:47',132,1,0,'0000-00-00 00:00:00',15,0,1,'target=1\n\n'),(16,94,0,'Anasayfa (presse, services publics, partis politiques, collectivités territoriales, ambassades...)','anasayfa-presse-services-publics-partis-politiques-collectivites-territoriales-ambassades','http://www.annasayfa.com/','','2010-04-18 15:34:11',258,1,0,'0000-00-00 00:00:00',16,0,1,'target=1\n\n'),(17,157,0,'SIG de la municipalité d\'Istanbul','sig-de-la-municipalite-distanbul','http://sehirrehberi.ibb.gov.tr/map.aspx','cartes, photos aériennes, données SIG','2011-04-20 11:27:11',355,1,0,'0000-00-00 00:00:00',1,0,1,'target=0\n\n'),(19,157,0,'MTA: cartes géologiques de Turquie','mta-cartes-geologiques-de-turquie','http://www.mta.gov.tr/v1.0/daire_baskanliklari/jed/index.php?id=harita_basimi&m=2','MTA (Mineral Research & Exploration General Directorate)','2011-04-20 11:31:23',273,1,0,'0000-00-00 00:00:00',2,0,1,'target=\n\n'),(20,157,0,'cartes thématiques de Turquie','cartes-thematiques-de-turquie','http://www.hoeckmann.de/karten/europa/tuerkei/index-en.htm','','2010-06-13 23:02:38',355,1,0,'0000-00-00 00:00:00',3,0,1,'target=\n\n'),(21,157,0,'MapServer','mapserver','http://www.mapserver.org/','MapServer is an Open Source platform for publishing spatial data and interactive mapping applications to the web','2011-04-20 11:35:05',237,1,0,'0000-00-00 00:00:00',4,0,1,'target=\n\n'),(22,157,0,'Historical guide of istanbul','historical-guide-of-istanbul','http://www.whereist.com/?tag=constantinople','A guide map of istanbul for tourists and locals','2011-04-20 11:40:24',731,1,0,'0000-00-00 00:00:00',5,0,1,'target=\n\n'),(23,157,0,'Maps of Asia Minor','maps-of-asia-minor','http://rbedrosian.com/Maps/','','2010-06-13 23:08:56',232,1,0,'0000-00-00 00:00:00',6,0,1,'target=\n\n'),(24,157,0,'Medieval Maps','medieval-maps','http://turkeyinmaps.com/Medieval.html','','2010-06-13 23:10:03',264,1,0,'0000-00-00 00:00:00',7,0,1,'target=\n\n'),(25,157,0,'some PİRİ REİS maps','some-pr-res-maps','http://www.shodb.gov.tr/pirireis/oturumlar/Hirvatistan_adalari.htm','','2011-04-20 11:42:29',270,1,0,'0000-00-00 00:00:00',8,0,1,'target=\n\n'),(26,157,0,'Dessins de Jules Laurens (1825-1901) sur Istanbul ','dessins-de-jules-laurens-1825-1901-sur-istanbul-','http://www.inha.fr/spip.php?rubrique82','INHA : L’Institut national d’histoire de l’art','2011-04-20 11:48:07',206,1,0,'0000-00-00 00:00:00',9,0,1,'target=\n\n'),(27,157,0,'Georgie map server','georgie-map-server','http://mapy.mk.cvut.cz/list/data/Gruzie-Georgia/Topo_1_100k/K-37','','2010-06-13 23:14:06',205,1,0,'0000-00-00 00:00:00',10,0,1,'target=\n\n'),(28,157,0,'CartoMundi la cartothèque méditerranéenne','cartomundi-la-cartotheque-mediterraneenne','http://cartomed.mmsh.univ-aix.fr/index.html','réseau d’échanges de documents cartographiques','2011-04-20 11:58:28',247,1,0,'0000-00-00 00:00:00',11,0,1,'target=\n\n'),(29,157,0,'Fonds Prost, Henri (1874-1959)','fonds-prost-henri-1874-1959','http://archiwebture.citechaillot.fr/awt/toc.xsp?id=FRAPN02_PROST_fonds-874&fmt=archiwebture&idtoc=FRAPN02_PROST-pleadetoc&base=fa','','2010-06-13 23:17:15',228,1,0,'0000-00-00 00:00:00',12,0,1,'target=\n\n'),(30,157,0,'Landsat 1990/2000','landsat-19902000','http://zulu.ssc.nasa.gov/mrsid/mrsid.pl','','2010-06-13 23:29:02',201,1,0,'0000-00-00 00:00:00',13,0,1,'target=\n\n'),(31,157,0,'mapstor server (russe)','mapstor-server-cartes-russe','http://en.poehali.org/maps','Cartes topographiques russe au 1/50000, 1/100000, 1/200000, 1/500000 disponible en libre téléchargement','2011-04-20 13:29:17',184,1,0,'0000-00-00 00:00:00',14,0,1,'target=\n\n'),(32,157,0,'Imagins - GIS data Istanbul','imagins-gis-data-istanbul','http://www.imagins.com/index.html','Custom Geographic Information Systems (GIS) applications for municipal infrastructure managment','2010-06-15 20:20:37',270,1,0,'0000-00-00 00:00:00',15,0,1,'target=\n\n'),(33,157,0,'Chamber of geological engineers of Turkey','chamber-of-geological-engineers-of-turkey','http://www.jmo.org.tr/','Chambre des ingénieurs géologues de Turquie ','2011-04-20 13:30:15',168,1,0,'0000-00-00 00:00:00',16,0,1,'target=\n\n'),(34,157,0,'National Institute for Statistics of Turkey','statistical-information','http://www.die.gov.tr','Sources Statistiques - Istatistik bilgi  - Statistical Information','2010-06-15 20:27:18',188,1,0,'0000-00-00 00:00:00',17,0,1,'target=\n\n'),(35,157,0,'Eurimage Satellite images','eurimage-satellite-images','http://www.eurimage.com/gallery/webfiles/qb_cities.html','','2010-06-15 20:30:37',297,1,0,'0000-00-00 00:00:00',18,0,1,'target=\n\n'),(36,157,0,'Europeana','europeana','http://www.europeana.eu/portal/index.html','Europeana permet d\'explorer les ressources numériques des musées, des bibliothèques, des archives et des collections audiovisuelles européennes','2011-04-20 13:33:49',140,1,0,'0000-00-00 00:00:00',19,0,1,'target=\n\n'),(37,157,0,'Geoportail','geoportail','http://www.geoportail.fr/','Données cartographiques pour le territoire Français','2011-04-20 13:33:59',126,1,0,'0000-00-00 00:00:00',20,0,1,'target=\n\n'),(39,157,0,'Spotimage','spotimage','http://www.spotimage.com','Les Archives d\'images satellites Spot Image','2011-04-20 13:34:17',52,1,0,'0000-00-00 00:00:00',22,0,1,'target=\n\n'),(40,157,0,'Historical Map Web Sites','historical-map-web-sites','http://www.reisenett.no/map_collection/map_sites/hist_sites.html#balkans','','2011-04-20 13:34:26',59,1,0,'0000-00-00 00:00:00',23,0,1,'target=\n\n'),(41,157,0,'Landsat déclasées','landsat-declasees','http://zulu.ssc.nasa.gov/mrsid/mrsid.pl','Landsat circa 1990/2000 coverage available','2011-04-20 13:35:15',42,1,0,'0000-00-00 00:00:00',24,0,1,'target=\n\n'),(42,157,0,'The British Cartographic Society (BCS)','the-british-cartographic-society-bcs','http://www.cartography.org.uk/','The British Cartographic Society (BCS) is a dynamic association of individuals and organisations dedicated to exploring and developing the world of maps.','2011-04-20 13:35:27',57,1,0,'0000-00-00 00:00:00',25,0,1,'target=\n\n'),(43,157,0,'collector of maps of Turkey','collector-of-maps-of-turkey','http://www.turkeyinmaps.com/','','2011-04-20 13:35:36',77,1,0,'0000-00-00 00:00:00',26,0,1,'target=\n\n'),(44,157,0,'GEOCOMMUNITY FOR GEOIMAGING','geocommunity-for-geoimaging','http://imaging.geocomm.com/','GEOCOMMUNITY FOR GEOIMAGING - a comprehensive resource devoted to Earth Imaging and related technologies. GIS','2011-04-20 13:46:06',243,1,0,'0000-00-00 00:00:00',27,0,1,'target=\n\n'),(45,157,0,'IFPO - Cartothèque (Beyrouth)','ifpo-cartotheque-beyrouth','http://www.ifporient.org/node/53','','2011-04-20 13:50:17',91,1,0,'0000-00-00 00:00:00',28,0,1,'target=\n\n'),(46,157,0,'IFAO (cartothèque)','ifao-cartotheque','http://www.ifao.egnet.net/cartotheque/consulter-cartes/','Institut français d’archéologie orientale\r\nLe Caire, Égypte','2011-04-20 13:53:16',62,1,0,'0000-00-00 00:00:00',29,0,1,'target=\n\n'),(47,157,0,'İnventaire du patrimoine culturel à Istanbul','nventaire-du-patrimoine-culturel-a-istanbul','http://www.istanbulkulturenvanteri.gov.tr/map/index/code/tarihi-haritalar','Participation de l\'atelier de cartographie de l\'IFEA','2011-07-11 08:53:28',33,1,0,'0000-00-00 00:00:00',30,0,1,'target=\n\n'),(48,157,0,'ASTER GDEM','aster-gdem','http://www.gdem.aster.ersdac.or.jp/search.jsp','modèle de terrain mondial 30m de définition (METI and NASA)','2011-07-11 08:59:46',30,1,0,'0000-00-00 00:00:00',31,0,1,'target=\n\n'),(49,157,0,'Réseaux d\'eau à Istanbul','reseaux-deau-a-istanbul','http://harita.iski.gov.tr/','ISKI','2011-07-11 09:03:04',18,1,0,'0000-00-00 00:00:00',32,0,1,'target=\n\n'),(50,157,0,'plans de développement Istanbul','plans-de-developpement-istanbul','http://application2.ibb.gov.tr/IBBWC/ImarPlanlari.aspx','par quartiers','2011-07-11 09:45:01',129,1,0,'0000-00-00 00:00:00',33,0,1,'target=\n\n'),(51,157,0,'cartes routières de Turquie','cartes-routieres-de-turquie','http://www.kgm.gov.tr/Sayfalar/KGM/SiteTr/Root/Haritalar.aspx','site du ministère des routes','2011-09-06 12:19:13',13,1,0,'0000-00-00 00:00:00',34,0,1,'target=\n\n'),(52,157,0,'cartes réseaux ISKI (Istanbul)','cartes-reseaux-iski-istanbul','http://harita.iski.gov.tr/','','2011-09-06 12:21:44',10,1,0,'0000-00-00 00:00:00',35,0,1,'target=\n\n');


